Sep 05 11:32:49 devstack cinder-volume[87332]: DEBUG oslo_concurrency.processutils [None req-36ab6988-ee76-41b1-9479-5154252597d3 tempest-GroupsV314Test-180842478 None] CMD "sudo cinder-rootwrap /etc/cinder/rootwrap.conf qemu-img convert -O qcow2 /opt/stack/data/cinder/mnt/d705c7a4f11a2b89c970e6e44835bfdc/volume-7db19ba2-97a0-410b-addb-6ecb6d32464d /opt/stack/data/cinder/mnt/d705c7a4f11a2b89c970e6e44835bfdc/volume-698d2351-2757-4249-b08c-92c6b00f2aaf" returned: 0 in 5.872s {{(pid=87332) execute /opt/stack/data/venv/lib/python3.12/site-packages/oslo_concurrency/processutils.py:468}}
Sep 05 11:32:49 devstack cinder-volume[87332]: DEBUG oslo.privsep.daemon [-] privsep: reply[fa1a58ac-1a2d-44d3-b188-f724e13fc299]: (4, 'qcow2') {{(pid=88675) _call_back /opt/stack/data/venv/lib/python3.12/site-packages/oslo_privsep/daemon.py:580}}
Sep 05 11:32:49 devstack cinder-volume[87332]: DEBUG oslo_concurrency.processutils [None req-36ab6988-ee76-41b1-9479-5154252597d3 tempest-GroupsV314Test-180842478 None] Running cmd (subprocess): /opt/stack/data/venv/bin/python3.12 -m oslo_concurrency.prlimit --as=1073741824 --cpu=60 -- sudo cinder-rootwrap /etc/cinder/rootwrap.conf env LC_ALL=C qemu-img info -f qcow2 --output=json /opt/stack/data/cinder/mnt/d705c7a4f11a2b89c970e6e44835bfdc/volume-7db19ba2-97a0-410b-addb-6ecb6d32464d {{(pid=87332) execute /opt/stack/data/venv/lib/python3.12/site-packages/oslo_concurrency/processutils.py:440}}
Sep 05 11:32:49 devstack sudo[91351]: quobyte : PWD=/ ; USER=root ; COMMAND=/opt/stack/data/venv/bin/cinder-rootwrap /etc/cinder/rootwrap.conf env LC_ALL=C qemu-img info -f qcow2 --output=json /opt/stack/data/cinder/mnt/d705c7a4f11a2b89c970e6e44835bfdc/volume-7db19ba2-97a0-410b-addb-6ecb6d32464d
Sep 05 11:32:49 devstack sudo[91351]: pam_unix(sudo:session): session opened for user root(uid=0) by (uid=1000)
Sep 05 11:32:50 devstack sudo[91351]: pam_unix(sudo:session): session closed for user root
Sep 05 11:32:50 devstack cinder-volume[87332]: DEBUG oslo_concurrency.processutils [None req-36ab6988-ee76-41b1-9479-5154252597d3 tempest-GroupsV314Test-180842478 None] CMD "/opt/stack/data/venv/bin/python3.12 -m oslo_concurrency.prlimit --as=1073741824 --cpu=60 -- sudo cinder-rootwrap /etc/cinder/rootwrap.conf env LC_ALL=C qemu-img info -f qcow2 --output=json /opt/stack/data/cinder/mnt/d705c7a4f11a2b89c970e6e44835bfdc/volume-7db19ba2-97a0-410b-addb-6ecb6d32464d" returned: 0 in 0.624s {{(pid=87332) execute /opt/stack/data/venv/lib/python3.12/site-packages/oslo_concurrency/processutils.py:468}}
Sep 05 11:32:50 devstack cinder-volume[87332]: DEBUG cinder.image.image_utils [None req-36ab6988-ee76-41b1-9479-5154252597d3 tempest-GroupsV314Test-180842478 None] Image conversion details: src /opt/stack/data/cinder/mnt/d705c7a4f11a2b89c970e6e44835bfdc/volume-7db19ba2-97a0-410b-addb-6ecb6d32464d, size 1024.00 MB, duration 5.87 sec, destination /opt/stack/data/cinder/mnt/d705c7a4f11a2b89c970e6e44835bfdc/volume-698d2351-2757-4249-b08c-92c6b00f2aaf {{(pid=87332) _convert_image /opt/stack/cinder/cinder/image/image_utils.py:536}}
Sep 05 11:32:50 devstack cinder-volume[87332]: INFO cinder.image.image_utils [None req-36ab6988-ee76-41b1-9479-5154252597d3 tempest-GroupsV314Test-180842478 None] Converted 1024.00 MB image at 174.34 MB/s
Sep 05 11:32:50 devstack cinder-volume[87332]: WARNING cinder.volume.drivers.remotefs [None req-36ab6988-ee76-41b1-9479-5154252597d3 tempest-GroupsV314Test-180842478 None] /opt/stack/data/cinder/mnt/d705c7a4f11a2b89c970e6e44835bfdc/volume-698d2351-2757-4249-b08c-92c6b00f2aaf is being set with open permissions: ugo+rw: NotImplementedError
Sep 05 11:32:50 devstack cinder-volume[87332]: DEBUG oslo_concurrency.processutils [None req-36ab6988-ee76-41b1-9479-5154252597d3 tempest-GroupsV314Test-180842478 None] Running cmd (subprocess): sudo cinder-rootwrap /etc/cinder/rootwrap.conf chmod ugo+rw /opt/stack/data/cinder/mnt/d705c7a4f11a2b89c970e6e44835bfdc/volume-698d2351-2757-4249-b08c-92c6b00f2aaf {{(pid=87332) execute /opt/stack/data/venv/lib/python3.12/site-packages/oslo_concurrency/processutils.py:440}}
Sep 05 11:32:50 devstack sudo[91357]: quobyte : PWD=/ ; USER=root ; COMMAND=/opt/stack/data/venv/bin/cinder-rootwrap /etc/cinder/rootwrap.conf chmod ugo+rw /opt/stack/data/cinder/mnt/d705c7a4f11a2b89c970e6e44835bfdc/volume-698d2351-2757-4249-b08c-92c6b00f2aaf
Sep 05 11:32:50 devstack sudo[91357]: pam_unix(sudo:session): session opened for user root(uid=0) by (uid=1000)
Sep 05 11:32:50 devstack sudo[91357]: pam_unix(sudo:session): session closed for user root
Sep 05 11:32:50 devstack cinder-volume[87332]: DEBUG oslo_concurrency.processutils [None req-36ab6988-ee76-41b1-9479-5154252597d3 tempest-GroupsV314Test-180842478 None] CMD "sudo cinder-rootwrap /etc/cinder/rootwrap.conf chmod ugo+rw /opt/stack/data/cinder/mnt/d705c7a4f11a2b89c970e6e44835bfdc/volume-698d2351-2757-4249-b08c-92c6b00f2aaf" returned: 0 in 0.281s {{(pid=87332) execute /opt/stack/data/venv/lib/python3.12/site-packages/oslo_concurrency/processutils.py:468}}
Sep 05 11:32:50 devstack cinder-volume[87332]: DEBUG cinder.coordination [None req-36ab6988-ee76-41b1-9479-5154252597d3 tempest-GroupsV314Test-180842478 None] Lock "cinder-quobyte-698d2351-2757-4249-b08c-92c6b00f2aaf" released by "_copy_volume_from_snapshot" :: held 7.692s {{(pid=87332) __release /opt/stack/cinder/cinder/coordination.py:152}}
Sep 05 11:32:50 devstack cinder-volume[87332]: DEBUG cinder.coordination [None req-36ab6988-ee76-41b1-9479-5154252597d3 tempest-GroupsV314Test-180842478 None] Acquiring lock "cinder-quobyte-a4d290d2-f90b-49ae-8c7a-25f7222df10e" by "_delete_snapshot" {{(pid=87332) __acquire /opt/stack/cinder/cinder/coordination.py:138}}
Sep 05 11:32:50 devstack cinder-volume[87332]: DEBUG cinder.coordination [None req-36ab6988-ee76-41b1-9479-5154252597d3 tempest-GroupsV314Test-180842478 None] Lock "cinder-quobyte-a4d290d2-f90b-49ae-8c7a-25f7222df10e" acquired by "_delete_snapshot" :: waited 0.035s {{(pid=87332) __acquire /opt/stack/cinder/cinder/coordination.py:141}}
Sep 05 11:32:50 devstack cinder-volume[87332]: DEBUG cinder.volume.drivers.remotefs [None req-36ab6988-ee76-41b1-9479-5154252597d3 tempest-GroupsV314Test-180842478 None] Deleting offline snapshot a4d290d2-f90b-49ae-8c7a-25f7222df10e of volume 7db19ba2-97a0-410b-addb-6ecb6d32464d {{(pid=87332) _delete_snapshot /opt/stack/cinder/cinder/volume/drivers/remotefs.py:1288}}
Sep 05 11:32:50 devstack cinder-volume[87332]: DEBUG cinder.volume.drivers.remotefs [None req-36ab6988-ee76-41b1-9479-5154252597d3 tempest-GroupsV314Test-180842478 None] snapshot_file for this snap is: volume-7db19ba2-97a0-410b-addb-6ecb6d32464d.a4d290d2-f90b-49ae-8c7a-25f7222df10e {{(pid=87332) _delete_snapshot /opt/stack/cinder/cinder/volume/drivers/remotefs.py:1317}}
Sep 05 11:32:50 devstack cinder-volume[87332]: DEBUG oslo.privsep.daemon [-] privsep: reply[b328c79b-8bb7-4eb5-9da2-6b827d8d115b]: (4, 'qcow2') {{(pid=88675) _call_back /opt/stack/data/venv/lib/python3.12/site-packages/oslo_privsep/daemon.py:580}}
Sep 05 11:32:50 devstack cinder-volume[87332]: DEBUG oslo_concurrency.processutils [None req-36ab6988-ee76-41b1-9479-5154252597d3 tempest-GroupsV314Test-180842478 None] Running cmd (subprocess): /opt/stack/data/venv/bin/python3.12 -m oslo_concurrency.prlimit --as=1073741824 --cpu=60 -- sudo cinder-rootwrap /etc/cinder/rootwrap.conf env LC_ALL=C qemu-img info -f qcow2 --output=json --force-share /opt/stack/data/cinder/mnt/d705c7a4f11a2b89c970e6e44835bfdc/volume-7db19ba2-97a0-410b-addb-6ecb6d32464d.a4d290d2-f90b-49ae-8c7a-25f7222df10e {{(pid=87332) execute /opt/stack/data/venv/lib/python3.12/site-packages/oslo_concurrency/processutils.py:440}}
Sep 05 11:32:50 devstack sudo[91370]: quobyte : PWD=/ ; USER=root ; COMMAND=/opt/stack/data/venv/bin/cinder-rootwrap /etc/cinder/rootwrap.conf env LC_ALL=C qemu-img info -f qcow2 --output=json --force-share /opt/stack/data/cinder/mnt/d705c7a4f11a2b89c970e6e44835bfdc/volume-7db19ba2-97a0-410b-addb-6ecb6d32464d.a4d290d2-f90b-49ae-8c7a-25f7222df10e
Sep 05 11:32:50 devstack sudo[91370]: pam_unix(sudo:session): session opened for user root(uid=0) by (uid=1000)
Sep 05 11:32:51 devstack sudo[91370]: pam_unix(sudo:session): session closed for user root
Sep 05 11:32:51 devstack cinder-volume[87332]: DEBUG oslo_concurrency.processutils [None req-36ab6988-ee76-41b1-9479-5154252597d3 tempest-GroupsV314Test-180842478 None] CMD "/opt/stack/data/venv/bin/python3.12 -m oslo_concurrency.prlimit --as=1073741824 --cpu=60 -- sudo cinder-rootwrap /etc/cinder/rootwrap.conf env LC_ALL=C qemu-img info -f qcow2 --output=json --force-share /opt/stack/data/cinder/mnt/d705c7a4f11a2b89c970e6e44835bfdc/volume-7db19ba2-97a0-410b-addb-6ecb6d32464d.a4d290d2-f90b-49ae-8c7a-25f7222df10e" returned: 0 in 0.627s {{(pid=87332) execute /opt/stack/data/venv/lib/python3.12/site-packages/oslo_concurrency/processutils.py:468}}
Sep 05 11:32:51 devstack cinder-volume[87332]: DEBUG cinder.volume.drivers.remotefs [None req-36ab6988-ee76-41b1-9479-5154252597d3 tempest-GroupsV314Test-180842478 None] Fetching qemu-img info with special backing_file_template: (/opt/stack/data/cinder/mnt/[0-9a-f]+/)?(volume-7db19ba2-97a0-410b-addb-6ecb6d32464d(.(tmp-snap-)?[0-9a-f-]+)?|volume_from_snapshot_cache/(tmp-snap-)?[0-9a-f-]+(.(child-|parent-)[0-9a-f-]+)?)$ {{(pid=87332) _qemu_img_info_base /opt/stack/cinder/cinder/volume/drivers/remotefs.py:896}}
Sep 05 11:32:51 devstack cinder-volume[87332]: DEBUG oslo.privsep.daemon [-] privsep: reply[a7907701-fbca-4262-b2cd-6b304faf526f]: (4, 'qcow2') {{(pid=88675) _call_back /opt/stack/data/venv/lib/python3.12/site-packages/oslo_privsep/daemon.py:580}}
Sep 05 11:32:51 devstack cinder-volume[87332]: DEBUG oslo_concurrency.processutils [None req-36ab6988-ee76-41b1-9479-5154252597d3 tempest-GroupsV314Test-180842478 None] Running cmd (subprocess): /opt/stack/data/venv/bin/python3.12 -m oslo_concurrency.prlimit --as=1073741824 --cpu=60 -- sudo cinder-rootwrap /etc/cinder/rootwrap.conf env LC_ALL=C qemu-img info -f qcow2 --output=json --force-share /opt/stack/data/cinder/mnt/d705c7a4f11a2b89c970e6e44835bfdc/volume-7db19ba2-97a0-410b-addb-6ecb6d32464d {{(pid=87332) execute /opt/stack/data/venv/lib/python3.12/site-packages/oslo_concurrency/processutils.py:440}}
Sep 05 11:32:51 devstack sudo[91381]: quobyte : PWD=/ ; USER=root ; COMMAND=/opt/stack/data/venv/bin/cinder-rootwrap /etc/cinder/rootwrap.conf env LC_ALL=C qemu-img info -f qcow2 --output=json --force-share /opt/stack/data/cinder/mnt/d705c7a4f11a2b89c970e6e44835bfdc/volume-7db19ba2-97a0-410b-addb-6ecb6d32464d
Sep 05 11:32:51 devstack sudo[91381]: pam_unix(sudo:session): session opened for user root(uid=0) by (uid=1000)
Sep 05 11:32:51 devstack sudo[91381]: pam_unix(sudo:session): session closed for user root
Sep 05 11:32:51 devstack cinder-volume[87332]: DEBUG oslo_concurrency.processutils [None req-36ab6988-ee76-41b1-9479-5154252597d3 tempest-GroupsV314Test-180842478 None] CMD "/opt/stack/data/venv/bin/python3.12 -m oslo_concurrency.prlimit --as=1073741824 --cpu=60 -- sudo cinder-rootwrap /etc/cinder/rootwrap.conf env LC_ALL=C qemu-img info -f qcow2 --output=json --force-share /opt/stack/data/cinder/mnt/d705c7a4f11a2b89c970e6e44835bfdc/volume-7db19ba2-97a0-410b-addb-6ecb6d32464d" returned: 0 in 0.386s {{(pid=87332) execute /opt/stack/data/venv/lib/python3.12/site-packages/oslo_concurrency/processutils.py:468}}
Sep 05 11:32:51 devstack cinder-volume[87332]: DEBUG oslo_concurrency.processutils [None req-36ab6988-ee76-41b1-9479-5154252597d3 tempest-GroupsV314Test-180842478 None] Running cmd (subprocess): sudo cinder-rootwrap /etc/cinder/rootwrap.conf qemu-img commit -d /opt/stack/data/cinder/mnt/d705c7a4f11a2b89c970e6e44835bfdc/volume-7db19ba2-97a0-410b-addb-6ecb6d32464d.a4d290d2-f90b-49ae-8c7a-25f7222df10e {{(pid=87332) execute /opt/stack/data/venv/lib/python3.12/site-packages/oslo_concurrency/processutils.py:440}}
Sep 05 11:32:51 devstack sudo[91386]: quobyte : PWD=/ ; USER=root ; COMMAND=/opt/stack/data/venv/bin/cinder-rootwrap /etc/cinder/rootwrap.conf qemu-img commit -d /opt/stack/data/cinder/mnt/d705c7a4f11a2b89c970e6e44835bfdc/volume-7db19ba2-97a0-410b-addb-6ecb6d32464d.a4d290d2-f90b-49ae-8c7a-25f7222df10e
Sep 05 11:32:51 devstack sudo[91386]: pam_unix(sudo:session): session opened for user root(uid=0) by (uid=1000)
Sep 05 11:32:51 devstack sudo[91386]: pam_unix(sudo:session): session closed for user root
Sep 05 11:32:51 devstack cinder-volume[87332]: DEBUG oslo_concurrency.processutils [None req-36ab6988-ee76-41b1-9479-5154252597d3 tempest-GroupsV314Test-180842478 None] CMD "sudo cinder-rootwrap /etc/cinder/rootwrap.conf qemu-img commit -d /opt/stack/data/cinder/mnt/d705c7a4f11a2b89c970e6e44835bfdc/volume-7db19ba2-97a0-410b-addb-6ecb6d32464d.a4d290d2-f90b-49ae-8c7a-25f7222df10e" returned: 0 in 0.480s {{(pid=87332) execute /opt/stack/data/venv/lib/python3.12/site-packages/oslo_concurrency/processutils.py:468}}
Sep 05 11:32:51 devstack cinder-volume[87332]: DEBUG oslo_concurrency.processutils [None req-36ab6988-ee76-41b1-9479-5154252597d3 tempest-GroupsV314Test-180842478 None] Running cmd (subprocess): sudo cinder-rootwrap /etc/cinder/rootwrap.conf rm -f /opt/stack/data/cinder/mnt/d705c7a4f11a2b89c970e6e44835bfdc/volume-7db19ba2-97a0-410b-addb-6ecb6d32464d.a4d290d2-f90b-49ae-8c7a-25f7222df10e {{(pid=87332) execute /opt/stack/data/venv/lib/python3.12/site-packages/oslo_concurrency/processutils.py:440}}
Sep 05 11:32:52 devstack sudo[91392]: quobyte : PWD=/ ; USER=root ; COMMAND=/opt/stack/data/venv/bin/cinder-rootwrap /etc/cinder/rootwrap.conf rm -f /opt/stack/data/cinder/mnt/d705c7a4f11a2b89c970e6e44835bfdc/volume-7db19ba2-97a0-410b-addb-6ecb6d32464d.a4d290d2-f90b-49ae-8c7a-25f7222df10e
Sep 05 11:32:52 devstack sudo[91392]: pam_unix(sudo:session): session opened for user root(uid=0) by (uid=1000)
Sep 05 11:32:52 devstack sudo[91392]: pam_unix(sudo:session): session closed for user root
Sep 05 11:32:52 devstack cinder-volume[87332]: DEBUG oslo_concurrency.processutils [None req-36ab6988-ee76-41b1-9479-5154252597d3 tempest-GroupsV314Test-180842478 None] CMD "sudo cinder-rootwrap /etc/cinder/rootwrap.conf rm -f /opt/stack/data/cinder/mnt/d705c7a4f11a2b89c970e6e44835bfdc/volume-7db19ba2-97a0-410b-addb-6ecb6d32464d.a4d290d2-f90b-49ae-8c7a-25f7222df10e" returned: 0 in 0.329s {{(pid=87332) execute /opt/stack/data/venv/lib/python3.12/site-packages/oslo_concurrency/processutils.py:468}}
Sep 05 11:32:52 devstack cinder-volume[87332]: DEBUG dbcounter [-] [87332] Writing DB stats cinder:SELECT=34,cinder:UPDATE=38,cinder:INSERT=8,cinder:DELETE=3 {{(pid=87332) stat_writer /opt/stack/data/venv/lib/python3.12/site-packages/dbcounter.py:115}}
Sep 05 11:32:52 devstack cinder-volume[87332]: DEBUG cinder.coordination [None req-36ab6988-ee76-41b1-9479-5154252597d3 tempest-GroupsV314Test-180842478 None] Lock "cinder-quobyte-a4d290d2-f90b-49ae-8c7a-25f7222df10e" released by "_delete_snapshot" :: held 1.947s {{(pid=87332) __release /opt/stack/cinder/cinder/coordination.py:152}}
Sep 05 11:32:52 devstack cinder-volume[87332]: DEBUG oslo_concurrency.lockutils [None req-36ab6988-ee76-41b1-9479-5154252597d3 tempest-GroupsV314Test-180842478 None] Lock "quobyte" "released" by "cinder.volume.drivers.quobyte.QuobyteDriver.create_cloned_volume" :: held 12.357s {{(pid=87332) inner /opt/stack/data/venv/lib/python3.12/site-packages/oslo_concurrency/lockutils.py:544}}
Sep 05 11:32:52 devstack cinder-volume[87332]: DEBUG oslo_concurrency.lockutils [None req-042323de-7eda-448f-94f5-b33e829f592a tempest-VolumesTestJSON-1816103566 None] Lock "quobyte" acquired by "cinder.volume.drivers.quobyte.QuobyteDriver.create_volume" :: waited 11.116s {{(pid=87332) inner /opt/stack/data/venv/lib/python3.12/site-packages/oslo_concurrency/lockutils.py:525}}
Sep 05 11:32:52 devstack cinder-volume[87332]: DEBUG cinder.volume.drivers.quobyte [None req-042323de-7eda-448f-94f5-b33e829f592a tempest-VolumesTestJSON-1816103566 None] ==> create_volume: call "{'self': , 'volume': Volume(_name_id=None,admin_metadata=,attach_status='detached',availability_zone='nova',bootable=False,cluster=,cluster_name=None,consistencygroup=,consistencygroup_id=None,created_at=2026-09-05T09:32:41Z,deleted=False,deleted_at=None,display_description=None,display_name='tempest-VolumesTestJSON-volume-1030433361',ec2_id=None,encryption_key_id=None,glance_metadata=,group=,group_id=None,host='devstack@QuobyteHD#QuobyteHD',id=b7cc62d8-a0be-4a68-acf0-7b7c6217e18f,launched_at=None,metadata={Type='work'},migration_status=None,multiattach=False,previous_status=None,project_id='f2b677a3b1d641b0b06c398fd243f768',provider_auth=None,provider_geometry=None,provider_id=None,provider_location=None,replication_driver_data=None,replication_extended_status=None,replication_status=None,scheduled_at=2026-09-05T09:32:41Z,service_uuid=None,shared_targets=True,size=1,snapshot_id=None,snapshots=,source_volid=None,status='creating',terminated_at=None,updated_at=2026-09-05T09:32:41Z,use_quota=True,user_id='146302e8d4e54c27b1f68e9c60d8271a',volume_attachment=VolumeAttachmentList,volume_type=VolumeType(b511cf4c-580b-4e08-a017-f286b996dc9f),volume_type_id=b511cf4c-580b-4e08-a017-f286b996dc9f)}" {{(pid=87332) trace_logging_wrapper /opt/stack/cinder/cinder/volume/volume_utils.py:1497}}
Sep 05 11:32:52 devstack cinder-volume[87332]: DEBUG cinder.volume.drivers.remotefs [None req-042323de-7eda-448f-94f5-b33e829f592a tempest-VolumesTestJSON-1816103566 None] Creating volume b7cc62d8-a0be-4a68-acf0-7b7c6217e18f {{(pid=87332) create_volume /opt/stack/cinder/cinder/volume/drivers/remotefs.py:292}}
Sep 05 11:32:52 devstack cinder-volume[87332]: DEBUG oslo_concurrency.lockutils [None req-042323de-7eda-448f-94f5-b33e829f592a tempest-VolumesTestJSON-1816103566 None] Acquiring lock "quobyte_ensure" by "cinder.volume.drivers.quobyte.QuobyteDriver._ensure_shares_mounted" {{(pid=87332) inner /opt/stack/data/venv/lib/python3.12/site-packages/oslo_concurrency/lockutils.py:512}}
Sep 05 11:32:52 devstack cinder-volume[87332]: DEBUG oslo_concurrency.lockutils [None req-042323de-7eda-448f-94f5-b33e829f592a tempest-VolumesTestJSON-1816103566 None] Lock "quobyte_ensure" acquired by "cinder.volume.drivers.quobyte.QuobyteDriver._ensure_shares_mounted" :: waited 0.001s {{(pid=87332) inner /opt/stack/data/venv/lib/python3.12/site-packages/oslo_concurrency/lockutils.py:525}}
Sep 05 11:32:52 devstack cinder-volume[87332]: DEBUG cinder.volume.drivers.quobyte [None req-042323de-7eda-448f-94f5-b33e829f592a tempest-VolumesTestJSON-1816103566 None] Quobyte Volume URL set to: {'osci02.corp.quobyte.com/cinder-vol-07cccfeb-735b-4c36-8000-9c6f5d0bde81': None} {{(pid=87332) _load_shares_config /opt/stack/cinder/cinder/volume/drivers/quobyte.py:617}}
Sep 05 11:32:52 devstack cinder-volume[87332]: DEBUG cinder.volume.drivers.quobyte [None req-042323de-7eda-448f-94f5-b33e829f592a tempest-VolumesTestJSON-1816103566 None] Available shares ['osci02.corp.quobyte.com/cinder-vol-07cccfeb-735b-4c36-8000-9c6f5d0bde81'] {{(pid=87332) _ensure_shares_mounted /opt/stack/cinder/cinder/volume/drivers/quobyte.py:647}}
Sep 05 11:32:52 devstack cinder-volume[87332]: DEBUG oslo_concurrency.lockutils [None req-042323de-7eda-448f-94f5-b33e829f592a tempest-VolumesTestJSON-1816103566 None] Lock "quobyte_ensure" "released" by "cinder.volume.drivers.quobyte.QuobyteDriver._ensure_shares_mounted" :: held 0.006s {{(pid=87332) inner /opt/stack/data/venv/lib/python3.12/site-packages/oslo_concurrency/lockutils.py:544}}
Sep 05 11:32:52 devstack cinder-volume[87332]: DEBUG cinder.volume.drivers.quobyte [None req-042323de-7eda-448f-94f5-b33e829f592a tempest-VolumesTestJSON-1816103566 None] Selected osci02.corp.quobyte.com/cinder-vol-07cccfeb-735b-4c36-8000-9c6f5d0bde81 as target Quobyte volume. {{(pid=87332) _find_share /opt/stack/cinder/cinder/volume/drivers/quobyte.py:668}}
Sep 05 11:32:52 devstack cinder-volume[87332]: INFO cinder.volume.drivers.remotefs [None req-042323de-7eda-448f-94f5-b33e829f592a tempest-VolumesTestJSON-1816103566 None] casted to osci02.corp.quobyte.com/cinder-vol-07cccfeb-735b-4c36-8000-9c6f5d0bde81
Sep 05 11:32:52 devstack cinder-volume[87332]: DEBUG oslo_concurrency.processutils [None req-042323de-7eda-448f-94f5-b33e829f592a tempest-VolumesTestJSON-1816103566 None] Running cmd (subprocess): sudo cinder-rootwrap /etc/cinder/rootwrap.conf qemu-img create -f qcow2 -o preallocation=metadata /opt/stack/data/cinder/mnt/d705c7a4f11a2b89c970e6e44835bfdc/volume-b7cc62d8-a0be-4a68-acf0-7b7c6217e18f 1073741824 {{(pid=87332) execute /opt/stack/data/venv/lib/python3.12/site-packages/oslo_concurrency/processutils.py:440}}
Sep 05 11:32:52 devstack sudo[91395]: quobyte : PWD=/ ; USER=root ; COMMAND=/opt/stack/data/venv/bin/cinder-rootwrap /etc/cinder/rootwrap.conf qemu-img create -f qcow2 -o preallocation=metadata /opt/stack/data/cinder/mnt/d705c7a4f11a2b89c970e6e44835bfdc/volume-b7cc62d8-a0be-4a68-acf0-7b7c6217e18f 1073741824
Sep 05 11:32:52 devstack sudo[91395]: pam_unix(sudo:session): session opened for user root(uid=0) by (uid=1000)
Sep 05 11:32:52 devstack cinder-volume[87332]: INFO cinder.volume.manager [None req-36ab6988-ee76-41b1-9479-5154252597d3 tempest-GroupsV314Test-180842478 None] Create group from source-group-543cfab8-4878-4dc7-aa6d-4939cc2c54c5 completed successfully.
Sep 05 11:32:53 devstack sudo[91395]: pam_unix(sudo:session): session closed for user root
Sep 05 11:32:53 devstack cinder-volume[87332]: DEBUG oslo_concurrency.processutils [None req-042323de-7eda-448f-94f5-b33e829f592a tempest-VolumesTestJSON-1816103566 None] CMD "sudo cinder-rootwrap /etc/cinder/rootwrap.conf qemu-img create -f qcow2 -o preallocation=metadata /opt/stack/data/cinder/mnt/d705c7a4f11a2b89c970e6e44835bfdc/volume-b7cc62d8-a0be-4a68-acf0-7b7c6217e18f 1073741824" returned: 0 in 0.756s {{(pid=87332) execute /opt/stack/data/venv/lib/python3.12/site-packages/oslo_concurrency/processutils.py:468}}
Sep 05 11:32:53 devstack cinder-volume[87332]: DEBUG oslo_concurrency.processutils [None req-042323de-7eda-448f-94f5-b33e829f592a tempest-VolumesTestJSON-1816103566 None] Running cmd (subprocess): sudo cinder-rootwrap /etc/cinder/rootwrap.conf chmod ugo+rw /opt/stack/data/cinder/mnt/d705c7a4f11a2b89c970e6e44835bfdc/volume-b7cc62d8-a0be-4a68-acf0-7b7c6217e18f {{(pid=87332) execute /opt/stack/data/venv/lib/python3.12/site-packages/oslo_concurrency/processutils.py:440}}
Sep 05 11:32:53 devstack sudo[91442]: quobyte : PWD=/ ; USER=root ; COMMAND=/opt/stack/data/venv/bin/cinder-rootwrap /etc/cinder/rootwrap.conf chmod ugo+rw /opt/stack/data/cinder/mnt/d705c7a4f11a2b89c970e6e44835bfdc/volume-b7cc62d8-a0be-4a68-acf0-7b7c6217e18f
Sep 05 11:32:53 devstack sudo[91442]: pam_unix(sudo:session): session opened for user root(uid=0) by (uid=1000)
Sep 05 11:32:53 devstack sudo[91442]: pam_unix(sudo:session): session closed for user root
Sep 05 11:32:53 devstack cinder-volume[87332]: DEBUG oslo_concurrency.processutils [None req-042323de-7eda-448f-94f5-b33e829f592a tempest-VolumesTestJSON-1816103566 None] CMD "sudo cinder-rootwrap /etc/cinder/rootwrap.conf chmod ugo+rw /opt/stack/data/cinder/mnt/d705c7a4f11a2b89c970e6e44835bfdc/volume-b7cc62d8-a0be-4a68-acf0-7b7c6217e18f" returned: 0 in 0.474s {{(pid=87332) execute /opt/stack/data/venv/lib/python3.12/site-packages/oslo_concurrency/processutils.py:468}}
Sep 05 11:32:53 devstack cinder-volume[87332]: DEBUG cinder.volume.drivers.quobyte [None req-042323de-7eda-448f-94f5-b33e829f592a tempest-VolumesTestJSON-1816103566 None] <== create_volume: return (1306ms) {'provider_location': 'osci02.corp.quobyte.com/cinder-vol-07cccfeb-735b-4c36-8000-9c6f5d0bde81'} {{(pid=87332) trace_logging_wrapper /opt/stack/cinder/cinder/volume/volume_utils.py:1522}}
Sep 05 11:32:53 devstack cinder-volume[87332]: DEBUG oslo_concurrency.lockutils [None req-042323de-7eda-448f-94f5-b33e829f592a tempest-VolumesTestJSON-1816103566 None] Lock "quobyte" "released" by "cinder.volume.drivers.quobyte.QuobyteDriver.create_volume" :: held 1.309s {{(pid=87332) inner /opt/stack/data/venv/lib/python3.12/site-packages/oslo_concurrency/lockutils.py:544}}
Sep 05 11:32:53 devstack cinder-volume[87332]: DEBUG cinder.volume.manager [None req-042323de-7eda-448f-94f5-b33e829f592a tempest-VolumesTestJSON-1816103566 None] Task 'cinder.volume.flows.manager.create_volume.CreateVolumeFromSpecTask;volume:create' (c56dd958-9cc4-495b-bd80-21d0ad6e8ac8) transitioned into state 'SUCCESS' from state 'RUNNING' with result '{'status': 'creating', 'volume_name': 'volume-b7cc62d8-a0be-4a68-acf0-7b7c6217e18f', 'volume_size': 1}' {{(pid=87332) _task_receiver /opt/stack/data/venv/lib/python3.12/site-packages/taskflow/listeners/logging.py:218}}
Sep 05 11:32:53 devstack cinder-volume[87332]: DEBUG cinder.volume.manager [None req-042323de-7eda-448f-94f5-b33e829f592a tempest-VolumesTestJSON-1816103566 None] Task 'cinder.volume.flows.manager.create_volume.CreateVolumeOnFinishTask;volume:create, create.end' (3f50d7f9-129f-4040-8558-0761b6598fdb) transitioned into state 'RUNNING' from state 'PENDING' {{(pid=87332) _task_receiver /opt/stack/data/venv/lib/python3.12/site-packages/taskflow/listeners/logging.py:242}}
Sep 05 11:32:53 devstack cinder-volume[87332]: INFO cinder.volume.flows.manager.create_volume [None req-042323de-7eda-448f-94f5-b33e829f592a tempest-VolumesTestJSON-1816103566 None] Volume volume-b7cc62d8-a0be-4a68-acf0-7b7c6217e18f (b7cc62d8-a0be-4a68-acf0-7b7c6217e18f): created successfully
Sep 05 11:32:53 devstack cinder-volume[87332]: DEBUG cinder.volume.manager [None req-042323de-7eda-448f-94f5-b33e829f592a tempest-VolumesTestJSON-1816103566 None] Task 'cinder.volume.flows.manager.create_volume.CreateVolumeOnFinishTask;volume:create, create.end' (3f50d7f9-129f-4040-8558-0761b6598fdb) transitioned into state 'SUCCESS' from state 'RUNNING' with result 'None' {{(pid=87332) _task_receiver /opt/stack/data/venv/lib/python3.12/site-packages/taskflow/listeners/logging.py:218}}
Sep 05 11:32:53 devstack cinder-volume[87332]: DEBUG cinder.volume.manager [None req-042323de-7eda-448f-94f5-b33e829f592a tempest-VolumesTestJSON-1816103566 None] Flow 'volume_create_manager' (9a23d567-0fa0-44c0-ab80-7764665b9544) transitioned into state 'SUCCESS' from state 'RUNNING' {{(pid=87332) _flow_receiver /opt/stack/data/venv/lib/python3.12/site-packages/taskflow/listeners/logging.py:160}}
Sep 05 11:32:53 devstack cinder-volume[87332]: INFO cinder.volume.manager [None req-042323de-7eda-448f-94f5-b33e829f592a tempest-VolumesTestJSON-1816103566 None] Created volume successfully.
Sep 05 11:32:54 devstack cinder-volume[87332]: DEBUG cinder.coordination [None req-4816aad2-67c2-48f2-8e76-348b229e0fb2 tempest-GroupsV314Test-180842478 None] Acquiring lock "cinder-quobyte-698d2351-2757-4249-b08c-92c6b00f2aaf" by "delete_volume" {{(pid=87332) __acquire /opt/stack/cinder/cinder/coordination.py:138}}
Sep 05 11:32:54 devstack cinder-volume[87332]: DEBUG cinder.coordination [None req-4816aad2-67c2-48f2-8e76-348b229e0fb2 tempest-GroupsV314Test-180842478 None] Lock "cinder-quobyte-698d2351-2757-4249-b08c-92c6b00f2aaf" acquired by "delete_volume" :: waited 0.038s {{(pid=87332) __acquire /opt/stack/cinder/cinder/coordination.py:141}}
Sep 05 11:32:54 devstack cinder-volume[87332]: DEBUG oslo.privsep.daemon [-] privsep: reply[2340c3fc-5a09-43e4-b8de-bf9af56a6b3a]: (4, 'qcow2') {{(pid=88675) _call_back /opt/stack/data/venv/lib/python3.12/site-packages/oslo_privsep/daemon.py:580}}
Sep 05 11:32:54 devstack cinder-volume[87332]: DEBUG oslo_concurrency.processutils [None req-4816aad2-67c2-48f2-8e76-348b229e0fb2 tempest-GroupsV314Test-180842478 None] Running cmd (subprocess): /opt/stack/data/venv/bin/python3.12 -m oslo_concurrency.prlimit --as=1073741824 --cpu=60 -- sudo cinder-rootwrap /etc/cinder/rootwrap.conf env LC_ALL=C qemu-img info -f qcow2 --output=json --force-share /opt/stack/data/cinder/mnt/d705c7a4f11a2b89c970e6e44835bfdc/volume-698d2351-2757-4249-b08c-92c6b00f2aaf {{(pid=87332) execute /opt/stack/data/venv/lib/python3.12/site-packages/oslo_concurrency/processutils.py:440}}
Sep 05 11:32:54 devstack sudo[91473]: quobyte : PWD=/ ; USER=root ; COMMAND=/opt/stack/data/venv/bin/cinder-rootwrap /etc/cinder/rootwrap.conf env LC_ALL=C qemu-img info -f qcow2 --output=json --force-share /opt/stack/data/cinder/mnt/d705c7a4f11a2b89c970e6e44835bfdc/volume-698d2351-2757-4249-b08c-92c6b00f2aaf
Sep 05 11:32:54 devstack sudo[91473]: pam_unix(sudo:session): session opened for user root(uid=0) by (uid=1000)
Sep 05 11:32:55 devstack sudo[91473]: pam_unix(sudo:session): session closed for user root
Sep 05 11:32:55 devstack cinder-volume[87332]: DEBUG oslo_concurrency.processutils [None req-4816aad2-67c2-48f2-8e76-348b229e0fb2 tempest-GroupsV314Test-180842478 None] CMD "/opt/stack/data/venv/bin/python3.12 -m oslo_concurrency.prlimit --as=1073741824 --cpu=60 -- sudo cinder-rootwrap /etc/cinder/rootwrap.conf env LC_ALL=C qemu-img info -f qcow2 --output=json --force-share /opt/stack/data/cinder/mnt/d705c7a4f11a2b89c970e6e44835bfdc/volume-698d2351-2757-4249-b08c-92c6b00f2aaf" returned: 0 in 0.784s {{(pid=87332) execute /opt/stack/data/venv/lib/python3.12/site-packages/oslo_concurrency/processutils.py:468}}
Sep 05 11:32:55 devstack cinder-volume[87332]: DEBUG oslo_concurrency.processutils [None req-4816aad2-67c2-48f2-8e76-348b229e0fb2 tempest-GroupsV314Test-180842478 None] Running cmd (subprocess): sudo cinder-rootwrap /etc/cinder/rootwrap.conf rm -f /opt/stack/data/cinder/mnt/d705c7a4f11a2b89c970e6e44835bfdc/volume-698d2351-2757-4249-b08c-92c6b00f2aaf {{(pid=87332) execute /opt/stack/data/venv/lib/python3.12/site-packages/oslo_concurrency/processutils.py:440}}
Sep 05 11:32:55 devstack sudo[91479]: quobyte : PWD=/ ; USER=root ; COMMAND=/opt/stack/data/venv/bin/cinder-rootwrap /etc/cinder/rootwrap.conf rm -f /opt/stack/data/cinder/mnt/d705c7a4f11a2b89c970e6e44835bfdc/volume-698d2351-2757-4249-b08c-92c6b00f2aaf
Sep 05 11:32:55 devstack sudo[91479]: pam_unix(sudo:session): session opened for user root(uid=0) by (uid=1000)
Sep 05 11:32:55 devstack sudo[91479]: pam_unix(sudo:session): session closed for user root
Sep 05 11:32:55 devstack cinder-volume[87332]: DEBUG oslo_concurrency.processutils [None req-4816aad2-67c2-48f2-8e76-348b229e0fb2 tempest-GroupsV314Test-180842478 None] CMD "sudo cinder-rootwrap /etc/cinder/rootwrap.conf rm -f /opt/stack/data/cinder/mnt/d705c7a4f11a2b89c970e6e44835bfdc/volume-698d2351-2757-4249-b08c-92c6b00f2aaf" returned: 0 in 0.322s {{(pid=87332) execute /opt/stack/data/venv/lib/python3.12/site-packages/oslo_concurrency/processutils.py:468}}
Sep 05 11:32:55 devstack cinder-volume[87332]: DEBUG cinder.coordination [None req-4816aad2-67c2-48f2-8e76-348b229e0fb2 tempest-GroupsV314Test-180842478 None] Lock "cinder-quobyte-698d2351-2757-4249-b08c-92c6b00f2aaf" released by "delete_volume" :: held 1.238s {{(pid=87332) __release /opt/stack/cinder/cinder/coordination.py:152}}
Sep 05 11:32:55 devstack cinder-volume[87332]: DEBUG cinder.quota [None req-4816aad2-67c2-48f2-8e76-348b229e0fb2 tempest-GroupsV314Test-180842478 None] Created reservations ['d6145779-2334-414d-b0c5-c95196183232'] {{(pid=87332) reserve /opt/stack/cinder/cinder/quota.py:752}}
Sep 05 11:32:55 devstack cinder-volume[87332]: WARNING cinder.quota [None req-4816aad2-67c2-48f2-8e76-348b229e0fb2 tempest-GroupsV314Test-180842478 None] Deprecated: Default quota for resource: volumes_tempest-GroupsV314Test-volume-type-551777932 is set by the default quota flag: quota_volumes_tempest-GroupsV314Test-volume-type-551777932, it is now deprecated. Please use the default quota class for default quota.
Sep 05 11:32:55 devstack cinder-volume[87332]: WARNING cinder.quota [None req-4816aad2-67c2-48f2-8e76-348b229e0fb2 tempest-GroupsV314Test-180842478 None] Deprecated: Default quota for resource: gigabytes_tempest-GroupsV314Test-volume-type-551777932 is set by the default quota flag: quota_gigabytes_tempest-GroupsV314Test-volume-type-551777932, it is now deprecated. Please use the default quota class for default quota.
Sep 05 11:32:56 devstack cinder-volume[87332]: DEBUG cinder.quota [None req-4816aad2-67c2-48f2-8e76-348b229e0fb2 tempest-GroupsV314Test-180842478 None] Created reservations ['1b2c5cc6-f9f5-4f71-9a77-92167f54f3b8', 'a7f0bedc-7785-47b6-b8c8-c394a1b42325', 'a8d37ad7-91bf-4778-806e-46c7d4e5c2cb', 'f914b4b9-a64f-4cb5-9872-c7570eac5b33'] {{(pid=87332) reserve /opt/stack/cinder/cinder/quota.py:752}}
Sep 05 11:32:56 devstack cinder-volume[87332]: DEBUG oslo_concurrency.lockutils [None req-4816aad2-67c2-48f2-8e76-348b229e0fb2 tempest-GroupsV314Test-180842478 None] Acquiring lock "quobyte_ensure" by "cinder.volume.drivers.quobyte.QuobyteDriver._ensure_shares_mounted" {{(pid=87332) inner /opt/stack/data/venv/lib/python3.12/site-packages/oslo_concurrency/lockutils.py:512}}
Sep 05 11:32:56 devstack cinder-volume[87332]: DEBUG oslo_concurrency.lockutils [None req-4816aad2-67c2-48f2-8e76-348b229e0fb2 tempest-GroupsV314Test-180842478 None] Lock "quobyte_ensure" acquired by "cinder.volume.drivers.quobyte.QuobyteDriver._ensure_shares_mounted" :: waited 0.001s {{(pid=87332) inner /opt/stack/data/venv/lib/python3.12/site-packages/oslo_concurrency/lockutils.py:525}}
Sep 05 11:32:56 devstack cinder-volume[87332]: DEBUG cinder.volume.drivers.quobyte [None req-4816aad2-67c2-48f2-8e76-348b229e0fb2 tempest-GroupsV314Test-180842478 None] Quobyte Volume URL set to: {'osci02.corp.quobyte.com/cinder-vol-07cccfeb-735b-4c36-8000-9c6f5d0bde81': None} {{(pid=87332) _load_shares_config /opt/stack/cinder/cinder/volume/drivers/quobyte.py:617}}
Sep 05 11:32:56 devstack cinder-volume[87332]: DEBUG cinder.volume.drivers.quobyte [None req-4816aad2-67c2-48f2-8e76-348b229e0fb2 tempest-GroupsV314Test-180842478 None] Available shares ['osci02.corp.quobyte.com/cinder-vol-07cccfeb-735b-4c36-8000-9c6f5d0bde81'] {{(pid=87332) _ensure_shares_mounted /opt/stack/cinder/cinder/volume/drivers/quobyte.py:647}}
Sep 05 11:32:56 devstack cinder-volume[87332]: DEBUG oslo_concurrency.lockutils [None req-4816aad2-67c2-48f2-8e76-348b229e0fb2 tempest-GroupsV314Test-180842478 None] Lock "quobyte_ensure" "released" by "cinder.volume.drivers.quobyte.QuobyteDriver._ensure_shares_mounted" :: held 0.013s {{(pid=87332) inner /opt/stack/data/venv/lib/python3.12/site-packages/oslo_concurrency/lockutils.py:544}}
Sep 05 11:32:56 devstack cinder-volume[87332]: DEBUG oslo_concurrency.processutils [None req-4816aad2-67c2-48f2-8e76-348b229e0fb2 tempest-GroupsV314Test-180842478 None] Running cmd (subprocess): sudo cinder-rootwrap /etc/cinder/rootwrap.conf df --portability --block-size 1 /opt/stack/data/cinder/mnt/d705c7a4f11a2b89c970e6e44835bfdc {{(pid=87332) execute /opt/stack/data/venv/lib/python3.12/site-packages/oslo_concurrency/processutils.py:440}}
Sep 05 11:32:56 devstack sudo[91482]: quobyte : PWD=/ ; USER=root ; COMMAND=/opt/stack/data/venv/bin/cinder-rootwrap /etc/cinder/rootwrap.conf df --portability --block-size 1 /opt/stack/data/cinder/mnt/d705c7a4f11a2b89c970e6e44835bfdc
Sep 05 11:32:56 devstack sudo[91482]: pam_unix(sudo:session): session opened for user root(uid=0) by (uid=1000)
Sep 05 11:32:56 devstack cinder-volume[87332]: DEBUG cinder.coordination [None req-cae68d52-4a53-495a-a212-c73c613b429a tempest-VolumesTestJSON-1816103566 None] Acquiring lock "cinder-b7cc62d8-a0be-4a68-acf0-7b7c6217e18f-delete_volume" by "delete_volume" {{(pid=87332) __acquire /opt/stack/cinder/cinder/coordination.py:138}}
Sep 05 11:32:56 devstack cinder-volume[87332]: DEBUG cinder.coordination [None req-cae68d52-4a53-495a-a212-c73c613b429a tempest-VolumesTestJSON-1816103566 None] Lock "cinder-b7cc62d8-a0be-4a68-acf0-7b7c6217e18f-delete_volume" acquired by "delete_volume" :: waited 0.041s {{(pid=87332) __acquire /opt/stack/cinder/cinder/coordination.py:141}}
Sep 05 11:32:56 devstack cinder-volume[87332]: DEBUG cinder.coordination [None req-cae68d52-4a53-495a-a212-c73c613b429a tempest-VolumesTestJSON-1816103566 None] Acquiring lock "cinder-quobyte-b7cc62d8-a0be-4a68-acf0-7b7c6217e18f" by "delete_volume" {{(pid=87332) __acquire /opt/stack/cinder/cinder/coordination.py:138}}
Sep 05 11:32:56 devstack cinder-volume[87332]: DEBUG cinder.coordination [None req-cae68d52-4a53-495a-a212-c73c613b429a tempest-VolumesTestJSON-1816103566 None] Lock "cinder-quobyte-b7cc62d8-a0be-4a68-acf0-7b7c6217e18f" acquired by "delete_volume" :: waited 0.036s {{(pid=87332) __acquire /opt/stack/cinder/cinder/coordination.py:141}}
Sep 05 11:32:56 devstack sudo[91482]: pam_unix(sudo:session): session closed for user root
Sep 05 11:32:56 devstack cinder-volume[87332]: DEBUG oslo_concurrency.processutils [None req-4816aad2-67c2-48f2-8e76-348b229e0fb2 tempest-GroupsV314Test-180842478 None] CMD "sudo cinder-rootwrap /etc/cinder/rootwrap.conf df --portability --block-size 1 /opt/stack/data/cinder/mnt/d705c7a4f11a2b89c970e6e44835bfdc" returned: 0 in 0.487s {{(pid=87332) execute /opt/stack/data/venv/lib/python3.12/site-packages/oslo_concurrency/processutils.py:468}}
Sep 05 11:32:56 devstack cinder-volume[87332]: DEBUG cinder.manager [None req-4816aad2-67c2-48f2-8e76-348b229e0fb2 tempest-GroupsV314Test-180842478 None] Notifying Schedulers of capabilities ... {{(pid=87332) _publish_service_capabilities /opt/stack/cinder/cinder/manager.py:219}}
Sep 05 11:32:56 devstack cinder-volume[87332]: DEBUG oslo.privsep.daemon [-] privsep: reply[9baeb791-2964-45cb-93f1-7363fa727d2e]: (4, 'qcow2') {{(pid=88675) _call_back /opt/stack/data/venv/lib/python3.12/site-packages/oslo_privsep/daemon.py:580}}
Sep 05 11:32:56 devstack cinder-volume[87332]: DEBUG oslo_concurrency.processutils [None req-cae68d52-4a53-495a-a212-c73c613b429a tempest-VolumesTestJSON-1816103566 None] Running cmd (subprocess): /opt/stack/data/venv/bin/python3.12 -m oslo_concurrency.prlimit --as=1073741824 --cpu=60 -- sudo cinder-rootwrap /etc/cinder/rootwrap.conf env LC_ALL=C qemu-img info -f qcow2 --output=json --force-share /opt/stack/data/cinder/mnt/d705c7a4f11a2b89c970e6e44835bfdc/volume-b7cc62d8-a0be-4a68-acf0-7b7c6217e18f {{(pid=87332) execute /opt/stack/data/venv/lib/python3.12/site-packages/oslo_concurrency/processutils.py:440}}
Sep 05 11:32:56 devstack cinder-volume[87332]: INFO cinder.volume.manager [None req-4816aad2-67c2-48f2-8e76-348b229e0fb2 tempest-GroupsV314Test-180842478 None] Delete group completed successfully.
Sep 05 11:32:56 devstack sudo[91488]: quobyte : PWD=/ ; USER=root ; COMMAND=/opt/stack/data/venv/bin/cinder-rootwrap /etc/cinder/rootwrap.conf env LC_ALL=C qemu-img info -f qcow2 --output=json --force-share /opt/stack/data/cinder/mnt/d705c7a4f11a2b89c970e6e44835bfdc/volume-b7cc62d8-a0be-4a68-acf0-7b7c6217e18f
Sep 05 11:32:56 devstack sudo[91488]: pam_unix(sudo:session): session opened for user root(uid=0) by (uid=1000)
Sep 05 11:32:57 devstack sudo[91488]: pam_unix(sudo:session): session closed for user root
Sep 05 11:32:57 devstack cinder-volume[87332]: DEBUG oslo_concurrency.processutils [None req-cae68d52-4a53-495a-a212-c73c613b429a tempest-VolumesTestJSON-1816103566 None] CMD "/opt/stack/data/venv/bin/python3.12 -m oslo_concurrency.prlimit --as=1073741824 --cpu=60 -- sudo cinder-rootwrap /etc/cinder/rootwrap.conf env LC_ALL=C qemu-img info -f qcow2 --output=json --force-share /opt/stack/data/cinder/mnt/d705c7a4f11a2b89c970e6e44835bfdc/volume-b7cc62d8-a0be-4a68-acf0-7b7c6217e18f" returned: 0 in 0.586s {{(pid=87332) execute /opt/stack/data/venv/lib/python3.12/site-packages/oslo_concurrency/processutils.py:468}}
Sep 05 11:32:57 devstack cinder-volume[87332]: DEBUG oslo_concurrency.processutils [None req-cae68d52-4a53-495a-a212-c73c613b429a tempest-VolumesTestJSON-1816103566 None] Running cmd (subprocess): sudo cinder-rootwrap /etc/cinder/rootwrap.conf rm -f /opt/stack/data/cinder/mnt/d705c7a4f11a2b89c970e6e44835bfdc/volume-b7cc62d8-a0be-4a68-acf0-7b7c6217e18f {{(pid=87332) execute /opt/stack/data/venv/lib/python3.12/site-packages/oslo_concurrency/processutils.py:440}}
Sep 05 11:32:57 devstack sudo[91495]: quobyte : PWD=/ ; USER=root ; COMMAND=/opt/stack/data/venv/bin/cinder-rootwrap /etc/cinder/rootwrap.conf rm -f /opt/stack/data/cinder/mnt/d705c7a4f11a2b89c970e6e44835bfdc/volume-b7cc62d8-a0be-4a68-acf0-7b7c6217e18f
Sep 05 11:32:57 devstack sudo[91495]: pam_unix(sudo:session): session opened for user root(uid=0) by (uid=1000)
Sep 05 11:32:57 devstack sudo[91495]: pam_unix(sudo:session): session closed for user root
Sep 05 11:32:57 devstack cinder-volume[87332]: DEBUG oslo_concurrency.processutils [None req-cae68d52-4a53-495a-a212-c73c613b429a tempest-VolumesTestJSON-1816103566 None] CMD "sudo cinder-rootwrap /etc/cinder/rootwrap.conf rm -f /opt/stack/data/cinder/mnt/d705c7a4f11a2b89c970e6e44835bfdc/volume-b7cc62d8-a0be-4a68-acf0-7b7c6217e18f" returned: 0 in 0.436s {{(pid=87332) execute /opt/stack/data/venv/lib/python3.12/site-packages/oslo_concurrency/processutils.py:468}}
Sep 05 11:32:57 devstack cinder-volume[87332]: DEBUG cinder.coordination [None req-cae68d52-4a53-495a-a212-c73c613b429a tempest-VolumesTestJSON-1816103566 None] Lock "cinder-quobyte-b7cc62d8-a0be-4a68-acf0-7b7c6217e18f" released by "delete_volume" :: held 1.132s {{(pid=87332) __release /opt/stack/cinder/cinder/coordination.py:152}}
Sep 05 11:32:57 devstack cinder-volume[87332]: DEBUG cinder.coordination [None req-3a355559-b74a-4149-b941-4895bc93897f tempest-GroupsV314Test-180842478 None] Acquiring lock "cinder-quobyte-7db19ba2-97a0-410b-addb-6ecb6d32464d" by "delete_volume" {{(pid=87332) __acquire /opt/stack/cinder/cinder/coordination.py:138}}
Sep 05 11:32:57 devstack cinder-volume[87332]: DEBUG cinder.coordination [None req-3a355559-b74a-4149-b941-4895bc93897f tempest-GroupsV314Test-180842478 None] Lock "cinder-quobyte-7db19ba2-97a0-410b-addb-6ecb6d32464d" acquired by "delete_volume" :: waited 0.035s {{(pid=87332) __acquire /opt/stack/cinder/cinder/coordination.py:141}}
Sep 05 11:32:57 devstack cinder-volume[87332]: DEBUG oslo.privsep.daemon [-] privsep: reply[9c807ec1-c72d-4d7d-9f62-e832ea7bc8d3]: (4, 'qcow2') {{(pid=88675) _call_back /opt/stack/data/venv/lib/python3.12/site-packages/oslo_privsep/daemon.py:580}}
Sep 05 11:32:57 devstack cinder-volume[87332]: DEBUG oslo_concurrency.processutils [None req-3a355559-b74a-4149-b941-4895bc93897f tempest-GroupsV314Test-180842478 None] Running cmd (subprocess): /opt/stack/data/venv/bin/python3.12 -m oslo_concurrency.prlimit --as=1073741824 --cpu=60 -- sudo cinder-rootwrap /etc/cinder/rootwrap.conf env LC_ALL=C qemu-img info -f qcow2 --output=json --force-share /opt/stack/data/cinder/mnt/d705c7a4f11a2b89c970e6e44835bfdc/volume-7db19ba2-97a0-410b-addb-6ecb6d32464d {{(pid=87332) execute /opt/stack/data/venv/lib/python3.12/site-packages/oslo_concurrency/processutils.py:440}}
Sep 05 11:32:57 devstack cinder-volume[87332]: DEBUG cinder.quota [None req-cae68d52-4a53-495a-a212-c73c613b429a tempest-VolumesTestJSON-1816103566 None] Created reservations ['7ed012c9-ca74-4194-802e-e937224f554a', 'f242caaa-09e0-4d2e-9be9-8b67f1a06ec6', 'f21e2faf-4a7e-4253-8c69-3f814f3c4b26', '10570476-a263-4f5c-a83a-34c22ca0b890'] {{(pid=87332) reserve /opt/stack/cinder/cinder/quota.py:752}}
Sep 05 11:32:58 devstack cinder-volume[87332]: DEBUG oslo_concurrency.lockutils [None req-cae68d52-4a53-495a-a212-c73c613b429a tempest-VolumesTestJSON-1816103566 None] Acquiring lock "quobyte_ensure" by "cinder.volume.drivers.quobyte.QuobyteDriver._ensure_shares_mounted" {{(pid=87332) inner /opt/stack/data/venv/lib/python3.12/site-packages/oslo_concurrency/lockutils.py:512}}
Sep 05 11:32:58 devstack cinder-volume[87332]: DEBUG oslo_concurrency.lockutils [None req-cae68d52-4a53-495a-a212-c73c613b429a tempest-VolumesTestJSON-1816103566 None] Lock "quobyte_ensure" acquired by "cinder.volume.drivers.quobyte.QuobyteDriver._ensure_shares_mounted" :: waited 0.001s {{(pid=87332) inner /opt/stack/data/venv/lib/python3.12/site-packages/oslo_concurrency/lockutils.py:525}}
Sep 05 11:32:58 devstack cinder-volume[87332]: DEBUG cinder.volume.drivers.quobyte [None req-cae68d52-4a53-495a-a212-c73c613b429a tempest-VolumesTestJSON-1816103566 None] Quobyte Volume URL set to: {'osci02.corp.quobyte.com/cinder-vol-07cccfeb-735b-4c36-8000-9c6f5d0bde81': None} {{(pid=87332) _load_shares_config /opt/stack/cinder/cinder/volume/drivers/quobyte.py:617}}
Sep 05 11:32:58 devstack cinder-volume[87332]: DEBUG cinder.volume.drivers.quobyte [None req-cae68d52-4a53-495a-a212-c73c613b429a tempest-VolumesTestJSON-1816103566 None] Available shares ['osci02.corp.quobyte.com/cinder-vol-07cccfeb-735b-4c36-8000-9c6f5d0bde81'] {{(pid=87332) _ensure_shares_mounted /opt/stack/cinder/cinder/volume/drivers/quobyte.py:647}}
Sep 05 11:32:58 devstack cinder-volume[87332]: DEBUG oslo_concurrency.lockutils [None req-cae68d52-4a53-495a-a212-c73c613b429a tempest-VolumesTestJSON-1816103566 None] Lock "quobyte_ensure" "released" by "cinder.volume.drivers.quobyte.QuobyteDriver._ensure_shares_mounted" :: held 0.013s {{(pid=87332) inner /opt/stack/data/venv/lib/python3.12/site-packages/oslo_concurrency/lockutils.py:544}}
Sep 05 11:32:58 devstack cinder-volume[87332]: DEBUG oslo_concurrency.processutils [None req-cae68d52-4a53-495a-a212-c73c613b429a tempest-VolumesTestJSON-1816103566 None] Running cmd (subprocess): sudo cinder-rootwrap /etc/cinder/rootwrap.conf df --portability --block-size 1 /opt/stack/data/cinder/mnt/d705c7a4f11a2b89c970e6e44835bfdc {{(pid=87332) execute /opt/stack/data/venv/lib/python3.12/site-packages/oslo_concurrency/processutils.py:440}}
Sep 05 11:32:58 devstack sudo[91501]: quobyte : PWD=/ ; USER=root ; COMMAND=/opt/stack/data/venv/bin/cinder-rootwrap /etc/cinder/rootwrap.conf df --portability --block-size 1 /opt/stack/data/cinder/mnt/d705c7a4f11a2b89c970e6e44835bfdc
Sep 05 11:32:58 devstack sudo[91501]: pam_unix(sudo:session): session opened for user root(uid=0) by (uid=1000)
Sep 05 11:32:58 devstack sudo[91499]: quobyte : PWD=/ ; USER=root ; COMMAND=/opt/stack/data/venv/bin/cinder-rootwrap /etc/cinder/rootwrap.conf env LC_ALL=C qemu-img info -f qcow2 --output=json --force-share /opt/stack/data/cinder/mnt/d705c7a4f11a2b89c970e6e44835bfdc/volume-7db19ba2-97a0-410b-addb-6ecb6d32464d
Sep 05 11:32:58 devstack sudo[91499]: pam_unix(sudo:session): session opened for user root(uid=0) by (uid=1000)
Sep 05 11:32:58 devstack sudo[91501]: pam_unix(sudo:session): session closed for user root
Sep 05 11:32:58 devstack cinder-volume[87332]: DEBUG oslo_concurrency.processutils [None req-cae68d52-4a53-495a-a212-c73c613b429a tempest-VolumesTestJSON-1816103566 None] CMD "sudo cinder-rootwrap /etc/cinder/rootwrap.conf df --portability --block-size 1 /opt/stack/data/cinder/mnt/d705c7a4f11a2b89c970e6e44835bfdc" returned: 0 in 0.412s {{(pid=87332) execute /opt/stack/data/venv/lib/python3.12/site-packages/oslo_concurrency/processutils.py:468}}
Sep 05 11:32:58 devstack cinder-volume[87332]: DEBUG cinder.manager [None req-cae68d52-4a53-495a-a212-c73c613b429a tempest-VolumesTestJSON-1816103566 None] Notifying Schedulers of capabilities ... {{(pid=87332) _publish_service_capabilities /opt/stack/cinder/cinder/manager.py:219}}
Sep 05 11:32:58 devstack cinder-volume[87332]: INFO cinder.volume.manager [None req-cae68d52-4a53-495a-a212-c73c613b429a tempest-VolumesTestJSON-1816103566 None] Deleted volume successfully.
Sep 05 11:32:58 devstack cinder-volume[87332]: DEBUG cinder.coordination [None req-cae68d52-4a53-495a-a212-c73c613b429a tempest-VolumesTestJSON-1816103566 None] Lock "cinder-b7cc62d8-a0be-4a68-acf0-7b7c6217e18f-delete_volume" released by "delete_volume" :: held 2.020s {{(pid=87332) __release /opt/stack/cinder/cinder/coordination.py:152}}
Sep 05 11:32:58 devstack sudo[91499]: pam_unix(sudo:session): session closed for user root
Sep 05 11:32:58 devstack cinder-volume[87332]: DEBUG oslo_concurrency.processutils [None req-3a355559-b74a-4149-b941-4895bc93897f tempest-GroupsV314Test-180842478 None] CMD "/opt/stack/data/venv/bin/python3.12 -m oslo_concurrency.prlimit --as=1073741824 --cpu=60 -- sudo cinder-rootwrap /etc/cinder/rootwrap.conf env LC_ALL=C qemu-img info -f qcow2 --output=json --force-share /opt/stack/data/cinder/mnt/d705c7a4f11a2b89c970e6e44835bfdc/volume-7db19ba2-97a0-410b-addb-6ecb6d32464d" returned: 0 in 0.699s {{(pid=87332) execute /opt/stack/data/venv/lib/python3.12/site-packages/oslo_concurrency/processutils.py:468}}
Sep 05 11:32:58 devstack cinder-volume[87332]: DEBUG oslo_concurrency.processutils [None req-3a355559-b74a-4149-b941-4895bc93897f tempest-GroupsV314Test-180842478 None] Running cmd (subprocess): sudo cinder-rootwrap /etc/cinder/rootwrap.conf rm -f /opt/stack/data/cinder/mnt/d705c7a4f11a2b89c970e6e44835bfdc/volume-7db19ba2-97a0-410b-addb-6ecb6d32464d {{(pid=87332) execute /opt/stack/data/venv/lib/python3.12/site-packages/oslo_concurrency/processutils.py:440}}
Sep 05 11:32:58 devstack sudo[91508]: quobyte : PWD=/ ; USER=root ; COMMAND=/opt/stack/data/venv/bin/cinder-rootwrap /etc/cinder/rootwrap.conf rm -f /opt/stack/data/cinder/mnt/d705c7a4f11a2b89c970e6e44835bfdc/volume-7db19ba2-97a0-410b-addb-6ecb6d32464d
Sep 05 11:32:58 devstack sudo[91508]: pam_unix(sudo:session): session opened for user root(uid=0) by (uid=1000)
Sep 05 11:32:59 devstack cinder-volume[87332]: DEBUG cinder.coordination [None req-5b40d0ca-c35b-4bf7-a748-c7ca8355ff20 tempest-VolumesTestJSON-1816103566 None] Acquiring lock "cinder-89262982-f708-47a6-b054-49c8ea93c25c-delete_volume" by "delete_volume" {{(pid=87332) __acquire /opt/stack/cinder/cinder/coordination.py:138}}
Sep 05 11:32:59 devstack sudo[91508]: pam_unix(sudo:session): session closed for user root
Sep 05 11:32:59 devstack cinder-volume[87332]: DEBUG oslo_concurrency.processutils [None req-3a355559-b74a-4149-b941-4895bc93897f tempest-GroupsV314Test-180842478 None] CMD "sudo cinder-rootwrap /etc/cinder/rootwrap.conf rm -f /opt/stack/data/cinder/mnt/d705c7a4f11a2b89c970e6e44835bfdc/volume-7db19ba2-97a0-410b-addb-6ecb6d32464d" returned: 0 in 0.493s {{(pid=87332) execute /opt/stack/data/venv/lib/python3.12/site-packages/oslo_concurrency/processutils.py:468}}
