Apr 27 07:50:53 devstack cinder-volume[81225]: DEBUG oslo_concurrency.processutils [None req-b4430d5b-22ad-432b-a857-d1b44f247026 tempest-GroupsTest-1750627678 None] Running cmd (subprocess): sudo cinder-rootwrap /etc/cinder/rootwrap.conf rm -f /opt/stack/data/cinder/mnt/23b475d30621ff231fffcd7d480e2f1d/volume-1c09acca-37a7-4d31-ba5f-9f31282c3e52 {{(pid=81225) execute /opt/stack/data/venv/lib/python3.10/site-packages/oslo_concurrency/processutils.py:440}}
Apr 27 07:50:53 devstack sudo[84197]: quobyte : PWD=/ ; USER=root ; COMMAND=/opt/stack/data/venv/bin/cinder-rootwrap /etc/cinder/rootwrap.conf rm -f /opt/stack/data/cinder/mnt/23b475d30621ff231fffcd7d480e2f1d/volume-1c09acca-37a7-4d31-ba5f-9f31282c3e52
Apr 27 07:50:53 devstack sudo[84197]: pam_unix(sudo:session): session opened for user root(uid=0) by (uid=1000)
Apr 27 07:50:54 devstack sudo[84197]: pam_unix(sudo:session): session closed for user root
Apr 27 07:50:54 devstack cinder-volume[81225]: DEBUG oslo_concurrency.processutils [None req-b4430d5b-22ad-432b-a857-d1b44f247026 tempest-GroupsTest-1750627678 None] CMD "sudo cinder-rootwrap /etc/cinder/rootwrap.conf rm -f /opt/stack/data/cinder/mnt/23b475d30621ff231fffcd7d480e2f1d/volume-1c09acca-37a7-4d31-ba5f-9f31282c3e52" returned: 0 in 0.607s {{(pid=81225) execute /opt/stack/data/venv/lib/python3.10/site-packages/oslo_concurrency/processutils.py:468}}
Apr 27 07:50:54 devstack cinder-volume[81225]: DEBUG cinder.coordination [None req-b4430d5b-22ad-432b-a857-d1b44f247026 tempest-GroupsTest-1750627678 None] Lock "cinder-quobyte-1c09acca-37a7-4d31-ba5f-9f31282c3e52" released by "delete_volume" :: held 1.402s {{(pid=81225) __release /opt/stack/cinder/cinder/coordination.py:152}}
Apr 27 07:50:54 devstack cinder-volume[81225]: DEBUG cinder.coordination [None req-b4430d5b-22ad-432b-a857-d1b44f247026 tempest-GroupsTest-1750627678 None] Acquiring lock "cinder-quobyte-bdfccaa8-ba6e-47be-a363-9920060de151" by "delete_volume" {{(pid=81225) __acquire /opt/stack/cinder/cinder/coordination.py:138}}
Apr 27 07:50:54 devstack cinder-volume[81225]: DEBUG cinder.coordination [None req-b4430d5b-22ad-432b-a857-d1b44f247026 tempest-GroupsTest-1750627678 None] Lock "cinder-quobyte-bdfccaa8-ba6e-47be-a363-9920060de151" acquired by "delete_volume" :: waited 0.021s {{(pid=81225) __acquire /opt/stack/cinder/cinder/coordination.py:141}}
Apr 27 07:50:54 devstack cinder-volume[81225]: DEBUG oslo.privsep.daemon [-] privsep: reply[2e71f1fa-d545-40f6-8070-bfdc2dad4acb]: (4, 'qcow2') {{(pid=82700) _call_back /opt/stack/data/venv/lib/python3.10/site-packages/oslo_privsep/daemon.py:573}}
Apr 27 07:50:54 devstack cinder-volume[81225]: DEBUG oslo_concurrency.processutils [None req-b4430d5b-22ad-432b-a857-d1b44f247026 tempest-GroupsTest-1750627678 None] Running cmd (subprocess): /opt/stack/data/venv/bin/python3.10 -m oslo_concurrency.prlimit --as=1073741824 --cpu=60 -- sudo cinder-rootwrap /etc/cinder/rootwrap.conf env LC_ALL=C qemu-img info -f qcow2 --output=json --force-share /opt/stack/data/cinder/mnt/23b475d30621ff231fffcd7d480e2f1d/volume-bdfccaa8-ba6e-47be-a363-9920060de151 {{(pid=81225) execute /opt/stack/data/venv/lib/python3.10/site-packages/oslo_concurrency/processutils.py:440}}
Apr 27 07:50:54 devstack sudo[84200]: quobyte : PWD=/ ; USER=root ; COMMAND=/opt/stack/data/venv/bin/cinder-rootwrap /etc/cinder/rootwrap.conf env LC_ALL=C qemu-img info -f qcow2 --output=json --force-share /opt/stack/data/cinder/mnt/23b475d30621ff231fffcd7d480e2f1d/volume-bdfccaa8-ba6e-47be-a363-9920060de151
Apr 27 07:50:54 devstack sudo[84200]: pam_unix(sudo:session): session opened for user root(uid=0) by (uid=1000)
Apr 27 07:50:54 devstack cinder-volume[81225]: INFO cinder.volume.manager [None req-8d57abab-0ffa-4c9c-abda-952de8ff55d3 tempest-GroupSnapshotsTest-143617638 None] Update group completed successfully.
Apr 27 07:50:54 devstack sudo[84200]: pam_unix(sudo:session): session closed for user root
Apr 27 07:50:54 devstack cinder-volume[81225]: DEBUG oslo_concurrency.processutils [None req-b4430d5b-22ad-432b-a857-d1b44f247026 tempest-GroupsTest-1750627678 None] CMD "/opt/stack/data/venv/bin/python3.10 -m oslo_concurrency.prlimit --as=1073741824 --cpu=60 -- sudo cinder-rootwrap /etc/cinder/rootwrap.conf env LC_ALL=C qemu-img info -f qcow2 --output=json --force-share /opt/stack/data/cinder/mnt/23b475d30621ff231fffcd7d480e2f1d/volume-bdfccaa8-ba6e-47be-a363-9920060de151" returned: 0 in 0.689s {{(pid=81225) execute /opt/stack/data/venv/lib/python3.10/site-packages/oslo_concurrency/processutils.py:468}}
Apr 27 07:50:54 devstack cinder-volume[81225]: DEBUG oslo_concurrency.processutils [None req-b4430d5b-22ad-432b-a857-d1b44f247026 tempest-GroupsTest-1750627678 None] Running cmd (subprocess): sudo cinder-rootwrap /etc/cinder/rootwrap.conf rm -f /opt/stack/data/cinder/mnt/23b475d30621ff231fffcd7d480e2f1d/volume-bdfccaa8-ba6e-47be-a363-9920060de151 {{(pid=81225) execute /opt/stack/data/venv/lib/python3.10/site-packages/oslo_concurrency/processutils.py:440}}
Apr 27 07:50:54 devstack sudo[84205]: quobyte : PWD=/ ; USER=root ; COMMAND=/opt/stack/data/venv/bin/cinder-rootwrap /etc/cinder/rootwrap.conf rm -f /opt/stack/data/cinder/mnt/23b475d30621ff231fffcd7d480e2f1d/volume-bdfccaa8-ba6e-47be-a363-9920060de151
Apr 27 07:50:54 devstack sudo[84205]: pam_unix(sudo:session): session opened for user root(uid=0) by (uid=1000)
Apr 27 07:50:55 devstack sudo[84205]: pam_unix(sudo:session): session closed for user root
Apr 27 07:50:55 devstack cinder-volume[81225]: DEBUG oslo_concurrency.processutils [None req-b4430d5b-22ad-432b-a857-d1b44f247026 tempest-GroupsTest-1750627678 None] CMD "sudo cinder-rootwrap /etc/cinder/rootwrap.conf rm -f /opt/stack/data/cinder/mnt/23b475d30621ff231fffcd7d480e2f1d/volume-bdfccaa8-ba6e-47be-a363-9920060de151" returned: 0 in 0.612s {{(pid=81225) execute /opt/stack/data/venv/lib/python3.10/site-packages/oslo_concurrency/processutils.py:468}}
Apr 27 07:50:55 devstack cinder-volume[81225]: DEBUG cinder.coordination [None req-b4430d5b-22ad-432b-a857-d1b44f247026 tempest-GroupsTest-1750627678 None] Lock "cinder-quobyte-bdfccaa8-ba6e-47be-a363-9920060de151" released by "delete_volume" :: held 1.367s {{(pid=81225) __release /opt/stack/cinder/cinder/coordination.py:152}}
Apr 27 07:50:55 devstack cinder-volume[81225]: INFO cinder.volume.manager [None req-f07b3744-5e48-4438-853a-81db43eb2f74 tempest-GroupSnapshotsTest-143617638 None] Update group completed successfully.
Apr 27 07:50:55 devstack cinder-volume[81225]: DEBUG cinder.quota [None req-b4430d5b-22ad-432b-a857-d1b44f247026 tempest-GroupsTest-1750627678 None] Created reservations ['96b25daf-eac1-45c4-8108-f2e3a9fe068b'] {{(pid=81225) reserve /opt/stack/cinder/cinder/quota.py:752}}
Apr 27 07:50:55 devstack cinder-volume[81225]: WARNING cinder.quota [None req-b4430d5b-22ad-432b-a857-d1b44f247026 tempest-GroupsTest-1750627678 None] Deprecated: Default quota for resource: volumes_tempest-GroupsTest-volume-type-1357102251 is set by the default quota flag: quota_volumes_tempest-GroupsTest-volume-type-1357102251, it is now deprecated. Please use the default quota class for default quota.
Apr 27 07:50:55 devstack cinder-volume[81225]: WARNING cinder.quota [None req-b4430d5b-22ad-432b-a857-d1b44f247026 tempest-GroupsTest-1750627678 None] Deprecated: Default quota for resource: gigabytes_tempest-GroupsTest-volume-type-1357102251 is set by the default quota flag: quota_gigabytes_tempest-GroupsTest-volume-type-1357102251, it is now deprecated. Please use the default quota class for default quota.
Apr 27 07:50:55 devstack cinder-volume[81225]: DEBUG cinder.quota [None req-b4430d5b-22ad-432b-a857-d1b44f247026 tempest-GroupsTest-1750627678 None] Created reservations ['e030b38c-324b-4a63-92c1-8b4ab2792370', 'ec026f25-c28f-4cae-981f-27556d79a8a2', '5af7da30-1384-4f84-ba9f-94af039a8d27', 'ef7c0980-1bbb-477c-a027-13a9e2fec3da'] {{(pid=81225) reserve /opt/stack/cinder/cinder/quota.py:752}}
Apr 27 07:50:55 devstack cinder-volume[81225]: DEBUG cinder.quota [None req-b4430d5b-22ad-432b-a857-d1b44f247026 tempest-GroupsTest-1750627678 None] Created reservations ['1464a10a-3794-4360-9227-efd76c3ad9b0', '35fe0b89-73b7-4e5e-9f79-b2fc164ca2e7', '08ecb69f-c381-48dc-ba1d-7e0b91fe11a6', '8395a6a8-f3ff-4f6d-be91-a5749de7ce38'] {{(pid=81225) reserve /opt/stack/cinder/cinder/quota.py:752}}
Apr 27 07:50:55 devstack cinder-volume[81225]: DEBUG oslo_concurrency.lockutils [None req-b4430d5b-22ad-432b-a857-d1b44f247026 tempest-GroupsTest-1750627678 None] Acquiring lock "quobyte_ensure" by "cinder.volume.drivers.quobyte.QuobyteDriver._ensure_shares_mounted" {{(pid=81225) inner /opt/stack/data/venv/lib/python3.10/site-packages/oslo_concurrency/lockutils.py:506}}
Apr 27 07:50:55 devstack cinder-volume[81225]: DEBUG oslo_concurrency.lockutils [None req-b4430d5b-22ad-432b-a857-d1b44f247026 tempest-GroupsTest-1750627678 None] Lock "quobyte_ensure" acquired by "cinder.volume.drivers.quobyte.QuobyteDriver._ensure_shares_mounted" :: waited 0.001s {{(pid=81225) inner /opt/stack/data/venv/lib/python3.10/site-packages/oslo_concurrency/lockutils.py:519}}
Apr 27 07:50:55 devstack cinder-volume[81225]: DEBUG cinder.volume.drivers.quobyte [None req-b4430d5b-22ad-432b-a857-d1b44f247026 tempest-GroupsTest-1750627678 None] Quobyte Volume URL set to: {'osci02.corp.quobyte.com/cinder-vol-f7a703ec-0345-4ebd-b4b0-5d11af16202a': None} {{(pid=81225) _load_shares_config /opt/stack/cinder/cinder/volume/drivers/quobyte.py:617}}
Apr 27 07:50:55 devstack cinder-volume[81225]: DEBUG cinder.volume.drivers.quobyte [None req-b4430d5b-22ad-432b-a857-d1b44f247026 tempest-GroupsTest-1750627678 None] Available shares ['osci02.corp.quobyte.com/cinder-vol-f7a703ec-0345-4ebd-b4b0-5d11af16202a'] {{(pid=81225) _ensure_shares_mounted /opt/stack/cinder/cinder/volume/drivers/quobyte.py:647}}
Apr 27 07:50:55 devstack cinder-volume[81225]: DEBUG oslo_concurrency.lockutils [None req-b4430d5b-22ad-432b-a857-d1b44f247026 tempest-GroupsTest-1750627678 None] Lock "quobyte_ensure" "released" by "cinder.volume.drivers.quobyte.QuobyteDriver._ensure_shares_mounted" :: held 0.009s {{(pid=81225) inner /opt/stack/data/venv/lib/python3.10/site-packages/oslo_concurrency/lockutils.py:538}}
Apr 27 07:50:55 devstack cinder-volume[81225]: DEBUG oslo_concurrency.processutils [None req-b4430d5b-22ad-432b-a857-d1b44f247026 tempest-GroupsTest-1750627678 None] Running cmd (subprocess): sudo cinder-rootwrap /etc/cinder/rootwrap.conf df --portability --block-size 1 /opt/stack/data/cinder/mnt/23b475d30621ff231fffcd7d480e2f1d {{(pid=81225) execute /opt/stack/data/venv/lib/python3.10/site-packages/oslo_concurrency/processutils.py:440}}
Apr 27 07:50:55 devstack sudo[84208]: quobyte : PWD=/ ; USER=root ; COMMAND=/opt/stack/data/venv/bin/cinder-rootwrap /etc/cinder/rootwrap.conf df --portability --block-size 1 /opt/stack/data/cinder/mnt/23b475d30621ff231fffcd7d480e2f1d
Apr 27 07:50:55 devstack sudo[84208]: pam_unix(sudo:session): session opened for user root(uid=0) by (uid=1000)
Apr 27 07:50:56 devstack sudo[84208]: pam_unix(sudo:session): session closed for user root
Apr 27 07:50:56 devstack cinder-volume[81225]: DEBUG oslo_concurrency.processutils [None req-b4430d5b-22ad-432b-a857-d1b44f247026 tempest-GroupsTest-1750627678 None] CMD "sudo cinder-rootwrap /etc/cinder/rootwrap.conf df --portability --block-size 1 /opt/stack/data/cinder/mnt/23b475d30621ff231fffcd7d480e2f1d" returned: 0 in 0.752s {{(pid=81225) execute /opt/stack/data/venv/lib/python3.10/site-packages/oslo_concurrency/processutils.py:468}}
Apr 27 07:50:56 devstack cinder-volume[81225]: DEBUG cinder.manager [None req-b4430d5b-22ad-432b-a857-d1b44f247026 tempest-GroupsTest-1750627678 None] Notifying Schedulers of capabilities ... {{(pid=81225) _publish_service_capabilities /opt/stack/cinder/cinder/manager.py:202}}
Apr 27 07:50:56 devstack cinder-volume[81225]: INFO cinder.volume.manager [None req-b4430d5b-22ad-432b-a857-d1b44f247026 tempest-GroupsTest-1750627678 None] Delete group completed successfully.
Apr 27 07:50:57 devstack cinder-volume[81225]: INFO cinder.volume.manager [None req-7465155b-0fcb-403c-948c-1a181de17821 tempest-GroupSnapshotsTest-143617638 None] GroupSnapshot 4b07a775-5d73-4c9e-a1cd-0d2a2e0ee7be: creating.
Apr 27 07:50:57 devstack cinder-volume[81225]: DEBUG cinder.volume.manager [None req-7465155b-0fcb-403c-948c-1a181de17821 tempest-GroupSnapshotsTest-143617638 None] Group snapshot 4b07a775-5d73-4c9e-a1cd-0d2a2e0ee7be: creating. {{(pid=81225) create_group_snapshot /opt/stack/cinder/cinder/volume/manager.py:4175}}
Apr 27 07:50:57 devstack cinder-volume[81225]: DEBUG oslo_concurrency.lockutils [None req-7465155b-0fcb-403c-948c-1a181de17821 tempest-GroupSnapshotsTest-143617638 None] Acquiring lock "quobyte" by "cinder.volume.drivers.quobyte.QuobyteDriver.create_snapshot" {{(pid=81225) inner /opt/stack/data/venv/lib/python3.10/site-packages/oslo_concurrency/lockutils.py:506}}
Apr 27 07:50:57 devstack cinder-volume[81225]: DEBUG oslo_concurrency.lockutils [None req-7465155b-0fcb-403c-948c-1a181de17821 tempest-GroupSnapshotsTest-143617638 None] Lock "quobyte" acquired by "cinder.volume.drivers.quobyte.QuobyteDriver.create_snapshot" :: waited 0.001s {{(pid=81225) inner /opt/stack/data/venv/lib/python3.10/site-packages/oslo_concurrency/lockutils.py:519}}
Apr 27 07:50:57 devstack cinder-volume[81225]: DEBUG cinder.volume.drivers.remotefs [None req-7465155b-0fcb-403c-948c-1a181de17821 tempest-GroupSnapshotsTest-143617638 None] Creating offline snapshot 8ab1719e-5b54-48d3-b898-0ff6399e37a4 of volume 536571fd-0c02-46c8-8187-41f5ebcdde7e {{(pid=81225) _create_snapshot /opt/stack/cinder/cinder/volume/drivers/remotefs.py:1816}}
Apr 27 07:50:57 devstack cinder-volume[81225]: DEBUG oslo.privsep.daemon [-] privsep: reply[0cecced6-3aea-4dd8-a4a2-014a1b805b16]: (4, 'qcow2') {{(pid=82700) _call_back /opt/stack/data/venv/lib/python3.10/site-packages/oslo_privsep/daemon.py:573}}
Apr 27 07:50:57 devstack cinder-volume[81225]: DEBUG oslo_concurrency.processutils [None req-7465155b-0fcb-403c-948c-1a181de17821 tempest-GroupSnapshotsTest-143617638 None] Running cmd (subprocess): /opt/stack/data/venv/bin/python3.10 -m oslo_concurrency.prlimit --as=1073741824 --cpu=60 -- sudo cinder-rootwrap /etc/cinder/rootwrap.conf env LC_ALL=C qemu-img info -f qcow2 --output=json --force-share /opt/stack/data/cinder/mnt/23b475d30621ff231fffcd7d480e2f1d/volume-536571fd-0c02-46c8-8187-41f5ebcdde7e {{(pid=81225) execute /opt/stack/data/venv/lib/python3.10/site-packages/oslo_concurrency/processutils.py:440}}
Apr 27 07:50:57 devstack sudo[84211]: quobyte : PWD=/ ; USER=root ; COMMAND=/opt/stack/data/venv/bin/cinder-rootwrap /etc/cinder/rootwrap.conf env LC_ALL=C qemu-img info -f qcow2 --output=json --force-share /opt/stack/data/cinder/mnt/23b475d30621ff231fffcd7d480e2f1d/volume-536571fd-0c02-46c8-8187-41f5ebcdde7e
Apr 27 07:50:57 devstack sudo[84211]: pam_unix(sudo:session): session opened for user root(uid=0) by (uid=1000)
Apr 27 07:50:58 devstack sudo[84211]: pam_unix(sudo:session): session closed for user root
Apr 27 07:50:58 devstack cinder-volume[81225]: DEBUG oslo_concurrency.processutils [None req-7465155b-0fcb-403c-948c-1a181de17821 tempest-GroupSnapshotsTest-143617638 None] CMD "/opt/stack/data/venv/bin/python3.10 -m oslo_concurrency.prlimit --as=1073741824 --cpu=60 -- sudo cinder-rootwrap /etc/cinder/rootwrap.conf env LC_ALL=C qemu-img info -f qcow2 --output=json --force-share /opt/stack/data/cinder/mnt/23b475d30621ff231fffcd7d480e2f1d/volume-536571fd-0c02-46c8-8187-41f5ebcdde7e" returned: 0 in 0.990s {{(pid=81225) execute /opt/stack/data/venv/lib/python3.10/site-packages/oslo_concurrency/processutils.py:468}}
Apr 27 07:50:58 devstack cinder-volume[81225]: DEBUG oslo_concurrency.processutils [None req-7465155b-0fcb-403c-948c-1a181de17821 tempest-GroupSnapshotsTest-143617638 None] Running cmd (subprocess): sudo cinder-rootwrap /etc/cinder/rootwrap.conf qemu-img create -f qcow2 -o backing_file=/opt/stack/data/cinder/mnt/23b475d30621ff231fffcd7d480e2f1d/volume-536571fd-0c02-46c8-8187-41f5ebcdde7e,backing_fmt=qcow2 /opt/stack/data/cinder/mnt/23b475d30621ff231fffcd7d480e2f1d/volume-536571fd-0c02-46c8-8187-41f5ebcdde7e.8ab1719e-5b54-48d3-b898-0ff6399e37a4 1G {{(pid=81225) execute /opt/stack/data/venv/lib/python3.10/site-packages/oslo_concurrency/processutils.py:440}}
Apr 27 07:50:58 devstack sudo[84216]: quobyte : PWD=/ ; USER=root ; COMMAND=/opt/stack/data/venv/bin/cinder-rootwrap /etc/cinder/rootwrap.conf qemu-img create -f qcow2 -o backing_file=/opt/stack/data/cinder/mnt/23b475d30621ff231fffcd7d480e2f1d/volume-536571fd-0c02-46c8-8187-41f5ebcdde7e,backing_fmt=qcow2 /opt/stack/data/cinder/mnt/23b475d30621ff231fffcd7d480e2f1d/volume-536571fd-0c02-46c8-8187-41f5ebcdde7e.8ab1719e-5b54-48d3-b898-0ff6399e37a4 1G
Apr 27 07:50:58 devstack sudo[84216]: pam_unix(sudo:session): session opened for user root(uid=0) by (uid=1000)
Apr 27 07:50:59 devstack sudo[84216]: pam_unix(sudo:session): session closed for user root
Apr 27 07:50:59 devstack cinder-volume[81225]: DEBUG oslo_concurrency.processutils [None req-7465155b-0fcb-403c-948c-1a181de17821 tempest-GroupSnapshotsTest-143617638 None] CMD "sudo cinder-rootwrap /etc/cinder/rootwrap.conf qemu-img create -f qcow2 -o backing_file=/opt/stack/data/cinder/mnt/23b475d30621ff231fffcd7d480e2f1d/volume-536571fd-0c02-46c8-8187-41f5ebcdde7e,backing_fmt=qcow2 /opt/stack/data/cinder/mnt/23b475d30621ff231fffcd7d480e2f1d/volume-536571fd-0c02-46c8-8187-41f5ebcdde7e.8ab1719e-5b54-48d3-b898-0ff6399e37a4 1G" returned: 0 in 0.885s {{(pid=81225) execute /opt/stack/data/venv/lib/python3.10/site-packages/oslo_concurrency/processutils.py:468}}
Apr 27 07:50:59 devstack cinder-volume[81225]: DEBUG oslo_concurrency.processutils [None req-7465155b-0fcb-403c-948c-1a181de17821 tempest-GroupSnapshotsTest-143617638 None] Running cmd (subprocess): sudo cinder-rootwrap /etc/cinder/rootwrap.conf qemu-img rebase -u -b volume-536571fd-0c02-46c8-8187-41f5ebcdde7e -F qcow2 /opt/stack/data/cinder/mnt/23b475d30621ff231fffcd7d480e2f1d/volume-536571fd-0c02-46c8-8187-41f5ebcdde7e.8ab1719e-5b54-48d3-b898-0ff6399e37a4 {{(pid=81225) execute /opt/stack/data/venv/lib/python3.10/site-packages/oslo_concurrency/processutils.py:440}}
Apr 27 07:50:59 devstack sudo[84222]: quobyte : PWD=/ ; USER=root ; COMMAND=/opt/stack/data/venv/bin/cinder-rootwrap /etc/cinder/rootwrap.conf qemu-img rebase -u -b volume-536571fd-0c02-46c8-8187-41f5ebcdde7e -F qcow2 /opt/stack/data/cinder/mnt/23b475d30621ff231fffcd7d480e2f1d/volume-536571fd-0c02-46c8-8187-41f5ebcdde7e.8ab1719e-5b54-48d3-b898-0ff6399e37a4
Apr 27 07:50:59 devstack sudo[84222]: pam_unix(sudo:session): session opened for user root(uid=0) by (uid=1000)
Apr 27 07:50:59 devstack sudo[84222]: pam_unix(sudo:session): session closed for user root
Apr 27 07:50:59 devstack cinder-volume[81225]: DEBUG oslo_concurrency.processutils [None req-7465155b-0fcb-403c-948c-1a181de17821 tempest-GroupSnapshotsTest-143617638 None] CMD "sudo cinder-rootwrap /etc/cinder/rootwrap.conf qemu-img rebase -u -b volume-536571fd-0c02-46c8-8187-41f5ebcdde7e -F qcow2 /opt/stack/data/cinder/mnt/23b475d30621ff231fffcd7d480e2f1d/volume-536571fd-0c02-46c8-8187-41f5ebcdde7e.8ab1719e-5b54-48d3-b898-0ff6399e37a4" returned: 0 in 0.823s {{(pid=81225) execute /opt/stack/data/venv/lib/python3.10/site-packages/oslo_concurrency/processutils.py:468}}
Apr 27 07:50:59 devstack cinder-volume[81225]: WARNING cinder.volume.drivers.remotefs [None req-7465155b-0fcb-403c-948c-1a181de17821 tempest-GroupSnapshotsTest-143617638 None] /opt/stack/data/cinder/mnt/23b475d30621ff231fffcd7d480e2f1d/volume-536571fd-0c02-46c8-8187-41f5ebcdde7e.8ab1719e-5b54-48d3-b898-0ff6399e37a4 is being set with open permissions: ugo+rw: NotImplementedError
Apr 27 07:50:59 devstack cinder-volume[81225]: DEBUG oslo_concurrency.processutils [None req-7465155b-0fcb-403c-948c-1a181de17821 tempest-GroupSnapshotsTest-143617638 None] Running cmd (subprocess): sudo cinder-rootwrap /etc/cinder/rootwrap.conf chmod ugo+rw /opt/stack/data/cinder/mnt/23b475d30621ff231fffcd7d480e2f1d/volume-536571fd-0c02-46c8-8187-41f5ebcdde7e.8ab1719e-5b54-48d3-b898-0ff6399e37a4 {{(pid=81225) execute /opt/stack/data/venv/lib/python3.10/site-packages/oslo_concurrency/processutils.py:440}}
Apr 27 07:50:59 devstack sudo[84227]: quobyte : PWD=/ ; USER=root ; COMMAND=/opt/stack/data/venv/bin/cinder-rootwrap /etc/cinder/rootwrap.conf chmod ugo+rw /opt/stack/data/cinder/mnt/23b475d30621ff231fffcd7d480e2f1d/volume-536571fd-0c02-46c8-8187-41f5ebcdde7e.8ab1719e-5b54-48d3-b898-0ff6399e37a4
Apr 27 07:50:59 devstack sudo[84227]: pam_unix(sudo:session): session opened for user root(uid=0) by (uid=1000)
Apr 27 07:51:00 devstack sudo[84227]: pam_unix(sudo:session): session closed for user root
Apr 27 07:51:00 devstack cinder-volume[81225]: DEBUG oslo_concurrency.processutils [None req-7465155b-0fcb-403c-948c-1a181de17821 tempest-GroupSnapshotsTest-143617638 None] CMD "sudo cinder-rootwrap /etc/cinder/rootwrap.conf chmod ugo+rw /opt/stack/data/cinder/mnt/23b475d30621ff231fffcd7d480e2f1d/volume-536571fd-0c02-46c8-8187-41f5ebcdde7e.8ab1719e-5b54-48d3-b898-0ff6399e37a4" returned: 0 in 0.775s {{(pid=81225) execute /opt/stack/data/venv/lib/python3.10/site-packages/oslo_concurrency/processutils.py:468}}
Apr 27 07:51:00 devstack cinder-volume[81225]: DEBUG oslo_concurrency.processutils [None req-7465155b-0fcb-403c-948c-1a181de17821 tempest-GroupSnapshotsTest-143617638 None] Running cmd (subprocess): sudo cinder-rootwrap /etc/cinder/rootwrap.conf truncate -s0 /opt/stack/data/cinder/mnt/23b475d30621ff231fffcd7d480e2f1d/volume-536571fd-0c02-46c8-8187-41f5ebcdde7e.info {{(pid=81225) execute /opt/stack/data/venv/lib/python3.10/site-packages/oslo_concurrency/processutils.py:440}}
Apr 27 07:51:00 devstack sudo[84230]: quobyte : PWD=/ ; USER=root ; COMMAND=/opt/stack/data/venv/bin/cinder-rootwrap /etc/cinder/rootwrap.conf truncate -s0 /opt/stack/data/cinder/mnt/23b475d30621ff231fffcd7d480e2f1d/volume-536571fd-0c02-46c8-8187-41f5ebcdde7e.info
Apr 27 07:51:00 devstack sudo[84230]: pam_unix(sudo:session): session opened for user root(uid=0) by (uid=1000)
Apr 27 07:51:01 devstack sudo[84230]: pam_unix(sudo:session): session closed for user root
Apr 27 07:51:01 devstack cinder-volume[81225]: DEBUG oslo_concurrency.processutils [None req-7465155b-0fcb-403c-948c-1a181de17821 tempest-GroupSnapshotsTest-143617638 None] CMD "sudo cinder-rootwrap /etc/cinder/rootwrap.conf truncate -s0 /opt/stack/data/cinder/mnt/23b475d30621ff231fffcd7d480e2f1d/volume-536571fd-0c02-46c8-8187-41f5ebcdde7e.info" returned: 0 in 0.557s {{(pid=81225) execute /opt/stack/data/venv/lib/python3.10/site-packages/oslo_concurrency/processutils.py:468}}
Apr 27 07:51:01 devstack cinder-volume[81225]: WARNING cinder.volume.drivers.remotefs [None req-7465155b-0fcb-403c-948c-1a181de17821 tempest-GroupSnapshotsTest-143617638 None] /opt/stack/data/cinder/mnt/23b475d30621ff231fffcd7d480e2f1d/volume-536571fd-0c02-46c8-8187-41f5ebcdde7e.info is being set with open permissions: ugo+rw: NotImplementedError
Apr 27 07:51:01 devstack cinder-volume[81225]: DEBUG oslo_concurrency.processutils [None req-7465155b-0fcb-403c-948c-1a181de17821 tempest-GroupSnapshotsTest-143617638 None] Running cmd (subprocess): sudo cinder-rootwrap /etc/cinder/rootwrap.conf chmod ugo+rw /opt/stack/data/cinder/mnt/23b475d30621ff231fffcd7d480e2f1d/volume-536571fd-0c02-46c8-8187-41f5ebcdde7e.info {{(pid=81225) execute /opt/stack/data/venv/lib/python3.10/site-packages/oslo_concurrency/processutils.py:440}}
Apr 27 07:51:01 devstack sudo[84233]: quobyte : PWD=/ ; USER=root ; COMMAND=/opt/stack/data/venv/bin/cinder-rootwrap /etc/cinder/rootwrap.conf chmod ugo+rw /opt/stack/data/cinder/mnt/23b475d30621ff231fffcd7d480e2f1d/volume-536571fd-0c02-46c8-8187-41f5ebcdde7e.info
Apr 27 07:51:01 devstack sudo[84233]: pam_unix(sudo:session): session opened for user root(uid=0) by (uid=1000)
Apr 27 07:51:01 devstack sudo[84233]: pam_unix(sudo:session): session closed for user root
Apr 27 07:51:01 devstack cinder-volume[81225]: DEBUG oslo_concurrency.processutils [None req-7465155b-0fcb-403c-948c-1a181de17821 tempest-GroupSnapshotsTest-143617638 None] CMD "sudo cinder-rootwrap /etc/cinder/rootwrap.conf chmod ugo+rw /opt/stack/data/cinder/mnt/23b475d30621ff231fffcd7d480e2f1d/volume-536571fd-0c02-46c8-8187-41f5ebcdde7e.info" returned: 0 in 0.708s {{(pid=81225) execute /opt/stack/data/venv/lib/python3.10/site-packages/oslo_concurrency/processutils.py:468}}
Apr 27 07:51:01 devstack cinder-volume[81225]: DEBUG oslo_concurrency.lockutils [None req-7465155b-0fcb-403c-948c-1a181de17821 tempest-GroupSnapshotsTest-143617638 None] Lock "quobyte" "released" by "cinder.volume.drivers.quobyte.QuobyteDriver.create_snapshot" :: held 4.857s {{(pid=81225) inner /opt/stack/data/venv/lib/python3.10/site-packages/oslo_concurrency/lockutils.py:538}}
Apr 27 07:51:01 devstack cinder-volume[81225]: DEBUG oslo_concurrency.lockutils [None req-7465155b-0fcb-403c-948c-1a181de17821 tempest-GroupSnapshotsTest-143617638 None] Acquiring lock "quobyte" by "cinder.volume.drivers.quobyte.QuobyteDriver.create_snapshot" {{(pid=81225) inner /opt/stack/data/venv/lib/python3.10/site-packages/oslo_concurrency/lockutils.py:506}}
Apr 27 07:51:01 devstack cinder-volume[81225]: DEBUG oslo_concurrency.lockutils [None req-7465155b-0fcb-403c-948c-1a181de17821 tempest-GroupSnapshotsTest-143617638 None] Lock "quobyte" acquired by "cinder.volume.drivers.quobyte.QuobyteDriver.create_snapshot" :: waited 0.001s {{(pid=81225) inner /opt/stack/data/venv/lib/python3.10/site-packages/oslo_concurrency/lockutils.py:519}}
Apr 27 07:51:01 devstack cinder-volume[81225]: DEBUG cinder.volume.drivers.remotefs [None req-7465155b-0fcb-403c-948c-1a181de17821 tempest-GroupSnapshotsTest-143617638 None] Creating offline snapshot bcd9b890-77ec-44db-b3e9-fa8ef3c79ed6 of volume ef011a52-c661-48bb-b812-7cc7eb66d722 {{(pid=81225) _create_snapshot /opt/stack/cinder/cinder/volume/drivers/remotefs.py:1816}}
Apr 27 07:51:02 devstack cinder-volume[81225]: DEBUG oslo.privsep.daemon [-] privsep: reply[33dac778-ab7b-4863-a071-cb26464ded8b]: (4, 'qcow2') {{(pid=82700) _call_back /opt/stack/data/venv/lib/python3.10/site-packages/oslo_privsep/daemon.py:573}}
Apr 27 07:51:02 devstack cinder-volume[81225]: DEBUG oslo_concurrency.processutils [None req-7465155b-0fcb-403c-948c-1a181de17821 tempest-GroupSnapshotsTest-143617638 None] Running cmd (subprocess): /opt/stack/data/venv/bin/python3.10 -m oslo_concurrency.prlimit --as=1073741824 --cpu=60 -- sudo cinder-rootwrap /etc/cinder/rootwrap.conf env LC_ALL=C qemu-img info -f qcow2 --output=json --force-share /opt/stack/data/cinder/mnt/23b475d30621ff231fffcd7d480e2f1d/volume-ef011a52-c661-48bb-b812-7cc7eb66d722 {{(pid=81225) execute /opt/stack/data/venv/lib/python3.10/site-packages/oslo_concurrency/processutils.py:440}}
Apr 27 07:51:02 devstack sudo[84237]: quobyte : PWD=/ ; USER=root ; COMMAND=/opt/stack/data/venv/bin/cinder-rootwrap /etc/cinder/rootwrap.conf env LC_ALL=C qemu-img info -f qcow2 --output=json --force-share /opt/stack/data/cinder/mnt/23b475d30621ff231fffcd7d480e2f1d/volume-ef011a52-c661-48bb-b812-7cc7eb66d722
Apr 27 07:51:02 devstack sudo[84237]: pam_unix(sudo:session): session opened for user root(uid=0) by (uid=1000)
Apr 27 07:51:02 devstack sudo[84237]: pam_unix(sudo:session): session closed for user root
Apr 27 07:51:02 devstack cinder-volume[81225]: DEBUG oslo_concurrency.processutils [None req-7465155b-0fcb-403c-948c-1a181de17821 tempest-GroupSnapshotsTest-143617638 None] CMD "/opt/stack/data/venv/bin/python3.10 -m oslo_concurrency.prlimit --as=1073741824 --cpu=60 -- sudo cinder-rootwrap /etc/cinder/rootwrap.conf env LC_ALL=C qemu-img info -f qcow2 --output=json --force-share /opt/stack/data/cinder/mnt/23b475d30621ff231fffcd7d480e2f1d/volume-ef011a52-c661-48bb-b812-7cc7eb66d722" returned: 0 in 0.787s {{(pid=81225) execute /opt/stack/data/venv/lib/python3.10/site-packages/oslo_concurrency/processutils.py:468}}
Apr 27 07:51:02 devstack cinder-volume[81225]: DEBUG oslo_concurrency.processutils [None req-7465155b-0fcb-403c-948c-1a181de17821 tempest-GroupSnapshotsTest-143617638 None] Running cmd (subprocess): sudo cinder-rootwrap /etc/cinder/rootwrap.conf qemu-img create -f qcow2 -o backing_file=/opt/stack/data/cinder/mnt/23b475d30621ff231fffcd7d480e2f1d/volume-ef011a52-c661-48bb-b812-7cc7eb66d722,backing_fmt=qcow2 /opt/stack/data/cinder/mnt/23b475d30621ff231fffcd7d480e2f1d/volume-ef011a52-c661-48bb-b812-7cc7eb66d722.bcd9b890-77ec-44db-b3e9-fa8ef3c79ed6 1G {{(pid=81225) execute /opt/stack/data/venv/lib/python3.10/site-packages/oslo_concurrency/processutils.py:440}}
Apr 27 07:51:02 devstack sudo[84246]: quobyte : PWD=/ ; USER=root ; COMMAND=/opt/stack/data/venv/bin/cinder-rootwrap /etc/cinder/rootwrap.conf qemu-img create -f qcow2 -o backing_file=/opt/stack/data/cinder/mnt/23b475d30621ff231fffcd7d480e2f1d/volume-ef011a52-c661-48bb-b812-7cc7eb66d722,backing_fmt=qcow2 /opt/stack/data/cinder/mnt/23b475d30621ff231fffcd7d480e2f1d/volume-ef011a52-c661-48bb-b812-7cc7eb66d722.bcd9b890-77ec-44db-b3e9-fa8ef3c79ed6 1G
Apr 27 07:51:02 devstack sudo[84246]: pam_unix(sudo:session): session opened for user root(uid=0) by (uid=1000)
Apr 27 07:51:03 devstack sudo[84246]: pam_unix(sudo:session): session closed for user root
Apr 27 07:51:03 devstack cinder-volume[81225]: DEBUG oslo_concurrency.processutils [None req-7465155b-0fcb-403c-948c-1a181de17821 tempest-GroupSnapshotsTest-143617638 None] CMD "sudo cinder-rootwrap /etc/cinder/rootwrap.conf qemu-img create -f qcow2 -o backing_file=/opt/stack/data/cinder/mnt/23b475d30621ff231fffcd7d480e2f1d/volume-ef011a52-c661-48bb-b812-7cc7eb66d722,backing_fmt=qcow2 /opt/stack/data/cinder/mnt/23b475d30621ff231fffcd7d480e2f1d/volume-ef011a52-c661-48bb-b812-7cc7eb66d722.bcd9b890-77ec-44db-b3e9-fa8ef3c79ed6 1G" returned: 0 in 0.860s {{(pid=81225) execute /opt/stack/data/venv/lib/python3.10/site-packages/oslo_concurrency/processutils.py:468}}
Apr 27 07:51:03 devstack cinder-volume[81225]: DEBUG oslo_concurrency.processutils [None req-7465155b-0fcb-403c-948c-1a181de17821 tempest-GroupSnapshotsTest-143617638 None] Running cmd (subprocess): sudo cinder-rootwrap /etc/cinder/rootwrap.conf qemu-img rebase -u -b volume-ef011a52-c661-48bb-b812-7cc7eb66d722 -F qcow2 /opt/stack/data/cinder/mnt/23b475d30621ff231fffcd7d480e2f1d/volume-ef011a52-c661-48bb-b812-7cc7eb66d722.bcd9b890-77ec-44db-b3e9-fa8ef3c79ed6 {{(pid=81225) execute /opt/stack/data/venv/lib/python3.10/site-packages/oslo_concurrency/processutils.py:440}}
Apr 27 07:51:03 devstack sudo[84252]: quobyte : PWD=/ ; USER=root ; COMMAND=/opt/stack/data/venv/bin/cinder-rootwrap /etc/cinder/rootwrap.conf qemu-img rebase -u -b volume-ef011a52-c661-48bb-b812-7cc7eb66d722 -F qcow2 /opt/stack/data/cinder/mnt/23b475d30621ff231fffcd7d480e2f1d/volume-ef011a52-c661-48bb-b812-7cc7eb66d722.bcd9b890-77ec-44db-b3e9-fa8ef3c79ed6
Apr 27 07:51:03 devstack sudo[84252]: pam_unix(sudo:session): session opened for user root(uid=0) by (uid=1000)
Apr 27 07:51:04 devstack sudo[84252]: pam_unix(sudo:session): session closed for user root
Apr 27 07:51:04 devstack cinder-volume[81225]: DEBUG oslo_concurrency.processutils [None req-7465155b-0fcb-403c-948c-1a181de17821 tempest-GroupSnapshotsTest-143617638 None] CMD "sudo cinder-rootwrap /etc/cinder/rootwrap.conf qemu-img rebase -u -b volume-ef011a52-c661-48bb-b812-7cc7eb66d722 -F qcow2 /opt/stack/data/cinder/mnt/23b475d30621ff231fffcd7d480e2f1d/volume-ef011a52-c661-48bb-b812-7cc7eb66d722.bcd9b890-77ec-44db-b3e9-fa8ef3c79ed6" returned: 0 in 0.731s {{(pid=81225) execute /opt/stack/data/venv/lib/python3.10/site-packages/oslo_concurrency/processutils.py:468}}
Apr 27 07:51:04 devstack cinder-volume[81225]: WARNING cinder.volume.drivers.remotefs [None req-7465155b-0fcb-403c-948c-1a181de17821 tempest-GroupSnapshotsTest-143617638 None] /opt/stack/data/cinder/mnt/23b475d30621ff231fffcd7d480e2f1d/volume-ef011a52-c661-48bb-b812-7cc7eb66d722.bcd9b890-77ec-44db-b3e9-fa8ef3c79ed6 is being set with open permissions: ugo+rw: NotImplementedError
Apr 27 07:51:04 devstack cinder-volume[81225]: DEBUG oslo_concurrency.processutils [None req-7465155b-0fcb-403c-948c-1a181de17821 tempest-GroupSnapshotsTest-143617638 None] Running cmd (subprocess): sudo cinder-rootwrap /etc/cinder/rootwrap.conf chmod ugo+rw /opt/stack/data/cinder/mnt/23b475d30621ff231fffcd7d480e2f1d/volume-ef011a52-c661-48bb-b812-7cc7eb66d722.bcd9b890-77ec-44db-b3e9-fa8ef3c79ed6 {{(pid=81225) execute /opt/stack/data/venv/lib/python3.10/site-packages/oslo_concurrency/processutils.py:440}}
Apr 27 07:51:04 devstack sudo[84261]: quobyte : PWD=/ ; USER=root ; COMMAND=/opt/stack/data/venv/bin/cinder-rootwrap /etc/cinder/rootwrap.conf chmod ugo+rw /opt/stack/data/cinder/mnt/23b475d30621ff231fffcd7d480e2f1d/volume-ef011a52-c661-48bb-b812-7cc7eb66d722.bcd9b890-77ec-44db-b3e9-fa8ef3c79ed6
Apr 27 07:51:04 devstack sudo[84261]: pam_unix(sudo:session): session opened for user root(uid=0) by (uid=1000)
Apr 27 07:51:04 devstack cinder-volume[81225]: INFO cinder.volume.manager [None req-a1cd732d-6357-4c90-bcce-e3f20e628afd tempest-GroupsV320Test-1347449357 None] Group tempest-GroupsV320Test-Group-1041557: creating
Apr 27 07:51:04 devstack cinder-volume[81225]: INFO cinder.volume.manager [None req-a1cd732d-6357-4c90-bcce-e3f20e628afd tempest-GroupsV320Test-1347449357 None] Group tempest-GroupsV320Test-Group-1041557: created successfully
Apr 27 07:51:04 devstack cinder-volume[81225]: INFO cinder.volume.manager [None req-a1cd732d-6357-4c90-bcce-e3f20e628afd tempest-GroupsV320Test-1347449357 None] Create group completed successfully.
Apr 27 07:51:04 devstack sudo[84261]: pam_unix(sudo:session): session closed for user root
Apr 27 07:51:04 devstack cinder-volume[81225]: DEBUG oslo_concurrency.processutils [None req-7465155b-0fcb-403c-948c-1a181de17821 tempest-GroupSnapshotsTest-143617638 None] CMD "sudo cinder-rootwrap /etc/cinder/rootwrap.conf chmod ugo+rw /opt/stack/data/cinder/mnt/23b475d30621ff231fffcd7d480e2f1d/volume-ef011a52-c661-48bb-b812-7cc7eb66d722.bcd9b890-77ec-44db-b3e9-fa8ef3c79ed6" returned: 0 in 0.549s {{(pid=81225) execute /opt/stack/data/venv/lib/python3.10/site-packages/oslo_concurrency/processutils.py:468}}
Apr 27 07:51:04 devstack cinder-volume[81225]: DEBUG oslo_concurrency.processutils [None req-7465155b-0fcb-403c-948c-1a181de17821 tempest-GroupSnapshotsTest-143617638 None] Running cmd (subprocess): sudo cinder-rootwrap /etc/cinder/rootwrap.conf truncate -s0 /opt/stack/data/cinder/mnt/23b475d30621ff231fffcd7d480e2f1d/volume-ef011a52-c661-48bb-b812-7cc7eb66d722.info {{(pid=81225) execute /opt/stack/data/venv/lib/python3.10/site-packages/oslo_concurrency/processutils.py:440}}
Apr 27 07:51:04 devstack sudo[84264]: quobyte : PWD=/ ; USER=root ; COMMAND=/opt/stack/data/venv/bin/cinder-rootwrap /etc/cinder/rootwrap.conf truncate -s0 /opt/stack/data/cinder/mnt/23b475d30621ff231fffcd7d480e2f1d/volume-ef011a52-c661-48bb-b812-7cc7eb66d722.info
Apr 27 07:51:04 devstack sudo[84264]: pam_unix(sudo:session): session opened for user root(uid=0) by (uid=1000)
Apr 27 07:51:05 devstack sudo[84264]: pam_unix(sudo:session): session closed for user root
Apr 27 07:51:05 devstack cinder-volume[81225]: DEBUG oslo_concurrency.processutils [None req-7465155b-0fcb-403c-948c-1a181de17821 tempest-GroupSnapshotsTest-143617638 None] CMD "sudo cinder-rootwrap /etc/cinder/rootwrap.conf truncate -s0 /opt/stack/data/cinder/mnt/23b475d30621ff231fffcd7d480e2f1d/volume-ef011a52-c661-48bb-b812-7cc7eb66d722.info" returned: 0 in 0.564s {{(pid=81225) execute /opt/stack/data/venv/lib/python3.10/site-packages/oslo_concurrency/processutils.py:468}}
Apr 27 07:51:05 devstack cinder-volume[81225]: WARNING cinder.volume.drivers.remotefs [None req-7465155b-0fcb-403c-948c-1a181de17821 tempest-GroupSnapshotsTest-143617638 None] /opt/stack/data/cinder/mnt/23b475d30621ff231fffcd7d480e2f1d/volume-ef011a52-c661-48bb-b812-7cc7eb66d722.info is being set with open permissions: ugo+rw: NotImplementedError
Apr 27 07:51:05 devstack cinder-volume[81225]: DEBUG oslo_concurrency.processutils [None req-7465155b-0fcb-403c-948c-1a181de17821 tempest-GroupSnapshotsTest-143617638 None] Running cmd (subprocess): sudo cinder-rootwrap /etc/cinder/rootwrap.conf chmod ugo+rw /opt/stack/data/cinder/mnt/23b475d30621ff231fffcd7d480e2f1d/volume-ef011a52-c661-48bb-b812-7cc7eb66d722.info {{(pid=81225) execute /opt/stack/data/venv/lib/python3.10/site-packages/oslo_concurrency/processutils.py:440}}
Apr 27 07:51:05 devstack sudo[84267]: quobyte : PWD=/ ; USER=root ; COMMAND=/opt/stack/data/venv/bin/cinder-rootwrap /etc/cinder/rootwrap.conf chmod ugo+rw /opt/stack/data/cinder/mnt/23b475d30621ff231fffcd7d480e2f1d/volume-ef011a52-c661-48bb-b812-7cc7eb66d722.info
Apr 27 07:51:05 devstack sudo[84267]: pam_unix(sudo:session): session opened for user root(uid=0) by (uid=1000)
Apr 27 07:51:06 devstack sudo[84267]: pam_unix(sudo:session): session closed for user root
Apr 27 07:51:06 devstack cinder-volume[81225]: DEBUG oslo_concurrency.processutils [None req-7465155b-0fcb-403c-948c-1a181de17821 tempest-GroupSnapshotsTest-143617638 None] CMD "sudo cinder-rootwrap /etc/cinder/rootwrap.conf chmod ugo+rw /opt/stack/data/cinder/mnt/23b475d30621ff231fffcd7d480e2f1d/volume-ef011a52-c661-48bb-b812-7cc7eb66d722.info" returned: 0 in 0.601s {{(pid=81225) execute /opt/stack/data/venv/lib/python3.10/site-packages/oslo_concurrency/processutils.py:468}}
Apr 27 07:51:06 devstack cinder-volume[81225]: DEBUG oslo_concurrency.lockutils [None req-7465155b-0fcb-403c-948c-1a181de17821 tempest-GroupSnapshotsTest-143617638 None] Lock "quobyte" "released" by "cinder.volume.drivers.quobyte.QuobyteDriver.create_snapshot" :: held 4.203s {{(pid=81225) inner /opt/stack/data/venv/lib/python3.10/site-packages/oslo_concurrency/lockutils.py:538}}
Apr 27 07:51:06 devstack cinder-volume[81225]: DEBUG cinder.quota [None req-ba64b1e5-ee81-4f61-af9b-84fcde334309 tempest-GroupsV320Test-1347449357 None] Created reservations ['a1df5ec8-4052-4131-9ea3-8ff1090d50b4'] {{(pid=81225) reserve /opt/stack/cinder/cinder/quota.py:752}}
Apr 27 07:51:06 devstack cinder-volume[81225]: DEBUG oslo_concurrency.lockutils [None req-ba64b1e5-ee81-4f61-af9b-84fcde334309 tempest-GroupsV320Test-1347449357 None] Acquiring lock "quobyte_ensure" by "cinder.volume.drivers.quobyte.QuobyteDriver._ensure_shares_mounted" {{(pid=81225) inner /opt/stack/data/venv/lib/python3.10/site-packages/oslo_concurrency/lockutils.py:506}}
Apr 27 07:51:06 devstack cinder-volume[81225]: DEBUG oslo_concurrency.lockutils [None req-ba64b1e5-ee81-4f61-af9b-84fcde334309 tempest-GroupsV320Test-1347449357 None] Lock "quobyte_ensure" acquired by "cinder.volume.drivers.quobyte.QuobyteDriver._ensure_shares_mounted" :: waited 0.001s {{(pid=81225) inner /opt/stack/data/venv/lib/python3.10/site-packages/oslo_concurrency/lockutils.py:519}}
Apr 27 07:51:06 devstack cinder-volume[81225]: DEBUG cinder.volume.drivers.quobyte [None req-ba64b1e5-ee81-4f61-af9b-84fcde334309 tempest-GroupsV320Test-1347449357 None] Quobyte Volume URL set to: {'osci02.corp.quobyte.com/cinder-vol-f7a703ec-0345-4ebd-b4b0-5d11af16202a': None} {{(pid=81225) _load_shares_config /opt/stack/cinder/cinder/volume/drivers/quobyte.py:617}}
Apr 27 07:51:06 devstack cinder-volume[81225]: DEBUG cinder.volume.drivers.quobyte [None req-ba64b1e5-ee81-4f61-af9b-84fcde334309 tempest-GroupsV320Test-1347449357 None] Available shares ['osci02.corp.quobyte.com/cinder-vol-f7a703ec-0345-4ebd-b4b0-5d11af16202a'] {{(pid=81225) _ensure_shares_mounted /opt/stack/cinder/cinder/volume/drivers/quobyte.py:647}}
Apr 27 07:51:06 devstack cinder-volume[81225]: DEBUG oslo_concurrency.lockutils [None req-ba64b1e5-ee81-4f61-af9b-84fcde334309 tempest-GroupsV320Test-1347449357 None] Lock "quobyte_ensure" "released" by "cinder.volume.drivers.quobyte.QuobyteDriver._ensure_shares_mounted" :: held 0.010s {{(pid=81225) inner /opt/stack/data/venv/lib/python3.10/site-packages/oslo_concurrency/lockutils.py:538}}
Apr 27 07:51:06 devstack cinder-volume[81225]: DEBUG oslo_concurrency.processutils [None req-ba64b1e5-ee81-4f61-af9b-84fcde334309 tempest-GroupsV320Test-1347449357 None] Running cmd (subprocess): sudo cinder-rootwrap /etc/cinder/rootwrap.conf df --portability --block-size 1 /opt/stack/data/cinder/mnt/23b475d30621ff231fffcd7d480e2f1d {{(pid=81225) execute /opt/stack/data/venv/lib/python3.10/site-packages/oslo_concurrency/processutils.py:440}}
Apr 27 07:51:06 devstack sudo[84304]: quobyte : PWD=/ ; USER=root ; COMMAND=/opt/stack/data/venv/bin/cinder-rootwrap /etc/cinder/rootwrap.conf df --portability --block-size 1 /opt/stack/data/cinder/mnt/23b475d30621ff231fffcd7d480e2f1d
Apr 27 07:51:06 devstack sudo[84304]: pam_unix(sudo:session): session opened for user root(uid=0) by (uid=1000)
Apr 27 07:51:06 devstack cinder-volume[81225]: INFO cinder.volume.manager [None req-7465155b-0fcb-403c-948c-1a181de17821 tempest-GroupSnapshotsTest-143617638 None] group_snapshot 4b07a775-5d73-4c9e-a1cd-0d2a2e0ee7be: created successfully
Apr 27 07:51:06 devstack cinder-volume[81225]: INFO cinder.volume.manager [None req-7a0a7157-a320-4cc7-90a4-ff8ca69694b8 tempest-GroupSnapshotsTest-143617638 None] group_snapshot 4b07a775-5d73-4c9e-a1cd-0d2a2e0ee7be: deleting
Apr 27 07:51:06 devstack cinder-volume[81225]: DEBUG cinder.volume.manager [None req-7a0a7157-a320-4cc7-90a4-ff8ca69694b8 tempest-GroupSnapshotsTest-143617638 None] group_snapshot 4b07a775-5d73-4c9e-a1cd-0d2a2e0ee7be: deleting {{(pid=81225) delete_group_snapshot /opt/stack/cinder/cinder/volume/manager.py:4350}}
Apr 27 07:51:06 devstack cinder-volume[81225]: DEBUG cinder.coordination [None req-7a0a7157-a320-4cc7-90a4-ff8ca69694b8 tempest-GroupSnapshotsTest-143617638 None] Acquiring lock "cinder-quobyte-536571fd-0c02-46c8-8187-41f5ebcdde7e" by "delete_snapshot" {{(pid=81225) __acquire /opt/stack/cinder/cinder/coordination.py:138}}
Apr 27 07:51:06 devstack cinder-volume[81225]: DEBUG cinder.coordination [None req-7a0a7157-a320-4cc7-90a4-ff8ca69694b8 tempest-GroupSnapshotsTest-143617638 None] Lock "cinder-quobyte-536571fd-0c02-46c8-8187-41f5ebcdde7e" acquired by "delete_snapshot" :: waited 0.023s {{(pid=81225) __acquire /opt/stack/cinder/cinder/coordination.py:141}}
Apr 27 07:51:06 devstack cinder-volume[81225]: DEBUG cinder.coordination [None req-7a0a7157-a320-4cc7-90a4-ff8ca69694b8 tempest-GroupSnapshotsTest-143617638 None] Acquiring lock "cinder-quobyte-8ab1719e-5b54-48d3-b898-0ff6399e37a4" by "_delete_snapshot" {{(pid=81225) __acquire /opt/stack/cinder/cinder/coordination.py:138}}
Apr 27 07:51:06 devstack cinder-volume[81225]: DEBUG cinder.coordination [None req-7a0a7157-a320-4cc7-90a4-ff8ca69694b8 tempest-GroupSnapshotsTest-143617638 None] Lock "cinder-quobyte-8ab1719e-5b54-48d3-b898-0ff6399e37a4" acquired by "_delete_snapshot" :: waited 0.012s {{(pid=81225) __acquire /opt/stack/cinder/cinder/coordination.py:141}}
Apr 27 07:51:06 devstack cinder-volume[81225]: DEBUG cinder.volume.drivers.remotefs [None req-7a0a7157-a320-4cc7-90a4-ff8ca69694b8 tempest-GroupSnapshotsTest-143617638 None] Deleting offline snapshot 8ab1719e-5b54-48d3-b898-0ff6399e37a4 of volume 536571fd-0c02-46c8-8187-41f5ebcdde7e {{(pid=81225) _delete_snapshot /opt/stack/cinder/cinder/volume/drivers/remotefs.py:1288}}
Apr 27 07:51:06 devstack cinder-volume[81225]: DEBUG cinder.volume.drivers.remotefs [None req-7a0a7157-a320-4cc7-90a4-ff8ca69694b8 tempest-GroupSnapshotsTest-143617638 None] snapshot_file for this snap is: volume-536571fd-0c02-46c8-8187-41f5ebcdde7e.8ab1719e-5b54-48d3-b898-0ff6399e37a4 {{(pid=81225) _delete_snapshot /opt/stack/cinder/cinder/volume/drivers/remotefs.py:1317}}
Apr 27 07:51:06 devstack cinder-volume[81225]: DEBUG oslo.privsep.daemon [-] privsep: reply[519d4ddf-287c-4fca-92ea-c980fed83803]: (4, 'qcow2') {{(pid=82700) _call_back /opt/stack/data/venv/lib/python3.10/site-packages/oslo_privsep/daemon.py:573}}
Apr 27 07:51:06 devstack cinder-volume[81225]: DEBUG oslo_concurrency.processutils [None req-7a0a7157-a320-4cc7-90a4-ff8ca69694b8 tempest-GroupSnapshotsTest-143617638 None] Running cmd (subprocess): /opt/stack/data/venv/bin/python3.10 -m oslo_concurrency.prlimit --as=1073741824 --cpu=60 -- sudo cinder-rootwrap /etc/cinder/rootwrap.conf env LC_ALL=C qemu-img info -f qcow2 --output=json --force-share /opt/stack/data/cinder/mnt/23b475d30621ff231fffcd7d480e2f1d/volume-536571fd-0c02-46c8-8187-41f5ebcdde7e.8ab1719e-5b54-48d3-b898-0ff6399e37a4 {{(pid=81225) execute /opt/stack/data/venv/lib/python3.10/site-packages/oslo_concurrency/processutils.py:440}}
Apr 27 07:51:06 devstack sudo[84304]: pam_unix(sudo:session): session closed for user root
Apr 27 07:51:06 devstack cinder-volume[81225]: DEBUG oslo_concurrency.processutils [None req-ba64b1e5-ee81-4f61-af9b-84fcde334309 tempest-GroupsV320Test-1347449357 None] CMD "sudo cinder-rootwrap /etc/cinder/rootwrap.conf df --portability --block-size 1 /opt/stack/data/cinder/mnt/23b475d30621ff231fffcd7d480e2f1d" returned: 0 in 0.561s {{(pid=81225) execute /opt/stack/data/venv/lib/python3.10/site-packages/oslo_concurrency/processutils.py:468}}
Apr 27 07:51:06 devstack cinder-volume[81225]: DEBUG cinder.manager [None req-ba64b1e5-ee81-4f61-af9b-84fcde334309 tempest-GroupsV320Test-1347449357 None] Notifying Schedulers of capabilities ... {{(pid=81225) _publish_service_capabilities /opt/stack/cinder/cinder/manager.py:202}}
Apr 27 07:51:06 devstack cinder-volume[81225]: INFO cinder.volume.manager [None req-ba64b1e5-ee81-4f61-af9b-84fcde334309 tempest-GroupsV320Test-1347449357 None] Delete group completed successfully.
Apr 27 07:51:06 devstack sudo[84307]: quobyte : PWD=/ ; USER=root ; COMMAND=/opt/stack/data/venv/bin/cinder-rootwrap /etc/cinder/rootwrap.conf env LC_ALL=C qemu-img info -f qcow2 --output=json --force-share /opt/stack/data/cinder/mnt/23b475d30621ff231fffcd7d480e2f1d/volume-536571fd-0c02-46c8-8187-41f5ebcdde7e.8ab1719e-5b54-48d3-b898-0ff6399e37a4
Apr 27 07:51:06 devstack sudo[84307]: pam_unix(sudo:session): session opened for user root(uid=0) by (uid=1000)
Apr 27 07:51:07 devstack sudo[84307]: pam_unix(sudo:session): session closed for user root
Apr 27 07:51:07 devstack cinder-volume[81225]: DEBUG oslo_concurrency.processutils [None req-7a0a7157-a320-4cc7-90a4-ff8ca69694b8 tempest-GroupSnapshotsTest-143617638 None] CMD "/opt/stack/data/venv/bin/python3.10 -m oslo_concurrency.prlimit --as=1073741824 --cpu=60 -- sudo cinder-rootwrap /etc/cinder/rootwrap.conf env LC_ALL=C qemu-img info -f qcow2 --output=json --force-share /opt/stack/data/cinder/mnt/23b475d30621ff231fffcd7d480e2f1d/volume-536571fd-0c02-46c8-8187-41f5ebcdde7e.8ab1719e-5b54-48d3-b898-0ff6399e37a4" returned: 0 in 0.637s {{(pid=81225) execute /opt/stack/data/venv/lib/python3.10/site-packages/oslo_concurrency/processutils.py:468}}
Apr 27 07:51:07 devstack cinder-volume[81225]: DEBUG cinder.volume.drivers.remotefs [None req-7a0a7157-a320-4cc7-90a4-ff8ca69694b8 tempest-GroupSnapshotsTest-143617638 None] Fetching qemu-img info with special backing_file_template: (/opt/stack/data/cinder/mnt/[0-9a-f]+/)?(volume-536571fd-0c02-46c8-8187-41f5ebcdde7e(.(tmp-snap-)?[0-9a-f-]+)?|volume_from_snapshot_cache/(tmp-snap-)?[0-9a-f-]+(.(child-|parent-)[0-9a-f-]+)?)$ {{(pid=81225) _qemu_img_info_base /opt/stack/cinder/cinder/volume/drivers/remotefs.py:896}}
Apr 27 07:51:07 devstack cinder-volume[81225]: DEBUG oslo.privsep.daemon [-] privsep: reply[e7c87d7b-d2de-4c90-8bb3-e4db95912223]: (4, 'qcow2') {{(pid=82700) _call_back /opt/stack/data/venv/lib/python3.10/site-packages/oslo_privsep/daemon.py:573}}
Apr 27 07:51:07 devstack cinder-volume[81225]: DEBUG oslo_concurrency.processutils [None req-7a0a7157-a320-4cc7-90a4-ff8ca69694b8 tempest-GroupSnapshotsTest-143617638 None] Running cmd (subprocess): /opt/stack/data/venv/bin/python3.10 -m oslo_concurrency.prlimit --as=1073741824 --cpu=60 -- sudo cinder-rootwrap /etc/cinder/rootwrap.conf env LC_ALL=C qemu-img info -f qcow2 --output=json --force-share /opt/stack/data/cinder/mnt/23b475d30621ff231fffcd7d480e2f1d/volume-536571fd-0c02-46c8-8187-41f5ebcdde7e {{(pid=81225) execute /opt/stack/data/venv/lib/python3.10/site-packages/oslo_concurrency/processutils.py:440}}
Apr 27 07:51:07 devstack sudo[84312]: quobyte : PWD=/ ; USER=root ; COMMAND=/opt/stack/data/venv/bin/cinder-rootwrap /etc/cinder/rootwrap.conf env LC_ALL=C qemu-img info -f qcow2 --output=json --force-share /opt/stack/data/cinder/mnt/23b475d30621ff231fffcd7d480e2f1d/volume-536571fd-0c02-46c8-8187-41f5ebcdde7e
Apr 27 07:51:07 devstack sudo[84312]: pam_unix(sudo:session): session opened for user root(uid=0) by (uid=1000)
Apr 27 07:51:08 devstack sudo[84312]: pam_unix(sudo:session): session closed for user root
Apr 27 07:51:08 devstack cinder-volume[81225]: DEBUG oslo_concurrency.processutils [None req-7a0a7157-a320-4cc7-90a4-ff8ca69694b8 tempest-GroupSnapshotsTest-143617638 None] CMD "/opt/stack/data/venv/bin/python3.10 -m oslo_concurrency.prlimit --as=1073741824 --cpu=60 -- sudo cinder-rootwrap /etc/cinder/rootwrap.conf env LC_ALL=C qemu-img info -f qcow2 --output=json --force-share /opt/stack/data/cinder/mnt/23b475d30621ff231fffcd7d480e2f1d/volume-536571fd-0c02-46c8-8187-41f5ebcdde7e" returned: 0 in 0.721s {{(pid=81225) execute /opt/stack/data/venv/lib/python3.10/site-packages/oslo_concurrency/processutils.py:468}}
Apr 27 07:51:08 devstack cinder-volume[81225]: DEBUG oslo_concurrency.processutils [None req-7a0a7157-a320-4cc7-90a4-ff8ca69694b8 tempest-GroupSnapshotsTest-143617638 None] Running cmd (subprocess): sudo cinder-rootwrap /etc/cinder/rootwrap.conf qemu-img commit -d /opt/stack/data/cinder/mnt/23b475d30621ff231fffcd7d480e2f1d/volume-536571fd-0c02-46c8-8187-41f5ebcdde7e.8ab1719e-5b54-48d3-b898-0ff6399e37a4 {{(pid=81225) execute /opt/stack/data/venv/lib/python3.10/site-packages/oslo_concurrency/processutils.py:440}}
