Jul 10 00:36:22 devstack cinder-volume[87452]: DEBUG cinder.volume.manager [None req-05232b96-607d-46ce-b801-aed9b8e68c0d tempest-VolumesSnapshotListTestJSON-1854420341 None] Task 'cinder.volume.flows.manager.create_volume.ExtractVolumeRefTask;volume:create' (76239d3a-49f1-4bd5-92cc-a873038bb2f5) transitioned into state 'SUCCESS' from state 'RUNNING' with result 'Volume(_name_id=None,admin_metadata=,attach_status='detached',availability_zone='nova',bootable=False,cluster=,cluster_name=None,consistencygroup=,consistencygroup_id=None,created_at=2026-07-09T22:36:22Z,deleted=False,deleted_at=None,display_description=None,display_name='tempest-VolumesSnapshotListTestJSON-Volume-1894352553',ec2_id=None,encryption_key_id=None,glance_metadata=,group=,group_id=None,host='devstack@QuobyteHD#QuobyteHD',id=90604889-424a-4cdc-a28f-ef6a6c90f197,launched_at=None,metadata={},migration_status=None,multiattach=False,previous_status=None,project_id='6cfc3a82d039487daf18c5610426cc17',provider_auth=None,provider_geometry=None,provider_id=None,provider_location=None,replication_driver_data=None,replication_extended_status=None,replication_status=None,scheduled_at=2026-07-09T22:36:23Z,service_uuid=None,shared_targets=True,size=1,snapshot_id=None,snapshots=,source_volid=None,status='creating',terminated_at=None,updated_at=2026-07-09T22:36:23Z,use_quota=True,user_id='715a2300d9334c37bc359d91aa60d3b8',volume_attachment=VolumeAttachmentList,volume_type=VolumeType(5578517a-09da-4d9a-8079-0c409dc36a8c),volume_type_id=5578517a-09da-4d9a-8079-0c409dc36a8c)' {{(pid=87452) _task_receiver /opt/stack/data/venv/lib/python3.12/site-packages/taskflow/listeners/logging.py:218}}
Jul 10 00:36:22 devstack cinder-volume[87452]: DEBUG cinder.volume.manager [None req-05232b96-607d-46ce-b801-aed9b8e68c0d tempest-VolumesSnapshotListTestJSON-1854420341 None] Task 'cinder.volume.flows.manager.create_volume.OnFailureRescheduleTask;volume:create' (000925bf-88cd-4126-b5b6-bf7d0e00b297) transitioned into state 'RUNNING' from state 'PENDING' {{(pid=87452) _task_receiver /opt/stack/data/venv/lib/python3.12/site-packages/taskflow/listeners/logging.py:242}}
Jul 10 00:36:22 devstack cinder-volume[87452]: DEBUG cinder.volume.manager [None req-05232b96-607d-46ce-b801-aed9b8e68c0d tempest-VolumesSnapshotListTestJSON-1854420341 None] Task 'cinder.volume.flows.manager.create_volume.OnFailureRescheduleTask;volume:create' (000925bf-88cd-4126-b5b6-bf7d0e00b297) transitioned into state 'SUCCESS' from state 'RUNNING' with result 'None' {{(pid=87452) _task_receiver /opt/stack/data/venv/lib/python3.12/site-packages/taskflow/listeners/logging.py:218}}
Jul 10 00:36:22 devstack cinder-volume[87452]: DEBUG cinder.volume.manager [None req-05232b96-607d-46ce-b801-aed9b8e68c0d tempest-VolumesSnapshotListTestJSON-1854420341 None] Task 'cinder.volume.flows.manager.create_volume.ExtractVolumeSpecTask;volume:create' (996b7d37-1472-482f-bd22-a79ac250f7ed) transitioned into state 'RUNNING' from state 'PENDING' {{(pid=87452) _task_receiver /opt/stack/data/venv/lib/python3.12/site-packages/taskflow/listeners/logging.py:242}}
Jul 10 00:36:22 devstack cinder-volume[87452]: DEBUG cinder.volume.manager [None req-05232b96-607d-46ce-b801-aed9b8e68c0d tempest-VolumesSnapshotListTestJSON-1854420341 None] Task 'cinder.volume.flows.manager.create_volume.ExtractVolumeSpecTask;volume:create' (996b7d37-1472-482f-bd22-a79ac250f7ed) transitioned into state 'SUCCESS' from state 'RUNNING' with result '{'status': 'creating', 'type': 'raw', 'volume_id': '90604889-424a-4cdc-a28f-ef6a6c90f197', 'volume_name': 'volume-90604889-424a-4cdc-a28f-ef6a6c90f197', 'volume_size': 1}' {{(pid=87452) _task_receiver /opt/stack/data/venv/lib/python3.12/site-packages/taskflow/listeners/logging.py:218}}
Jul 10 00:36:22 devstack cinder-volume[87452]: DEBUG cinder.volume.manager [None req-05232b96-607d-46ce-b801-aed9b8e68c0d tempest-VolumesSnapshotListTestJSON-1854420341 None] Task 'cinder.volume.flows.manager.create_volume.NotifyVolumeActionTask;volume:create, create.start' (7fe26533-d612-4a98-8147-ae5a85f083d7) transitioned into state 'RUNNING' from state 'PENDING' {{(pid=87452) _task_receiver /opt/stack/data/venv/lib/python3.12/site-packages/taskflow/listeners/logging.py:242}}
Jul 10 00:36:22 devstack cinder-volume[87452]: DEBUG cinder.volume.manager [None req-05232b96-607d-46ce-b801-aed9b8e68c0d tempest-VolumesSnapshotListTestJSON-1854420341 None] Task 'cinder.volume.flows.manager.create_volume.NotifyVolumeActionTask;volume:create, create.start' (7fe26533-d612-4a98-8147-ae5a85f083d7) transitioned into state 'SUCCESS' from state 'RUNNING' with result 'None' {{(pid=87452) _task_receiver /opt/stack/data/venv/lib/python3.12/site-packages/taskflow/listeners/logging.py:218}}
Jul 10 00:36:22 devstack cinder-volume[87452]: DEBUG cinder.volume.manager [None req-05232b96-607d-46ce-b801-aed9b8e68c0d tempest-VolumesSnapshotListTestJSON-1854420341 None] Task 'cinder.volume.flows.manager.create_volume.CreateVolumeFromSpecTask;volume:create' (7c2617e3-7419-41a5-9e42-0021d62757b1) transitioned into state 'RUNNING' from state 'PENDING' {{(pid=87452) _task_receiver /opt/stack/data/venv/lib/python3.12/site-packages/taskflow/listeners/logging.py:242}}
Jul 10 00:36:22 devstack cinder-volume[87452]: INFO cinder.volume.flows.manager.create_volume [None req-05232b96-607d-46ce-b801-aed9b8e68c0d tempest-VolumesSnapshotListTestJSON-1854420341 None] Volume 90604889-424a-4cdc-a28f-ef6a6c90f197: being created as raw with specification: {'status': 'creating', 'volume_name': 'volume-90604889-424a-4cdc-a28f-ef6a6c90f197', 'volume_size': 1}
Jul 10 00:36:22 devstack cinder-volume[87452]: DEBUG oslo_concurrency.lockutils [None req-05232b96-607d-46ce-b801-aed9b8e68c0d tempest-VolumesSnapshotListTestJSON-1854420341 None] Acquiring lock "quobyte" by "cinder.volume.drivers.quobyte.QuobyteDriver.create_volume" {{(pid=87452) inner /opt/stack/data/venv/lib/python3.12/site-packages/oslo_concurrency/lockutils.py:511}}
Jul 10 00:36:22 devstack cinder-volume[87452]: DEBUG oslo_concurrency.lockutils [None req-05232b96-607d-46ce-b801-aed9b8e68c0d tempest-VolumesSnapshotListTestJSON-1854420341 None] Lock "quobyte" acquired by "cinder.volume.drivers.quobyte.QuobyteDriver.create_volume" :: waited 0.002s {{(pid=87452) inner /opt/stack/data/venv/lib/python3.12/site-packages/oslo_concurrency/lockutils.py:524}}
Jul 10 00:36:22 devstack cinder-volume[87452]: DEBUG cinder.volume.drivers.quobyte [None req-05232b96-607d-46ce-b801-aed9b8e68c0d tempest-VolumesSnapshotListTestJSON-1854420341 None] ==> create_volume: call "{'self': , 'volume': Volume(_name_id=None,admin_metadata=,attach_status='detached',availability_zone='nova',bootable=False,cluster=,cluster_name=None,consistencygroup=,consistencygroup_id=None,created_at=2026-07-09T22:36:22Z,deleted=False,deleted_at=None,display_description=None,display_name='tempest-VolumesSnapshotListTestJSON-Volume-1894352553',ec2_id=None,encryption_key_id=None,glance_metadata=,group=,group_id=None,host='devstack@QuobyteHD#QuobyteHD',id=90604889-424a-4cdc-a28f-ef6a6c90f197,launched_at=None,metadata={},migration_status=None,multiattach=False,previous_status=None,project_id='6cfc3a82d039487daf18c5610426cc17',provider_auth=None,provider_geometry=None,provider_id=None,provider_location=None,replication_driver_data=None,replication_extended_status=None,replication_status=None,scheduled_at=2026-07-09T22:36:23Z,service_uuid=None,shared_targets=True,size=1,snapshot_id=None,snapshots=,source_volid=None,status='creating',terminated_at=None,updated_at=2026-07-09T22:36:23Z,use_quota=True,user_id='715a2300d9334c37bc359d91aa60d3b8',volume_attachment=VolumeAttachmentList,volume_type=VolumeType(5578517a-09da-4d9a-8079-0c409dc36a8c),volume_type_id=5578517a-09da-4d9a-8079-0c409dc36a8c)}" {{(pid=87452) trace_logging_wrapper /opt/stack/cinder/cinder/volume/volume_utils.py:1497}}
Jul 10 00:36:22 devstack cinder-volume[87452]: DEBUG cinder.volume.drivers.remotefs [None req-05232b96-607d-46ce-b801-aed9b8e68c0d tempest-VolumesSnapshotListTestJSON-1854420341 None] Creating volume 90604889-424a-4cdc-a28f-ef6a6c90f197 {{(pid=87452) create_volume /opt/stack/cinder/cinder/volume/drivers/remotefs.py:292}}
Jul 10 00:36:22 devstack cinder-volume[87452]: DEBUG oslo_concurrency.lockutils [None req-05232b96-607d-46ce-b801-aed9b8e68c0d tempest-VolumesSnapshotListTestJSON-1854420341 None] Acquiring lock "quobyte_ensure" by "cinder.volume.drivers.quobyte.QuobyteDriver._ensure_shares_mounted" {{(pid=87452) inner /opt/stack/data/venv/lib/python3.12/site-packages/oslo_concurrency/lockutils.py:511}}
Jul 10 00:36:22 devstack cinder-volume[87452]: DEBUG oslo_concurrency.lockutils [None req-05232b96-607d-46ce-b801-aed9b8e68c0d tempest-VolumesSnapshotListTestJSON-1854420341 None] Lock "quobyte_ensure" acquired by "cinder.volume.drivers.quobyte.QuobyteDriver._ensure_shares_mounted" :: waited 0.000s {{(pid=87452) inner /opt/stack/data/venv/lib/python3.12/site-packages/oslo_concurrency/lockutils.py:524}}
Jul 10 00:36:22 devstack cinder-volume[87452]: DEBUG cinder.volume.drivers.quobyte [None req-05232b96-607d-46ce-b801-aed9b8e68c0d tempest-VolumesSnapshotListTestJSON-1854420341 None] Quobyte Volume URL set to: {'osci02.corp.quobyte.com/cinder-vol-520b10c3-b055-4ab8-9b6b-8546a3a233df': None} {{(pid=87452) _load_shares_config /opt/stack/cinder/cinder/volume/drivers/quobyte.py:617}}
Jul 10 00:36:22 devstack cinder-volume[87452]: DEBUG cinder.volume.drivers.quobyte [None req-05232b96-607d-46ce-b801-aed9b8e68c0d tempest-VolumesSnapshotListTestJSON-1854420341 None] Available shares ['osci02.corp.quobyte.com/cinder-vol-520b10c3-b055-4ab8-9b6b-8546a3a233df'] {{(pid=87452) _ensure_shares_mounted /opt/stack/cinder/cinder/volume/drivers/quobyte.py:647}}
Jul 10 00:36:22 devstack cinder-volume[87452]: DEBUG oslo_concurrency.lockutils [None req-05232b96-607d-46ce-b801-aed9b8e68c0d tempest-VolumesSnapshotListTestJSON-1854420341 None] Lock "quobyte_ensure" "released" by "cinder.volume.drivers.quobyte.QuobyteDriver._ensure_shares_mounted" :: held 0.010s {{(pid=87452) inner /opt/stack/data/venv/lib/python3.12/site-packages/oslo_concurrency/lockutils.py:543}}
Jul 10 00:36:22 devstack cinder-volume[87452]: DEBUG cinder.volume.drivers.quobyte [None req-05232b96-607d-46ce-b801-aed9b8e68c0d tempest-VolumesSnapshotListTestJSON-1854420341 None] Selected osci02.corp.quobyte.com/cinder-vol-520b10c3-b055-4ab8-9b6b-8546a3a233df as target Quobyte volume. {{(pid=87452) _find_share /opt/stack/cinder/cinder/volume/drivers/quobyte.py:668}}
Jul 10 00:36:22 devstack cinder-volume[87452]: INFO cinder.volume.drivers.remotefs [None req-05232b96-607d-46ce-b801-aed9b8e68c0d tempest-VolumesSnapshotListTestJSON-1854420341 None] casted to osci02.corp.quobyte.com/cinder-vol-520b10c3-b055-4ab8-9b6b-8546a3a233df
Jul 10 00:36:22 devstack cinder-volume[87452]: DEBUG oslo_concurrency.processutils [None req-05232b96-607d-46ce-b801-aed9b8e68c0d tempest-VolumesSnapshotListTestJSON-1854420341 None] Running cmd (subprocess): sudo cinder-rootwrap /etc/cinder/rootwrap.conf qemu-img create -f qcow2 -o preallocation=metadata /opt/stack/data/cinder/mnt/1bd80152c1fd66bd6826dd47284cdbf0/volume-90604889-424a-4cdc-a28f-ef6a6c90f197 1073741824 {{(pid=87452) execute /opt/stack/data/venv/lib/python3.12/site-packages/oslo_concurrency/processutils.py:440}}
Jul 10 00:36:22 devstack sudo[93304]: quobyte : PWD=/ ; USER=root ; COMMAND=/opt/stack/data/venv/bin/cinder-rootwrap /etc/cinder/rootwrap.conf qemu-img create -f qcow2 -o preallocation=metadata /opt/stack/data/cinder/mnt/1bd80152c1fd66bd6826dd47284cdbf0/volume-90604889-424a-4cdc-a28f-ef6a6c90f197 1073741824
Jul 10 00:36:22 devstack sudo[93304]: pam_unix(sudo:session): session opened for user root(uid=0) by (uid=1000)
Jul 10 00:36:23 devstack sudo[93304]: pam_unix(sudo:session): session closed for user root
Jul 10 00:36:23 devstack cinder-volume[87452]: DEBUG oslo_concurrency.processutils [None req-05232b96-607d-46ce-b801-aed9b8e68c0d tempest-VolumesSnapshotListTestJSON-1854420341 None] CMD "sudo cinder-rootwrap /etc/cinder/rootwrap.conf qemu-img create -f qcow2 -o preallocation=metadata /opt/stack/data/cinder/mnt/1bd80152c1fd66bd6826dd47284cdbf0/volume-90604889-424a-4cdc-a28f-ef6a6c90f197 1073741824" returned: 0 in 1.257s {{(pid=87452) execute /opt/stack/data/venv/lib/python3.12/site-packages/oslo_concurrency/processutils.py:468}}
Jul 10 00:36:24 devstack cinder-volume[87452]: DEBUG oslo_concurrency.processutils [None req-05232b96-607d-46ce-b801-aed9b8e68c0d tempest-VolumesSnapshotListTestJSON-1854420341 None] Running cmd (subprocess): sudo cinder-rootwrap /etc/cinder/rootwrap.conf chmod ugo+rw /opt/stack/data/cinder/mnt/1bd80152c1fd66bd6826dd47284cdbf0/volume-90604889-424a-4cdc-a28f-ef6a6c90f197 {{(pid=87452) execute /opt/stack/data/venv/lib/python3.12/site-packages/oslo_concurrency/processutils.py:440}}
Jul 10 00:36:24 devstack sudo[93322]: quobyte : PWD=/ ; USER=root ; COMMAND=/opt/stack/data/venv/bin/cinder-rootwrap /etc/cinder/rootwrap.conf chmod ugo+rw /opt/stack/data/cinder/mnt/1bd80152c1fd66bd6826dd47284cdbf0/volume-90604889-424a-4cdc-a28f-ef6a6c90f197
Jul 10 00:36:24 devstack sudo[93322]: pam_unix(sudo:session): session opened for user root(uid=0) by (uid=1000)
Jul 10 00:36:24 devstack cinder-volume[87452]: DEBUG cinder.coordination [None req-7ce9d185-cc0a-4043-b17d-722b52db9123 tempest-ServerActionsTestOtherA-2007018710 None] Acquiring lock "cinder-c4503a08-0ce9-44a1-82bb-3038556eca13-delete_volume" by "delete_volume" {{(pid=87452) __acquire /opt/stack/cinder/cinder/coordination.py:138}}
Jul 10 00:36:24 devstack cinder-volume[87452]: DEBUG cinder.coordination [None req-7ce9d185-cc0a-4043-b17d-722b52db9123 tempest-ServerActionsTestOtherA-2007018710 None] Lock "cinder-c4503a08-0ce9-44a1-82bb-3038556eca13-delete_volume" acquired by "delete_volume" :: waited 0.115s {{(pid=87452) __acquire /opt/stack/cinder/cinder/coordination.py:141}}
Jul 10 00:36:24 devstack cinder-volume[87452]: DEBUG cinder.coordination [None req-7ce9d185-cc0a-4043-b17d-722b52db9123 tempest-ServerActionsTestOtherA-2007018710 None] Acquiring lock "cinder-quobyte-c4503a08-0ce9-44a1-82bb-3038556eca13" by "delete_volume" {{(pid=87452) __acquire /opt/stack/cinder/cinder/coordination.py:138}}
Jul 10 00:36:24 devstack cinder-volume[87452]: DEBUG cinder.coordination [None req-7ce9d185-cc0a-4043-b17d-722b52db9123 tempest-ServerActionsTestOtherA-2007018710 None] Lock "cinder-quobyte-c4503a08-0ce9-44a1-82bb-3038556eca13" acquired by "delete_volume" :: waited 0.036s {{(pid=87452) __acquire /opt/stack/cinder/cinder/coordination.py:141}}
Jul 10 00:36:24 devstack cinder-volume[87452]: DEBUG oslo.privsep.daemon [-] privsep: reply[9dab46c2-a1b8-4a9f-b866-e8310fcaa3fe]: (4, 'qcow2') {{(pid=88295) _call_back /opt/stack/data/venv/lib/python3.12/site-packages/oslo_privsep/daemon.py:580}}
Jul 10 00:36:24 devstack cinder-volume[87452]: DEBUG oslo_concurrency.processutils [None req-7ce9d185-cc0a-4043-b17d-722b52db9123 tempest-ServerActionsTestOtherA-2007018710 None] Running cmd (subprocess): /opt/stack/data/venv/bin/python3.12 -m oslo_concurrency.prlimit --as=1073741824 --cpu=60 -- sudo cinder-rootwrap /etc/cinder/rootwrap.conf env LC_ALL=C qemu-img info -f qcow2 --output=json --force-share /opt/stack/data/cinder/mnt/1bd80152c1fd66bd6826dd47284cdbf0/volume-c4503a08-0ce9-44a1-82bb-3038556eca13 {{(pid=87452) execute /opt/stack/data/venv/lib/python3.12/site-packages/oslo_concurrency/processutils.py:440}}
Jul 10 00:36:24 devstack sudo[93332]: quobyte : PWD=/ ; USER=root ; COMMAND=/opt/stack/data/venv/bin/cinder-rootwrap /etc/cinder/rootwrap.conf env LC_ALL=C qemu-img info -f qcow2 --output=json --force-share /opt/stack/data/cinder/mnt/1bd80152c1fd66bd6826dd47284cdbf0/volume-c4503a08-0ce9-44a1-82bb-3038556eca13
Jul 10 00:36:24 devstack sudo[93332]: pam_unix(sudo:session): session opened for user root(uid=0) by (uid=1000)
Jul 10 00:36:25 devstack sudo[93322]: pam_unix(sudo:session): session closed for user root
Jul 10 00:36:25 devstack cinder-volume[87452]: DEBUG oslo_concurrency.processutils [None req-05232b96-607d-46ce-b801-aed9b8e68c0d tempest-VolumesSnapshotListTestJSON-1854420341 None] CMD "sudo cinder-rootwrap /etc/cinder/rootwrap.conf chmod ugo+rw /opt/stack/data/cinder/mnt/1bd80152c1fd66bd6826dd47284cdbf0/volume-90604889-424a-4cdc-a28f-ef6a6c90f197" returned: 0 in 1.624s {{(pid=87452) execute /opt/stack/data/venv/lib/python3.12/site-packages/oslo_concurrency/processutils.py:468}}
Jul 10 00:36:25 devstack cinder-volume[87452]: DEBUG cinder.volume.drivers.quobyte [None req-05232b96-607d-46ce-b801-aed9b8e68c0d tempest-VolumesSnapshotListTestJSON-1854420341 None] <== create_volume: return (3021ms) {'provider_location': 'osci02.corp.quobyte.com/cinder-vol-520b10c3-b055-4ab8-9b6b-8546a3a233df'} {{(pid=87452) trace_logging_wrapper /opt/stack/cinder/cinder/volume/volume_utils.py:1522}}
Jul 10 00:36:25 devstack cinder-volume[87452]: DEBUG oslo_concurrency.lockutils [None req-05232b96-607d-46ce-b801-aed9b8e68c0d tempest-VolumesSnapshotListTestJSON-1854420341 None] Lock "quobyte" "released" by "cinder.volume.drivers.quobyte.QuobyteDriver.create_volume" :: held 3.024s {{(pid=87452) inner /opt/stack/data/venv/lib/python3.12/site-packages/oslo_concurrency/lockutils.py:543}}
Jul 10 00:36:25 devstack cinder-volume[87452]: DEBUG cinder.volume.manager [None req-05232b96-607d-46ce-b801-aed9b8e68c0d tempest-VolumesSnapshotListTestJSON-1854420341 None] Task 'cinder.volume.flows.manager.create_volume.CreateVolumeFromSpecTask;volume:create' (7c2617e3-7419-41a5-9e42-0021d62757b1) transitioned into state 'SUCCESS' from state 'RUNNING' with result '{'status': 'creating', 'volume_name': 'volume-90604889-424a-4cdc-a28f-ef6a6c90f197', 'volume_size': 1}' {{(pid=87452) _task_receiver /opt/stack/data/venv/lib/python3.12/site-packages/taskflow/listeners/logging.py:218}}
Jul 10 00:36:25 devstack cinder-volume[87452]: DEBUG cinder.volume.manager [None req-05232b96-607d-46ce-b801-aed9b8e68c0d tempest-VolumesSnapshotListTestJSON-1854420341 None] Task 'cinder.volume.flows.manager.create_volume.CreateVolumeOnFinishTask;volume:create, create.end' (40f388c5-c2b6-4f18-b2cc-7b13106775f2) transitioned into state 'RUNNING' from state 'PENDING' {{(pid=87452) _task_receiver /opt/stack/data/venv/lib/python3.12/site-packages/taskflow/listeners/logging.py:242}}
Jul 10 00:36:25 devstack cinder-volume[87452]: INFO cinder.volume.flows.manager.create_volume [None req-05232b96-607d-46ce-b801-aed9b8e68c0d tempest-VolumesSnapshotListTestJSON-1854420341 None] Volume volume-90604889-424a-4cdc-a28f-ef6a6c90f197 (90604889-424a-4cdc-a28f-ef6a6c90f197): created successfully
Jul 10 00:36:25 devstack cinder-volume[87452]: DEBUG cinder.volume.manager [None req-05232b96-607d-46ce-b801-aed9b8e68c0d tempest-VolumesSnapshotListTestJSON-1854420341 None] Task 'cinder.volume.flows.manager.create_volume.CreateVolumeOnFinishTask;volume:create, create.end' (40f388c5-c2b6-4f18-b2cc-7b13106775f2) transitioned into state 'SUCCESS' from state 'RUNNING' with result 'None' {{(pid=87452) _task_receiver /opt/stack/data/venv/lib/python3.12/site-packages/taskflow/listeners/logging.py:218}}
Jul 10 00:36:25 devstack cinder-volume[87452]: DEBUG cinder.volume.manager [None req-05232b96-607d-46ce-b801-aed9b8e68c0d tempest-VolumesSnapshotListTestJSON-1854420341 None] Flow 'volume_create_manager' (33878a64-c549-495b-b7cb-ba143ad3ca88) transitioned into state 'SUCCESS' from state 'RUNNING' {{(pid=87452) _flow_receiver /opt/stack/data/venv/lib/python3.12/site-packages/taskflow/listeners/logging.py:160}}
Jul 10 00:36:25 devstack cinder-volume[87452]: INFO cinder.volume.manager [None req-05232b96-607d-46ce-b801-aed9b8e68c0d tempest-VolumesSnapshotListTestJSON-1854420341 None] Created volume successfully.
Jul 10 00:36:25 devstack sudo[93332]: pam_unix(sudo:session): session closed for user root
Jul 10 00:36:25 devstack cinder-volume[87452]: DEBUG oslo_concurrency.processutils [None req-7ce9d185-cc0a-4043-b17d-722b52db9123 tempest-ServerActionsTestOtherA-2007018710 None] CMD "/opt/stack/data/venv/bin/python3.12 -m oslo_concurrency.prlimit --as=1073741824 --cpu=60 -- sudo cinder-rootwrap /etc/cinder/rootwrap.conf env LC_ALL=C qemu-img info -f qcow2 --output=json --force-share /opt/stack/data/cinder/mnt/1bd80152c1fd66bd6826dd47284cdbf0/volume-c4503a08-0ce9-44a1-82bb-3038556eca13" returned: 0 in 1.466s {{(pid=87452) execute /opt/stack/data/venv/lib/python3.12/site-packages/oslo_concurrency/processutils.py:468}}
Jul 10 00:36:25 devstack cinder-volume[87452]: DEBUG oslo_concurrency.processutils [None req-7ce9d185-cc0a-4043-b17d-722b52db9123 tempest-ServerActionsTestOtherA-2007018710 None] Running cmd (subprocess): sudo cinder-rootwrap /etc/cinder/rootwrap.conf rm -f /opt/stack/data/cinder/mnt/1bd80152c1fd66bd6826dd47284cdbf0/volume-c4503a08-0ce9-44a1-82bb-3038556eca13 {{(pid=87452) execute /opt/stack/data/venv/lib/python3.12/site-packages/oslo_concurrency/processutils.py:440}}
Jul 10 00:36:25 devstack sudo[93346]: quobyte : PWD=/ ; USER=root ; COMMAND=/opt/stack/data/venv/bin/cinder-rootwrap /etc/cinder/rootwrap.conf rm -f /opt/stack/data/cinder/mnt/1bd80152c1fd66bd6826dd47284cdbf0/volume-c4503a08-0ce9-44a1-82bb-3038556eca13
Jul 10 00:36:25 devstack sudo[93346]: pam_unix(sudo:session): session opened for user root(uid=0) by (uid=1000)
Jul 10 00:36:26 devstack sudo[93346]: pam_unix(sudo:session): session closed for user root
Jul 10 00:36:26 devstack cinder-volume[87452]: DEBUG oslo_concurrency.processutils [None req-7ce9d185-cc0a-4043-b17d-722b52db9123 tempest-ServerActionsTestOtherA-2007018710 None] CMD "sudo cinder-rootwrap /etc/cinder/rootwrap.conf rm -f /opt/stack/data/cinder/mnt/1bd80152c1fd66bd6826dd47284cdbf0/volume-c4503a08-0ce9-44a1-82bb-3038556eca13" returned: 0 in 0.684s {{(pid=87452) execute /opt/stack/data/venv/lib/python3.12/site-packages/oslo_concurrency/processutils.py:468}}
Jul 10 00:36:26 devstack cinder-volume[87452]: DEBUG cinder.coordination [None req-7ce9d185-cc0a-4043-b17d-722b52db9123 tempest-ServerActionsTestOtherA-2007018710 None] Lock "cinder-quobyte-c4503a08-0ce9-44a1-82bb-3038556eca13" released by "delete_volume" :: held 2.237s {{(pid=87452) __release /opt/stack/cinder/cinder/coordination.py:152}}
Jul 10 00:36:26 devstack cinder-volume[87452]: DEBUG cinder.quota [None req-7ce9d185-cc0a-4043-b17d-722b52db9123 tempest-ServerActionsTestOtherA-2007018710 None] Created reservations ['743a4ef9-7dca-4d9f-b97d-b155aaa76921', 'c8d5b4f8-685c-49c7-ab25-4e324fa8b101', '85236542-8ed4-426b-a36b-bf1bea05c85a', '67cc5c81-452d-45cc-8296-777e929a4b2a'] {{(pid=87452) reserve /opt/stack/cinder/cinder/quota.py:752}}
Jul 10 00:36:26 devstack cinder-volume[87452]: DEBUG oslo_concurrency.lockutils [None req-7ce9d185-cc0a-4043-b17d-722b52db9123 tempest-ServerActionsTestOtherA-2007018710 None] Acquiring lock "quobyte_ensure" by "cinder.volume.drivers.quobyte.QuobyteDriver._ensure_shares_mounted" {{(pid=87452) inner /opt/stack/data/venv/lib/python3.12/site-packages/oslo_concurrency/lockutils.py:511}}
Jul 10 00:36:26 devstack cinder-volume[87452]: DEBUG oslo_concurrency.lockutils [None req-7ce9d185-cc0a-4043-b17d-722b52db9123 tempest-ServerActionsTestOtherA-2007018710 None] Lock "quobyte_ensure" acquired by "cinder.volume.drivers.quobyte.QuobyteDriver._ensure_shares_mounted" :: waited 0.002s {{(pid=87452) inner /opt/stack/data/venv/lib/python3.12/site-packages/oslo_concurrency/lockutils.py:524}}
Jul 10 00:36:26 devstack cinder-volume[87452]: DEBUG cinder.volume.drivers.quobyte [None req-7ce9d185-cc0a-4043-b17d-722b52db9123 tempest-ServerActionsTestOtherA-2007018710 None] Quobyte Volume URL set to: {'osci02.corp.quobyte.com/cinder-vol-520b10c3-b055-4ab8-9b6b-8546a3a233df': None} {{(pid=87452) _load_shares_config /opt/stack/cinder/cinder/volume/drivers/quobyte.py:617}}
Jul 10 00:36:26 devstack cinder-volume[87452]: DEBUG cinder.volume.drivers.quobyte [None req-7ce9d185-cc0a-4043-b17d-722b52db9123 tempest-ServerActionsTestOtherA-2007018710 None] Available shares ['osci02.corp.quobyte.com/cinder-vol-520b10c3-b055-4ab8-9b6b-8546a3a233df'] {{(pid=87452) _ensure_shares_mounted /opt/stack/cinder/cinder/volume/drivers/quobyte.py:647}}
Jul 10 00:36:26 devstack cinder-volume[87452]: DEBUG oslo_concurrency.lockutils [None req-7ce9d185-cc0a-4043-b17d-722b52db9123 tempest-ServerActionsTestOtherA-2007018710 None] Lock "quobyte_ensure" "released" by "cinder.volume.drivers.quobyte.QuobyteDriver._ensure_shares_mounted" :: held 0.011s {{(pid=87452) inner /opt/stack/data/venv/lib/python3.12/site-packages/oslo_concurrency/lockutils.py:543}}
Jul 10 00:36:26 devstack cinder-volume[87452]: DEBUG oslo_concurrency.processutils [None req-7ce9d185-cc0a-4043-b17d-722b52db9123 tempest-ServerActionsTestOtherA-2007018710 None] Running cmd (subprocess): sudo cinder-rootwrap /etc/cinder/rootwrap.conf df --portability --block-size 1 /opt/stack/data/cinder/mnt/1bd80152c1fd66bd6826dd47284cdbf0 {{(pid=87452) execute /opt/stack/data/venv/lib/python3.12/site-packages/oslo_concurrency/processutils.py:440}}
Jul 10 00:36:26 devstack sudo[93351]: quobyte : PWD=/ ; USER=root ; COMMAND=/opt/stack/data/venv/bin/cinder-rootwrap /etc/cinder/rootwrap.conf df --portability --block-size 1 /opt/stack/data/cinder/mnt/1bd80152c1fd66bd6826dd47284cdbf0
Jul 10 00:36:26 devstack sudo[93351]: pam_unix(sudo:session): session opened for user root(uid=0) by (uid=1000)
Jul 10 00:36:27 devstack cinder-volume[87452]: DEBUG oslo_concurrency.lockutils [None req-a70c36c6-e7f9-4083-ab9d-23eb1dc5d6b5 tempest-VolumesSnapshotListTestJSON-1854420341 None] Acquiring lock "quobyte" by "cinder.volume.drivers.quobyte.QuobyteDriver.create_snapshot" {{(pid=87452) inner /opt/stack/data/venv/lib/python3.12/site-packages/oslo_concurrency/lockutils.py:511}}
Jul 10 00:36:27 devstack cinder-volume[87452]: DEBUG oslo_concurrency.lockutils [None req-a70c36c6-e7f9-4083-ab9d-23eb1dc5d6b5 tempest-VolumesSnapshotListTestJSON-1854420341 None] Lock "quobyte" acquired by "cinder.volume.drivers.quobyte.QuobyteDriver.create_snapshot" :: waited 0.001s {{(pid=87452) inner /opt/stack/data/venv/lib/python3.12/site-packages/oslo_concurrency/lockutils.py:524}}
Jul 10 00:36:27 devstack cinder-volume[87452]: DEBUG cinder.volume.drivers.remotefs [None req-a70c36c6-e7f9-4083-ab9d-23eb1dc5d6b5 tempest-VolumesSnapshotListTestJSON-1854420341 None] Creating offline snapshot 220690ed-5b4e-4034-9f5e-59f0ba8e935d of volume 90604889-424a-4cdc-a28f-ef6a6c90f197 {{(pid=87452) _create_snapshot /opt/stack/cinder/cinder/volume/drivers/remotefs.py:1816}}
Jul 10 00:36:27 devstack cinder-volume[87452]: DEBUG oslo.privsep.daemon [-] privsep: reply[16a9780e-504f-4941-ad2e-1e086e1657ac]: (4, 'qcow2') {{(pid=88295) _call_back /opt/stack/data/venv/lib/python3.12/site-packages/oslo_privsep/daemon.py:580}}
Jul 10 00:36:27 devstack cinder-volume[87452]: DEBUG oslo_concurrency.processutils [None req-a70c36c6-e7f9-4083-ab9d-23eb1dc5d6b5 tempest-VolumesSnapshotListTestJSON-1854420341 None] Running cmd (subprocess): /opt/stack/data/venv/bin/python3.12 -m oslo_concurrency.prlimit --as=1073741824 --cpu=60 -- sudo cinder-rootwrap /etc/cinder/rootwrap.conf env LC_ALL=C qemu-img info -f qcow2 --output=json --force-share /opt/stack/data/cinder/mnt/1bd80152c1fd66bd6826dd47284cdbf0/volume-90604889-424a-4cdc-a28f-ef6a6c90f197 {{(pid=87452) execute /opt/stack/data/venv/lib/python3.12/site-packages/oslo_concurrency/processutils.py:440}}
Jul 10 00:36:27 devstack sudo[93354]: quobyte : PWD=/ ; USER=root ; COMMAND=/opt/stack/data/venv/bin/cinder-rootwrap /etc/cinder/rootwrap.conf env LC_ALL=C qemu-img info -f qcow2 --output=json --force-share /opt/stack/data/cinder/mnt/1bd80152c1fd66bd6826dd47284cdbf0/volume-90604889-424a-4cdc-a28f-ef6a6c90f197
Jul 10 00:36:27 devstack sudo[93354]: pam_unix(sudo:session): session opened for user root(uid=0) by (uid=1000)
Jul 10 00:36:27 devstack sudo[93351]: pam_unix(sudo:session): session closed for user root
Jul 10 00:36:27 devstack cinder-volume[87452]: DEBUG oslo_concurrency.processutils [None req-7ce9d185-cc0a-4043-b17d-722b52db9123 tempest-ServerActionsTestOtherA-2007018710 None] CMD "sudo cinder-rootwrap /etc/cinder/rootwrap.conf df --portability --block-size 1 /opt/stack/data/cinder/mnt/1bd80152c1fd66bd6826dd47284cdbf0" returned: 0 in 1.007s {{(pid=87452) execute /opt/stack/data/venv/lib/python3.12/site-packages/oslo_concurrency/processutils.py:468}}
Jul 10 00:36:27 devstack cinder-volume[87452]: DEBUG cinder.manager [None req-7ce9d185-cc0a-4043-b17d-722b52db9123 tempest-ServerActionsTestOtherA-2007018710 None] Notifying Schedulers of capabilities ... {{(pid=87452) _publish_service_capabilities /opt/stack/cinder/cinder/manager.py:219}}
Jul 10 00:36:27 devstack cinder-volume[87452]: INFO cinder.volume.manager [None req-7ce9d185-cc0a-4043-b17d-722b52db9123 tempest-ServerActionsTestOtherA-2007018710 None] Deleted volume successfully.
Jul 10 00:36:27 devstack cinder-volume[87452]: DEBUG cinder.coordination [None req-7ce9d185-cc0a-4043-b17d-722b52db9123 tempest-ServerActionsTestOtherA-2007018710 None] Lock "cinder-c4503a08-0ce9-44a1-82bb-3038556eca13-delete_volume" released by "delete_volume" :: held 3.627s {{(pid=87452) __release /opt/stack/cinder/cinder/coordination.py:152}}
Jul 10 00:36:28 devstack sudo[93354]: pam_unix(sudo:session): session closed for user root
Jul 10 00:36:28 devstack cinder-volume[87452]: DEBUG oslo_concurrency.processutils [None req-a70c36c6-e7f9-4083-ab9d-23eb1dc5d6b5 tempest-VolumesSnapshotListTestJSON-1854420341 None] CMD "/opt/stack/data/venv/bin/python3.12 -m oslo_concurrency.prlimit --as=1073741824 --cpu=60 -- sudo cinder-rootwrap /etc/cinder/rootwrap.conf env LC_ALL=C qemu-img info -f qcow2 --output=json --force-share /opt/stack/data/cinder/mnt/1bd80152c1fd66bd6826dd47284cdbf0/volume-90604889-424a-4cdc-a28f-ef6a6c90f197" returned: 0 in 1.066s {{(pid=87452) execute /opt/stack/data/venv/lib/python3.12/site-packages/oslo_concurrency/processutils.py:468}}
Jul 10 00:36:28 devstack cinder-volume[87452]: DEBUG oslo_concurrency.processutils [None req-a70c36c6-e7f9-4083-ab9d-23eb1dc5d6b5 tempest-VolumesSnapshotListTestJSON-1854420341 None] Running cmd (subprocess): sudo cinder-rootwrap /etc/cinder/rootwrap.conf qemu-img create -f qcow2 -o backing_file=/opt/stack/data/cinder/mnt/1bd80152c1fd66bd6826dd47284cdbf0/volume-90604889-424a-4cdc-a28f-ef6a6c90f197,backing_fmt=qcow2 /opt/stack/data/cinder/mnt/1bd80152c1fd66bd6826dd47284cdbf0/volume-90604889-424a-4cdc-a28f-ef6a6c90f197.220690ed-5b4e-4034-9f5e-59f0ba8e935d 1G {{(pid=87452) execute /opt/stack/data/venv/lib/python3.12/site-packages/oslo_concurrency/processutils.py:440}}
Jul 10 00:36:28 devstack sudo[93365]: quobyte : PWD=/ ; USER=root ; COMMAND=/opt/stack/data/venv/bin/cinder-rootwrap /etc/cinder/rootwrap.conf qemu-img create -f qcow2 -o backing_file=/opt/stack/data/cinder/mnt/1bd80152c1fd66bd6826dd47284cdbf0/volume-90604889-424a-4cdc-a28f-ef6a6c90f197,backing_fmt=qcow2 /opt/stack/data/cinder/mnt/1bd80152c1fd66bd6826dd47284cdbf0/volume-90604889-424a-4cdc-a28f-ef6a6c90f197.220690ed-5b4e-4034-9f5e-59f0ba8e935d 1G
Jul 10 00:36:28 devstack sudo[93365]: pam_unix(sudo:session): session opened for user root(uid=0) by (uid=1000)
Jul 10 00:36:29 devstack sudo[93365]: pam_unix(sudo:session): session closed for user root
Jul 10 00:36:29 devstack cinder-volume[87452]: DEBUG oslo_concurrency.processutils [None req-a70c36c6-e7f9-4083-ab9d-23eb1dc5d6b5 tempest-VolumesSnapshotListTestJSON-1854420341 None] CMD "sudo cinder-rootwrap /etc/cinder/rootwrap.conf qemu-img create -f qcow2 -o backing_file=/opt/stack/data/cinder/mnt/1bd80152c1fd66bd6826dd47284cdbf0/volume-90604889-424a-4cdc-a28f-ef6a6c90f197,backing_fmt=qcow2 /opt/stack/data/cinder/mnt/1bd80152c1fd66bd6826dd47284cdbf0/volume-90604889-424a-4cdc-a28f-ef6a6c90f197.220690ed-5b4e-4034-9f5e-59f0ba8e935d 1G" returned: 0 in 0.813s {{(pid=87452) execute /opt/stack/data/venv/lib/python3.12/site-packages/oslo_concurrency/processutils.py:468}}
Jul 10 00:36:29 devstack cinder-volume[87452]: DEBUG oslo_concurrency.processutils [None req-a70c36c6-e7f9-4083-ab9d-23eb1dc5d6b5 tempest-VolumesSnapshotListTestJSON-1854420341 None] Running cmd (subprocess): sudo cinder-rootwrap /etc/cinder/rootwrap.conf qemu-img rebase -u -b volume-90604889-424a-4cdc-a28f-ef6a6c90f197 -F qcow2 /opt/stack/data/cinder/mnt/1bd80152c1fd66bd6826dd47284cdbf0/volume-90604889-424a-4cdc-a28f-ef6a6c90f197.220690ed-5b4e-4034-9f5e-59f0ba8e935d {{(pid=87452) execute /opt/stack/data/venv/lib/python3.12/site-packages/oslo_concurrency/processutils.py:440}}
Jul 10 00:36:29 devstack sudo[93376]: quobyte : PWD=/ ; USER=root ; COMMAND=/opt/stack/data/venv/bin/cinder-rootwrap /etc/cinder/rootwrap.conf qemu-img rebase -u -b volume-90604889-424a-4cdc-a28f-ef6a6c90f197 -F qcow2 /opt/stack/data/cinder/mnt/1bd80152c1fd66bd6826dd47284cdbf0/volume-90604889-424a-4cdc-a28f-ef6a6c90f197.220690ed-5b4e-4034-9f5e-59f0ba8e935d
Jul 10 00:36:29 devstack sudo[93376]: pam_unix(sudo:session): session opened for user root(uid=0) by (uid=1000)
Jul 10 00:36:30 devstack sudo[93376]: pam_unix(sudo:session): session closed for user root
Jul 10 00:36:30 devstack cinder-volume[87452]: DEBUG oslo_concurrency.processutils [None req-a70c36c6-e7f9-4083-ab9d-23eb1dc5d6b5 tempest-VolumesSnapshotListTestJSON-1854420341 None] CMD "sudo cinder-rootwrap /etc/cinder/rootwrap.conf qemu-img rebase -u -b volume-90604889-424a-4cdc-a28f-ef6a6c90f197 -F qcow2 /opt/stack/data/cinder/mnt/1bd80152c1fd66bd6826dd47284cdbf0/volume-90604889-424a-4cdc-a28f-ef6a6c90f197.220690ed-5b4e-4034-9f5e-59f0ba8e935d" returned: 0 in 0.925s {{(pid=87452) execute /opt/stack/data/venv/lib/python3.12/site-packages/oslo_concurrency/processutils.py:468}}
Jul 10 00:36:30 devstack cinder-volume[87452]: WARNING cinder.volume.drivers.remotefs [None req-a70c36c6-e7f9-4083-ab9d-23eb1dc5d6b5 tempest-VolumesSnapshotListTestJSON-1854420341 None] /opt/stack/data/cinder/mnt/1bd80152c1fd66bd6826dd47284cdbf0/volume-90604889-424a-4cdc-a28f-ef6a6c90f197.220690ed-5b4e-4034-9f5e-59f0ba8e935d is being set with open permissions: ugo+rw
Jul 10 00:36:30 devstack cinder-volume[87452]: DEBUG oslo_concurrency.processutils [None req-a70c36c6-e7f9-4083-ab9d-23eb1dc5d6b5 tempest-VolumesSnapshotListTestJSON-1854420341 None] Running cmd (subprocess): sudo cinder-rootwrap /etc/cinder/rootwrap.conf chmod ugo+rw /opt/stack/data/cinder/mnt/1bd80152c1fd66bd6826dd47284cdbf0/volume-90604889-424a-4cdc-a28f-ef6a6c90f197.220690ed-5b4e-4034-9f5e-59f0ba8e935d {{(pid=87452) execute /opt/stack/data/venv/lib/python3.12/site-packages/oslo_concurrency/processutils.py:440}}
Jul 10 00:36:30 devstack sudo[93398]: quobyte : PWD=/ ; USER=root ; COMMAND=/opt/stack/data/venv/bin/cinder-rootwrap /etc/cinder/rootwrap.conf chmod ugo+rw /opt/stack/data/cinder/mnt/1bd80152c1fd66bd6826dd47284cdbf0/volume-90604889-424a-4cdc-a28f-ef6a6c90f197.220690ed-5b4e-4034-9f5e-59f0ba8e935d
Jul 10 00:36:30 devstack sudo[93398]: pam_unix(sudo:session): session opened for user root(uid=0) by (uid=1000)
Jul 10 00:36:31 devstack sudo[93398]: pam_unix(sudo:session): session closed for user root
Jul 10 00:36:31 devstack cinder-volume[87452]: DEBUG oslo_concurrency.processutils [None req-a70c36c6-e7f9-4083-ab9d-23eb1dc5d6b5 tempest-VolumesSnapshotListTestJSON-1854420341 None] CMD "sudo cinder-rootwrap /etc/cinder/rootwrap.conf chmod ugo+rw /opt/stack/data/cinder/mnt/1bd80152c1fd66bd6826dd47284cdbf0/volume-90604889-424a-4cdc-a28f-ef6a6c90f197.220690ed-5b4e-4034-9f5e-59f0ba8e935d" returned: 0 in 0.804s {{(pid=87452) execute /opt/stack/data/venv/lib/python3.12/site-packages/oslo_concurrency/processutils.py:468}}
Jul 10 00:36:31 devstack cinder-volume[87452]: DEBUG dbcounter [-] [87452] Writing DB stats cinder:SELECT=65,cinder:UPDATE=81,cinder:DELETE=5,cinder:INSERT=20 {{(pid=87452) stat_writer /opt/stack/data/venv/lib/python3.12/site-packages/dbcounter.py:115}}
Jul 10 00:36:31 devstack cinder-volume[87452]: DEBUG dbcounter [-] [87452] Writing DB stats cinder:SELECT=57,cinder:UPDATE=79,cinder:INSERT=17,cinder:DELETE=8 {{(pid=87452) stat_writer /opt/stack/data/venv/lib/python3.12/site-packages/dbcounter.py:115}}
Jul 10 00:36:31 devstack cinder-volume[87452]: DEBUG oslo_concurrency.processutils [None req-a70c36c6-e7f9-4083-ab9d-23eb1dc5d6b5 tempest-VolumesSnapshotListTestJSON-1854420341 None] Running cmd (subprocess): sudo cinder-rootwrap /etc/cinder/rootwrap.conf truncate -s0 /opt/stack/data/cinder/mnt/1bd80152c1fd66bd6826dd47284cdbf0/volume-90604889-424a-4cdc-a28f-ef6a6c90f197.info {{(pid=87452) execute /opt/stack/data/venv/lib/python3.12/site-packages/oslo_concurrency/processutils.py:440}}
Jul 10 00:36:31 devstack sudo[93403]: quobyte : PWD=/ ; USER=root ; COMMAND=/opt/stack/data/venv/bin/cinder-rootwrap /etc/cinder/rootwrap.conf truncate -s0 /opt/stack/data/cinder/mnt/1bd80152c1fd66bd6826dd47284cdbf0/volume-90604889-424a-4cdc-a28f-ef6a6c90f197.info
Jul 10 00:36:31 devstack sudo[93403]: pam_unix(sudo:session): session opened for user root(uid=0) by (uid=1000)
Jul 10 00:36:31 devstack sudo[93403]: pam_unix(sudo:session): session closed for user root
Jul 10 00:36:31 devstack cinder-volume[87452]: DEBUG oslo_concurrency.processutils [None req-a70c36c6-e7f9-4083-ab9d-23eb1dc5d6b5 tempest-VolumesSnapshotListTestJSON-1854420341 None] CMD "sudo cinder-rootwrap /etc/cinder/rootwrap.conf truncate -s0 /opt/stack/data/cinder/mnt/1bd80152c1fd66bd6826dd47284cdbf0/volume-90604889-424a-4cdc-a28f-ef6a6c90f197.info" returned: 0 in 0.791s {{(pid=87452) execute /opt/stack/data/venv/lib/python3.12/site-packages/oslo_concurrency/processutils.py:468}}
Jul 10 00:36:31 devstack cinder-volume[87452]: WARNING cinder.volume.drivers.remotefs [None req-a70c36c6-e7f9-4083-ab9d-23eb1dc5d6b5 tempest-VolumesSnapshotListTestJSON-1854420341 None] /opt/stack/data/cinder/mnt/1bd80152c1fd66bd6826dd47284cdbf0/volume-90604889-424a-4cdc-a28f-ef6a6c90f197.info is being set with open permissions: ugo+rw
Jul 10 00:36:31 devstack cinder-volume[87452]: DEBUG oslo_concurrency.processutils [None req-a70c36c6-e7f9-4083-ab9d-23eb1dc5d6b5 tempest-VolumesSnapshotListTestJSON-1854420341 None] Running cmd (subprocess): sudo cinder-rootwrap /etc/cinder/rootwrap.conf chmod ugo+rw /opt/stack/data/cinder/mnt/1bd80152c1fd66bd6826dd47284cdbf0/volume-90604889-424a-4cdc-a28f-ef6a6c90f197.info {{(pid=87452) execute /opt/stack/data/venv/lib/python3.12/site-packages/oslo_concurrency/processutils.py:440}}
Jul 10 00:36:31 devstack sudo[93410]: quobyte : PWD=/ ; USER=root ; COMMAND=/opt/stack/data/venv/bin/cinder-rootwrap /etc/cinder/rootwrap.conf chmod ugo+rw /opt/stack/data/cinder/mnt/1bd80152c1fd66bd6826dd47284cdbf0/volume-90604889-424a-4cdc-a28f-ef6a6c90f197.info
Jul 10 00:36:31 devstack sudo[93410]: pam_unix(sudo:session): session opened for user root(uid=0) by (uid=1000)
Jul 10 00:36:32 devstack sudo[93410]: pam_unix(sudo:session): session closed for user root
Jul 10 00:36:32 devstack cinder-volume[87452]: DEBUG oslo_concurrency.processutils [None req-a70c36c6-e7f9-4083-ab9d-23eb1dc5d6b5 tempest-VolumesSnapshotListTestJSON-1854420341 None] CMD "sudo cinder-rootwrap /etc/cinder/rootwrap.conf chmod ugo+rw /opt/stack/data/cinder/mnt/1bd80152c1fd66bd6826dd47284cdbf0/volume-90604889-424a-4cdc-a28f-ef6a6c90f197.info" returned: 0 in 0.631s {{(pid=87452) execute /opt/stack/data/venv/lib/python3.12/site-packages/oslo_concurrency/processutils.py:468}}
Jul 10 00:36:32 devstack cinder-volume[87452]: DEBUG oslo_concurrency.lockutils [None req-a70c36c6-e7f9-4083-ab9d-23eb1dc5d6b5 tempest-VolumesSnapshotListTestJSON-1854420341 None] Lock "quobyte" "released" by "cinder.volume.drivers.quobyte.QuobyteDriver.create_snapshot" :: held 5.159s {{(pid=87452) inner /opt/stack/data/venv/lib/python3.12/site-packages/oslo_concurrency/lockutils.py:543}}
Jul 10 00:36:32 devstack cinder-volume[87452]: INFO cinder.volume.manager [None req-a70c36c6-e7f9-4083-ab9d-23eb1dc5d6b5 tempest-VolumesSnapshotListTestJSON-1854420341 None] Create snapshot completed successfully
Jul 10 00:36:33 devstack cinder-volume[87452]: DEBUG oslo_concurrency.lockutils [None req-8e5aef2f-bfac-495e-a72c-b8733aed2892 tempest-VolumesSnapshotListTestJSON-1854420341 None] Acquiring lock "quobyte" by "cinder.volume.drivers.quobyte.QuobyteDriver.create_snapshot" {{(pid=87452) inner /opt/stack/data/venv/lib/python3.12/site-packages/oslo_concurrency/lockutils.py:511}}
Jul 10 00:36:33 devstack cinder-volume[87452]: DEBUG oslo_concurrency.lockutils [None req-8e5aef2f-bfac-495e-a72c-b8733aed2892 tempest-VolumesSnapshotListTestJSON-1854420341 None] Lock "quobyte" acquired by "cinder.volume.drivers.quobyte.QuobyteDriver.create_snapshot" :: waited 0.001s {{(pid=87452) inner /opt/stack/data/venv/lib/python3.12/site-packages/oslo_concurrency/lockutils.py:524}}
Jul 10 00:36:33 devstack cinder-volume[87452]: DEBUG cinder.volume.drivers.remotefs [None req-8e5aef2f-bfac-495e-a72c-b8733aed2892 tempest-VolumesSnapshotListTestJSON-1854420341 None] Creating offline snapshot c9a3c267-59df-4f32-aa6b-0d5b92a06787 of volume 90604889-424a-4cdc-a28f-ef6a6c90f197 {{(pid=87452) _create_snapshot /opt/stack/cinder/cinder/volume/drivers/remotefs.py:1816}}
Jul 10 00:36:33 devstack cinder-volume[87452]: DEBUG oslo.privsep.daemon [-] privsep: reply[fe664b03-92c2-47ca-9a06-670bfababcfc]: (4, 'qcow2') {{(pid=88295) _call_back /opt/stack/data/venv/lib/python3.12/site-packages/oslo_privsep/daemon.py:580}}
Jul 10 00:36:33 devstack cinder-volume[87452]: DEBUG oslo_concurrency.processutils [None req-8e5aef2f-bfac-495e-a72c-b8733aed2892 tempest-VolumesSnapshotListTestJSON-1854420341 None] Running cmd (subprocess): /opt/stack/data/venv/bin/python3.12 -m oslo_concurrency.prlimit --as=1073741824 --cpu=60 -- sudo cinder-rootwrap /etc/cinder/rootwrap.conf env LC_ALL=C qemu-img info -f qcow2 --output=json --force-share /opt/stack/data/cinder/mnt/1bd80152c1fd66bd6826dd47284cdbf0/volume-90604889-424a-4cdc-a28f-ef6a6c90f197.220690ed-5b4e-4034-9f5e-59f0ba8e935d {{(pid=87452) execute /opt/stack/data/venv/lib/python3.12/site-packages/oslo_concurrency/processutils.py:440}}
Jul 10 00:36:34 devstack sudo[93434]: quobyte : PWD=/ ; USER=root ; COMMAND=/opt/stack/data/venv/bin/cinder-rootwrap /etc/cinder/rootwrap.conf env LC_ALL=C qemu-img info -f qcow2 --output=json --force-share /opt/stack/data/cinder/mnt/1bd80152c1fd66bd6826dd47284cdbf0/volume-90604889-424a-4cdc-a28f-ef6a6c90f197.220690ed-5b4e-4034-9f5e-59f0ba8e935d
Jul 10 00:36:34 devstack sudo[93434]: pam_unix(sudo:session): session opened for user root(uid=0) by (uid=1000)
Jul 10 00:36:34 devstack sudo[93434]: pam_unix(sudo:session): session closed for user root
Jul 10 00:36:34 devstack cinder-volume[87452]: DEBUG oslo_concurrency.processutils [None req-8e5aef2f-bfac-495e-a72c-b8733aed2892 tempest-VolumesSnapshotListTestJSON-1854420341 None] CMD "/opt/stack/data/venv/bin/python3.12 -m oslo_concurrency.prlimit --as=1073741824 --cpu=60 -- sudo cinder-rootwrap /etc/cinder/rootwrap.conf env LC_ALL=C qemu-img info -f qcow2 --output=json --force-share /opt/stack/data/cinder/mnt/1bd80152c1fd66bd6826dd47284cdbf0/volume-90604889-424a-4cdc-a28f-ef6a6c90f197.220690ed-5b4e-4034-9f5e-59f0ba8e935d" returned: 0 in 0.843s {{(pid=87452) execute /opt/stack/data/venv/lib/python3.12/site-packages/oslo_concurrency/processutils.py:468}}
Jul 10 00:36:34 devstack cinder-volume[87452]: DEBUG cinder.volume.drivers.remotefs [None req-8e5aef2f-bfac-495e-a72c-b8733aed2892 tempest-VolumesSnapshotListTestJSON-1854420341 None] Fetching qemu-img info with special backing_file_template: (/opt/stack/data/cinder/mnt/[0-9a-f]+/)?(volume-90604889-424a-4cdc-a28f-ef6a6c90f197(.(tmp-snap-)?[0-9a-f-]+)?|volume_from_snapshot_cache/(tmp-snap-)?[0-9a-f-]+(.(child-|parent-)[0-9a-f-]+)?)$ {{(pid=87452) _qemu_img_info_base /opt/stack/cinder/cinder/volume/drivers/remotefs.py:896}}
Jul 10 00:36:34 devstack cinder-volume[87452]: DEBUG oslo_concurrency.processutils [None req-8e5aef2f-bfac-495e-a72c-b8733aed2892 tempest-VolumesSnapshotListTestJSON-1854420341 None] Running cmd (subprocess): sudo cinder-rootwrap /etc/cinder/rootwrap.conf qemu-img create -f qcow2 -o backing_file=/opt/stack/data/cinder/mnt/1bd80152c1fd66bd6826dd47284cdbf0/volume-90604889-424a-4cdc-a28f-ef6a6c90f197.220690ed-5b4e-4034-9f5e-59f0ba8e935d,backing_fmt=qcow2 /opt/stack/data/cinder/mnt/1bd80152c1fd66bd6826dd47284cdbf0/volume-90604889-424a-4cdc-a28f-ef6a6c90f197.c9a3c267-59df-4f32-aa6b-0d5b92a06787 1G {{(pid=87452) execute /opt/stack/data/venv/lib/python3.12/site-packages/oslo_concurrency/processutils.py:440}}
Jul 10 00:36:34 devstack sudo[93442]: quobyte : PWD=/ ; USER=root ; COMMAND=/opt/stack/data/venv/bin/cinder-rootwrap /etc/cinder/rootwrap.conf qemu-img create -f qcow2 -o backing_file=/opt/stack/data/cinder/mnt/1bd80152c1fd66bd6826dd47284cdbf0/volume-90604889-424a-4cdc-a28f-ef6a6c90f197.220690ed-5b4e-4034-9f5e-59f0ba8e935d,backing_fmt=qcow2 /opt/stack/data/cinder/mnt/1bd80152c1fd66bd6826dd47284cdbf0/volume-90604889-424a-4cdc-a28f-ef6a6c90f197.c9a3c267-59df-4f32-aa6b-0d5b92a06787 1G
Jul 10 00:36:34 devstack sudo[93442]: pam_unix(sudo:session): session opened for user root(uid=0) by (uid=1000)
Jul 10 00:36:35 devstack sudo[93442]: pam_unix(sudo:session): session closed for user root
Jul 10 00:36:35 devstack cinder-volume[87452]: DEBUG oslo_concurrency.processutils [None req-8e5aef2f-bfac-495e-a72c-b8733aed2892 tempest-VolumesSnapshotListTestJSON-1854420341 None] CMD "sudo cinder-rootwrap /etc/cinder/rootwrap.conf qemu-img create -f qcow2 -o backing_file=/opt/stack/data/cinder/mnt/1bd80152c1fd66bd6826dd47284cdbf0/volume-90604889-424a-4cdc-a28f-ef6a6c90f197.220690ed-5b4e-4034-9f5e-59f0ba8e935d,backing_fmt=qcow2 /opt/stack/data/cinder/mnt/1bd80152c1fd66bd6826dd47284cdbf0/volume-90604889-424a-4cdc-a28f-ef6a6c90f197.c9a3c267-59df-4f32-aa6b-0d5b92a06787 1G" returned: 0 in 0.877s {{(pid=87452) execute /opt/stack/data/venv/lib/python3.12/site-packages/oslo_concurrency/processutils.py:468}}
Jul 10 00:36:35 devstack cinder-volume[87452]: DEBUG oslo_concurrency.processutils [None req-8e5aef2f-bfac-495e-a72c-b8733aed2892 tempest-VolumesSnapshotListTestJSON-1854420341 None] Running cmd (subprocess): sudo cinder-rootwrap /etc/cinder/rootwrap.conf qemu-img rebase -u -b volume-90604889-424a-4cdc-a28f-ef6a6c90f197.220690ed-5b4e-4034-9f5e-59f0ba8e935d -F qcow2 /opt/stack/data/cinder/mnt/1bd80152c1fd66bd6826dd47284cdbf0/volume-90604889-424a-4cdc-a28f-ef6a6c90f197.c9a3c267-59df-4f32-aa6b-0d5b92a06787 {{(pid=87452) execute /opt/stack/data/venv/lib/python3.12/site-packages/oslo_concurrency/processutils.py:440}}
Jul 10 00:36:35 devstack sudo[93448]: quobyte : PWD=/ ; USER=root ; COMMAND=/opt/stack/data/venv/bin/cinder-rootwrap /etc/cinder/rootwrap.conf qemu-img rebase -u -b volume-90604889-424a-4cdc-a28f-ef6a6c90f197.220690ed-5b4e-4034-9f5e-59f0ba8e935d -F qcow2 /opt/stack/data/cinder/mnt/1bd80152c1fd66bd6826dd47284cdbf0/volume-90604889-424a-4cdc-a28f-ef6a6c90f197.c9a3c267-59df-4f32-aa6b-0d5b92a06787
Jul 10 00:36:35 devstack sudo[93448]: pam_unix(sudo:session): session opened for user root(uid=0) by (uid=1000)
Jul 10 00:36:36 devstack sudo[93448]: pam_unix(sudo:session): session closed for user root
Jul 10 00:36:36 devstack cinder-volume[87452]: DEBUG oslo_concurrency.processutils [None req-8e5aef2f-bfac-495e-a72c-b8733aed2892 tempest-VolumesSnapshotListTestJSON-1854420341 None] CMD "sudo cinder-rootwrap /etc/cinder/rootwrap.conf qemu-img rebase -u -b volume-90604889-424a-4cdc-a28f-ef6a6c90f197.220690ed-5b4e-4034-9f5e-59f0ba8e935d -F qcow2 /opt/stack/data/cinder/mnt/1bd80152c1fd66bd6826dd47284cdbf0/volume-90604889-424a-4cdc-a28f-ef6a6c90f197.c9a3c267-59df-4f32-aa6b-0d5b92a06787" returned: 0 in 0.792s {{(pid=87452) execute /opt/stack/data/venv/lib/python3.12/site-packages/oslo_concurrency/processutils.py:468}}
Jul 10 00:36:36 devstack cinder-volume[87452]: WARNING cinder.volume.drivers.remotefs [None req-8e5aef2f-bfac-495e-a72c-b8733aed2892 tempest-VolumesSnapshotListTestJSON-1854420341 None] /opt/stack/data/cinder/mnt/1bd80152c1fd66bd6826dd47284cdbf0/volume-90604889-424a-4cdc-a28f-ef6a6c90f197.c9a3c267-59df-4f32-aa6b-0d5b92a06787 is being set with open permissions: ugo+rw
Jul 10 00:36:36 devstack cinder-volume[87452]: DEBUG oslo_concurrency.processutils [None req-8e5aef2f-bfac-495e-a72c-b8733aed2892 tempest-VolumesSnapshotListTestJSON-1854420341 None] Running cmd (subprocess): sudo cinder-rootwrap /etc/cinder/rootwrap.conf chmod ugo+rw /opt/stack/data/cinder/mnt/1bd80152c1fd66bd6826dd47284cdbf0/volume-90604889-424a-4cdc-a28f-ef6a6c90f197.c9a3c267-59df-4f32-aa6b-0d5b92a06787 {{(pid=87452) execute /opt/stack/data/venv/lib/python3.12/site-packages/oslo_concurrency/processutils.py:440}}
Jul 10 00:36:36 devstack sudo[93453]: quobyte : PWD=/ ; USER=root ; COMMAND=/opt/stack/data/venv/bin/cinder-rootwrap /etc/cinder/rootwrap.conf chmod ugo+rw /opt/stack/data/cinder/mnt/1bd80152c1fd66bd6826dd47284cdbf0/volume-90604889-424a-4cdc-a28f-ef6a6c90f197.c9a3c267-59df-4f32-aa6b-0d5b92a06787
Jul 10 00:36:36 devstack sudo[93453]: pam_unix(sudo:session): session opened for user root(uid=0) by (uid=1000)
Jul 10 00:36:37 devstack sudo[93453]: pam_unix(sudo:session): session closed for user root
Jul 10 00:36:37 devstack cinder-volume[87452]: DEBUG oslo_concurrency.processutils [None req-8e5aef2f-bfac-495e-a72c-b8733aed2892 tempest-VolumesSnapshotListTestJSON-1854420341 None] CMD "sudo cinder-rootwrap /etc/cinder/rootwrap.conf chmod ugo+rw /opt/stack/data/cinder/mnt/1bd80152c1fd66bd6826dd47284cdbf0/volume-90604889-424a-4cdc-a28f-ef6a6c90f197.c9a3c267-59df-4f32-aa6b-0d5b92a06787" returned: 0 in 0.635s {{(pid=87452) execute /opt/stack/data/venv/lib/python3.12/site-packages/oslo_concurrency/processutils.py:468}}
Jul 10 00:36:37 devstack cinder-volume[87452]: DEBUG oslo_concurrency.lockutils [None req-8e5aef2f-bfac-495e-a72c-b8733aed2892 tempest-VolumesSnapshotListTestJSON-1854420341 None] Lock "quobyte" "released" by "cinder.volume.drivers.quobyte.QuobyteDriver.create_snapshot" :: held 3.310s {{(pid=87452) inner /opt/stack/data/venv/lib/python3.12/site-packages/oslo_concurrency/lockutils.py:543}}
