Jul 10 00:31:34 devstack cinder-volume[87452]: INFO cinder.volume.drivers.remotefs [None req-84c7a32a-ca02-4568-ae21-df2c1cb6cd5c tempest-SnapshotsActionsTest-608866669 None] casted to osci02.corp.quobyte.com/cinder-vol-520b10c3-b055-4ab8-9b6b-8546a3a233df
Jul 10 00:31:34 devstack cinder-volume[87452]: DEBUG oslo_concurrency.processutils [None req-84c7a32a-ca02-4568-ae21-df2c1cb6cd5c tempest-SnapshotsActionsTest-608866669 None] Running cmd (subprocess): sudo cinder-rootwrap /etc/cinder/rootwrap.conf qemu-img create -f qcow2 -o preallocation=metadata /opt/stack/data/cinder/mnt/1bd80152c1fd66bd6826dd47284cdbf0/volume-cac20313-8a3e-4ce9-ba4e-34d81cd80cf6 1073741824 {{(pid=87452) execute /opt/stack/data/venv/lib/python3.12/site-packages/oslo_concurrency/processutils.py:440}}
Jul 10 00:31:34 devstack sudo[88500]: quobyte : PWD=/ ; USER=root ; COMMAND=/opt/stack/data/venv/bin/cinder-rootwrap /etc/cinder/rootwrap.conf qemu-img create -f qcow2 -o preallocation=metadata /opt/stack/data/cinder/mnt/1bd80152c1fd66bd6826dd47284cdbf0/volume-cac20313-8a3e-4ce9-ba4e-34d81cd80cf6 1073741824
Jul 10 00:31:34 devstack sudo[88500]: pam_unix(sudo:session): session opened for user root(uid=0) by (uid=1000)
Jul 10 00:31:35 devstack sudo[88500]: pam_unix(sudo:session): session closed for user root
Jul 10 00:31:35 devstack cinder-volume[87452]: DEBUG oslo_concurrency.processutils [None req-84c7a32a-ca02-4568-ae21-df2c1cb6cd5c tempest-SnapshotsActionsTest-608866669 None] CMD "sudo cinder-rootwrap /etc/cinder/rootwrap.conf qemu-img create -f qcow2 -o preallocation=metadata /opt/stack/data/cinder/mnt/1bd80152c1fd66bd6826dd47284cdbf0/volume-cac20313-8a3e-4ce9-ba4e-34d81cd80cf6 1073741824" returned: 0 in 1.123s {{(pid=87452) execute /opt/stack/data/venv/lib/python3.12/site-packages/oslo_concurrency/processutils.py:468}}
Jul 10 00:31:35 devstack cinder-volume[87452]: DEBUG oslo_concurrency.processutils [None req-84c7a32a-ca02-4568-ae21-df2c1cb6cd5c tempest-SnapshotsActionsTest-608866669 None] Running cmd (subprocess): sudo cinder-rootwrap /etc/cinder/rootwrap.conf chmod ugo+rw /opt/stack/data/cinder/mnt/1bd80152c1fd66bd6826dd47284cdbf0/volume-cac20313-8a3e-4ce9-ba4e-34d81cd80cf6 {{(pid=87452) execute /opt/stack/data/venv/lib/python3.12/site-packages/oslo_concurrency/processutils.py:440}}
Jul 10 00:31:35 devstack sudo[88507]: quobyte : PWD=/ ; USER=root ; COMMAND=/opt/stack/data/venv/bin/cinder-rootwrap /etc/cinder/rootwrap.conf chmod ugo+rw /opt/stack/data/cinder/mnt/1bd80152c1fd66bd6826dd47284cdbf0/volume-cac20313-8a3e-4ce9-ba4e-34d81cd80cf6
Jul 10 00:31:35 devstack sudo[88507]: pam_unix(sudo:session): session opened for user root(uid=0) by (uid=1000)
Jul 10 00:31:36 devstack sudo[88507]: pam_unix(sudo:session): session closed for user root
Jul 10 00:31:36 devstack cinder-volume[87452]: DEBUG oslo_concurrency.processutils [None req-84c7a32a-ca02-4568-ae21-df2c1cb6cd5c tempest-SnapshotsActionsTest-608866669 None] CMD "sudo cinder-rootwrap /etc/cinder/rootwrap.conf chmod ugo+rw /opt/stack/data/cinder/mnt/1bd80152c1fd66bd6826dd47284cdbf0/volume-cac20313-8a3e-4ce9-ba4e-34d81cd80cf6" returned: 0 in 0.807s {{(pid=87452) execute /opt/stack/data/venv/lib/python3.12/site-packages/oslo_concurrency/processutils.py:468}}
Jul 10 00:31:36 devstack cinder-volume[87452]: DEBUG cinder.volume.drivers.quobyte [None req-84c7a32a-ca02-4568-ae21-df2c1cb6cd5c tempest-SnapshotsActionsTest-608866669 None] <== create_volume: return (2013ms) {'provider_location': 'osci02.corp.quobyte.com/cinder-vol-520b10c3-b055-4ab8-9b6b-8546a3a233df'} {{(pid=87452) trace_logging_wrapper /opt/stack/cinder/cinder/volume/volume_utils.py:1522}}
Jul 10 00:31:36 devstack cinder-volume[87452]: DEBUG oslo_concurrency.lockutils [None req-84c7a32a-ca02-4568-ae21-df2c1cb6cd5c tempest-SnapshotsActionsTest-608866669 None] Lock "quobyte" "released" by "cinder.volume.drivers.quobyte.QuobyteDriver.create_volume" :: held 2.016s {{(pid=87452) inner /opt/stack/data/venv/lib/python3.12/site-packages/oslo_concurrency/lockutils.py:543}}
Jul 10 00:31:36 devstack cinder-volume[87452]: DEBUG cinder.volume.manager [None req-84c7a32a-ca02-4568-ae21-df2c1cb6cd5c tempest-SnapshotsActionsTest-608866669 None] Task 'cinder.volume.flows.manager.create_volume.CreateVolumeFromSpecTask;volume:create' (3efdaa66-a676-43fa-9695-c2d427783f1b) transitioned into state 'SUCCESS' from state 'RUNNING' with result '{'status': 'creating', 'volume_name': 'volume-cac20313-8a3e-4ce9-ba4e-34d81cd80cf6', 'volume_size': 1}' {{(pid=87452) _task_receiver /opt/stack/data/venv/lib/python3.12/site-packages/taskflow/listeners/logging.py:218}}
Jul 10 00:31:36 devstack cinder-volume[87452]: DEBUG cinder.volume.manager [None req-84c7a32a-ca02-4568-ae21-df2c1cb6cd5c tempest-SnapshotsActionsTest-608866669 None] Task 'cinder.volume.flows.manager.create_volume.CreateVolumeOnFinishTask;volume:create, create.end' (af45658b-52f2-4c25-8072-fc4c68c4d973) transitioned into state 'RUNNING' from state 'PENDING' {{(pid=87452) _task_receiver /opt/stack/data/venv/lib/python3.12/site-packages/taskflow/listeners/logging.py:242}}
Jul 10 00:31:36 devstack cinder-volume[87452]: INFO cinder.volume.flows.manager.create_volume [None req-84c7a32a-ca02-4568-ae21-df2c1cb6cd5c tempest-SnapshotsActionsTest-608866669 None] Volume volume-cac20313-8a3e-4ce9-ba4e-34d81cd80cf6 (cac20313-8a3e-4ce9-ba4e-34d81cd80cf6): created successfully
Jul 10 00:31:36 devstack cinder-volume[87452]: DEBUG cinder.volume.manager [None req-84c7a32a-ca02-4568-ae21-df2c1cb6cd5c tempest-SnapshotsActionsTest-608866669 None] Task 'cinder.volume.flows.manager.create_volume.CreateVolumeOnFinishTask;volume:create, create.end' (af45658b-52f2-4c25-8072-fc4c68c4d973) transitioned into state 'SUCCESS' from state 'RUNNING' with result 'None' {{(pid=87452) _task_receiver /opt/stack/data/venv/lib/python3.12/site-packages/taskflow/listeners/logging.py:218}}
Jul 10 00:31:36 devstack cinder-volume[87452]: DEBUG cinder.volume.manager [None req-84c7a32a-ca02-4568-ae21-df2c1cb6cd5c tempest-SnapshotsActionsTest-608866669 None] Flow 'volume_create_manager' (bef837d3-8e9a-4bf2-9e92-72c581ec018b) transitioned into state 'SUCCESS' from state 'RUNNING' {{(pid=87452) _flow_receiver /opt/stack/data/venv/lib/python3.12/site-packages/taskflow/listeners/logging.py:160}}
Jul 10 00:31:36 devstack cinder-volume[87452]: INFO cinder.volume.manager [None req-84c7a32a-ca02-4568-ae21-df2c1cb6cd5c tempest-SnapshotsActionsTest-608866669 None] Created volume successfully.
Jul 10 00:31:37 devstack cinder-volume[87452]: DEBUG oslo_concurrency.lockutils [None req-5638ff94-204a-47a7-81bd-fd9ddd2b13fb tempest-SnapshotsActionsTest-608866669 None] Acquiring lock "quobyte" by "cinder.volume.drivers.quobyte.QuobyteDriver.create_snapshot" {{(pid=87452) inner /opt/stack/data/venv/lib/python3.12/site-packages/oslo_concurrency/lockutils.py:511}}
Jul 10 00:31:37 devstack cinder-volume[87452]: DEBUG oslo_concurrency.lockutils [None req-5638ff94-204a-47a7-81bd-fd9ddd2b13fb tempest-SnapshotsActionsTest-608866669 None] Lock "quobyte" acquired by "cinder.volume.drivers.quobyte.QuobyteDriver.create_snapshot" :: waited 0.001s {{(pid=87452) inner /opt/stack/data/venv/lib/python3.12/site-packages/oslo_concurrency/lockutils.py:524}}
Jul 10 00:31:37 devstack cinder-volume[87452]: DEBUG cinder.volume.drivers.remotefs [None req-5638ff94-204a-47a7-81bd-fd9ddd2b13fb tempest-SnapshotsActionsTest-608866669 None] Creating offline snapshot 4c97b2d7-006c-4b67-ab6e-07d79e40ecb5 of volume cac20313-8a3e-4ce9-ba4e-34d81cd80cf6 {{(pid=87452) _create_snapshot /opt/stack/cinder/cinder/volume/drivers/remotefs.py:1816}}
Jul 10 00:31:37 devstack cinder-volume[87452]: DEBUG oslo.privsep.daemon [-] privsep: reply[1d8c263f-7159-40fd-b90f-6a35864aa1ff]: (4, 'qcow2') {{(pid=88295) _call_back /opt/stack/data/venv/lib/python3.12/site-packages/oslo_privsep/daemon.py:580}}
Jul 10 00:31:37 devstack cinder-volume[87452]: DEBUG oslo_concurrency.processutils [None req-5638ff94-204a-47a7-81bd-fd9ddd2b13fb tempest-SnapshotsActionsTest-608866669 None] Running cmd (subprocess): /opt/stack/data/venv/bin/python3.12 -m oslo_concurrency.prlimit --as=1073741824 --cpu=60 -- sudo cinder-rootwrap /etc/cinder/rootwrap.conf env LC_ALL=C qemu-img info -f qcow2 --output=json --force-share /opt/stack/data/cinder/mnt/1bd80152c1fd66bd6826dd47284cdbf0/volume-cac20313-8a3e-4ce9-ba4e-34d81cd80cf6 {{(pid=87452) execute /opt/stack/data/venv/lib/python3.12/site-packages/oslo_concurrency/processutils.py:440}}
Jul 10 00:31:37 devstack sudo[88516]: quobyte : PWD=/ ; USER=root ; COMMAND=/opt/stack/data/venv/bin/cinder-rootwrap /etc/cinder/rootwrap.conf env LC_ALL=C qemu-img info -f qcow2 --output=json --force-share /opt/stack/data/cinder/mnt/1bd80152c1fd66bd6826dd47284cdbf0/volume-cac20313-8a3e-4ce9-ba4e-34d81cd80cf6
Jul 10 00:31:37 devstack sudo[88516]: pam_unix(sudo:session): session opened for user root(uid=0) by (uid=1000)
Jul 10 00:31:38 devstack sudo[88516]: pam_unix(sudo:session): session closed for user root
Jul 10 00:31:38 devstack cinder-volume[87452]: DEBUG oslo_concurrency.processutils [None req-5638ff94-204a-47a7-81bd-fd9ddd2b13fb tempest-SnapshotsActionsTest-608866669 None] CMD "/opt/stack/data/venv/bin/python3.12 -m oslo_concurrency.prlimit --as=1073741824 --cpu=60 -- sudo cinder-rootwrap /etc/cinder/rootwrap.conf env LC_ALL=C qemu-img info -f qcow2 --output=json --force-share /opt/stack/data/cinder/mnt/1bd80152c1fd66bd6826dd47284cdbf0/volume-cac20313-8a3e-4ce9-ba4e-34d81cd80cf6" returned: 0 in 0.903s {{(pid=87452) execute /opt/stack/data/venv/lib/python3.12/site-packages/oslo_concurrency/processutils.py:468}}
Jul 10 00:31:38 devstack cinder-volume[87452]: DEBUG oslo_concurrency.processutils [None req-5638ff94-204a-47a7-81bd-fd9ddd2b13fb tempest-SnapshotsActionsTest-608866669 None] Running cmd (subprocess): sudo cinder-rootwrap /etc/cinder/rootwrap.conf qemu-img create -f qcow2 -o backing_file=/opt/stack/data/cinder/mnt/1bd80152c1fd66bd6826dd47284cdbf0/volume-cac20313-8a3e-4ce9-ba4e-34d81cd80cf6,backing_fmt=qcow2 /opt/stack/data/cinder/mnt/1bd80152c1fd66bd6826dd47284cdbf0/volume-cac20313-8a3e-4ce9-ba4e-34d81cd80cf6.4c97b2d7-006c-4b67-ab6e-07d79e40ecb5 1G {{(pid=87452) execute /opt/stack/data/venv/lib/python3.12/site-packages/oslo_concurrency/processutils.py:440}}
Jul 10 00:31:38 devstack sudo[88522]: quobyte : PWD=/ ; USER=root ; COMMAND=/opt/stack/data/venv/bin/cinder-rootwrap /etc/cinder/rootwrap.conf qemu-img create -f qcow2 -o backing_file=/opt/stack/data/cinder/mnt/1bd80152c1fd66bd6826dd47284cdbf0/volume-cac20313-8a3e-4ce9-ba4e-34d81cd80cf6,backing_fmt=qcow2 /opt/stack/data/cinder/mnt/1bd80152c1fd66bd6826dd47284cdbf0/volume-cac20313-8a3e-4ce9-ba4e-34d81cd80cf6.4c97b2d7-006c-4b67-ab6e-07d79e40ecb5 1G
Jul 10 00:31:38 devstack sudo[88522]: pam_unix(sudo:session): session opened for user root(uid=0) by (uid=1000)
Jul 10 00:31:39 devstack sudo[88522]: pam_unix(sudo:session): session closed for user root
Jul 10 00:31:39 devstack cinder-volume[87452]: DEBUG oslo_concurrency.processutils [None req-5638ff94-204a-47a7-81bd-fd9ddd2b13fb tempest-SnapshotsActionsTest-608866669 None] CMD "sudo cinder-rootwrap /etc/cinder/rootwrap.conf qemu-img create -f qcow2 -o backing_file=/opt/stack/data/cinder/mnt/1bd80152c1fd66bd6826dd47284cdbf0/volume-cac20313-8a3e-4ce9-ba4e-34d81cd80cf6,backing_fmt=qcow2 /opt/stack/data/cinder/mnt/1bd80152c1fd66bd6826dd47284cdbf0/volume-cac20313-8a3e-4ce9-ba4e-34d81cd80cf6.4c97b2d7-006c-4b67-ab6e-07d79e40ecb5 1G" returned: 0 in 0.988s {{(pid=87452) execute /opt/stack/data/venv/lib/python3.12/site-packages/oslo_concurrency/processutils.py:468}}
Jul 10 00:31:39 devstack cinder-volume[87452]: DEBUG oslo_concurrency.processutils [None req-5638ff94-204a-47a7-81bd-fd9ddd2b13fb tempest-SnapshotsActionsTest-608866669 None] Running cmd (subprocess): sudo cinder-rootwrap /etc/cinder/rootwrap.conf qemu-img rebase -u -b volume-cac20313-8a3e-4ce9-ba4e-34d81cd80cf6 -F qcow2 /opt/stack/data/cinder/mnt/1bd80152c1fd66bd6826dd47284cdbf0/volume-cac20313-8a3e-4ce9-ba4e-34d81cd80cf6.4c97b2d7-006c-4b67-ab6e-07d79e40ecb5 {{(pid=87452) execute /opt/stack/data/venv/lib/python3.12/site-packages/oslo_concurrency/processutils.py:440}}
Jul 10 00:31:39 devstack sudo[88529]: quobyte : PWD=/ ; USER=root ; COMMAND=/opt/stack/data/venv/bin/cinder-rootwrap /etc/cinder/rootwrap.conf qemu-img rebase -u -b volume-cac20313-8a3e-4ce9-ba4e-34d81cd80cf6 -F qcow2 /opt/stack/data/cinder/mnt/1bd80152c1fd66bd6826dd47284cdbf0/volume-cac20313-8a3e-4ce9-ba4e-34d81cd80cf6.4c97b2d7-006c-4b67-ab6e-07d79e40ecb5
Jul 10 00:31:39 devstack sudo[88529]: pam_unix(sudo:session): session opened for user root(uid=0) by (uid=1000)
Jul 10 00:31:40 devstack sudo[88529]: pam_unix(sudo:session): session closed for user root
Jul 10 00:31:40 devstack cinder-volume[87452]: DEBUG oslo_concurrency.processutils [None req-5638ff94-204a-47a7-81bd-fd9ddd2b13fb tempest-SnapshotsActionsTest-608866669 None] CMD "sudo cinder-rootwrap /etc/cinder/rootwrap.conf qemu-img rebase -u -b volume-cac20313-8a3e-4ce9-ba4e-34d81cd80cf6 -F qcow2 /opt/stack/data/cinder/mnt/1bd80152c1fd66bd6826dd47284cdbf0/volume-cac20313-8a3e-4ce9-ba4e-34d81cd80cf6.4c97b2d7-006c-4b67-ab6e-07d79e40ecb5" returned: 0 in 0.983s {{(pid=87452) execute /opt/stack/data/venv/lib/python3.12/site-packages/oslo_concurrency/processutils.py:468}}
Jul 10 00:31:40 devstack cinder-volume[87452]: WARNING cinder.volume.drivers.remotefs [None req-5638ff94-204a-47a7-81bd-fd9ddd2b13fb tempest-SnapshotsActionsTest-608866669 None] /opt/stack/data/cinder/mnt/1bd80152c1fd66bd6826dd47284cdbf0/volume-cac20313-8a3e-4ce9-ba4e-34d81cd80cf6.4c97b2d7-006c-4b67-ab6e-07d79e40ecb5 is being set with open permissions: ugo+rw
Jul 10 00:31:40 devstack cinder-volume[87452]: DEBUG oslo_concurrency.processutils [None req-5638ff94-204a-47a7-81bd-fd9ddd2b13fb tempest-SnapshotsActionsTest-608866669 None] Running cmd (subprocess): sudo cinder-rootwrap /etc/cinder/rootwrap.conf chmod ugo+rw /opt/stack/data/cinder/mnt/1bd80152c1fd66bd6826dd47284cdbf0/volume-cac20313-8a3e-4ce9-ba4e-34d81cd80cf6.4c97b2d7-006c-4b67-ab6e-07d79e40ecb5 {{(pid=87452) execute /opt/stack/data/venv/lib/python3.12/site-packages/oslo_concurrency/processutils.py:440}}
Jul 10 00:31:40 devstack sudo[88534]: quobyte : PWD=/ ; USER=root ; COMMAND=/opt/stack/data/venv/bin/cinder-rootwrap /etc/cinder/rootwrap.conf chmod ugo+rw /opt/stack/data/cinder/mnt/1bd80152c1fd66bd6826dd47284cdbf0/volume-cac20313-8a3e-4ce9-ba4e-34d81cd80cf6.4c97b2d7-006c-4b67-ab6e-07d79e40ecb5
Jul 10 00:31:40 devstack sudo[88534]: pam_unix(sudo:session): session opened for user root(uid=0) by (uid=1000)
Jul 10 00:31:41 devstack sudo[88534]: pam_unix(sudo:session): session closed for user root
Jul 10 00:31:41 devstack cinder-volume[87452]: DEBUG oslo_concurrency.processutils [None req-5638ff94-204a-47a7-81bd-fd9ddd2b13fb tempest-SnapshotsActionsTest-608866669 None] CMD "sudo cinder-rootwrap /etc/cinder/rootwrap.conf chmod ugo+rw /opt/stack/data/cinder/mnt/1bd80152c1fd66bd6826dd47284cdbf0/volume-cac20313-8a3e-4ce9-ba4e-34d81cd80cf6.4c97b2d7-006c-4b67-ab6e-07d79e40ecb5" returned: 0 in 0.929s {{(pid=87452) execute /opt/stack/data/venv/lib/python3.12/site-packages/oslo_concurrency/processutils.py:468}}
Jul 10 00:31:41 devstack cinder-volume[87452]: DEBUG oslo_concurrency.processutils [None req-5638ff94-204a-47a7-81bd-fd9ddd2b13fb tempest-SnapshotsActionsTest-608866669 None] Running cmd (subprocess): sudo cinder-rootwrap /etc/cinder/rootwrap.conf truncate -s0 /opt/stack/data/cinder/mnt/1bd80152c1fd66bd6826dd47284cdbf0/volume-cac20313-8a3e-4ce9-ba4e-34d81cd80cf6.info {{(pid=87452) execute /opt/stack/data/venv/lib/python3.12/site-packages/oslo_concurrency/processutils.py:440}}
Jul 10 00:31:41 devstack sudo[88537]: quobyte : PWD=/ ; USER=root ; COMMAND=/opt/stack/data/venv/bin/cinder-rootwrap /etc/cinder/rootwrap.conf truncate -s0 /opt/stack/data/cinder/mnt/1bd80152c1fd66bd6826dd47284cdbf0/volume-cac20313-8a3e-4ce9-ba4e-34d81cd80cf6.info
Jul 10 00:31:41 devstack sudo[88537]: pam_unix(sudo:session): session opened for user root(uid=0) by (uid=1000)
Jul 10 00:31:42 devstack sudo[88537]: pam_unix(sudo:session): session closed for user root
Jul 10 00:31:42 devstack cinder-volume[87452]: DEBUG oslo_concurrency.processutils [None req-5638ff94-204a-47a7-81bd-fd9ddd2b13fb tempest-SnapshotsActionsTest-608866669 None] CMD "sudo cinder-rootwrap /etc/cinder/rootwrap.conf truncate -s0 /opt/stack/data/cinder/mnt/1bd80152c1fd66bd6826dd47284cdbf0/volume-cac20313-8a3e-4ce9-ba4e-34d81cd80cf6.info" returned: 0 in 0.916s {{(pid=87452) execute /opt/stack/data/venv/lib/python3.12/site-packages/oslo_concurrency/processutils.py:468}}
Jul 10 00:31:42 devstack cinder-volume[87452]: WARNING cinder.volume.drivers.remotefs [None req-5638ff94-204a-47a7-81bd-fd9ddd2b13fb tempest-SnapshotsActionsTest-608866669 None] /opt/stack/data/cinder/mnt/1bd80152c1fd66bd6826dd47284cdbf0/volume-cac20313-8a3e-4ce9-ba4e-34d81cd80cf6.info is being set with open permissions: ugo+rw
Jul 10 00:31:42 devstack cinder-volume[87452]: DEBUG oslo_concurrency.processutils [None req-5638ff94-204a-47a7-81bd-fd9ddd2b13fb tempest-SnapshotsActionsTest-608866669 None] Running cmd (subprocess): sudo cinder-rootwrap /etc/cinder/rootwrap.conf chmod ugo+rw /opt/stack/data/cinder/mnt/1bd80152c1fd66bd6826dd47284cdbf0/volume-cac20313-8a3e-4ce9-ba4e-34d81cd80cf6.info {{(pid=87452) execute /opt/stack/data/venv/lib/python3.12/site-packages/oslo_concurrency/processutils.py:440}}
Jul 10 00:31:42 devstack sudo[88541]: quobyte : PWD=/ ; USER=root ; COMMAND=/opt/stack/data/venv/bin/cinder-rootwrap /etc/cinder/rootwrap.conf chmod ugo+rw /opt/stack/data/cinder/mnt/1bd80152c1fd66bd6826dd47284cdbf0/volume-cac20313-8a3e-4ce9-ba4e-34d81cd80cf6.info
Jul 10 00:31:42 devstack sudo[88541]: pam_unix(sudo:session): session opened for user root(uid=0) by (uid=1000)
Jul 10 00:31:43 devstack sudo[88541]: pam_unix(sudo:session): session closed for user root
Jul 10 00:31:43 devstack cinder-volume[87452]: DEBUG oslo_concurrency.processutils [None req-5638ff94-204a-47a7-81bd-fd9ddd2b13fb tempest-SnapshotsActionsTest-608866669 None] CMD "sudo cinder-rootwrap /etc/cinder/rootwrap.conf chmod ugo+rw /opt/stack/data/cinder/mnt/1bd80152c1fd66bd6826dd47284cdbf0/volume-cac20313-8a3e-4ce9-ba4e-34d81cd80cf6.info" returned: 0 in 0.860s {{(pid=87452) execute /opt/stack/data/venv/lib/python3.12/site-packages/oslo_concurrency/processutils.py:468}}
Jul 10 00:31:43 devstack cinder-volume[87452]: DEBUG oslo_concurrency.lockutils [None req-5638ff94-204a-47a7-81bd-fd9ddd2b13fb tempest-SnapshotsActionsTest-608866669 None] Lock "quobyte" "released" by "cinder.volume.drivers.quobyte.QuobyteDriver.create_snapshot" :: held 5.728s {{(pid=87452) inner /opt/stack/data/venv/lib/python3.12/site-packages/oslo_concurrency/lockutils.py:543}}
Jul 10 00:31:43 devstack cinder-volume[87452]: INFO cinder.volume.manager [None req-5638ff94-204a-47a7-81bd-fd9ddd2b13fb tempest-SnapshotsActionsTest-608866669 None] Create snapshot completed successfully
Jul 10 00:31:44 devstack cinder-volume[87452]: DEBUG oslo_concurrency.lockutils [None req-f1432b3a-8b37-4113-a305-082e21522e15 tempest-SnapshotsActionsTest-608866669 None] Acquiring lock "quobyte" by "cinder.volume.drivers.quobyte.QuobyteDriver.create_snapshot" {{(pid=87452) inner /opt/stack/data/venv/lib/python3.12/site-packages/oslo_concurrency/lockutils.py:511}}
Jul 10 00:31:44 devstack cinder-volume[87452]: DEBUG oslo_concurrency.lockutils [None req-f1432b3a-8b37-4113-a305-082e21522e15 tempest-SnapshotsActionsTest-608866669 None] Lock "quobyte" acquired by "cinder.volume.drivers.quobyte.QuobyteDriver.create_snapshot" :: waited 0.003s {{(pid=87452) inner /opt/stack/data/venv/lib/python3.12/site-packages/oslo_concurrency/lockutils.py:524}}
Jul 10 00:31:44 devstack cinder-volume[87452]: DEBUG cinder.volume.drivers.remotefs [None req-f1432b3a-8b37-4113-a305-082e21522e15 tempest-SnapshotsActionsTest-608866669 None] Creating offline snapshot 43e69e21-be71-4757-872d-88b976f258df of volume cac20313-8a3e-4ce9-ba4e-34d81cd80cf6 {{(pid=87452) _create_snapshot /opt/stack/cinder/cinder/volume/drivers/remotefs.py:1816}}
Jul 10 00:31:44 devstack cinder-volume[87452]: DEBUG oslo.privsep.daemon [-] privsep: reply[5ede92c7-3ae1-4841-a65a-73b008d9b5d9]: (4, 'qcow2') {{(pid=88295) _call_back /opt/stack/data/venv/lib/python3.12/site-packages/oslo_privsep/daemon.py:580}}
Jul 10 00:31:44 devstack cinder-volume[87452]: DEBUG oslo_concurrency.processutils [None req-f1432b3a-8b37-4113-a305-082e21522e15 tempest-SnapshotsActionsTest-608866669 None] Running cmd (subprocess): /opt/stack/data/venv/bin/python3.12 -m oslo_concurrency.prlimit --as=1073741824 --cpu=60 -- sudo cinder-rootwrap /etc/cinder/rootwrap.conf env LC_ALL=C qemu-img info -f qcow2 --output=json --force-share /opt/stack/data/cinder/mnt/1bd80152c1fd66bd6826dd47284cdbf0/volume-cac20313-8a3e-4ce9-ba4e-34d81cd80cf6.4c97b2d7-006c-4b67-ab6e-07d79e40ecb5 {{(pid=87452) execute /opt/stack/data/venv/lib/python3.12/site-packages/oslo_concurrency/processutils.py:440}}
Jul 10 00:31:45 devstack sudo[88575]: quobyte : PWD=/ ; USER=root ; COMMAND=/opt/stack/data/venv/bin/cinder-rootwrap /etc/cinder/rootwrap.conf env LC_ALL=C qemu-img info -f qcow2 --output=json --force-share /opt/stack/data/cinder/mnt/1bd80152c1fd66bd6826dd47284cdbf0/volume-cac20313-8a3e-4ce9-ba4e-34d81cd80cf6.4c97b2d7-006c-4b67-ab6e-07d79e40ecb5
Jul 10 00:31:45 devstack sudo[88575]: pam_unix(sudo:session): session opened for user root(uid=0) by (uid=1000)
Jul 10 00:31:45 devstack sudo[88575]: pam_unix(sudo:session): session closed for user root
Jul 10 00:31:45 devstack cinder-volume[87452]: DEBUG oslo_concurrency.processutils [None req-f1432b3a-8b37-4113-a305-082e21522e15 tempest-SnapshotsActionsTest-608866669 None] CMD "/opt/stack/data/venv/bin/python3.12 -m oslo_concurrency.prlimit --as=1073741824 --cpu=60 -- sudo cinder-rootwrap /etc/cinder/rootwrap.conf env LC_ALL=C qemu-img info -f qcow2 --output=json --force-share /opt/stack/data/cinder/mnt/1bd80152c1fd66bd6826dd47284cdbf0/volume-cac20313-8a3e-4ce9-ba4e-34d81cd80cf6.4c97b2d7-006c-4b67-ab6e-07d79e40ecb5" returned: 0 in 0.971s {{(pid=87452) execute /opt/stack/data/venv/lib/python3.12/site-packages/oslo_concurrency/processutils.py:468}}
Jul 10 00:31:45 devstack cinder-volume[87452]: DEBUG cinder.volume.drivers.remotefs [None req-f1432b3a-8b37-4113-a305-082e21522e15 tempest-SnapshotsActionsTest-608866669 None] Fetching qemu-img info with special backing_file_template: (/opt/stack/data/cinder/mnt/[0-9a-f]+/)?(volume-cac20313-8a3e-4ce9-ba4e-34d81cd80cf6(.(tmp-snap-)?[0-9a-f-]+)?|volume_from_snapshot_cache/(tmp-snap-)?[0-9a-f-]+(.(child-|parent-)[0-9a-f-]+)?)$ {{(pid=87452) _qemu_img_info_base /opt/stack/cinder/cinder/volume/drivers/remotefs.py:896}}
Jul 10 00:31:45 devstack cinder-volume[87452]: DEBUG oslo_concurrency.processutils [None req-f1432b3a-8b37-4113-a305-082e21522e15 tempest-SnapshotsActionsTest-608866669 None] Running cmd (subprocess): sudo cinder-rootwrap /etc/cinder/rootwrap.conf qemu-img create -f qcow2 -o backing_file=/opt/stack/data/cinder/mnt/1bd80152c1fd66bd6826dd47284cdbf0/volume-cac20313-8a3e-4ce9-ba4e-34d81cd80cf6.4c97b2d7-006c-4b67-ab6e-07d79e40ecb5,backing_fmt=qcow2 /opt/stack/data/cinder/mnt/1bd80152c1fd66bd6826dd47284cdbf0/volume-cac20313-8a3e-4ce9-ba4e-34d81cd80cf6.43e69e21-be71-4757-872d-88b976f258df 1G {{(pid=87452) execute /opt/stack/data/venv/lib/python3.12/site-packages/oslo_concurrency/processutils.py:440}}
Jul 10 00:31:45 devstack sudo[88589]: quobyte : PWD=/ ; USER=root ; COMMAND=/opt/stack/data/venv/bin/cinder-rootwrap /etc/cinder/rootwrap.conf qemu-img create -f qcow2 -o backing_file=/opt/stack/data/cinder/mnt/1bd80152c1fd66bd6826dd47284cdbf0/volume-cac20313-8a3e-4ce9-ba4e-34d81cd80cf6.4c97b2d7-006c-4b67-ab6e-07d79e40ecb5,backing_fmt=qcow2 /opt/stack/data/cinder/mnt/1bd80152c1fd66bd6826dd47284cdbf0/volume-cac20313-8a3e-4ce9-ba4e-34d81cd80cf6.43e69e21-be71-4757-872d-88b976f258df 1G
Jul 10 00:31:45 devstack sudo[88589]: pam_unix(sudo:session): session opened for user root(uid=0) by (uid=1000)
Jul 10 00:31:47 devstack sudo[88589]: pam_unix(sudo:session): session closed for user root
Jul 10 00:31:47 devstack cinder-volume[87452]: DEBUG oslo_concurrency.processutils [None req-f1432b3a-8b37-4113-a305-082e21522e15 tempest-SnapshotsActionsTest-608866669 None] CMD "sudo cinder-rootwrap /etc/cinder/rootwrap.conf qemu-img create -f qcow2 -o backing_file=/opt/stack/data/cinder/mnt/1bd80152c1fd66bd6826dd47284cdbf0/volume-cac20313-8a3e-4ce9-ba4e-34d81cd80cf6.4c97b2d7-006c-4b67-ab6e-07d79e40ecb5,backing_fmt=qcow2 /opt/stack/data/cinder/mnt/1bd80152c1fd66bd6826dd47284cdbf0/volume-cac20313-8a3e-4ce9-ba4e-34d81cd80cf6.43e69e21-be71-4757-872d-88b976f258df 1G" returned: 0 in 1.191s {{(pid=87452) execute /opt/stack/data/venv/lib/python3.12/site-packages/oslo_concurrency/processutils.py:468}}
Jul 10 00:31:47 devstack cinder-volume[87452]: DEBUG oslo_concurrency.processutils [None req-f1432b3a-8b37-4113-a305-082e21522e15 tempest-SnapshotsActionsTest-608866669 None] Running cmd (subprocess): sudo cinder-rootwrap /etc/cinder/rootwrap.conf qemu-img rebase -u -b volume-cac20313-8a3e-4ce9-ba4e-34d81cd80cf6.4c97b2d7-006c-4b67-ab6e-07d79e40ecb5 -F qcow2 /opt/stack/data/cinder/mnt/1bd80152c1fd66bd6826dd47284cdbf0/volume-cac20313-8a3e-4ce9-ba4e-34d81cd80cf6.43e69e21-be71-4757-872d-88b976f258df {{(pid=87452) execute /opt/stack/data/venv/lib/python3.12/site-packages/oslo_concurrency/processutils.py:440}}
Jul 10 00:31:47 devstack sudo[88617]: quobyte : PWD=/ ; USER=root ; COMMAND=/opt/stack/data/venv/bin/cinder-rootwrap /etc/cinder/rootwrap.conf qemu-img rebase -u -b volume-cac20313-8a3e-4ce9-ba4e-34d81cd80cf6.4c97b2d7-006c-4b67-ab6e-07d79e40ecb5 -F qcow2 /opt/stack/data/cinder/mnt/1bd80152c1fd66bd6826dd47284cdbf0/volume-cac20313-8a3e-4ce9-ba4e-34d81cd80cf6.43e69e21-be71-4757-872d-88b976f258df
Jul 10 00:31:47 devstack sudo[88617]: pam_unix(sudo:session): session opened for user root(uid=0) by (uid=1000)
Jul 10 00:31:48 devstack sudo[88617]: pam_unix(sudo:session): session closed for user root
Jul 10 00:31:48 devstack cinder-volume[87452]: DEBUG oslo_concurrency.processutils [None req-f1432b3a-8b37-4113-a305-082e21522e15 tempest-SnapshotsActionsTest-608866669 None] CMD "sudo cinder-rootwrap /etc/cinder/rootwrap.conf qemu-img rebase -u -b volume-cac20313-8a3e-4ce9-ba4e-34d81cd80cf6.4c97b2d7-006c-4b67-ab6e-07d79e40ecb5 -F qcow2 /opt/stack/data/cinder/mnt/1bd80152c1fd66bd6826dd47284cdbf0/volume-cac20313-8a3e-4ce9-ba4e-34d81cd80cf6.43e69e21-be71-4757-872d-88b976f258df" returned: 0 in 1.062s {{(pid=87452) execute /opt/stack/data/venv/lib/python3.12/site-packages/oslo_concurrency/processutils.py:468}}
Jul 10 00:31:48 devstack cinder-volume[87452]: WARNING cinder.volume.drivers.remotefs [None req-f1432b3a-8b37-4113-a305-082e21522e15 tempest-SnapshotsActionsTest-608866669 None] /opt/stack/data/cinder/mnt/1bd80152c1fd66bd6826dd47284cdbf0/volume-cac20313-8a3e-4ce9-ba4e-34d81cd80cf6.43e69e21-be71-4757-872d-88b976f258df is being set with open permissions: ugo+rw
Jul 10 00:31:48 devstack cinder-volume[87452]: DEBUG oslo_concurrency.processutils [None req-f1432b3a-8b37-4113-a305-082e21522e15 tempest-SnapshotsActionsTest-608866669 None] Running cmd (subprocess): sudo cinder-rootwrap /etc/cinder/rootwrap.conf chmod ugo+rw /opt/stack/data/cinder/mnt/1bd80152c1fd66bd6826dd47284cdbf0/volume-cac20313-8a3e-4ce9-ba4e-34d81cd80cf6.43e69e21-be71-4757-872d-88b976f258df {{(pid=87452) execute /opt/stack/data/venv/lib/python3.12/site-packages/oslo_concurrency/processutils.py:440}}
Jul 10 00:31:48 devstack sudo[88634]: quobyte : PWD=/ ; USER=root ; COMMAND=/opt/stack/data/venv/bin/cinder-rootwrap /etc/cinder/rootwrap.conf chmod ugo+rw /opt/stack/data/cinder/mnt/1bd80152c1fd66bd6826dd47284cdbf0/volume-cac20313-8a3e-4ce9-ba4e-34d81cd80cf6.43e69e21-be71-4757-872d-88b976f258df
Jul 10 00:31:48 devstack sudo[88634]: pam_unix(sudo:session): session opened for user root(uid=0) by (uid=1000)
Jul 10 00:31:48 devstack sudo[88634]: pam_unix(sudo:session): session closed for user root
Jul 10 00:31:48 devstack cinder-volume[87452]: DEBUG oslo_concurrency.processutils [None req-f1432b3a-8b37-4113-a305-082e21522e15 tempest-SnapshotsActionsTest-608866669 None] CMD "sudo cinder-rootwrap /etc/cinder/rootwrap.conf chmod ugo+rw /opt/stack/data/cinder/mnt/1bd80152c1fd66bd6826dd47284cdbf0/volume-cac20313-8a3e-4ce9-ba4e-34d81cd80cf6.43e69e21-be71-4757-872d-88b976f258df" returned: 0 in 0.856s {{(pid=87452) execute /opt/stack/data/venv/lib/python3.12/site-packages/oslo_concurrency/processutils.py:468}}
Jul 10 00:31:49 devstack cinder-volume[87452]: DEBUG oslo_concurrency.lockutils [None req-f1432b3a-8b37-4113-a305-082e21522e15 tempest-SnapshotsActionsTest-608866669 None] Lock "quobyte" "released" by "cinder.volume.drivers.quobyte.QuobyteDriver.create_snapshot" :: held 4.207s {{(pid=87452) inner /opt/stack/data/venv/lib/python3.12/site-packages/oslo_concurrency/lockutils.py:543}}
Jul 10 00:31:49 devstack cinder-volume[87452]: INFO cinder.volume.manager [None req-f1432b3a-8b37-4113-a305-082e21522e15 tempest-SnapshotsActionsTest-608866669 None] Create snapshot completed successfully
Jul 10 00:31:50 devstack cinder-volume[87452]: DEBUG cinder.coordination [None req-3e6f46fb-6ced-43de-937b-aeaca8e33d27 tempest-SnapshotsActionsTest-1634946423 None] Acquiring lock "cinder-43e69e21-be71-4757-872d-88b976f258df-delete_snapshot" by "delete_snapshot" {{(pid=87452) __acquire /opt/stack/cinder/cinder/coordination.py:138}}
Jul 10 00:31:50 devstack cinder-volume[87452]: DEBUG cinder.coordination [None req-3e6f46fb-6ced-43de-937b-aeaca8e33d27 tempest-SnapshotsActionsTest-1634946423 None] Lock "cinder-43e69e21-be71-4757-872d-88b976f258df-delete_snapshot" acquired by "delete_snapshot" :: waited 0.045s {{(pid=87452) __acquire /opt/stack/cinder/cinder/coordination.py:141}}
Jul 10 00:31:50 devstack cinder-volume[87452]: DEBUG cinder.coordination [None req-3e6f46fb-6ced-43de-937b-aeaca8e33d27 tempest-SnapshotsActionsTest-1634946423 None] Acquiring lock "cinder-quobyte-cac20313-8a3e-4ce9-ba4e-34d81cd80cf6" by "delete_snapshot" {{(pid=87452) __acquire /opt/stack/cinder/cinder/coordination.py:138}}
Jul 10 00:31:50 devstack cinder-volume[87452]: DEBUG cinder.coordination [None req-3e6f46fb-6ced-43de-937b-aeaca8e33d27 tempest-SnapshotsActionsTest-1634946423 None] Lock "cinder-quobyte-cac20313-8a3e-4ce9-ba4e-34d81cd80cf6" acquired by "delete_snapshot" :: waited 0.053s {{(pid=87452) __acquire /opt/stack/cinder/cinder/coordination.py:141}}
Jul 10 00:31:50 devstack cinder-volume[87452]: DEBUG cinder.coordination [None req-3e6f46fb-6ced-43de-937b-aeaca8e33d27 tempest-SnapshotsActionsTest-1634946423 None] Acquiring lock "cinder-quobyte-43e69e21-be71-4757-872d-88b976f258df" by "_delete_snapshot" {{(pid=87452) __acquire /opt/stack/cinder/cinder/coordination.py:138}}
Jul 10 00:31:51 devstack cinder-volume[87452]: DEBUG cinder.coordination [None req-3e6f46fb-6ced-43de-937b-aeaca8e33d27 tempest-SnapshotsActionsTest-1634946423 None] Lock "cinder-quobyte-43e69e21-be71-4757-872d-88b976f258df" acquired by "_delete_snapshot" :: waited 0.064s {{(pid=87452) __acquire /opt/stack/cinder/cinder/coordination.py:141}}
Jul 10 00:31:51 devstack cinder-volume[87452]: DEBUG cinder.volume.drivers.remotefs [None req-3e6f46fb-6ced-43de-937b-aeaca8e33d27 tempest-SnapshotsActionsTest-1634946423 None] Deleting offline snapshot 43e69e21-be71-4757-872d-88b976f258df of volume cac20313-8a3e-4ce9-ba4e-34d81cd80cf6 {{(pid=87452) _delete_snapshot /opt/stack/cinder/cinder/volume/drivers/remotefs.py:1288}}
Jul 10 00:31:51 devstack cinder-volume[87452]: DEBUG cinder.volume.drivers.remotefs [None req-3e6f46fb-6ced-43de-937b-aeaca8e33d27 tempest-SnapshotsActionsTest-1634946423 None] snapshot_file for this snap is: volume-cac20313-8a3e-4ce9-ba4e-34d81cd80cf6.43e69e21-be71-4757-872d-88b976f258df {{(pid=87452) _delete_snapshot /opt/stack/cinder/cinder/volume/drivers/remotefs.py:1317}}
Jul 10 00:31:51 devstack cinder-volume[87452]: DEBUG oslo.privsep.daemon [-] privsep: reply[eb0ea9ac-fbe2-4255-8bd1-6af9a97f8b46]: (4, 'qcow2') {{(pid=88295) _call_back /opt/stack/data/venv/lib/python3.12/site-packages/oslo_privsep/daemon.py:580}}
Jul 10 00:31:51 devstack cinder-volume[87452]: DEBUG oslo_concurrency.processutils [None req-3e6f46fb-6ced-43de-937b-aeaca8e33d27 tempest-SnapshotsActionsTest-1634946423 None] Running cmd (subprocess): /opt/stack/data/venv/bin/python3.12 -m oslo_concurrency.prlimit --as=1073741824 --cpu=60 -- sudo cinder-rootwrap /etc/cinder/rootwrap.conf env LC_ALL=C qemu-img info -f qcow2 --output=json --force-share /opt/stack/data/cinder/mnt/1bd80152c1fd66bd6826dd47284cdbf0/volume-cac20313-8a3e-4ce9-ba4e-34d81cd80cf6.43e69e21-be71-4757-872d-88b976f258df {{(pid=87452) execute /opt/stack/data/venv/lib/python3.12/site-packages/oslo_concurrency/processutils.py:440}}
Jul 10 00:31:51 devstack sudo[88683]: quobyte : PWD=/ ; USER=root ; COMMAND=/opt/stack/data/venv/bin/cinder-rootwrap /etc/cinder/rootwrap.conf env LC_ALL=C qemu-img info -f qcow2 --output=json --force-share /opt/stack/data/cinder/mnt/1bd80152c1fd66bd6826dd47284cdbf0/volume-cac20313-8a3e-4ce9-ba4e-34d81cd80cf6.43e69e21-be71-4757-872d-88b976f258df
Jul 10 00:31:51 devstack sudo[88683]: pam_unix(sudo:session): session opened for user root(uid=0) by (uid=1000)
Jul 10 00:31:52 devstack sudo[88683]: pam_unix(sudo:session): session closed for user root
Jul 10 00:31:52 devstack cinder-volume[87452]: DEBUG oslo_concurrency.processutils [None req-3e6f46fb-6ced-43de-937b-aeaca8e33d27 tempest-SnapshotsActionsTest-1634946423 None] CMD "/opt/stack/data/venv/bin/python3.12 -m oslo_concurrency.prlimit --as=1073741824 --cpu=60 -- sudo cinder-rootwrap /etc/cinder/rootwrap.conf env LC_ALL=C qemu-img info -f qcow2 --output=json --force-share /opt/stack/data/cinder/mnt/1bd80152c1fd66bd6826dd47284cdbf0/volume-cac20313-8a3e-4ce9-ba4e-34d81cd80cf6.43e69e21-be71-4757-872d-88b976f258df" returned: 0 in 1.604s {{(pid=87452) execute /opt/stack/data/venv/lib/python3.12/site-packages/oslo_concurrency/processutils.py:468}}
Jul 10 00:31:52 devstack cinder-volume[87452]: DEBUG cinder.volume.drivers.remotefs [None req-3e6f46fb-6ced-43de-937b-aeaca8e33d27 tempest-SnapshotsActionsTest-1634946423 None] Fetching qemu-img info with special backing_file_template: (/opt/stack/data/cinder/mnt/[0-9a-f]+/)?(volume-cac20313-8a3e-4ce9-ba4e-34d81cd80cf6(.(tmp-snap-)?[0-9a-f-]+)?|volume_from_snapshot_cache/(tmp-snap-)?[0-9a-f-]+(.(child-|parent-)[0-9a-f-]+)?)$ {{(pid=87452) _qemu_img_info_base /opt/stack/cinder/cinder/volume/drivers/remotefs.py:896}}
Jul 10 00:31:52 devstack cinder-volume[87452]: DEBUG oslo.privsep.daemon [-] privsep: reply[a77e4580-09d7-4432-af32-16c735a02244]: (4, 'qcow2') {{(pid=88295) _call_back /opt/stack/data/venv/lib/python3.12/site-packages/oslo_privsep/daemon.py:580}}
Jul 10 00:31:52 devstack cinder-volume[87452]: DEBUG oslo_concurrency.processutils [None req-3e6f46fb-6ced-43de-937b-aeaca8e33d27 tempest-SnapshotsActionsTest-1634946423 None] Running cmd (subprocess): /opt/stack/data/venv/bin/python3.12 -m oslo_concurrency.prlimit --as=1073741824 --cpu=60 -- sudo cinder-rootwrap /etc/cinder/rootwrap.conf env LC_ALL=C qemu-img info -f qcow2 --output=json --force-share /opt/stack/data/cinder/mnt/1bd80152c1fd66bd6826dd47284cdbf0/volume-cac20313-8a3e-4ce9-ba4e-34d81cd80cf6.4c97b2d7-006c-4b67-ab6e-07d79e40ecb5 {{(pid=87452) execute /opt/stack/data/venv/lib/python3.12/site-packages/oslo_concurrency/processutils.py:440}}
Jul 10 00:31:52 devstack sudo[88710]: quobyte : PWD=/ ; USER=root ; COMMAND=/opt/stack/data/venv/bin/cinder-rootwrap /etc/cinder/rootwrap.conf env LC_ALL=C qemu-img info -f qcow2 --output=json --force-share /opt/stack/data/cinder/mnt/1bd80152c1fd66bd6826dd47284cdbf0/volume-cac20313-8a3e-4ce9-ba4e-34d81cd80cf6.4c97b2d7-006c-4b67-ab6e-07d79e40ecb5
Jul 10 00:31:52 devstack sudo[88710]: pam_unix(sudo:session): session opened for user root(uid=0) by (uid=1000)
Jul 10 00:31:53 devstack cinder-volume[87452]: DEBUG oslo_service.periodic_task [None req-78060762-f785-4848-a05a-87d1bd9947e3 None None] Running periodic task VolumeManager.publish_service_capabilities {{(pid=87452) run_periodic_tasks /opt/stack/data/venv/lib/python3.12/site-packages/oslo_service/periodic_task.py:225}}
Jul 10 00:31:53 devstack cinder-volume[87452]: DEBUG oslo_concurrency.lockutils [None req-78060762-f785-4848-a05a-87d1bd9947e3 None None] Acquiring lock "quobyte_ensure" by "cinder.volume.drivers.quobyte.QuobyteDriver._ensure_shares_mounted" {{(pid=87452) inner /opt/stack/data/venv/lib/python3.12/site-packages/oslo_concurrency/lockutils.py:511}}
Jul 10 00:31:53 devstack cinder-volume[87452]: DEBUG oslo_concurrency.lockutils [None req-78060762-f785-4848-a05a-87d1bd9947e3 None None] Lock "quobyte_ensure" acquired by "cinder.volume.drivers.quobyte.QuobyteDriver._ensure_shares_mounted" :: waited 0.001s {{(pid=87452) inner /opt/stack/data/venv/lib/python3.12/site-packages/oslo_concurrency/lockutils.py:524}}
Jul 10 00:31:53 devstack cinder-volume[87452]: DEBUG cinder.volume.drivers.quobyte [None req-78060762-f785-4848-a05a-87d1bd9947e3 None None] Quobyte Volume URL set to: {'osci02.corp.quobyte.com/cinder-vol-520b10c3-b055-4ab8-9b6b-8546a3a233df': None} {{(pid=87452) _load_shares_config /opt/stack/cinder/cinder/volume/drivers/quobyte.py:617}}
Jul 10 00:31:53 devstack cinder-volume[87452]: DEBUG cinder.volume.drivers.quobyte [None req-78060762-f785-4848-a05a-87d1bd9947e3 None None] Available shares ['osci02.corp.quobyte.com/cinder-vol-520b10c3-b055-4ab8-9b6b-8546a3a233df'] {{(pid=87452) _ensure_shares_mounted /opt/stack/cinder/cinder/volume/drivers/quobyte.py:647}}
Jul 10 00:31:53 devstack cinder-volume[87452]: DEBUG oslo_concurrency.lockutils [None req-78060762-f785-4848-a05a-87d1bd9947e3 None None] Lock "quobyte_ensure" "released" by "cinder.volume.drivers.quobyte.QuobyteDriver._ensure_shares_mounted" :: held 0.036s {{(pid=87452) inner /opt/stack/data/venv/lib/python3.12/site-packages/oslo_concurrency/lockutils.py:543}}
Jul 10 00:31:53 devstack cinder-volume[87452]: DEBUG oslo_concurrency.processutils [None req-78060762-f785-4848-a05a-87d1bd9947e3 None None] Running cmd (subprocess): sudo cinder-rootwrap /etc/cinder/rootwrap.conf df --portability --block-size 1 /opt/stack/data/cinder/mnt/1bd80152c1fd66bd6826dd47284cdbf0 {{(pid=87452) execute /opt/stack/data/venv/lib/python3.12/site-packages/oslo_concurrency/processutils.py:440}}
Jul 10 00:31:53 devstack sudo[88713]: quobyte : PWD=/ ; USER=root ; COMMAND=/opt/stack/data/venv/bin/cinder-rootwrap /etc/cinder/rootwrap.conf df --portability --block-size 1 /opt/stack/data/cinder/mnt/1bd80152c1fd66bd6826dd47284cdbf0
Jul 10 00:31:53 devstack sudo[88713]: pam_unix(sudo:session): session opened for user root(uid=0) by (uid=1000)
Jul 10 00:31:54 devstack sudo[88710]: pam_unix(sudo:session): session closed for user root
Jul 10 00:31:54 devstack cinder-volume[87452]: DEBUG oslo_concurrency.processutils [None req-3e6f46fb-6ced-43de-937b-aeaca8e33d27 tempest-SnapshotsActionsTest-1634946423 None] CMD "/opt/stack/data/venv/bin/python3.12 -m oslo_concurrency.prlimit --as=1073741824 --cpu=60 -- sudo cinder-rootwrap /etc/cinder/rootwrap.conf env LC_ALL=C qemu-img info -f qcow2 --output=json --force-share /opt/stack/data/cinder/mnt/1bd80152c1fd66bd6826dd47284cdbf0/volume-cac20313-8a3e-4ce9-ba4e-34d81cd80cf6.4c97b2d7-006c-4b67-ab6e-07d79e40ecb5" returned: 0 in 1.333s {{(pid=87452) execute /opt/stack/data/venv/lib/python3.12/site-packages/oslo_concurrency/processutils.py:468}}
Jul 10 00:31:54 devstack cinder-volume[87452]: DEBUG cinder.volume.drivers.remotefs [None req-3e6f46fb-6ced-43de-937b-aeaca8e33d27 tempest-SnapshotsActionsTest-1634946423 None] Fetching qemu-img info with special backing_file_template: (/opt/stack/data/cinder/mnt/[0-9a-f]+/)?(volume-cac20313-8a3e-4ce9-ba4e-34d81cd80cf6(.(tmp-snap-)?[0-9a-f-]+)?|volume_from_snapshot_cache/(tmp-snap-)?[0-9a-f-]+(.(child-|parent-)[0-9a-f-]+)?)$ {{(pid=87452) _qemu_img_info_base /opt/stack/cinder/cinder/volume/drivers/remotefs.py:896}}
Jul 10 00:31:54 devstack cinder-volume[87452]: DEBUG oslo_concurrency.processutils [None req-3e6f46fb-6ced-43de-937b-aeaca8e33d27 tempest-SnapshotsActionsTest-1634946423 None] Running cmd (subprocess): sudo cinder-rootwrap /etc/cinder/rootwrap.conf qemu-img commit -d /opt/stack/data/cinder/mnt/1bd80152c1fd66bd6826dd47284cdbf0/volume-cac20313-8a3e-4ce9-ba4e-34d81cd80cf6.43e69e21-be71-4757-872d-88b976f258df {{(pid=87452) execute /opt/stack/data/venv/lib/python3.12/site-packages/oslo_concurrency/processutils.py:440}}
Jul 10 00:31:54 devstack sudo[88720]: quobyte : PWD=/ ; USER=root ; COMMAND=/opt/stack/data/venv/bin/cinder-rootwrap /etc/cinder/rootwrap.conf qemu-img commit -d /opt/stack/data/cinder/mnt/1bd80152c1fd66bd6826dd47284cdbf0/volume-cac20313-8a3e-4ce9-ba4e-34d81cd80cf6.43e69e21-be71-4757-872d-88b976f258df
Jul 10 00:31:54 devstack sudo[88720]: pam_unix(sudo:session): session opened for user root(uid=0) by (uid=1000)
Jul 10 00:31:55 devstack sudo[88713]: pam_unix(sudo:session): session closed for user root
Jul 10 00:31:55 devstack cinder-volume[87452]: DEBUG oslo_concurrency.processutils [None req-78060762-f785-4848-a05a-87d1bd9947e3 None None] CMD "sudo cinder-rootwrap /etc/cinder/rootwrap.conf df --portability --block-size 1 /opt/stack/data/cinder/mnt/1bd80152c1fd66bd6826dd47284cdbf0" returned: 0 in 1.762s {{(pid=87452) execute /opt/stack/data/venv/lib/python3.12/site-packages/oslo_concurrency/processutils.py:468}}
Jul 10 00:31:55 devstack cinder-volume[87452]: DEBUG cinder.manager [None req-78060762-f785-4848-a05a-87d1bd9947e3 None None] Notifying Schedulers of capabilities ... {{(pid=87452) _publish_service_capabilities /opt/stack/cinder/cinder/manager.py:219}}
Jul 10 00:31:55 devstack cinder-volume[87452]: DEBUG oslo_service.periodic_task [None req-78060762-f785-4848-a05a-87d1bd9947e3 None None] Running periodic task VolumeManager._thread_info {{(pid=87452) run_periodic_tasks /opt/stack/data/venv/lib/python3.12/site-packages/oslo_service/periodic_task.py:225}}
Jul 10 00:31:55 devstack cinder-volume[87452]: DEBUG cinder.volume.manager [None req-78060762-f785-4848-a05a-87d1bd9947e3 None None] thread count: 8 {{(pid=87452) _thread_info /opt/stack/cinder/cinder/volume/manager.py:5472}}
Jul 10 00:31:55 devstack cinder-volume[87452]: DEBUG cinder.volume.manager [None req-78060762-f785-4848-a05a-87d1bd9947e3 None None] thread info: [<_MainThread(MainThread, started 127149824245888)>, , , , , , , ] {{(pid=87452) _thread_info /opt/stack/cinder/cinder/volume/manager.py:5473}}
Jul 10 00:31:55 devstack sudo[88720]: pam_unix(sudo:session): session closed for user root
Jul 10 00:31:55 devstack cinder-volume[87452]: DEBUG oslo_concurrency.processutils [None req-3e6f46fb-6ced-43de-937b-aeaca8e33d27 tempest-SnapshotsActionsTest-1634946423 None] CMD "sudo cinder-rootwrap /etc/cinder/rootwrap.conf qemu-img commit -d /opt/stack/data/cinder/mnt/1bd80152c1fd66bd6826dd47284cdbf0/volume-cac20313-8a3e-4ce9-ba4e-34d81cd80cf6.43e69e21-be71-4757-872d-88b976f258df" returned: 0 in 1.812s {{(pid=87452) execute /opt/stack/data/venv/lib/python3.12/site-packages/oslo_concurrency/processutils.py:468}}
Jul 10 00:31:55 devstack cinder-volume[87452]: DEBUG oslo_concurrency.processutils [None req-3e6f46fb-6ced-43de-937b-aeaca8e33d27 tempest-SnapshotsActionsTest-1634946423 None] Running cmd (subprocess): sudo cinder-rootwrap /etc/cinder/rootwrap.conf rm -f /opt/stack/data/cinder/mnt/1bd80152c1fd66bd6826dd47284cdbf0/volume-cac20313-8a3e-4ce9-ba4e-34d81cd80cf6.43e69e21-be71-4757-872d-88b976f258df {{(pid=87452) execute /opt/stack/data/venv/lib/python3.12/site-packages/oslo_concurrency/processutils.py:440}}
Jul 10 00:31:55 devstack sudo[88762]: quobyte : PWD=/ ; USER=root ; COMMAND=/opt/stack/data/venv/bin/cinder-rootwrap /etc/cinder/rootwrap.conf rm -f /opt/stack/data/cinder/mnt/1bd80152c1fd66bd6826dd47284cdbf0/volume-cac20313-8a3e-4ce9-ba4e-34d81cd80cf6.43e69e21-be71-4757-872d-88b976f258df
Jul 10 00:31:55 devstack sudo[88762]: pam_unix(sudo:session): session opened for user root(uid=0) by (uid=1000)
Jul 10 00:31:57 devstack sudo[88762]: pam_unix(sudo:session): session closed for user root
Jul 10 00:31:57 devstack cinder-volume[87452]: DEBUG oslo_concurrency.processutils [None req-3e6f46fb-6ced-43de-937b-aeaca8e33d27 tempest-SnapshotsActionsTest-1634946423 None] CMD "sudo cinder-rootwrap /etc/cinder/rootwrap.conf rm -f /opt/stack/data/cinder/mnt/1bd80152c1fd66bd6826dd47284cdbf0/volume-cac20313-8a3e-4ce9-ba4e-34d81cd80cf6.43e69e21-be71-4757-872d-88b976f258df" returned: 0 in 1.468s {{(pid=87452) execute /opt/stack/data/venv/lib/python3.12/site-packages/oslo_concurrency/processutils.py:468}}
Jul 10 00:31:57 devstack cinder-volume[87452]: DEBUG cinder.coordination [None req-3e6f46fb-6ced-43de-937b-aeaca8e33d27 tempest-SnapshotsActionsTest-1634946423 None] Lock "cinder-quobyte-43e69e21-be71-4757-872d-88b976f258df" released by "_delete_snapshot" :: held 6.427s {{(pid=87452) __release /opt/stack/cinder/cinder/coordination.py:152}}
Jul 10 00:31:57 devstack cinder-volume[87452]: DEBUG cinder.coordination [None req-3e6f46fb-6ced-43de-937b-aeaca8e33d27 tempest-SnapshotsActionsTest-1634946423 None] Lock "cinder-quobyte-cac20313-8a3e-4ce9-ba4e-34d81cd80cf6" released by "delete_snapshot" :: held 6.507s {{(pid=87452) __release /opt/stack/cinder/cinder/coordination.py:152}}
Jul 10 00:31:57 devstack cinder-volume[87452]: DEBUG cinder.quota [None req-3e6f46fb-6ced-43de-937b-aeaca8e33d27 tempest-SnapshotsActionsTest-1634946423 None] Created reservations ['befa5628-fba8-4d69-8dfc-3d8f48f2cea8', '70398192-107e-4739-b9aa-562cbf813da8', '60d5d2b4-032c-4c11-a509-5e217737ca7c', '45971ece-0806-41d6-abc5-9f2bd1192786'] {{(pid=87452) reserve /opt/stack/cinder/cinder/quota.py:752}}
Jul 10 00:31:57 devstack cinder-volume[87452]: INFO cinder.volume.manager [None req-3e6f46fb-6ced-43de-937b-aeaca8e33d27 tempest-SnapshotsActionsTest-1634946423 None] Delete snapshot completed successfully.
Jul 10 00:31:57 devstack cinder-volume[87452]: DEBUG cinder.coordination [None req-3e6f46fb-6ced-43de-937b-aeaca8e33d27 tempest-SnapshotsActionsTest-1634946423 None] Lock "cinder-43e69e21-be71-4757-872d-88b976f258df-delete_snapshot" released by "delete_snapshot" :: held 6.868s {{(pid=87452) __release /opt/stack/cinder/cinder/coordination.py:152}}
Jul 10 00:31:59 devstack cinder-volume[87452]: DEBUG oslo_concurrency.lockutils [None req-a7e6d040-ff90-4555-a399-9075603b5411 tempest-SnapshotsActionsTest-608866669 None] Acquiring lock "quobyte" by "cinder.volume.drivers.quobyte.QuobyteDriver.create_snapshot" {{(pid=87452) inner /opt/stack/data/venv/lib/python3.12/site-packages/oslo_concurrency/lockutils.py:511}}
Jul 10 00:31:59 devstack cinder-volume[87452]: DEBUG oslo_concurrency.lockutils [None req-a7e6d040-ff90-4555-a399-9075603b5411 tempest-SnapshotsActionsTest-608866669 None] Lock "quobyte" acquired by "cinder.volume.drivers.quobyte.QuobyteDriver.create_snapshot" :: waited 0.001s {{(pid=87452) inner /opt/stack/data/venv/lib/python3.12/site-packages/oslo_concurrency/lockutils.py:524}}
Jul 10 00:31:59 devstack cinder-volume[87452]: DEBUG cinder.volume.drivers.remotefs [None req-a7e6d040-ff90-4555-a399-9075603b5411 tempest-SnapshotsActionsTest-608866669 None] Creating offline snapshot ca79f5fc-81a8-4b11-ad79-5c6099ad6163 of volume cac20313-8a3e-4ce9-ba4e-34d81cd80cf6 {{(pid=87452) _create_snapshot /opt/stack/cinder/cinder/volume/drivers/remotefs.py:1816}}
Jul 10 00:31:59 devstack cinder-volume[87452]: DEBUG oslo.privsep.daemon [-] privsep: reply[bd968db0-ba49-4197-9ad5-58f2fe940d1b]: (4, 'qcow2') {{(pid=88295) _call_back /opt/stack/data/venv/lib/python3.12/site-packages/oslo_privsep/daemon.py:580}}
Jul 10 00:31:59 devstack cinder-volume[87452]: DEBUG oslo_concurrency.processutils [None req-a7e6d040-ff90-4555-a399-9075603b5411 tempest-SnapshotsActionsTest-608866669 None] Running cmd (subprocess): /opt/stack/data/venv/bin/python3.12 -m oslo_concurrency.prlimit --as=1073741824 --cpu=60 -- sudo cinder-rootwrap /etc/cinder/rootwrap.conf env LC_ALL=C qemu-img info -f qcow2 --output=json --force-share /opt/stack/data/cinder/mnt/1bd80152c1fd66bd6826dd47284cdbf0/volume-cac20313-8a3e-4ce9-ba4e-34d81cd80cf6.4c97b2d7-006c-4b67-ab6e-07d79e40ecb5 {{(pid=87452) execute /opt/stack/data/venv/lib/python3.12/site-packages/oslo_concurrency/processutils.py:440}}
Jul 10 00:31:59 devstack sudo[88795]: quobyte : PWD=/ ; USER=root ; COMMAND=/opt/stack/data/venv/bin/cinder-rootwrap /etc/cinder/rootwrap.conf env LC_ALL=C qemu-img info -f qcow2 --output=json --force-share /opt/stack/data/cinder/mnt/1bd80152c1fd66bd6826dd47284cdbf0/volume-cac20313-8a3e-4ce9-ba4e-34d81cd80cf6.4c97b2d7-006c-4b67-ab6e-07d79e40ecb5
Jul 10 00:31:59 devstack sudo[88795]: pam_unix(sudo:session): session opened for user root(uid=0) by (uid=1000)
Jul 10 00:32:01 devstack sudo[88795]: pam_unix(sudo:session): session closed for user root
Jul 10 00:32:01 devstack cinder-volume[87452]: DEBUG oslo_concurrency.processutils [None req-a7e6d040-ff90-4555-a399-9075603b5411 tempest-SnapshotsActionsTest-608866669 None] CMD "/opt/stack/data/venv/bin/python3.12 -m oslo_concurrency.prlimit --as=1073741824 --cpu=60 -- sudo cinder-rootwrap /etc/cinder/rootwrap.conf env LC_ALL=C qemu-img info -f qcow2 --output=json --force-share /opt/stack/data/cinder/mnt/1bd80152c1fd66bd6826dd47284cdbf0/volume-cac20313-8a3e-4ce9-ba4e-34d81cd80cf6.4c97b2d7-006c-4b67-ab6e-07d79e40ecb5" returned: 0 in 1.688s {{(pid=87452) execute /opt/stack/data/venv/lib/python3.12/site-packages/oslo_concurrency/processutils.py:468}}
