Jul 10 00:38:07 devstack cinder-volume[87452]: DEBUG cinder.volume.manager [None req-052423e2-0efd-4f35-b40f-cd40a5fcb715 tempest-VolumesImageMetadata-1455975000 None] Task 'cinder.volume.flows.manager.create_volume.ExtractVolumeSpecTask;volume:create' (6dcf28af-9966-4768-9b54-25fb505b3779) transitioned into state 'SUCCESS' from state 'RUNNING' with result '{'status': 'creating', 'type': 'image', 'volume_id': '69e5c291-0f84-4bf4-a652-98b27c6293f2', 'volume_name': 'volume-69e5c291-0f84-4bf4-a652-98b27c6293f2', 'volume_size': 1, 'image_id': '2b7c4d0c-270c-4121-95ac-c2aa29014583', 'image_location': (None, [{'url': 'file:///opt/stack/data/glance/images/2b7c4d0c-270c-4121-95ac-c2aa29014583', 'metadata': {}}]), 'image_meta': {'name': 'cirros-0.6.3-x86_64-disk', 'disk_format': 'qcow2', 'container_format': 'bare', 'visibility': 'public', 'size': 21692416, 'virtual_size': 117440512, 'status': 'active', 'checksum': '87617e24a5e30cb3b87fda8c0764838f', 'protected': False, 'min_ram': 0, 'min_disk': 0, 'owner': '12f16b01786648fbb0f5afbb76a3fa37', 'os_hidden': False, 'os_hash_algo': 'sha512', 'os_hash_value': '9a9bce0083a00939ec17c11febbfc767aa211aaa54f51e75c5a8b271a9b5637c77205a518b7a2007cb391d23cceb01e0e4e8d64832317151bc85b734b92a7be0', 'id': '2b7c4d0c-270c-4121-95ac-c2aa29014583', 'created_at': datetime.datetime(2026, 7, 9, 22, 24, 24, tzinfo=datetime.timezone.utc), 'updated_at': datetime.datetime(2026, 7, 9, 22, 24, 26, tzinfo=datetime.timezone.utc), 'tags': [], 'file': '/v2/images/2b7c4d0c-270c-4121-95ac-c2aa29014583/file', 'properties': {'hw_rng_model': 'virtio', 'owner_specified.openstack.md5': '', 'owner_specified.openstack.object': 'images/cirros-0.6.3-x86_64-disk', 'owner_specified.openstack.sha256': ''}}, 'image_service': }' {{(pid=87452) _task_receiver /opt/stack/data/venv/lib/python3.12/site-packages/taskflow/listeners/logging.py:218}}
Jul 10 00:38:07 devstack cinder-volume[87452]: DEBUG cinder.volume.manager [None req-052423e2-0efd-4f35-b40f-cd40a5fcb715 tempest-VolumesImageMetadata-1455975000 None] Task 'cinder.volume.flows.manager.create_volume.NotifyVolumeActionTask;volume:create, create.start' (bcd97515-a9a1-490f-b82f-e69676a60b79) transitioned into state 'RUNNING' from state 'PENDING' {{(pid=87452) _task_receiver /opt/stack/data/venv/lib/python3.12/site-packages/taskflow/listeners/logging.py:242}}
Jul 10 00:38:07 devstack cinder-volume[87452]: DEBUG cinder.volume.manager [None req-052423e2-0efd-4f35-b40f-cd40a5fcb715 tempest-VolumesImageMetadata-1455975000 None] Task 'cinder.volume.flows.manager.create_volume.NotifyVolumeActionTask;volume:create, create.start' (bcd97515-a9a1-490f-b82f-e69676a60b79) transitioned into state 'SUCCESS' from state 'RUNNING' with result 'None' {{(pid=87452) _task_receiver /opt/stack/data/venv/lib/python3.12/site-packages/taskflow/listeners/logging.py:218}}
Jul 10 00:38:07 devstack cinder-volume[87452]: DEBUG cinder.volume.manager [None req-052423e2-0efd-4f35-b40f-cd40a5fcb715 tempest-VolumesImageMetadata-1455975000 None] Task 'cinder.volume.flows.manager.create_volume.CreateVolumeFromSpecTask;volume:create' (ce925f3a-e264-4cbf-92f6-c2f4e9caae1c) transitioned into state 'RUNNING' from state 'PENDING' {{(pid=87452) _task_receiver /opt/stack/data/venv/lib/python3.12/site-packages/taskflow/listeners/logging.py:242}}
Jul 10 00:38:07 devstack cinder-volume[87452]: INFO cinder.volume.flows.manager.create_volume [None req-052423e2-0efd-4f35-b40f-cd40a5fcb715 tempest-VolumesImageMetadata-1455975000 None] Volume 69e5c291-0f84-4bf4-a652-98b27c6293f2: being created as image with specification: {'status': 'creating', 'volume_name': 'volume-69e5c291-0f84-4bf4-a652-98b27c6293f2', 'volume_size': 1, 'image_id': '2b7c4d0c-270c-4121-95ac-c2aa29014583', 'image_location': (None, [{'url': 'file:///opt/stack/data/glance/images/2b7c4d0c-270c-4121-95ac-c2aa29014583', 'metadata': {}}]), 'image_meta': {'name': 'cirros-0.6.3-x86_64-disk', 'disk_format': 'qcow2', 'container_format': 'bare', 'visibility': 'public', 'size': 21692416, 'virtual_size': 117440512, 'status': 'active', 'checksum': '87617e24a5e30cb3b87fda8c0764838f', 'protected': False, 'min_ram': 0, 'min_disk': 0, 'owner': '12f16b01786648fbb0f5afbb76a3fa37', 'os_hidden': False, 'os_hash_algo': 'sha512', 'os_hash_value': '9a9bce0083a00939ec17c11febbfc767aa211aaa54f51e75c5a8b271a9b5637c77205a518b7a2007cb391d23cceb01e0e4e8d64832317151bc85b734b92a7be0', 'id': '2b7c4d0c-270c-4121-95ac-c2aa29014583', 'created_at': datetime.datetime(2026, 7, 9, 22, 24, 24, tzinfo=datetime.timezone.utc), 'updated_at': datetime.datetime(2026, 7, 9, 22, 24, 26, tzinfo=datetime.timezone.utc), 'tags': [], 'file': '/v2/images/2b7c4d0c-270c-4121-95ac-c2aa29014583/file', 'properties': {'hw_rng_model': 'virtio', 'owner_specified.openstack.md5': '', 'owner_specified.openstack.object': 'images/cirros-0.6.3-x86_64-disk', 'owner_specified.openstack.sha256': ''}}, 'image_service': }
Jul 10 00:38:07 devstack cinder-volume[87452]: DEBUG cinder.volume.flows.manager.create_volume [None req-052423e2-0efd-4f35-b40f-cd40a5fcb715 tempest-VolumesImageMetadata-1455975000 None] Trying to clone 69e5c291-0f84-4bf4-a652-98b27c6293f2 from image 2b7c4d0c-270c-4121-95ac-c2aa29014583 at location (None, [{'url': 'file:///opt/stack/data/glance/images/2b7c4d0c-270c-4121-95ac-c2aa29014583', 'metadata': {}}]). {{(pid=87452) _create_from_image /opt/stack/cinder/cinder/volume/flows/manager/create_volume.py:1091}}
Jul 10 00:38:07 devstack cinder-volume[87452]: DEBUG cinder.image.image_utils [None req-052423e2-0efd-4f35-b40f-cd40a5fcb715 tempest-VolumesImageMetadata-1455975000 None] Image fetch details: dest /opt/stack/data/cinder/conversion/image_fetch_2b7c4d0c-270c-4121-95ac-c2aa29014583_n3j_9rjxdevstack@QuobyteHD, size 20.69 MB, duration 1.00 sec {{(pid=87452) fetch /opt/stack/cinder/cinder/image/image_utils.py:735}}
Jul 10 00:38:07 devstack cinder-volume[87452]: INFO cinder.image.image_utils [None req-052423e2-0efd-4f35-b40f-cd40a5fcb715 tempest-VolumesImageMetadata-1455975000 None] Image download 20.69 MB at 20.69 MB/s
Jul 10 00:38:07 devstack cinder-volume[87452]: DEBUG oslo.privsep.daemon [-] privsep: reply[dedbbffb-6441-4ed8-9c0b-b1a520174091]: (4, 'qcow2') {{(pid=88295) _call_back /opt/stack/data/venv/lib/python3.12/site-packages/oslo_privsep/daemon.py:580}}
Jul 10 00:38:07 devstack cinder-volume[87452]: DEBUG oslo_concurrency.processutils [None req-052423e2-0efd-4f35-b40f-cd40a5fcb715 tempest-VolumesImageMetadata-1455975000 None] Running cmd (subprocess): /opt/stack/data/venv/bin/python3.12 -m oslo_concurrency.prlimit --as=1073741824 --cpu=60 -- sudo cinder-rootwrap /etc/cinder/rootwrap.conf env LC_ALL=C qemu-img info -f qcow2 --output=json /opt/stack/data/cinder/conversion/image_fetch_2b7c4d0c-270c-4121-95ac-c2aa29014583_n3j_9rjxdevstack@QuobyteHD {{(pid=87452) execute /opt/stack/data/venv/lib/python3.12/site-packages/oslo_concurrency/processutils.py:440}}
Jul 10 00:38:07 devstack sudo[94494]: quobyte : PWD=/ ; USER=root ; COMMAND=/opt/stack/data/venv/bin/cinder-rootwrap /etc/cinder/rootwrap.conf env LC_ALL=C qemu-img info -f qcow2 --output=json /opt/stack/data/cinder/conversion/image_fetch_2b7c4d0c-270c-4121-95ac-c2aa29014583_n3j_9rjxdevstack@QuobyteHD
Jul 10 00:38:07 devstack sudo[94494]: pam_unix(sudo:session): session opened for user root(uid=0) by (uid=1000)
Jul 10 00:38:08 devstack sudo[94494]: pam_unix(sudo:session): session closed for user root
Jul 10 00:38:08 devstack cinder-volume[87452]: DEBUG oslo_concurrency.processutils [None req-052423e2-0efd-4f35-b40f-cd40a5fcb715 tempest-VolumesImageMetadata-1455975000 None] CMD "/opt/stack/data/venv/bin/python3.12 -m oslo_concurrency.prlimit --as=1073741824 --cpu=60 -- sudo cinder-rootwrap /etc/cinder/rootwrap.conf env LC_ALL=C qemu-img info -f qcow2 --output=json /opt/stack/data/cinder/conversion/image_fetch_2b7c4d0c-270c-4121-95ac-c2aa29014583_n3j_9rjxdevstack@QuobyteHD" returned: 0 in 1.075s {{(pid=87452) execute /opt/stack/data/venv/lib/python3.12/site-packages/oslo_concurrency/processutils.py:468}}
Jul 10 00:38:08 devstack cinder-volume[87452]: DEBUG cinder.image.image_utils [None req-052423e2-0efd-4f35-b40f-cd40a5fcb715 tempest-VolumesImageMetadata-1455975000 None] Temporary image 2b7c4d0c-270c-4121-95ac-c2aa29014583 is fetched for user 31609e4ed28644789f12ddbaabef8006. {{(pid=87452) fetch /opt/stack/cinder/cinder/image/image_utils.py:1434}}
Jul 10 00:38:08 devstack cinder-volume[87452]: DEBUG oslo.privsep.daemon [-] privsep: reply[9c5151a1-8936-4922-b1ea-9cc71ce5f20e]: (4, 'qcow2') {{(pid=88295) _call_back /opt/stack/data/venv/lib/python3.12/site-packages/oslo_privsep/daemon.py:580}}
Jul 10 00:38:08 devstack cinder-volume[87452]: DEBUG oslo_concurrency.processutils [None req-052423e2-0efd-4f35-b40f-cd40a5fcb715 tempest-VolumesImageMetadata-1455975000 None] Running cmd (subprocess): /opt/stack/data/venv/bin/python3.12 -m oslo_concurrency.prlimit --as=1073741824 --cpu=60 -- sudo cinder-rootwrap /etc/cinder/rootwrap.conf env LC_ALL=C qemu-img info -f qcow2 --output=json /opt/stack/data/cinder/conversion/image_fetch_2b7c4d0c-270c-4121-95ac-c2aa29014583_n3j_9rjxdevstack@QuobyteHD {{(pid=87452) execute /opt/stack/data/venv/lib/python3.12/site-packages/oslo_concurrency/processutils.py:440}}
Jul 10 00:38:09 devstack sudo[94507]: quobyte : PWD=/ ; USER=root ; COMMAND=/opt/stack/data/venv/bin/cinder-rootwrap /etc/cinder/rootwrap.conf env LC_ALL=C qemu-img info -f qcow2 --output=json /opt/stack/data/cinder/conversion/image_fetch_2b7c4d0c-270c-4121-95ac-c2aa29014583_n3j_9rjxdevstack@QuobyteHD
Jul 10 00:38:09 devstack sudo[94507]: pam_unix(sudo:session): session opened for user root(uid=0) by (uid=1000)
Jul 10 00:38:09 devstack sudo[94507]: pam_unix(sudo:session): session closed for user root
Jul 10 00:38:09 devstack cinder-volume[87452]: DEBUG oslo_concurrency.processutils [None req-052423e2-0efd-4f35-b40f-cd40a5fcb715 tempest-VolumesImageMetadata-1455975000 None] CMD "/opt/stack/data/venv/bin/python3.12 -m oslo_concurrency.prlimit --as=1073741824 --cpu=60 -- sudo cinder-rootwrap /etc/cinder/rootwrap.conf env LC_ALL=C qemu-img info -f qcow2 --output=json /opt/stack/data/cinder/conversion/image_fetch_2b7c4d0c-270c-4121-95ac-c2aa29014583_n3j_9rjxdevstack@QuobyteHD" returned: 0 in 0.975s {{(pid=87452) execute /opt/stack/data/venv/lib/python3.12/site-packages/oslo_concurrency/processutils.py:468}}
Jul 10 00:38:09 devstack cinder-volume[87452]: DEBUG oslo_concurrency.lockutils [None req-052423e2-0efd-4f35-b40f-cd40a5fcb715 tempest-VolumesImageMetadata-1455975000 None] Acquiring lock "quobyte" by "cinder.volume.drivers.quobyte.QuobyteDriver.create_volume" {{(pid=87452) inner /opt/stack/data/venv/lib/python3.12/site-packages/oslo_concurrency/lockutils.py:511}}
Jul 10 00:38:09 devstack cinder-volume[87452]: DEBUG oslo_concurrency.lockutils [None req-052423e2-0efd-4f35-b40f-cd40a5fcb715 tempest-VolumesImageMetadata-1455975000 None] Lock "quobyte" acquired by "cinder.volume.drivers.quobyte.QuobyteDriver.create_volume" :: waited 0.001s {{(pid=87452) inner /opt/stack/data/venv/lib/python3.12/site-packages/oslo_concurrency/lockutils.py:524}}
Jul 10 00:38:09 devstack cinder-volume[87452]: DEBUG cinder.volume.drivers.quobyte [None req-052423e2-0efd-4f35-b40f-cd40a5fcb715 tempest-VolumesImageMetadata-1455975000 None] ==> create_volume: call "{'self': , 'volume': Volume(_name_id=None,admin_metadata=,attach_status='detached',availability_zone='nova',bootable=False,cluster=,cluster_name=None,consistencygroup=,consistencygroup_id=None,created_at=2026-07-09T22:38:06Z,deleted=False,deleted_at=None,display_description=None,display_name='tempest-VolumesImageMetadata-Volume-843659641',ec2_id=None,encryption_key_id=None,glance_metadata=,group=,group_id=None,host='devstack@QuobyteHD#QuobyteHD',id=69e5c291-0f84-4bf4-a652-98b27c6293f2,launched_at=None,metadata={},migration_status=None,multiattach=False,previous_status=None,project_id='11e82763a6d146e8a61d6fa47d6dc60a',provider_auth=None,provider_geometry=None,provider_id=None,provider_location=None,replication_driver_data=None,replication_extended_status=None,replication_status=None,scheduled_at=2026-07-09T22:38:06Z,service_uuid=None,shared_targets=True,size=1,snapshot_id=None,snapshots=,source_volid=None,status='creating',terminated_at=None,updated_at=2026-07-09T22:38:06Z,use_quota=True,user_id='31609e4ed28644789f12ddbaabef8006',volume_attachment=VolumeAttachmentList,volume_type=VolumeType(5578517a-09da-4d9a-8079-0c409dc36a8c),volume_type_id=5578517a-09da-4d9a-8079-0c409dc36a8c)}" {{(pid=87452) trace_logging_wrapper /opt/stack/cinder/cinder/volume/volume_utils.py:1497}}
Jul 10 00:38:09 devstack cinder-volume[87452]: DEBUG cinder.volume.drivers.remotefs [None req-052423e2-0efd-4f35-b40f-cd40a5fcb715 tempest-VolumesImageMetadata-1455975000 None] Creating volume 69e5c291-0f84-4bf4-a652-98b27c6293f2 {{(pid=87452) create_volume /opt/stack/cinder/cinder/volume/drivers/remotefs.py:292}}
Jul 10 00:38:09 devstack cinder-volume[87452]: DEBUG oslo_concurrency.lockutils [None req-052423e2-0efd-4f35-b40f-cd40a5fcb715 tempest-VolumesImageMetadata-1455975000 None] Acquiring lock "quobyte_ensure" by "cinder.volume.drivers.quobyte.QuobyteDriver._ensure_shares_mounted" {{(pid=87452) inner /opt/stack/data/venv/lib/python3.12/site-packages/oslo_concurrency/lockutils.py:511}}
Jul 10 00:38:09 devstack cinder-volume[87452]: DEBUG oslo_concurrency.lockutils [None req-052423e2-0efd-4f35-b40f-cd40a5fcb715 tempest-VolumesImageMetadata-1455975000 None] Lock "quobyte_ensure" acquired by "cinder.volume.drivers.quobyte.QuobyteDriver._ensure_shares_mounted" :: waited 0.001s {{(pid=87452) inner /opt/stack/data/venv/lib/python3.12/site-packages/oslo_concurrency/lockutils.py:524}}
Jul 10 00:38:09 devstack cinder-volume[87452]: DEBUG cinder.volume.drivers.quobyte [None req-052423e2-0efd-4f35-b40f-cd40a5fcb715 tempest-VolumesImageMetadata-1455975000 None] Quobyte Volume URL set to: {'osci02.corp.quobyte.com/cinder-vol-520b10c3-b055-4ab8-9b6b-8546a3a233df': None} {{(pid=87452) _load_shares_config /opt/stack/cinder/cinder/volume/drivers/quobyte.py:617}}
Jul 10 00:38:09 devstack cinder-volume[87452]: DEBUG cinder.volume.drivers.quobyte [None req-052423e2-0efd-4f35-b40f-cd40a5fcb715 tempest-VolumesImageMetadata-1455975000 None] Available shares ['osci02.corp.quobyte.com/cinder-vol-520b10c3-b055-4ab8-9b6b-8546a3a233df'] {{(pid=87452) _ensure_shares_mounted /opt/stack/cinder/cinder/volume/drivers/quobyte.py:647}}
Jul 10 00:38:09 devstack cinder-volume[87452]: DEBUG oslo_concurrency.lockutils [None req-052423e2-0efd-4f35-b40f-cd40a5fcb715 tempest-VolumesImageMetadata-1455975000 None] Lock "quobyte_ensure" "released" by "cinder.volume.drivers.quobyte.QuobyteDriver._ensure_shares_mounted" :: held 0.008s {{(pid=87452) inner /opt/stack/data/venv/lib/python3.12/site-packages/oslo_concurrency/lockutils.py:543}}
Jul 10 00:38:09 devstack cinder-volume[87452]: DEBUG cinder.volume.drivers.quobyte [None req-052423e2-0efd-4f35-b40f-cd40a5fcb715 tempest-VolumesImageMetadata-1455975000 None] Selected osci02.corp.quobyte.com/cinder-vol-520b10c3-b055-4ab8-9b6b-8546a3a233df as target Quobyte volume. {{(pid=87452) _find_share /opt/stack/cinder/cinder/volume/drivers/quobyte.py:668}}
Jul 10 00:38:09 devstack cinder-volume[87452]: INFO cinder.volume.drivers.remotefs [None req-052423e2-0efd-4f35-b40f-cd40a5fcb715 tempest-VolumesImageMetadata-1455975000 None] casted to osci02.corp.quobyte.com/cinder-vol-520b10c3-b055-4ab8-9b6b-8546a3a233df
Jul 10 00:38:09 devstack cinder-volume[87452]: DEBUG oslo_concurrency.processutils [None req-052423e2-0efd-4f35-b40f-cd40a5fcb715 tempest-VolumesImageMetadata-1455975000 None] Running cmd (subprocess): sudo cinder-rootwrap /etc/cinder/rootwrap.conf qemu-img create -f qcow2 -o preallocation=metadata /opt/stack/data/cinder/mnt/1bd80152c1fd66bd6826dd47284cdbf0/volume-69e5c291-0f84-4bf4-a652-98b27c6293f2 1073741824 {{(pid=87452) execute /opt/stack/data/venv/lib/python3.12/site-packages/oslo_concurrency/processutils.py:440}}
Jul 10 00:38:09 devstack sudo[94512]: quobyte : PWD=/ ; USER=root ; COMMAND=/opt/stack/data/venv/bin/cinder-rootwrap /etc/cinder/rootwrap.conf qemu-img create -f qcow2 -o preallocation=metadata /opt/stack/data/cinder/mnt/1bd80152c1fd66bd6826dd47284cdbf0/volume-69e5c291-0f84-4bf4-a652-98b27c6293f2 1073741824
Jul 10 00:38:09 devstack sudo[94512]: pam_unix(sudo:session): session opened for user root(uid=0) by (uid=1000)
Jul 10 00:38:10 devstack sudo[94512]: pam_unix(sudo:session): session closed for user root
Jul 10 00:38:10 devstack cinder-volume[87452]: DEBUG oslo_concurrency.processutils [None req-052423e2-0efd-4f35-b40f-cd40a5fcb715 tempest-VolumesImageMetadata-1455975000 None] CMD "sudo cinder-rootwrap /etc/cinder/rootwrap.conf qemu-img create -f qcow2 -o preallocation=metadata /opt/stack/data/cinder/mnt/1bd80152c1fd66bd6826dd47284cdbf0/volume-69e5c291-0f84-4bf4-a652-98b27c6293f2 1073741824" returned: 0 in 1.027s {{(pid=87452) execute /opt/stack/data/venv/lib/python3.12/site-packages/oslo_concurrency/processutils.py:468}}
Jul 10 00:38:11 devstack cinder-volume[87452]: DEBUG oslo_concurrency.processutils [None req-052423e2-0efd-4f35-b40f-cd40a5fcb715 tempest-VolumesImageMetadata-1455975000 None] Running cmd (subprocess): sudo cinder-rootwrap /etc/cinder/rootwrap.conf chmod ugo+rw /opt/stack/data/cinder/mnt/1bd80152c1fd66bd6826dd47284cdbf0/volume-69e5c291-0f84-4bf4-a652-98b27c6293f2 {{(pid=87452) execute /opt/stack/data/venv/lib/python3.12/site-packages/oslo_concurrency/processutils.py:440}}
Jul 10 00:38:11 devstack sudo[94519]: quobyte : PWD=/ ; USER=root ; COMMAND=/opt/stack/data/venv/bin/cinder-rootwrap /etc/cinder/rootwrap.conf chmod ugo+rw /opt/stack/data/cinder/mnt/1bd80152c1fd66bd6826dd47284cdbf0/volume-69e5c291-0f84-4bf4-a652-98b27c6293f2
Jul 10 00:38:11 devstack sudo[94519]: pam_unix(sudo:session): session opened for user root(uid=0) by (uid=1000)
Jul 10 00:38:11 devstack sudo[94519]: pam_unix(sudo:session): session closed for user root
Jul 10 00:38:11 devstack cinder-volume[87452]: DEBUG oslo_concurrency.processutils [None req-052423e2-0efd-4f35-b40f-cd40a5fcb715 tempest-VolumesImageMetadata-1455975000 None] CMD "sudo cinder-rootwrap /etc/cinder/rootwrap.conf chmod ugo+rw /opt/stack/data/cinder/mnt/1bd80152c1fd66bd6826dd47284cdbf0/volume-69e5c291-0f84-4bf4-a652-98b27c6293f2" returned: 0 in 0.878s {{(pid=87452) execute /opt/stack/data/venv/lib/python3.12/site-packages/oslo_concurrency/processutils.py:468}}
Jul 10 00:38:11 devstack cinder-volume[87452]: DEBUG cinder.volume.drivers.quobyte [None req-052423e2-0efd-4f35-b40f-cd40a5fcb715 tempest-VolumesImageMetadata-1455975000 None] <== create_volume: return (1952ms) {'provider_location': 'osci02.corp.quobyte.com/cinder-vol-520b10c3-b055-4ab8-9b6b-8546a3a233df'} {{(pid=87452) trace_logging_wrapper /opt/stack/cinder/cinder/volume/volume_utils.py:1522}}
Jul 10 00:38:11 devstack cinder-volume[87452]: DEBUG oslo_concurrency.lockutils [None req-052423e2-0efd-4f35-b40f-cd40a5fcb715 tempest-VolumesImageMetadata-1455975000 None] Lock "quobyte" "released" by "cinder.volume.drivers.quobyte.QuobyteDriver.create_volume" :: held 1.956s {{(pid=87452) inner /opt/stack/data/venv/lib/python3.12/site-packages/oslo_concurrency/lockutils.py:543}}
Jul 10 00:38:11 devstack cinder-volume[87452]: DEBUG cinder.volume.volume_utils [None req-052423e2-0efd-4f35-b40f-cd40a5fcb715 tempest-VolumesImageMetadata-1455975000 None] Attempting download of 2b7c4d0c-270c-4121-95ac-c2aa29014583 ((None, [{'url': 'file:///opt/stack/data/glance/images/2b7c4d0c-270c-4121-95ac-c2aa29014583', 'metadata': {}}])) to volume 69e5c291-0f84-4bf4-a652-98b27c6293f2. {{(pid=87452) copy_image_to_volume /opt/stack/cinder/cinder/volume/volume_utils.py:1188}}
Jul 10 00:38:12 devstack cinder-volume[87452]: DEBUG oslo.privsep.daemon [-] privsep: reply[306cd5db-cc0c-4700-a2df-34227a13aca8]: (4, 'raw') {{(pid=88295) _call_back /opt/stack/data/venv/lib/python3.12/site-packages/oslo_privsep/daemon.py:580}}
Jul 10 00:38:12 devstack cinder-volume[87452]: DEBUG oslo_concurrency.processutils [None req-052423e2-0efd-4f35-b40f-cd40a5fcb715 tempest-VolumesImageMetadata-1455975000 None] Running cmd (subprocess): /opt/stack/data/venv/bin/python3.12 -m oslo_concurrency.prlimit --as=1073741824 --cpu=60 -- sudo cinder-rootwrap /etc/cinder/rootwrap.conf env LC_ALL=C qemu-img info -f raw --output=json /opt/stack/data/cinder/conversion/image_download_2b7c4d0c-270c-4121-95ac-c2aa29014583_84ah97sa {{(pid=87452) execute /opt/stack/data/venv/lib/python3.12/site-packages/oslo_concurrency/processutils.py:440}}
Jul 10 00:38:12 devstack sudo[94527]: quobyte : PWD=/ ; USER=root ; COMMAND=/opt/stack/data/venv/bin/cinder-rootwrap /etc/cinder/rootwrap.conf env LC_ALL=C qemu-img info -f raw --output=json /opt/stack/data/cinder/conversion/image_download_2b7c4d0c-270c-4121-95ac-c2aa29014583_84ah97sa
Jul 10 00:38:12 devstack sudo[94527]: pam_unix(sudo:session): session opened for user root(uid=0) by (uid=1000)
Jul 10 00:38:12 devstack sudo[94527]: pam_unix(sudo:session): session closed for user root
Jul 10 00:38:12 devstack cinder-volume[87452]: DEBUG oslo_concurrency.processutils [None req-052423e2-0efd-4f35-b40f-cd40a5fcb715 tempest-VolumesImageMetadata-1455975000 None] CMD "/opt/stack/data/venv/bin/python3.12 -m oslo_concurrency.prlimit --as=1073741824 --cpu=60 -- sudo cinder-rootwrap /etc/cinder/rootwrap.conf env LC_ALL=C qemu-img info -f raw --output=json /opt/stack/data/cinder/conversion/image_download_2b7c4d0c-270c-4121-95ac-c2aa29014583_84ah97sa" returned: 0 in 0.780s {{(pid=87452) execute /opt/stack/data/venv/lib/python3.12/site-packages/oslo_concurrency/processutils.py:468}}
Jul 10 00:38:12 devstack cinder-volume[87452]: DEBUG oslo_concurrency.processutils [None req-052423e2-0efd-4f35-b40f-cd40a5fcb715 tempest-VolumesImageMetadata-1455975000 None] Running cmd (subprocess): /opt/stack/data/venv/bin/python3.12 -m oslo_concurrency.prlimit --as=1073741824 --cpu=60 -- sudo cinder-rootwrap /etc/cinder/rootwrap.conf env LC_ALL=C qemu-img info -f luks --output=json /opt/stack/data/cinder/conversion/image_download_2b7c4d0c-270c-4121-95ac-c2aa29014583_84ah97sa {{(pid=87452) execute /opt/stack/data/venv/lib/python3.12/site-packages/oslo_concurrency/processutils.py:440}}
Jul 10 00:38:12 devstack sudo[94531]: quobyte : PWD=/ ; USER=root ; COMMAND=/opt/stack/data/venv/bin/cinder-rootwrap /etc/cinder/rootwrap.conf env LC_ALL=C qemu-img info -f luks --output=json /opt/stack/data/cinder/conversion/image_download_2b7c4d0c-270c-4121-95ac-c2aa29014583_84ah97sa
Jul 10 00:38:12 devstack sudo[94531]: pam_unix(sudo:session): session opened for user root(uid=0) by (uid=1000)
Jul 10 00:38:14 devstack sudo[94531]: pam_unix(sudo:session): session closed for user root
Jul 10 00:38:14 devstack cinder-volume[87452]: DEBUG oslo_concurrency.processutils [None req-052423e2-0efd-4f35-b40f-cd40a5fcb715 tempest-VolumesImageMetadata-1455975000 None] CMD "/opt/stack/data/venv/bin/python3.12 -m oslo_concurrency.prlimit --as=1073741824 --cpu=60 -- sudo cinder-rootwrap /etc/cinder/rootwrap.conf env LC_ALL=C qemu-img info -f luks --output=json /opt/stack/data/cinder/conversion/image_download_2b7c4d0c-270c-4121-95ac-c2aa29014583_84ah97sa" returned: 1 in 1.476s {{(pid=87452) execute /opt/stack/data/venv/lib/python3.12/site-packages/oslo_concurrency/processutils.py:468}}
Jul 10 00:38:14 devstack cinder-volume[87452]: DEBUG oslo_concurrency.processutils [None req-052423e2-0efd-4f35-b40f-cd40a5fcb715 tempest-VolumesImageMetadata-1455975000 None] '/opt/stack/data/venv/bin/python3.12 -m oslo_concurrency.prlimit --as=1073741824 --cpu=60 -- sudo cinder-rootwrap /etc/cinder/rootwrap.conf env LC_ALL=C qemu-img info -f luks --output=json /opt/stack/data/cinder/conversion/image_download_2b7c4d0c-270c-4121-95ac-c2aa29014583_84ah97sa' failed. Not Retrying. {{(pid=87452) execute /opt/stack/data/venv/lib/python3.12/site-packages/oslo_concurrency/processutils.py:543}}
Jul 10 00:38:14 devstack cinder-volume[87452]: DEBUG oslo.privsep.daemon [-] privsep: reply[200b50f6-5274-416e-ab4f-2c32c244507a]: (4, 'qcow2') {{(pid=88295) _call_back /opt/stack/data/venv/lib/python3.12/site-packages/oslo_privsep/daemon.py:580}}
Jul 10 00:38:14 devstack cinder-volume[87452]: DEBUG oslo_concurrency.processutils [None req-052423e2-0efd-4f35-b40f-cd40a5fcb715 tempest-VolumesImageMetadata-1455975000 None] Running cmd (subprocess): /opt/stack/data/venv/bin/python3.12 -m oslo_concurrency.prlimit --as=1073741824 --cpu=60 -- sudo cinder-rootwrap /etc/cinder/rootwrap.conf env LC_ALL=C qemu-img info -f qcow2 --output=json /opt/stack/data/cinder/conversion/image_fetch_2b7c4d0c-270c-4121-95ac-c2aa29014583_n3j_9rjxdevstack@QuobyteHD {{(pid=87452) execute /opt/stack/data/venv/lib/python3.12/site-packages/oslo_concurrency/processutils.py:440}}
Jul 10 00:38:14 devstack sudo[94586]: quobyte : PWD=/ ; USER=root ; COMMAND=/opt/stack/data/venv/bin/cinder-rootwrap /etc/cinder/rootwrap.conf env LC_ALL=C qemu-img info -f qcow2 --output=json /opt/stack/data/cinder/conversion/image_fetch_2b7c4d0c-270c-4121-95ac-c2aa29014583_n3j_9rjxdevstack@QuobyteHD
Jul 10 00:38:14 devstack sudo[94586]: pam_unix(sudo:session): session opened for user root(uid=0) by (uid=1000)
Jul 10 00:38:15 devstack sudo[94586]: pam_unix(sudo:session): session closed for user root
Jul 10 00:38:15 devstack cinder-volume[87452]: DEBUG oslo_concurrency.processutils [None req-052423e2-0efd-4f35-b40f-cd40a5fcb715 tempest-VolumesImageMetadata-1455975000 None] CMD "/opt/stack/data/venv/bin/python3.12 -m oslo_concurrency.prlimit --as=1073741824 --cpu=60 -- sudo cinder-rootwrap /etc/cinder/rootwrap.conf env LC_ALL=C qemu-img info -f qcow2 --output=json /opt/stack/data/cinder/conversion/image_fetch_2b7c4d0c-270c-4121-95ac-c2aa29014583_n3j_9rjxdevstack@QuobyteHD" returned: 0 in 1.373s {{(pid=87452) execute /opt/stack/data/venv/lib/python3.12/site-packages/oslo_concurrency/processutils.py:468}}
Jul 10 00:38:15 devstack cinder-volume[87452]: DEBUG cinder.image.image_utils [None req-052423e2-0efd-4f35-b40f-cd40a5fcb715 tempest-VolumesImageMetadata-1455975000 None] 2b7c4d0c-270c-4121-95ac-c2aa29014583 was qcow2, converting to raw {{(pid=87452) fetch_to_volume_format /opt/stack/cinder/cinder/image/image_utils.py:1123}}
Jul 10 00:38:15 devstack cinder-volume[87452]: DEBUG oslo_concurrency.processutils [None req-052423e2-0efd-4f35-b40f-cd40a5fcb715 tempest-VolumesImageMetadata-1455975000 None] Running cmd (subprocess): sudo cinder-rootwrap /etc/cinder/rootwrap.conf qemu-img convert -O raw -f qcow2 /opt/stack/data/cinder/conversion/image_fetch_2b7c4d0c-270c-4121-95ac-c2aa29014583_n3j_9rjxdevstack@QuobyteHD /opt/stack/data/cinder/mnt/1bd80152c1fd66bd6826dd47284cdbf0/volume-69e5c291-0f84-4bf4-a652-98b27c6293f2 {{(pid=87452) execute /opt/stack/data/venv/lib/python3.12/site-packages/oslo_concurrency/processutils.py:440}}
Jul 10 00:38:15 devstack sudo[94613]: quobyte : PWD=/ ; USER=root ; COMMAND=/opt/stack/data/venv/bin/cinder-rootwrap /etc/cinder/rootwrap.conf qemu-img convert -O raw -f qcow2 /opt/stack/data/cinder/conversion/image_fetch_2b7c4d0c-270c-4121-95ac-c2aa29014583_n3j_9rjxdevstack@QuobyteHD /opt/stack/data/cinder/mnt/1bd80152c1fd66bd6826dd47284cdbf0/volume-69e5c291-0f84-4bf4-a652-98b27c6293f2
Jul 10 00:38:15 devstack sudo[94613]: pam_unix(sudo:session): session opened for user root(uid=0) by (uid=1000)
Jul 10 00:38:18 devstack sudo[94613]: pam_unix(sudo:session): session closed for user root
Jul 10 00:38:18 devstack cinder-volume[87452]: DEBUG oslo_concurrency.processutils [None req-052423e2-0efd-4f35-b40f-cd40a5fcb715 tempest-VolumesImageMetadata-1455975000 None] CMD "sudo cinder-rootwrap /etc/cinder/rootwrap.conf qemu-img convert -O raw -f qcow2 /opt/stack/data/cinder/conversion/image_fetch_2b7c4d0c-270c-4121-95ac-c2aa29014583_n3j_9rjxdevstack@QuobyteHD /opt/stack/data/cinder/mnt/1bd80152c1fd66bd6826dd47284cdbf0/volume-69e5c291-0f84-4bf4-a652-98b27c6293f2" returned: 0 in 3.173s {{(pid=87452) execute /opt/stack/data/venv/lib/python3.12/site-packages/oslo_concurrency/processutils.py:468}}
Jul 10 00:38:18 devstack cinder-volume[87452]: DEBUG cinder.image.image_utils [None req-052423e2-0efd-4f35-b40f-cd40a5fcb715 tempest-VolumesImageMetadata-1455975000 None] Image conversion details: src /opt/stack/data/cinder/conversion/image_fetch_2b7c4d0c-270c-4121-95ac-c2aa29014583_n3j_9rjxdevstack@QuobyteHD, size 112.00 MB, duration 3.18 sec, destination /opt/stack/data/cinder/mnt/1bd80152c1fd66bd6826dd47284cdbf0/volume-69e5c291-0f84-4bf4-a652-98b27c6293f2 {{(pid=87452) _convert_image /opt/stack/cinder/cinder/image/image_utils.py:536}}
Jul 10 00:38:18 devstack cinder-volume[87452]: INFO cinder.image.image_utils [None req-052423e2-0efd-4f35-b40f-cd40a5fcb715 tempest-VolumesImageMetadata-1455975000 None] Converted 112.00 MB image at 35.25 MB/s
Jul 10 00:38:18 devstack cinder-volume[87452]: DEBUG oslo_concurrency.processutils [None req-052423e2-0efd-4f35-b40f-cd40a5fcb715 tempest-VolumesImageMetadata-1455975000 None] Running cmd (subprocess): sudo cinder-rootwrap /etc/cinder/rootwrap.conf qemu-img resize /opt/stack/data/cinder/mnt/1bd80152c1fd66bd6826dd47284cdbf0/volume-69e5c291-0f84-4bf4-a652-98b27c6293f2 1G {{(pid=87452) execute /opt/stack/data/venv/lib/python3.12/site-packages/oslo_concurrency/processutils.py:440}}
Jul 10 00:38:18 devstack sudo[94684]: quobyte : PWD=/ ; USER=root ; COMMAND=/opt/stack/data/venv/bin/cinder-rootwrap /etc/cinder/rootwrap.conf qemu-img resize /opt/stack/data/cinder/mnt/1bd80152c1fd66bd6826dd47284cdbf0/volume-69e5c291-0f84-4bf4-a652-98b27c6293f2 1G
Jul 10 00:38:18 devstack sudo[94684]: pam_unix(sudo:session): session opened for user root(uid=0) by (uid=1000)
Jul 10 00:38:20 devstack sudo[94684]: pam_unix(sudo:session): session closed for user root
Jul 10 00:38:20 devstack cinder-volume[87452]: DEBUG oslo_concurrency.processutils [None req-052423e2-0efd-4f35-b40f-cd40a5fcb715 tempest-VolumesImageMetadata-1455975000 None] CMD "sudo cinder-rootwrap /etc/cinder/rootwrap.conf qemu-img resize /opt/stack/data/cinder/mnt/1bd80152c1fd66bd6826dd47284cdbf0/volume-69e5c291-0f84-4bf4-a652-98b27c6293f2 1G" returned: 0 in 1.171s {{(pid=87452) execute /opt/stack/data/venv/lib/python3.12/site-packages/oslo_concurrency/processutils.py:468}}
Jul 10 00:38:20 devstack cinder-volume[87452]: DEBUG oslo.privsep.daemon [-] privsep: reply[c99efb9b-201d-4759-a2ef-e48fdd60333e]: (4, 'raw') {{(pid=88295) _call_back /opt/stack/data/venv/lib/python3.12/site-packages/oslo_privsep/daemon.py:580}}
Jul 10 00:38:20 devstack cinder-volume[87452]: DEBUG oslo_concurrency.processutils [None req-052423e2-0efd-4f35-b40f-cd40a5fcb715 tempest-VolumesImageMetadata-1455975000 None] Running cmd (subprocess): /opt/stack/data/venv/bin/python3.12 -m oslo_concurrency.prlimit --as=1073741824 --cpu=60 -- sudo cinder-rootwrap /etc/cinder/rootwrap.conf env LC_ALL=C qemu-img info -f raw --output=json /opt/stack/data/cinder/mnt/1bd80152c1fd66bd6826dd47284cdbf0/volume-69e5c291-0f84-4bf4-a652-98b27c6293f2 {{(pid=87452) execute /opt/stack/data/venv/lib/python3.12/site-packages/oslo_concurrency/processutils.py:440}}
Jul 10 00:38:20 devstack sudo[94689]: quobyte : PWD=/ ; USER=root ; COMMAND=/opt/stack/data/venv/bin/cinder-rootwrap /etc/cinder/rootwrap.conf env LC_ALL=C qemu-img info -f raw --output=json /opt/stack/data/cinder/mnt/1bd80152c1fd66bd6826dd47284cdbf0/volume-69e5c291-0f84-4bf4-a652-98b27c6293f2
Jul 10 00:38:20 devstack sudo[94689]: pam_unix(sudo:session): session opened for user root(uid=0) by (uid=1000)
Jul 10 00:38:20 devstack cinder-volume[87452]: DEBUG dbcounter [-] [87452] Writing DB stats cinder:UPDATE=9,cinder:SELECT=14,cinder:INSERT=3 {{(pid=87452) stat_writer /opt/stack/data/venv/lib/python3.12/site-packages/dbcounter.py:115}}
Jul 10 00:38:21 devstack sudo[94689]: pam_unix(sudo:session): session closed for user root
Jul 10 00:38:21 devstack cinder-volume[87452]: DEBUG oslo_concurrency.processutils [None req-052423e2-0efd-4f35-b40f-cd40a5fcb715 tempest-VolumesImageMetadata-1455975000 None] CMD "/opt/stack/data/venv/bin/python3.12 -m oslo_concurrency.prlimit --as=1073741824 --cpu=60 -- sudo cinder-rootwrap /etc/cinder/rootwrap.conf env LC_ALL=C qemu-img info -f raw --output=json /opt/stack/data/cinder/mnt/1bd80152c1fd66bd6826dd47284cdbf0/volume-69e5c291-0f84-4bf4-a652-98b27c6293f2" returned: 0 in 1.098s {{(pid=87452) execute /opt/stack/data/venv/lib/python3.12/site-packages/oslo_concurrency/processutils.py:468}}
Jul 10 00:38:21 devstack cinder-volume[87452]: DEBUG oslo_concurrency.processutils [None req-052423e2-0efd-4f35-b40f-cd40a5fcb715 tempest-VolumesImageMetadata-1455975000 None] Running cmd (subprocess): /opt/stack/data/venv/bin/python3.12 -m oslo_concurrency.prlimit --as=1073741824 --cpu=60 -- sudo cinder-rootwrap /etc/cinder/rootwrap.conf env LC_ALL=C qemu-img info -f luks --output=json /opt/stack/data/cinder/mnt/1bd80152c1fd66bd6826dd47284cdbf0/volume-69e5c291-0f84-4bf4-a652-98b27c6293f2 {{(pid=87452) execute /opt/stack/data/venv/lib/python3.12/site-packages/oslo_concurrency/processutils.py:440}}
Jul 10 00:38:21 devstack sudo[94695]: quobyte : PWD=/ ; USER=root ; COMMAND=/opt/stack/data/venv/bin/cinder-rootwrap /etc/cinder/rootwrap.conf env LC_ALL=C qemu-img info -f luks --output=json /opt/stack/data/cinder/mnt/1bd80152c1fd66bd6826dd47284cdbf0/volume-69e5c291-0f84-4bf4-a652-98b27c6293f2
Jul 10 00:38:21 devstack sudo[94695]: pam_unix(sudo:session): session opened for user root(uid=0) by (uid=1000)
Jul 10 00:38:21 devstack cinder-volume[87452]: DEBUG dbcounter [-] [87452] Writing DB stats cinder:SELECT=15,cinder:UPDATE=11,cinder:DELETE=2,cinder:INSERT=1 {{(pid=87452) stat_writer /opt/stack/data/venv/lib/python3.12/site-packages/dbcounter.py:115}}
Jul 10 00:38:22 devstack sudo[94695]: pam_unix(sudo:session): session closed for user root
Jul 10 00:38:22 devstack cinder-volume[87452]: DEBUG oslo_concurrency.processutils [None req-052423e2-0efd-4f35-b40f-cd40a5fcb715 tempest-VolumesImageMetadata-1455975000 None] CMD "/opt/stack/data/venv/bin/python3.12 -m oslo_concurrency.prlimit --as=1073741824 --cpu=60 -- sudo cinder-rootwrap /etc/cinder/rootwrap.conf env LC_ALL=C qemu-img info -f luks --output=json /opt/stack/data/cinder/mnt/1bd80152c1fd66bd6826dd47284cdbf0/volume-69e5c291-0f84-4bf4-a652-98b27c6293f2" returned: 1 in 1.131s {{(pid=87452) execute /opt/stack/data/venv/lib/python3.12/site-packages/oslo_concurrency/processutils.py:468}}
Jul 10 00:38:22 devstack cinder-volume[87452]: DEBUG oslo_concurrency.processutils [None req-052423e2-0efd-4f35-b40f-cd40a5fcb715 tempest-VolumesImageMetadata-1455975000 None] '/opt/stack/data/venv/bin/python3.12 -m oslo_concurrency.prlimit --as=1073741824 --cpu=60 -- sudo cinder-rootwrap /etc/cinder/rootwrap.conf env LC_ALL=C qemu-img info -f luks --output=json /opt/stack/data/cinder/mnt/1bd80152c1fd66bd6826dd47284cdbf0/volume-69e5c291-0f84-4bf4-a652-98b27c6293f2' failed. Not Retrying. {{(pid=87452) execute /opt/stack/data/venv/lib/python3.12/site-packages/oslo_concurrency/processutils.py:543}}
Jul 10 00:38:22 devstack cinder-volume[87452]: DEBUG cinder.volume.volume_utils [None req-052423e2-0efd-4f35-b40f-cd40a5fcb715 tempest-VolumesImageMetadata-1455975000 None] Downloaded image 2b7c4d0c-270c-4121-95ac-c2aa29014583 ((None, [{'url': 'file:///opt/stack/data/glance/images/2b7c4d0c-270c-4121-95ac-c2aa29014583', 'metadata': {}}])) to volume 69e5c291-0f84-4bf4-a652-98b27c6293f2 successfully. {{(pid=87452) copy_image_to_volume /opt/stack/cinder/cinder/volume/volume_utils.py:1233}}
Jul 10 00:38:22 devstack cinder-volume[87452]: DEBUG cinder.image.image_utils [None req-052423e2-0efd-4f35-b40f-cd40a5fcb715 tempest-VolumesImageMetadata-1455975000 None] Temporary image 2b7c4d0c-270c-4121-95ac-c2aa29014583 for user 31609e4ed28644789f12ddbaabef8006 is deleted. {{(pid=87452) fetch /opt/stack/cinder/cinder/image/image_utils.py:1438}}
Jul 10 00:38:22 devstack cinder-volume[87452]: DEBUG cinder.volume.volume_utils [None req-052423e2-0efd-4f35-b40f-cd40a5fcb715 tempest-VolumesImageMetadata-1455975000 None] Marking volume 69e5c291-0f84-4bf4-a652-98b27c6293f2 as bootable. {{(pid=87452) enable_bootable_flag /opt/stack/cinder/cinder/volume/volume_utils.py:1137}}
Jul 10 00:38:22 devstack cinder-volume[87452]: DEBUG cinder.volume.flows.manager.create_volume [None req-052423e2-0efd-4f35-b40f-cd40a5fcb715 tempest-VolumesImageMetadata-1455975000 None] Copying metadata from image 2b7c4d0c-270c-4121-95ac-c2aa29014583 to 69e5c291-0f84-4bf4-a652-98b27c6293f2. {{(pid=87452) _handle_bootable_volume_glance_meta /opt/stack/cinder/cinder/volume/flows/manager/create_volume.py:450}}
Jul 10 00:38:22 devstack cinder-volume[87452]: DEBUG cinder.volume.flows.manager.create_volume [None req-052423e2-0efd-4f35-b40f-cd40a5fcb715 tempest-VolumesImageMetadata-1455975000 None] Creating volume glance metadata for volume 69e5c291-0f84-4bf4-a652-98b27c6293f2 backed by image 2b7c4d0c-270c-4121-95ac-c2aa29014583 with: {'hw_rng_model': 'virtio', 'owner_specified.openstack.md5': '', 'owner_specified.openstack.object': 'images/cirros-0.6.3-x86_64-disk', 'owner_specified.openstack.sha256': '', 'image_id': '2b7c4d0c-270c-4121-95ac-c2aa29014583', 'image_name': 'cirros-0.6.3-x86_64-disk', 'checksum': '87617e24a5e30cb3b87fda8c0764838f', 'container_format': 'bare', 'disk_format': 'qcow2', 'min_disk': 0, 'min_ram': 0, 'size': 21692416}. {{(pid=87452) _capture_volume_image_metadata /opt/stack/cinder/cinder/volume/flows/manager/create_volume.py:682}}
Jul 10 00:38:22 devstack cinder-volume[87452]: DEBUG cinder.volume.manager [None req-052423e2-0efd-4f35-b40f-cd40a5fcb715 tempest-VolumesImageMetadata-1455975000 None] Task 'cinder.volume.flows.manager.create_volume.CreateVolumeFromSpecTask;volume:create' (ce925f3a-e264-4cbf-92f6-c2f4e9caae1c) transitioned into state 'SUCCESS' from state 'RUNNING' with result '{'status': 'creating', 'volume_name': 'volume-69e5c291-0f84-4bf4-a652-98b27c6293f2', 'volume_size': 1, 'image_id': '2b7c4d0c-270c-4121-95ac-c2aa29014583', 'image_location': (None, [{'url': 'file:///opt/stack/data/glance/images/2b7c4d0c-270c-4121-95ac-c2aa29014583', 'metadata': {}}]), 'image_meta': {'name': 'cirros-0.6.3-x86_64-disk', 'disk_format': 'qcow2', 'container_format': 'bare', 'visibility': 'public', 'size': 21692416, 'virtual_size': 117440512, 'status': 'active', 'checksum': '87617e24a5e30cb3b87fda8c0764838f', 'protected': False, 'min_ram': 0, 'min_disk': 0, 'owner': '12f16b01786648fbb0f5afbb76a3fa37', 'os_hidden': False, 'os_hash_algo': 'sha512', 'os_hash_value': '9a9bce0083a00939ec17c11febbfc767aa211aaa54f51e75c5a8b271a9b5637c77205a518b7a2007cb391d23cceb01e0e4e8d64832317151bc85b734b92a7be0', 'id': '2b7c4d0c-270c-4121-95ac-c2aa29014583', 'created_at': datetime.datetime(2026, 7, 9, 22, 24, 24, tzinfo=datetime.timezone.utc), 'updated_at': datetime.datetime(2026, 7, 9, 22, 24, 26, tzinfo=datetime.timezone.utc), 'tags': [], 'file': '/v2/images/2b7c4d0c-270c-4121-95ac-c2aa29014583/file', 'properties': {'hw_rng_model': 'virtio', 'owner_specified.openstack.md5': '', 'owner_specified.openstack.object': 'images/cirros-0.6.3-x86_64-disk', 'owner_specified.openstack.sha256': ''}}, 'image_service': }' {{(pid=87452) _task_receiver /opt/stack/data/venv/lib/python3.12/site-packages/taskflow/listeners/logging.py:218}}
Jul 10 00:38:22 devstack cinder-volume[87452]: DEBUG cinder.volume.manager [None req-052423e2-0efd-4f35-b40f-cd40a5fcb715 tempest-VolumesImageMetadata-1455975000 None] Task 'cinder.volume.flows.manager.create_volume.CreateVolumeOnFinishTask;volume:create, create.end' (b2d79051-d9e7-438b-a685-2bce31d4ab0c) transitioned into state 'RUNNING' from state 'PENDING' {{(pid=87452) _task_receiver /opt/stack/data/venv/lib/python3.12/site-packages/taskflow/listeners/logging.py:242}}
Jul 10 00:38:22 devstack cinder-volume[87452]: INFO cinder.volume.flows.manager.create_volume [None req-052423e2-0efd-4f35-b40f-cd40a5fcb715 tempest-VolumesImageMetadata-1455975000 None] Volume volume-69e5c291-0f84-4bf4-a652-98b27c6293f2 (69e5c291-0f84-4bf4-a652-98b27c6293f2): created successfully
Jul 10 00:38:22 devstack cinder-volume[87452]: DEBUG cinder.volume.manager [None req-052423e2-0efd-4f35-b40f-cd40a5fcb715 tempest-VolumesImageMetadata-1455975000 None] Task 'cinder.volume.flows.manager.create_volume.CreateVolumeOnFinishTask;volume:create, create.end' (b2d79051-d9e7-438b-a685-2bce31d4ab0c) transitioned into state 'SUCCESS' from state 'RUNNING' with result 'None' {{(pid=87452) _task_receiver /opt/stack/data/venv/lib/python3.12/site-packages/taskflow/listeners/logging.py:218}}
Jul 10 00:38:22 devstack cinder-volume[87452]: DEBUG cinder.volume.manager [None req-052423e2-0efd-4f35-b40f-cd40a5fcb715 tempest-VolumesImageMetadata-1455975000 None] Flow 'volume_create_manager' (1d2cd05d-4aff-41fe-8db7-fecc7d722267) transitioned into state 'SUCCESS' from state 'RUNNING' {{(pid=87452) _flow_receiver /opt/stack/data/venv/lib/python3.12/site-packages/taskflow/listeners/logging.py:160}}
Jul 10 00:38:22 devstack cinder-volume[87452]: INFO cinder.volume.manager [None req-052423e2-0efd-4f35-b40f-cd40a5fcb715 tempest-VolumesImageMetadata-1455975000 None] Created volume successfully.
Jul 10 00:38:24 devstack cinder-volume[87452]: DEBUG cinder.coordination [None req-0debd3c0-fcdd-459f-8639-c0e342109cf6 tempest-VolumesImageMetadata-1455975000 None] Acquiring lock "cinder-69e5c291-0f84-4bf4-a652-98b27c6293f2-delete_volume" by "delete_volume" {{(pid=87452) __acquire /opt/stack/cinder/cinder/coordination.py:138}}
Jul 10 00:38:24 devstack cinder-volume[87452]: DEBUG cinder.coordination [None req-0debd3c0-fcdd-459f-8639-c0e342109cf6 tempest-VolumesImageMetadata-1455975000 None] Lock "cinder-69e5c291-0f84-4bf4-a652-98b27c6293f2-delete_volume" acquired by "delete_volume" :: waited 0.027s {{(pid=87452) __acquire /opt/stack/cinder/cinder/coordination.py:141}}
Jul 10 00:38:24 devstack cinder-volume[87452]: DEBUG cinder.coordination [None req-0debd3c0-fcdd-459f-8639-c0e342109cf6 tempest-VolumesImageMetadata-1455975000 None] Acquiring lock "cinder-quobyte-69e5c291-0f84-4bf4-a652-98b27c6293f2" by "delete_volume" {{(pid=87452) __acquire /opt/stack/cinder/cinder/coordination.py:138}}
Jul 10 00:38:24 devstack cinder-volume[87452]: DEBUG cinder.coordination [None req-0debd3c0-fcdd-459f-8639-c0e342109cf6 tempest-VolumesImageMetadata-1455975000 None] Lock "cinder-quobyte-69e5c291-0f84-4bf4-a652-98b27c6293f2" acquired by "delete_volume" :: waited 0.023s {{(pid=87452) __acquire /opt/stack/cinder/cinder/coordination.py:141}}
Jul 10 00:38:24 devstack cinder-volume[87452]: DEBUG oslo.privsep.daemon [-] privsep: reply[b7538701-2bc5-45d4-bc2f-51a9fea2c326]: (4, 'raw') {{(pid=88295) _call_back /opt/stack/data/venv/lib/python3.12/site-packages/oslo_privsep/daemon.py:580}}
Jul 10 00:38:24 devstack cinder-volume[87452]: DEBUG oslo_concurrency.processutils [None req-0debd3c0-fcdd-459f-8639-c0e342109cf6 tempest-VolumesImageMetadata-1455975000 None] Running cmd (subprocess): /opt/stack/data/venv/bin/python3.12 -m oslo_concurrency.prlimit --as=1073741824 --cpu=60 -- sudo cinder-rootwrap /etc/cinder/rootwrap.conf env LC_ALL=C qemu-img info -f raw --output=json --force-share /opt/stack/data/cinder/mnt/1bd80152c1fd66bd6826dd47284cdbf0/volume-69e5c291-0f84-4bf4-a652-98b27c6293f2 {{(pid=87452) execute /opt/stack/data/venv/lib/python3.12/site-packages/oslo_concurrency/processutils.py:440}}
Jul 10 00:38:24 devstack sudo[94802]: quobyte : PWD=/ ; USER=root ; COMMAND=/opt/stack/data/venv/bin/cinder-rootwrap /etc/cinder/rootwrap.conf env LC_ALL=C qemu-img info -f raw --output=json --force-share /opt/stack/data/cinder/mnt/1bd80152c1fd66bd6826dd47284cdbf0/volume-69e5c291-0f84-4bf4-a652-98b27c6293f2
Jul 10 00:38:24 devstack sudo[94802]: pam_unix(sudo:session): session opened for user root(uid=0) by (uid=1000)
Jul 10 00:38:25 devstack cinder-volume[87452]: DEBUG oslo_concurrency.processutils [None req-0debd3c0-fcdd-459f-8639-c0e342109cf6 tempest-VolumesImageMetadata-1455975000 None] CMD "/opt/stack/data/venv/bin/python3.12 -m oslo_concurrency.prlimit --as=1073741824 --cpu=60 -- sudo cinder-rootwrap /etc/cinder/rootwrap.conf env LC_ALL=C qemu-img info -f raw --output=json --force-share /opt/stack/data/cinder/mnt/1bd80152c1fd66bd6826dd47284cdbf0/volume-69e5c291-0f84-4bf4-a652-98b27c6293f2" returned: 0 in 1.193s {{(pid=87452) execute /opt/stack/data/venv/lib/python3.12/site-packages/oslo_concurrency/processutils.py:468}}
Jul 10 00:38:25 devstack sudo[94802]: pam_unix(sudo:session): session closed for user root
Jul 10 00:38:25 devstack cinder-volume[87452]: DEBUG oslo_concurrency.processutils [None req-0debd3c0-fcdd-459f-8639-c0e342109cf6 tempest-VolumesImageMetadata-1455975000 None] Running cmd (subprocess): /opt/stack/data/venv/bin/python3.12 -m oslo_concurrency.prlimit --as=1073741824 --cpu=60 -- sudo cinder-rootwrap /etc/cinder/rootwrap.conf env LC_ALL=C qemu-img info -f luks --output=json --force-share /opt/stack/data/cinder/mnt/1bd80152c1fd66bd6826dd47284cdbf0/volume-69e5c291-0f84-4bf4-a652-98b27c6293f2 {{(pid=87452) execute /opt/stack/data/venv/lib/python3.12/site-packages/oslo_concurrency/processutils.py:440}}
Jul 10 00:38:26 devstack sudo[94808]: quobyte : PWD=/ ; USER=root ; COMMAND=/opt/stack/data/venv/bin/cinder-rootwrap /etc/cinder/rootwrap.conf env LC_ALL=C qemu-img info -f luks --output=json --force-share /opt/stack/data/cinder/mnt/1bd80152c1fd66bd6826dd47284cdbf0/volume-69e5c291-0f84-4bf4-a652-98b27c6293f2
Jul 10 00:38:26 devstack sudo[94808]: pam_unix(sudo:session): session opened for user root(uid=0) by (uid=1000)
Jul 10 00:38:27 devstack sudo[94808]: pam_unix(sudo:session): session closed for user root
Jul 10 00:38:27 devstack cinder-volume[87452]: DEBUG oslo_concurrency.processutils [None req-0debd3c0-fcdd-459f-8639-c0e342109cf6 tempest-VolumesImageMetadata-1455975000 None] CMD "/opt/stack/data/venv/bin/python3.12 -m oslo_concurrency.prlimit --as=1073741824 --cpu=60 -- sudo cinder-rootwrap /etc/cinder/rootwrap.conf env LC_ALL=C qemu-img info -f luks --output=json --force-share /opt/stack/data/cinder/mnt/1bd80152c1fd66bd6826dd47284cdbf0/volume-69e5c291-0f84-4bf4-a652-98b27c6293f2" returned: 1 in 1.240s {{(pid=87452) execute /opt/stack/data/venv/lib/python3.12/site-packages/oslo_concurrency/processutils.py:468}}
Jul 10 00:38:27 devstack cinder-volume[87452]: DEBUG oslo_concurrency.processutils [None req-0debd3c0-fcdd-459f-8639-c0e342109cf6 tempest-VolumesImageMetadata-1455975000 None] '/opt/stack/data/venv/bin/python3.12 -m oslo_concurrency.prlimit --as=1073741824 --cpu=60 -- sudo cinder-rootwrap /etc/cinder/rootwrap.conf env LC_ALL=C qemu-img info -f luks --output=json --force-share /opt/stack/data/cinder/mnt/1bd80152c1fd66bd6826dd47284cdbf0/volume-69e5c291-0f84-4bf4-a652-98b27c6293f2' failed. Not Retrying. {{(pid=87452) execute /opt/stack/data/venv/lib/python3.12/site-packages/oslo_concurrency/processutils.py:543}}
Jul 10 00:38:27 devstack cinder-volume[87452]: DEBUG oslo_concurrency.processutils [None req-0debd3c0-fcdd-459f-8639-c0e342109cf6 tempest-VolumesImageMetadata-1455975000 None] Running cmd (subprocess): sudo cinder-rootwrap /etc/cinder/rootwrap.conf rm -f /opt/stack/data/cinder/mnt/1bd80152c1fd66bd6826dd47284cdbf0/volume-69e5c291-0f84-4bf4-a652-98b27c6293f2 {{(pid=87452) execute /opt/stack/data/venv/lib/python3.12/site-packages/oslo_concurrency/processutils.py:440}}
Jul 10 00:38:27 devstack sudo[94813]: quobyte : PWD=/ ; USER=root ; COMMAND=/opt/stack/data/venv/bin/cinder-rootwrap /etc/cinder/rootwrap.conf rm -f /opt/stack/data/cinder/mnt/1bd80152c1fd66bd6826dd47284cdbf0/volume-69e5c291-0f84-4bf4-a652-98b27c6293f2
Jul 10 00:38:27 devstack sudo[94813]: pam_unix(sudo:session): session opened for user root(uid=0) by (uid=1000)
Jul 10 00:38:27 devstack sudo[94813]: pam_unix(sudo:session): session closed for user root
Jul 10 00:38:27 devstack cinder-volume[87452]: DEBUG oslo_concurrency.processutils [None req-0debd3c0-fcdd-459f-8639-c0e342109cf6 tempest-VolumesImageMetadata-1455975000 None] CMD "sudo cinder-rootwrap /etc/cinder/rootwrap.conf rm -f /opt/stack/data/cinder/mnt/1bd80152c1fd66bd6826dd47284cdbf0/volume-69e5c291-0f84-4bf4-a652-98b27c6293f2" returned: 0 in 0.729s {{(pid=87452) execute /opt/stack/data/venv/lib/python3.12/site-packages/oslo_concurrency/processutils.py:468}}
Jul 10 00:38:27 devstack cinder-volume[87452]: DEBUG cinder.coordination [None req-0debd3c0-fcdd-459f-8639-c0e342109cf6 tempest-VolumesImageMetadata-1455975000 None] Lock "cinder-quobyte-69e5c291-0f84-4bf4-a652-98b27c6293f2" released by "delete_volume" :: held 3.291s {{(pid=87452) __release /opt/stack/cinder/cinder/coordination.py:152}}
Jul 10 00:38:28 devstack cinder-volume[87452]: DEBUG cinder.quota [None req-0debd3c0-fcdd-459f-8639-c0e342109cf6 tempest-VolumesImageMetadata-1455975000 None] Created reservations ['475c0473-919e-4c8a-957d-3bf78e3a81ee', 'a7be0d85-fa85-47d3-9004-d6e0b68ebe8a', '4cadb763-261c-436c-97b5-4a77b4fd20ac', '8aa9e3e8-c271-4632-8c70-53081e1ea3c8'] {{(pid=87452) reserve /opt/stack/cinder/cinder/quota.py:752}}
Jul 10 00:38:28 devstack cinder-volume[87452]: DEBUG oslo_concurrency.lockutils [None req-0debd3c0-fcdd-459f-8639-c0e342109cf6 tempest-VolumesImageMetadata-1455975000 None] Acquiring lock "quobyte_ensure" by "cinder.volume.drivers.quobyte.QuobyteDriver._ensure_shares_mounted" {{(pid=87452) inner /opt/stack/data/venv/lib/python3.12/site-packages/oslo_concurrency/lockutils.py:511}}
Jul 10 00:38:28 devstack cinder-volume[87452]: DEBUG oslo_concurrency.lockutils [None req-0debd3c0-fcdd-459f-8639-c0e342109cf6 tempest-VolumesImageMetadata-1455975000 None] Lock "quobyte_ensure" acquired by "cinder.volume.drivers.quobyte.QuobyteDriver._ensure_shares_mounted" :: waited 0.001s {{(pid=87452) inner /opt/stack/data/venv/lib/python3.12/site-packages/oslo_concurrency/lockutils.py:524}}
