Nov 21 17:09:30 devstack devstack@g-api.service[74467]: DEBUG glance.api.middleware.version_negotiation [None req-1c741886-85ff-49ee-9203-e7a06a09adf3 tempest-VolumesNegativeTest-1179323089 tempest-VolumesNegativeTest-1179323089-project-member] Matched version: v2 {{(pid=74467) process_request /opt/stack/glance/glance/api/middleware/version_negotiation.py:69}}
Nov 21 17:09:30 devstack devstack@g-api.service[74467]: DEBUG glance.api.middleware.version_negotiation [None req-1c741886-85ff-49ee-9203-e7a06a09adf3 tempest-VolumesNegativeTest-1179323089 tempest-VolumesNegativeTest-1179323089-project-member] new path /v2/schemas/image {{(pid=74467) process_request /opt/stack/glance/glance/api/middleware/version_negotiation.py:70}}
Nov 21 17:09:30 devstack devstack@g-api.service[74467]: [pid: 74467|app: 0|req: 211/427] 127.0.0.1 () {42 vars in 997 bytes} [Fri Nov 21 17:09:30 2025] GET /v2/schemas/image => generated 6083 bytes in 5 msecs (HTTP/1.1 200) 4 headers in 158 bytes (1 switches on core 0)
Nov 21 17:09:30 devstack devstack@g-api.service[74468]: DEBUG glance.api.middleware.version_negotiation [None req-1c741886-85ff-49ee-9203-e7a06a09adf3 tempest-VolumesNegativeTest-1179323089 tempest-VolumesNegativeTest-1179323089-project-member] Determining version of request: DELETE /v2/images/3417338a-28f5-4c59-9d01-faaf0884ddb1 Accept: application/json {{(pid=74468) process_request /opt/stack/glance/glance/api/middleware/version_negotiation.py:44}}
Nov 21 17:09:30 devstack devstack@g-api.service[74468]: DEBUG glance.api.middleware.version_negotiation [None req-1c741886-85ff-49ee-9203-e7a06a09adf3 tempest-VolumesNegativeTest-1179323089 tempest-VolumesNegativeTest-1179323089-project-member] Using url versioning {{(pid=74468) process_request /opt/stack/glance/glance/api/middleware/version_negotiation.py:57}}
Nov 21 17:09:30 devstack devstack@g-api.service[74468]: DEBUG glance.api.middleware.version_negotiation [None req-1c741886-85ff-49ee-9203-e7a06a09adf3 tempest-VolumesNegativeTest-1179323089 tempest-VolumesNegativeTest-1179323089-project-member] Matched version: v2 {{(pid=74468) process_request /opt/stack/glance/glance/api/middleware/version_negotiation.py:69}}
Nov 21 17:09:30 devstack devstack@g-api.service[74468]: DEBUG glance.api.middleware.version_negotiation [None req-1c741886-85ff-49ee-9203-e7a06a09adf3 tempest-VolumesNegativeTest-1179323089 tempest-VolumesNegativeTest-1179323089-project-member] new path /v2/images/3417338a-28f5-4c59-9d01-faaf0884ddb1 {{(pid=74468) process_request /opt/stack/glance/glance/api/middleware/version_negotiation.py:70}}
Nov 21 17:09:30 devstack devstack@g-api.service[74467]: DEBUG glance.api.middleware.version_negotiation [None req-1c741886-85ff-49ee-9203-e7a06a09adf3 tempest-VolumesNegativeTest-1179323089 tempest-VolumesNegativeTest-1179323089-project-member] Determining version of request: GET /v2/images/d7be8fc3-6a05-4bf8-83b2-c30a2b1415cc Accept: */* {{(pid=74467) process_request /opt/stack/glance/glance/api/middleware/version_negotiation.py:44}}
Nov 21 17:09:30 devstack devstack@g-api.service[74467]: DEBUG glance.api.middleware.version_negotiation [None req-1c741886-85ff-49ee-9203-e7a06a09adf3 tempest-VolumesNegativeTest-1179323089 tempest-VolumesNegativeTest-1179323089-project-member] Using url versioning {{(pid=74467) process_request /opt/stack/glance/glance/api/middleware/version_negotiation.py:57}}
Nov 21 17:09:30 devstack devstack@g-api.service[74467]: DEBUG glance.api.middleware.version_negotiation [None req-1c741886-85ff-49ee-9203-e7a06a09adf3 tempest-VolumesNegativeTest-1179323089 tempest-VolumesNegativeTest-1179323089-project-member] Matched version: v2 {{(pid=74467) process_request /opt/stack/glance/glance/api/middleware/version_negotiation.py:69}}
Nov 21 17:09:30 devstack devstack@g-api.service[74467]: DEBUG glance.api.middleware.version_negotiation [None req-1c741886-85ff-49ee-9203-e7a06a09adf3 tempest-VolumesNegativeTest-1179323089 tempest-VolumesNegativeTest-1179323089-project-member] new path /v2/images/d7be8fc3-6a05-4bf8-83b2-c30a2b1415cc {{(pid=74467) process_request /opt/stack/glance/glance/api/middleware/version_negotiation.py:70}}
Nov 21 17:09:30 devstack devstack@g-api.service[74468]: WARNING glance.api.v2.images [None req-a3ea4422-d60a-459a-bb90-028faddfb2b9 tempest-VolumesNegativeTest-1179323089 tempest-VolumesNegativeTest-1179323089-project-member] After upload to backend, deletion of staged image data has failed because it cannot be found at /tmp/staging//3417338a-28f5-4c59-9d01-faaf0884ddb1
Nov 21 17:09:30 devstack devstack@g-api.service[74468]: DEBUG glance_store._drivers.filesystem [None req-a3ea4422-d60a-459a-bb90-028faddfb2b9 tempest-VolumesNegativeTest-1179323089 tempest-VolumesNegativeTest-1179323089-project-member] Deleting image at /opt/stack/data/glance/images/3417338a-28f5-4c59-9d01-faaf0884ddb1 {{(pid=74468) delete /opt/stack/data/venv/lib/python3.10/site-packages/glance_store/_drivers/filesystem.py:656}}
Nov 21 17:09:30 devstack devstack@g-api.service[74467]: [pid: 74467|app: 0|req: 212/428] 127.0.0.1 () {42 vars in 1057 bytes} [Fri Nov 21 17:09:30 2025] GET /v2/images/d7be8fc3-6a05-4bf8-83b2-c30a2b1415cc => generated 1580 bytes in 25 msecs (HTTP/1.1 200) 4 headers in 158 bytes (1 switches on core 0)
Nov 21 17:09:30 devstack devstack@g-api.service[74467]: DEBUG glance.api.middleware.version_negotiation [None req-ed9a9920-6447-4a04-a11d-22f9443fe9d8 tempest-TestStampPattern-1881454268 tempest-TestStampPattern-1881454268-project-member] Determining version of request: GET /v2/images/d7be8fc3-6a05-4bf8-83b2-c30a2b1415cc/file Accept: */* {{(pid=74467) process_request /opt/stack/glance/glance/api/middleware/version_negotiation.py:44}}
Nov 21 17:09:30 devstack devstack@g-api.service[74467]: DEBUG glance.api.middleware.version_negotiation [None req-ed9a9920-6447-4a04-a11d-22f9443fe9d8 tempest-TestStampPattern-1881454268 tempest-TestStampPattern-1881454268-project-member] Using url versioning {{(pid=74467) process_request /opt/stack/glance/glance/api/middleware/version_negotiation.py:57}}
Nov 21 17:09:30 devstack devstack@g-api.service[74467]: DEBUG glance.api.middleware.version_negotiation [None req-ed9a9920-6447-4a04-a11d-22f9443fe9d8 tempest-TestStampPattern-1881454268 tempest-TestStampPattern-1881454268-project-member] Matched version: v2 {{(pid=74467) process_request /opt/stack/glance/glance/api/middleware/version_negotiation.py:69}}
Nov 21 17:09:30 devstack devstack@g-api.service[74467]: DEBUG glance.api.middleware.version_negotiation [None req-ed9a9920-6447-4a04-a11d-22f9443fe9d8 tempest-TestStampPattern-1881454268 tempest-TestStampPattern-1881454268-project-member] new path /v2/images/d7be8fc3-6a05-4bf8-83b2-c30a2b1415cc/file {{(pid=74467) process_request /opt/stack/glance/glance/api/middleware/version_negotiation.py:70}}
Nov 21 17:09:30 devstack devstack@g-api.service[74467]: DEBUG glance_store._drivers.filesystem [None req-ed9a9920-6447-4a04-a11d-22f9443fe9d8 tempest-TestStampPattern-1881454268 tempest-TestStampPattern-1881454268-project-member] Found image at /opt/stack/data/glance/images/d7be8fc3-6a05-4bf8-83b2-c30a2b1415cc. Returning in ChunkedFile. {{(pid=74467) get /opt/stack/data/venv/lib/python3.10/site-packages/glance_store/_drivers/filesystem.py:618}}
Nov 21 17:09:30 devstack devstack@g-api.service[74468]: [pid: 74468|app: 0|req: 217/429] 127.0.0.1 () {38 vars in 785 bytes} [Fri Nov 21 17:09:30 2025] DELETE /v2/images/3417338a-28f5-4c59-9d01-faaf0884ddb1 => generated 0 bytes in 76 msecs (HTTP/1.1 204) 4 headers in 171 bytes (1 switches on core 0)
Nov 21 17:09:30 devstack devstack@g-api.service[74467]: DEBUG glance.image_cache [None req-ed9a9920-6447-4a04-a11d-22f9443fe9d8 tempest-TestStampPattern-1881454268 tempest-TestStampPattern-1881454268-project-member] Tee'ing image 'd7be8fc3-6a05-4bf8-83b2-c30a2b1415cc' into cache {{(pid=74467) get_caching_iter /opt/stack/glance/glance/image_cache/__init__.py:350}}
Nov 21 17:09:31 devstack devstack@g-api.service[74467]: DEBUG glance.image_cache.drivers.centralized_db [None req-ed9a9920-6447-4a04-a11d-22f9443fe9d8 tempest-TestStampPattern-1881454268 tempest-TestStampPattern-1881454268-project-member] Fetch finished, moving '/opt/stack/data/glance/cache/incomplete/d7be8fc3-6a05-4bf8-83b2-c30a2b1415cc' to '/opt/stack/data/glance/cache/d7be8fc3-6a05-4bf8-83b2-c30a2b1415cc' {{(pid=74467) commit /opt/stack/glance/glance/image_cache/drivers/centralized_db.py:235}}
Nov 21 17:09:31 devstack devstack@g-api.service[74467]: DEBUG glance.image_cache.drivers.centralized_db [None req-ed9a9920-6447-4a04-a11d-22f9443fe9d8 tempest-TestStampPattern-1881454268 tempest-TestStampPattern-1881454268-project-member] Image cached successfully. {{(pid=74467) commit /opt/stack/glance/glance/image_cache/drivers/centralized_db.py:250}}
Nov 21 17:09:31 devstack devstack@g-api.service[74467]: [pid: 74467|app: 0|req: 213/430] 127.0.0.1 () {42 vars in 1067 bytes} [Fri Nov 21 17:09:30 2025] GET /v2/images/d7be8fc3-6a05-4bf8-83b2-c30a2b1415cc/file => generated 53739520 bytes in 427 msecs (HTTP/1.1 200) 4 headers in 191 bytes (822 switches on core 0)
Nov 21 17:09:31 devstack devstack@g-api.service[74468]: DEBUG glance.api.middleware.version_negotiation [None req-a3ea4422-d60a-459a-bb90-028faddfb2b9 tempest-VolumesNegativeTest-1179323089 tempest-VolumesNegativeTest-1179323089-project-member] Determining version of request: GET /v2/images/d7be8fc3-6a05-4bf8-83b2-c30a2b1415cc Accept: */* {{(pid=74468) process_request /opt/stack/glance/glance/api/middleware/version_negotiation.py:44}}
Nov 21 17:09:31 devstack devstack@g-api.service[74468]: DEBUG glance.api.middleware.version_negotiation [None req-a3ea4422-d60a-459a-bb90-028faddfb2b9 tempest-VolumesNegativeTest-1179323089 tempest-VolumesNegativeTest-1179323089-project-member] Using url versioning {{(pid=74468) process_request /opt/stack/glance/glance/api/middleware/version_negotiation.py:57}}
Nov 21 17:09:31 devstack devstack@g-api.service[74468]: DEBUG glance.api.middleware.version_negotiation [None req-a3ea4422-d60a-459a-bb90-028faddfb2b9 tempest-VolumesNegativeTest-1179323089 tempest-VolumesNegativeTest-1179323089-project-member] Matched version: v2 {{(pid=74468) process_request /opt/stack/glance/glance/api/middleware/version_negotiation.py:69}}
Nov 21 17:09:31 devstack devstack@g-api.service[74468]: DEBUG glance.api.middleware.version_negotiation [None req-a3ea4422-d60a-459a-bb90-028faddfb2b9 tempest-VolumesNegativeTest-1179323089 tempest-VolumesNegativeTest-1179323089-project-member] new path /v2/images/d7be8fc3-6a05-4bf8-83b2-c30a2b1415cc {{(pid=74468) process_request /opt/stack/glance/glance/api/middleware/version_negotiation.py:70}}
Nov 21 17:09:31 devstack devstack@g-api.service[74468]: [pid: 74468|app: 0|req: 218/431] 127.0.0.1 () {42 vars in 1057 bytes} [Fri Nov 21 17:09:31 2025] GET /v2/images/d7be8fc3-6a05-4bf8-83b2-c30a2b1415cc => generated 1580 bytes in 41 msecs (HTTP/1.1 200) 4 headers in 158 bytes (1 switches on core 0)
Nov 21 17:09:31 devstack devstack@g-api.service[74467]: DEBUG glance.api.middleware.version_negotiation [None req-ed9a9920-6447-4a04-a11d-22f9443fe9d8 tempest-TestStampPattern-1881454268 tempest-TestStampPattern-1881454268-project-member] Determining version of request: GET /v2/schemas/image Accept: */* {{(pid=74467) process_request /opt/stack/glance/glance/api/middleware/version_negotiation.py:44}}
Nov 21 17:09:31 devstack devstack@g-api.service[74467]: DEBUG glance.api.middleware.version_negotiation [None req-ed9a9920-6447-4a04-a11d-22f9443fe9d8 tempest-TestStampPattern-1881454268 tempest-TestStampPattern-1881454268-project-member] Using url versioning {{(pid=74467) process_request /opt/stack/glance/glance/api/middleware/version_negotiation.py:57}}
Nov 21 17:09:31 devstack devstack@g-api.service[74467]: DEBUG glance.api.middleware.version_negotiation [None req-ed9a9920-6447-4a04-a11d-22f9443fe9d8 tempest-TestStampPattern-1881454268 tempest-TestStampPattern-1881454268-project-member] Matched version: v2 {{(pid=74467) process_request /opt/stack/glance/glance/api/middleware/version_negotiation.py:69}}
Nov 21 17:09:31 devstack devstack@g-api.service[74467]: DEBUG glance.api.middleware.version_negotiation [None req-ed9a9920-6447-4a04-a11d-22f9443fe9d8 tempest-TestStampPattern-1881454268 tempest-TestStampPattern-1881454268-project-member] new path /v2/schemas/image {{(pid=74467) process_request /opt/stack/glance/glance/api/middleware/version_negotiation.py:70}}
Nov 21 17:09:31 devstack devstack@g-api.service[74467]: [pid: 74467|app: 0|req: 214/432] 127.0.0.1 () {42 vars in 997 bytes} [Fri Nov 21 17:09:31 2025] GET /v2/schemas/image => generated 6083 bytes in 5 msecs (HTTP/1.1 200) 4 headers in 158 bytes (1 switches on core 0)
Nov 21 17:09:41 devstack devstack@g-api.service[74467]: DEBUG dbcounter [-] [74467] Writing DB stats glance:SELECT=56,glance:INSERT=20,glance:UPDATE=1 {{(pid=74467) stat_writer /opt/stack/data/venv/lib/python3.10/site-packages/dbcounter.py:115}}
Nov 21 17:09:41 devstack devstack@g-api.service[74468]: DEBUG dbcounter [-] [74468] Writing DB stats glance:SELECT=108,glance:UPDATE=21,glance:INSERT=6 {{(pid=74468) stat_writer /opt/stack/data/venv/lib/python3.10/site-packages/dbcounter.py:115}}
Nov 21 17:11:08 devstack devstack@g-api.service[74468]: DEBUG glance.api.middleware.version_negotiation [None req-ed9a9920-6447-4a04-a11d-22f9443fe9d8 tempest-TestStampPattern-1881454268 tempest-TestStampPattern-1881454268-project-member] Determining version of request: DELETE /v2/images/d7be8fc3-6a05-4bf8-83b2-c30a2b1415cc Accept: application/json {{(pid=74468) process_request /opt/stack/glance/glance/api/middleware/version_negotiation.py:44}}
Nov 21 17:11:08 devstack devstack@g-api.service[74468]: DEBUG glance.api.middleware.version_negotiation [None req-ed9a9920-6447-4a04-a11d-22f9443fe9d8 tempest-TestStampPattern-1881454268 tempest-TestStampPattern-1881454268-project-member] Using url versioning {{(pid=74468) process_request /opt/stack/glance/glance/api/middleware/version_negotiation.py:57}}
Nov 21 17:11:08 devstack devstack@g-api.service[74468]: DEBUG glance.api.middleware.version_negotiation [None req-ed9a9920-6447-4a04-a11d-22f9443fe9d8 tempest-TestStampPattern-1881454268 tempest-TestStampPattern-1881454268-project-member] Matched version: v2 {{(pid=74468) process_request /opt/stack/glance/glance/api/middleware/version_negotiation.py:69}}
Nov 21 17:11:08 devstack devstack@g-api.service[74468]: DEBUG glance.api.middleware.version_negotiation [None req-ed9a9920-6447-4a04-a11d-22f9443fe9d8 tempest-TestStampPattern-1881454268 tempest-TestStampPattern-1881454268-project-member] new path /v2/images/d7be8fc3-6a05-4bf8-83b2-c30a2b1415cc {{(pid=74468) process_request /opt/stack/glance/glance/api/middleware/version_negotiation.py:70}}
Nov 21 17:11:08 devstack devstack@g-api.service[74468]: WARNING glance.api.v2.images [None req-937be9cd-cca0-44e2-8240-351cf212d58c tempest-TestStampPattern-1881454268 tempest-TestStampPattern-1881454268-project-member] After upload to backend, deletion of staged image data has failed because it cannot be found at /tmp/staging//d7be8fc3-6a05-4bf8-83b2-c30a2b1415cc
Nov 21 17:11:08 devstack devstack@g-api.service[74468]: DEBUG glance_store._drivers.filesystem [None req-937be9cd-cca0-44e2-8240-351cf212d58c tempest-TestStampPattern-1881454268 tempest-TestStampPattern-1881454268-project-member] Deleting image at /opt/stack/data/glance/images/d7be8fc3-6a05-4bf8-83b2-c30a2b1415cc {{(pid=74468) delete /opt/stack/data/venv/lib/python3.10/site-packages/glance_store/_drivers/filesystem.py:656}}
Nov 21 17:11:08 devstack devstack@g-api.service[74468]: DEBUG glance.api.middleware.cache [None req-937be9cd-cca0-44e2-8240-351cf212d58c tempest-TestStampPattern-1881454268 tempest-TestStampPattern-1881454268-project-member] Removing image d7be8fc3-6a05-4bf8-83b2-c30a2b1415cc from cache {{(pid=74468) _process_DELETE_response /opt/stack/glance/glance/api/middleware/cache.py:264}}
Nov 21 17:11:08 devstack devstack@g-api.service[74468]: DEBUG glance.image_cache.drivers.centralized_db [None req-937be9cd-cca0-44e2-8240-351cf212d58c tempest-TestStampPattern-1881454268 tempest-TestStampPattern-1881454268-project-member] Deleting image cache file '/opt/stack/data/glance/cache/d7be8fc3-6a05-4bf8-83b2-c30a2b1415cc' {{(pid=74468) delete_cached_file /opt/stack/glance/glance/image_cache/drivers/centralized_db.py:387}}
Nov 21 17:11:08 devstack devstack@g-api.service[74468]: [pid: 74468|app: 0|req: 219/433] 127.0.0.1 () {38 vars in 785 bytes} [Fri Nov 21 17:11:08 2025] DELETE /v2/images/d7be8fc3-6a05-4bf8-83b2-c30a2b1415cc => generated 0 bytes in 200 msecs (HTTP/1.1 204) 4 headers in 171 bytes (1 switches on core 0)
Nov 21 17:11:08 devstack devstack@g-api.service[74467]: DEBUG glance.api.middleware.version_negotiation [None req-ed9a9920-6447-4a04-a11d-22f9443fe9d8 tempest-TestStampPattern-1881454268 tempest-TestStampPattern-1881454268-project-member] Determining version of request: GET /v2/images/d7be8fc3-6a05-4bf8-83b2-c30a2b1415cc Accept: application/json {{(pid=74467) process_request /opt/stack/glance/glance/api/middleware/version_negotiation.py:44}}
Nov 21 17:11:08 devstack devstack@g-api.service[74467]: DEBUG glance.api.middleware.version_negotiation [None req-ed9a9920-6447-4a04-a11d-22f9443fe9d8 tempest-TestStampPattern-1881454268 tempest-TestStampPattern-1881454268-project-member] Using url versioning {{(pid=74467) process_request /opt/stack/glance/glance/api/middleware/version_negotiation.py:57}}
Nov 21 17:11:08 devstack devstack@g-api.service[74467]: DEBUG glance.api.middleware.version_negotiation [None req-ed9a9920-6447-4a04-a11d-22f9443fe9d8 tempest-TestStampPattern-1881454268 tempest-TestStampPattern-1881454268-project-member] Matched version: v2 {{(pid=74467) process_request /opt/stack/glance/glance/api/middleware/version_negotiation.py:69}}
Nov 21 17:11:08 devstack devstack@g-api.service[74467]: DEBUG glance.api.middleware.version_negotiation [None req-ed9a9920-6447-4a04-a11d-22f9443fe9d8 tempest-TestStampPattern-1881454268 tempest-TestStampPattern-1881454268-project-member] new path /v2/images/d7be8fc3-6a05-4bf8-83b2-c30a2b1415cc {{(pid=74467) process_request /opt/stack/glance/glance/api/middleware/version_negotiation.py:70}}
Nov 21 17:11:08 devstack devstack@g-api.service[74467]: DEBUG glance.db.sqlalchemy.api [None req-ec428a95-1ad7-4307-970a-c78284725091 tempest-TestStampPattern-1881454268 tempest-TestStampPattern-1881454268-project-member] No image found with ID d7be8fc3-6a05-4bf8-83b2-c30a2b1415cc {{(pid=74467) _image_get /opt/stack/glance/glance/db/sqlalchemy/api.py:305}}
Nov 21 17:11:08 devstack devstack@g-api.service[74467]: [pid: 74467|app: 0|req: 215/434] 127.0.0.1 () {38 vars in 782 bytes} [Fri Nov 21 17:11:08 2025] GET /v2/images/d7be8fc3-6a05-4bf8-83b2-c30a2b1415cc => generated 139 bytes in 15 msecs (HTTP/1.1 404) 4 headers in 164 bytes (1 switches on core 0)
Nov 21 17:11:18 devstack devstack@g-api.service[74468]: DEBUG dbcounter [-] [74468] Writing DB stats glance:SELECT=28,glance:UPDATE=25,glance:DELETE=1 {{(pid=74468) stat_writer /opt/stack/data/venv/lib/python3.10/site-packages/dbcounter.py:115}}
Nov 21 17:11:18 devstack devstack@g-api.service[74467]: DEBUG dbcounter [-] [74467] Writing DB stats glance:SELECT=1 {{(pid=74467) stat_writer /opt/stack/data/venv/lib/python3.10/site-packages/dbcounter.py:115}}