Jul 31 10:44:30 devstack cinder-volume[89090]: DEBUG cinder.volume.manager [None req-bebd21dc-9bf9-4a28-8136-4363d448b0e1 tempest-AttachVolumeNegativeTest-304126598 None] Task 'cinder.volume.flows.manager.create_volume.ExtractVolumeRefTask;volume:create' (0b150dfd-c23b-47e6-a0d2-05808d0352be) transitioned into state 'RUNNING' from state 'PENDING' {{(pid=89090) _task_receiver /opt/stack/data/venv/lib/python3.12/site-packages/taskflow/listeners/logging.py:242}}
Jul 31 10:44:30 devstack sudo[94785]: pam_unix(sudo:session): session closed for user root
Jul 31 10:44:30 devstack cinder-volume[89090]: DEBUG oslo_concurrency.processutils [None req-c2cfaa77-c47a-474d-a665-3706b0e9e6c0 tempest-SnapshotsActionsTest-587741653 None] CMD "sudo cinder-rootwrap /etc/cinder/rootwrap.conf qemu-img create -f qcow2 -o backing_file=/opt/stack/data/cinder/mnt/c2f788a30f28990e84b7650d29640901/volume-8b4e6af0-5e36-4f45-9bd0-b8d901f45bbc,backing_fmt=qcow2 /opt/stack/data/cinder/mnt/c2f788a30f28990e84b7650d29640901/volume-8b4e6af0-5e36-4f45-9bd0-b8d901f45bbc.4b7f7261-c1e0-4883-b4ba-0689cfa9db12 1G" returned: 0 in 0.602s {{(pid=89090) execute /opt/stack/data/venv/lib/python3.12/site-packages/oslo_concurrency/processutils.py:468}}
Jul 31 10:44:30 devstack cinder-volume[89090]: DEBUG oslo_concurrency.processutils [None req-c2cfaa77-c47a-474d-a665-3706b0e9e6c0 tempest-SnapshotsActionsTest-587741653 None] Running cmd (subprocess): sudo cinder-rootwrap /etc/cinder/rootwrap.conf qemu-img rebase -u -b volume-8b4e6af0-5e36-4f45-9bd0-b8d901f45bbc -F qcow2 /opt/stack/data/cinder/mnt/c2f788a30f28990e84b7650d29640901/volume-8b4e6af0-5e36-4f45-9bd0-b8d901f45bbc.4b7f7261-c1e0-4883-b4ba-0689cfa9db12 {{(pid=89090) execute /opt/stack/data/venv/lib/python3.12/site-packages/oslo_concurrency/processutils.py:440}}
Jul 31 10:44:30 devstack cinder-volume[89090]: DEBUG cinder.volume.manager [None req-bebd21dc-9bf9-4a28-8136-4363d448b0e1 tempest-AttachVolumeNegativeTest-304126598 None] Task 'cinder.volume.flows.manager.create_volume.ExtractVolumeRefTask;volume:create' (0b150dfd-c23b-47e6-a0d2-05808d0352be) transitioned into state 'SUCCESS' from state 'RUNNING' with result 'Volume(_name_id=None,admin_metadata=,attach_status='detached',availability_zone='nova',bootable=False,cluster=,cluster_name=None,consistencygroup=,consistencygroup_id=None,created_at=2026-07-31T08:44:30Z,deleted=False,deleted_at=None,display_description=None,display_name='tempest-AttachVolumeNegativeTest-volume-828252760',ec2_id=None,encryption_key_id=None,glance_metadata=,group=,group_id=None,host='devstack@QuobyteHD#QuobyteHD',id=1b96cacf-8e61-457e-9024-dfa1451fac15,launched_at=None,metadata={},migration_status=None,multiattach=False,previous_status=None,project_id='150270d988f34405bc30eabafd7ce55d',provider_auth=None,provider_geometry=None,provider_id=None,provider_location=None,replication_driver_data=None,replication_extended_status=None,replication_status=None,scheduled_at=2026-07-31T08:44:31Z,service_uuid=None,shared_targets=True,size=1,snapshot_id=None,snapshots=,source_volid=None,status='creating',terminated_at=None,updated_at=2026-07-31T08:44:31Z,use_quota=True,user_id='060655ab58f94503b45dab890a6c4419',volume_attachment=VolumeAttachmentList,volume_type=VolumeType(efbfa7ee-fa40-4e38-a4d9-6c2c9e4f6523),volume_type_id=efbfa7ee-fa40-4e38-a4d9-6c2c9e4f6523)' {{(pid=89090) _task_receiver /opt/stack/data/venv/lib/python3.12/site-packages/taskflow/listeners/logging.py:218}}
Jul 31 10:44:30 devstack cinder-volume[89090]: DEBUG cinder.volume.manager [None req-bebd21dc-9bf9-4a28-8136-4363d448b0e1 tempest-AttachVolumeNegativeTest-304126598 None] Task 'cinder.volume.flows.manager.create_volume.OnFailureRescheduleTask;volume:create' (d915ffe1-e755-44fa-a87a-36ea3f5e94c5) transitioned into state 'RUNNING' from state 'PENDING' {{(pid=89090) _task_receiver /opt/stack/data/venv/lib/python3.12/site-packages/taskflow/listeners/logging.py:242}}
Jul 31 10:44:30 devstack sudo[94792]: quobyte : PWD=/ ; USER=root ; COMMAND=/opt/stack/data/venv/bin/cinder-rootwrap /etc/cinder/rootwrap.conf qemu-img rebase -u -b volume-8b4e6af0-5e36-4f45-9bd0-b8d901f45bbc -F qcow2 /opt/stack/data/cinder/mnt/c2f788a30f28990e84b7650d29640901/volume-8b4e6af0-5e36-4f45-9bd0-b8d901f45bbc.4b7f7261-c1e0-4883-b4ba-0689cfa9db12
Jul 31 10:44:30 devstack cinder-volume[89090]: DEBUG cinder.volume.manager [None req-bebd21dc-9bf9-4a28-8136-4363d448b0e1 tempest-AttachVolumeNegativeTest-304126598 None] Task 'cinder.volume.flows.manager.create_volume.OnFailureRescheduleTask;volume:create' (d915ffe1-e755-44fa-a87a-36ea3f5e94c5) transitioned into state 'SUCCESS' from state 'RUNNING' with result 'None' {{(pid=89090) _task_receiver /opt/stack/data/venv/lib/python3.12/site-packages/taskflow/listeners/logging.py:218}}
Jul 31 10:44:30 devstack sudo[94792]: pam_unix(sudo:session): session opened for user root(uid=0) by (uid=1000)
Jul 31 10:44:30 devstack cinder-volume[89090]: DEBUG cinder.volume.manager [None req-bebd21dc-9bf9-4a28-8136-4363d448b0e1 tempest-AttachVolumeNegativeTest-304126598 None] Task 'cinder.volume.flows.manager.create_volume.ExtractVolumeSpecTask;volume:create' (6331f872-3472-4433-b74a-01541bf26bcf) transitioned into state 'RUNNING' from state 'PENDING' {{(pid=89090) _task_receiver /opt/stack/data/venv/lib/python3.12/site-packages/taskflow/listeners/logging.py:242}}
Jul 31 10:44:30 devstack cinder-volume[89090]: DEBUG cinder.volume.manager [None req-bebd21dc-9bf9-4a28-8136-4363d448b0e1 tempest-AttachVolumeNegativeTest-304126598 None] Task 'cinder.volume.flows.manager.create_volume.ExtractVolumeSpecTask;volume:create' (6331f872-3472-4433-b74a-01541bf26bcf) transitioned into state 'SUCCESS' from state 'RUNNING' with result '{'status': 'creating', 'type': 'raw', 'volume_id': '1b96cacf-8e61-457e-9024-dfa1451fac15', 'volume_name': 'volume-1b96cacf-8e61-457e-9024-dfa1451fac15', 'volume_size': 1}' {{(pid=89090) _task_receiver /opt/stack/data/venv/lib/python3.12/site-packages/taskflow/listeners/logging.py:218}}
Jul 31 10:44:30 devstack cinder-volume[89090]: DEBUG cinder.volume.manager [None req-bebd21dc-9bf9-4a28-8136-4363d448b0e1 tempest-AttachVolumeNegativeTest-304126598 None] Task 'cinder.volume.flows.manager.create_volume.NotifyVolumeActionTask;volume:create, create.start' (68fc84c0-7441-4d11-b172-c2c289914f2c) transitioned into state 'RUNNING' from state 'PENDING' {{(pid=89090) _task_receiver /opt/stack/data/venv/lib/python3.12/site-packages/taskflow/listeners/logging.py:242}}
Jul 31 10:44:30 devstack cinder-volume[89090]: DEBUG cinder.volume.manager [None req-bebd21dc-9bf9-4a28-8136-4363d448b0e1 tempest-AttachVolumeNegativeTest-304126598 None] Task 'cinder.volume.flows.manager.create_volume.NotifyVolumeActionTask;volume:create, create.start' (68fc84c0-7441-4d11-b172-c2c289914f2c) transitioned into state 'SUCCESS' from state 'RUNNING' with result 'None' {{(pid=89090) _task_receiver /opt/stack/data/venv/lib/python3.12/site-packages/taskflow/listeners/logging.py:218}}
Jul 31 10:44:30 devstack cinder-volume[89090]: DEBUG cinder.volume.manager [None req-bebd21dc-9bf9-4a28-8136-4363d448b0e1 tempest-AttachVolumeNegativeTest-304126598 None] Task 'cinder.volume.flows.manager.create_volume.CreateVolumeFromSpecTask;volume:create' (8af14917-bcc7-4649-8593-0e7633367ecb) transitioned into state 'RUNNING' from state 'PENDING' {{(pid=89090) _task_receiver /opt/stack/data/venv/lib/python3.12/site-packages/taskflow/listeners/logging.py:242}}
Jul 31 10:44:30 devstack cinder-volume[89090]: INFO cinder.volume.flows.manager.create_volume [None req-bebd21dc-9bf9-4a28-8136-4363d448b0e1 tempest-AttachVolumeNegativeTest-304126598 None] Volume 1b96cacf-8e61-457e-9024-dfa1451fac15: being created as raw with specification: {'status': 'creating', 'volume_name': 'volume-1b96cacf-8e61-457e-9024-dfa1451fac15', 'volume_size': 1}
Jul 31 10:44:30 devstack cinder-volume[89090]: DEBUG oslo_concurrency.lockutils [None req-bebd21dc-9bf9-4a28-8136-4363d448b0e1 tempest-AttachVolumeNegativeTest-304126598 None] Acquiring lock "quobyte" by "cinder.volume.drivers.quobyte.QuobyteDriver.create_volume" {{(pid=89090) inner /opt/stack/data/venv/lib/python3.12/site-packages/oslo_concurrency/lockutils.py:512}}
Jul 31 10:44:31 devstack sudo[94792]: pam_unix(sudo:session): session closed for user root
Jul 31 10:44:31 devstack cinder-volume[89090]: DEBUG oslo_concurrency.processutils [None req-c2cfaa77-c47a-474d-a665-3706b0e9e6c0 tempest-SnapshotsActionsTest-587741653 None] CMD "sudo cinder-rootwrap /etc/cinder/rootwrap.conf qemu-img rebase -u -b volume-8b4e6af0-5e36-4f45-9bd0-b8d901f45bbc -F qcow2 /opt/stack/data/cinder/mnt/c2f788a30f28990e84b7650d29640901/volume-8b4e6af0-5e36-4f45-9bd0-b8d901f45bbc.4b7f7261-c1e0-4883-b4ba-0689cfa9db12" returned: 0 in 0.374s {{(pid=89090) execute /opt/stack/data/venv/lib/python3.12/site-packages/oslo_concurrency/processutils.py:468}}
Jul 31 10:44:31 devstack cinder-volume[89090]: WARNING cinder.volume.drivers.remotefs [None req-c2cfaa77-c47a-474d-a665-3706b0e9e6c0 tempest-SnapshotsActionsTest-587741653 None] /opt/stack/data/cinder/mnt/c2f788a30f28990e84b7650d29640901/volume-8b4e6af0-5e36-4f45-9bd0-b8d901f45bbc.4b7f7261-c1e0-4883-b4ba-0689cfa9db12 is being set with open permissions: ugo+rw
Jul 31 10:44:31 devstack cinder-volume[89090]: DEBUG oslo_concurrency.processutils [None req-c2cfaa77-c47a-474d-a665-3706b0e9e6c0 tempest-SnapshotsActionsTest-587741653 None] Running cmd (subprocess): sudo cinder-rootwrap /etc/cinder/rootwrap.conf chmod ugo+rw /opt/stack/data/cinder/mnt/c2f788a30f28990e84b7650d29640901/volume-8b4e6af0-5e36-4f45-9bd0-b8d901f45bbc.4b7f7261-c1e0-4883-b4ba-0689cfa9db12 {{(pid=89090) execute /opt/stack/data/venv/lib/python3.12/site-packages/oslo_concurrency/processutils.py:440}}
Jul 31 10:44:31 devstack sudo[94800]: quobyte : PWD=/ ; USER=root ; COMMAND=/opt/stack/data/venv/bin/cinder-rootwrap /etc/cinder/rootwrap.conf chmod ugo+rw /opt/stack/data/cinder/mnt/c2f788a30f28990e84b7650d29640901/volume-8b4e6af0-5e36-4f45-9bd0-b8d901f45bbc.4b7f7261-c1e0-4883-b4ba-0689cfa9db12
Jul 31 10:44:31 devstack sudo[94800]: pam_unix(sudo:session): session opened for user root(uid=0) by (uid=1000)
Jul 31 10:44:31 devstack sudo[94800]: pam_unix(sudo:session): session closed for user root
Jul 31 10:44:31 devstack cinder-volume[89090]: DEBUG oslo_concurrency.processutils [None req-c2cfaa77-c47a-474d-a665-3706b0e9e6c0 tempest-SnapshotsActionsTest-587741653 None] CMD "sudo cinder-rootwrap /etc/cinder/rootwrap.conf chmod ugo+rw /opt/stack/data/cinder/mnt/c2f788a30f28990e84b7650d29640901/volume-8b4e6af0-5e36-4f45-9bd0-b8d901f45bbc.4b7f7261-c1e0-4883-b4ba-0689cfa9db12" returned: 0 in 0.318s {{(pid=89090) execute /opt/stack/data/venv/lib/python3.12/site-packages/oslo_concurrency/processutils.py:468}}
Jul 31 10:44:31 devstack cinder-volume[89090]: DEBUG oslo_concurrency.processutils [None req-c2cfaa77-c47a-474d-a665-3706b0e9e6c0 tempest-SnapshotsActionsTest-587741653 None] Running cmd (subprocess): sudo cinder-rootwrap /etc/cinder/rootwrap.conf truncate -s0 /opt/stack/data/cinder/mnt/c2f788a30f28990e84b7650d29640901/volume-8b4e6af0-5e36-4f45-9bd0-b8d901f45bbc.info {{(pid=89090) execute /opt/stack/data/venv/lib/python3.12/site-packages/oslo_concurrency/processutils.py:440}}
Jul 31 10:44:31 devstack sudo[94803]: quobyte : PWD=/ ; USER=root ; COMMAND=/opt/stack/data/venv/bin/cinder-rootwrap /etc/cinder/rootwrap.conf truncate -s0 /opt/stack/data/cinder/mnt/c2f788a30f28990e84b7650d29640901/volume-8b4e6af0-5e36-4f45-9bd0-b8d901f45bbc.info
Jul 31 10:44:31 devstack sudo[94803]: pam_unix(sudo:session): session opened for user root(uid=0) by (uid=1000)
Jul 31 10:44:31 devstack sudo[94803]: pam_unix(sudo:session): session closed for user root
Jul 31 10:44:31 devstack cinder-volume[89090]: DEBUG oslo_concurrency.processutils [None req-c2cfaa77-c47a-474d-a665-3706b0e9e6c0 tempest-SnapshotsActionsTest-587741653 None] CMD "sudo cinder-rootwrap /etc/cinder/rootwrap.conf truncate -s0 /opt/stack/data/cinder/mnt/c2f788a30f28990e84b7650d29640901/volume-8b4e6af0-5e36-4f45-9bd0-b8d901f45bbc.info" returned: 0 in 0.319s {{(pid=89090) execute /opt/stack/data/venv/lib/python3.12/site-packages/oslo_concurrency/processutils.py:468}}
Jul 31 10:44:31 devstack cinder-volume[89090]: WARNING cinder.volume.drivers.remotefs [None req-c2cfaa77-c47a-474d-a665-3706b0e9e6c0 tempest-SnapshotsActionsTest-587741653 None] /opt/stack/data/cinder/mnt/c2f788a30f28990e84b7650d29640901/volume-8b4e6af0-5e36-4f45-9bd0-b8d901f45bbc.info is being set with open permissions: ugo+rw
Jul 31 10:44:31 devstack cinder-volume[89090]: DEBUG oslo_concurrency.processutils [None req-c2cfaa77-c47a-474d-a665-3706b0e9e6c0 tempest-SnapshotsActionsTest-587741653 None] Running cmd (subprocess): sudo cinder-rootwrap /etc/cinder/rootwrap.conf chmod ugo+rw /opt/stack/data/cinder/mnt/c2f788a30f28990e84b7650d29640901/volume-8b4e6af0-5e36-4f45-9bd0-b8d901f45bbc.info {{(pid=89090) execute /opt/stack/data/venv/lib/python3.12/site-packages/oslo_concurrency/processutils.py:440}}
Jul 31 10:44:32 devstack sudo[94806]: quobyte : PWD=/ ; USER=root ; COMMAND=/opt/stack/data/venv/bin/cinder-rootwrap /etc/cinder/rootwrap.conf chmod ugo+rw /opt/stack/data/cinder/mnt/c2f788a30f28990e84b7650d29640901/volume-8b4e6af0-5e36-4f45-9bd0-b8d901f45bbc.info
Jul 31 10:44:32 devstack sudo[94806]: pam_unix(sudo:session): session opened for user root(uid=0) by (uid=1000)
Jul 31 10:44:32 devstack sudo[94806]: pam_unix(sudo:session): session closed for user root
Jul 31 10:44:32 devstack cinder-volume[89090]: DEBUG oslo_concurrency.processutils [None req-c2cfaa77-c47a-474d-a665-3706b0e9e6c0 tempest-SnapshotsActionsTest-587741653 None] CMD "sudo cinder-rootwrap /etc/cinder/rootwrap.conf chmod ugo+rw /opt/stack/data/cinder/mnt/c2f788a30f28990e84b7650d29640901/volume-8b4e6af0-5e36-4f45-9bd0-b8d901f45bbc.info" returned: 0 in 0.288s {{(pid=89090) execute /opt/stack/data/venv/lib/python3.12/site-packages/oslo_concurrency/processutils.py:468}}
Jul 31 10:44:32 devstack cinder-volume[89090]: DEBUG oslo_concurrency.lockutils [None req-c2cfaa77-c47a-474d-a665-3706b0e9e6c0 tempest-SnapshotsActionsTest-587741653 None] Lock "quobyte" "released" by "cinder.volume.drivers.quobyte.QuobyteDriver.create_snapshot" :: held 2.492s {{(pid=89090) inner /opt/stack/data/venv/lib/python3.12/site-packages/oslo_concurrency/lockutils.py:544}}
Jul 31 10:44:32 devstack cinder-volume[89090]: DEBUG oslo_concurrency.lockutils [None req-bebd21dc-9bf9-4a28-8136-4363d448b0e1 tempest-AttachVolumeNegativeTest-304126598 None] Lock "quobyte" acquired by "cinder.volume.drivers.quobyte.QuobyteDriver.create_volume" :: waited 1.333s {{(pid=89090) inner /opt/stack/data/venv/lib/python3.12/site-packages/oslo_concurrency/lockutils.py:525}}
Jul 31 10:44:32 devstack cinder-volume[89090]: DEBUG cinder.volume.drivers.quobyte [None req-bebd21dc-9bf9-4a28-8136-4363d448b0e1 tempest-AttachVolumeNegativeTest-304126598 None] ==> create_volume: call "{'self': , 'volume': Volume(_name_id=None,admin_metadata=,attach_status='detached',availability_zone='nova',bootable=False,cluster=,cluster_name=None,consistencygroup=,consistencygroup_id=None,created_at=2026-07-31T08:44:30Z,deleted=False,deleted_at=None,display_description=None,display_name='tempest-AttachVolumeNegativeTest-volume-828252760',ec2_id=None,encryption_key_id=None,glance_metadata=,group=,group_id=None,host='devstack@QuobyteHD#QuobyteHD',id=1b96cacf-8e61-457e-9024-dfa1451fac15,launched_at=None,metadata={},migration_status=None,multiattach=False,previous_status=None,project_id='150270d988f34405bc30eabafd7ce55d',provider_auth=None,provider_geometry=None,provider_id=None,provider_location=None,replication_driver_data=None,replication_extended_status=None,replication_status=None,scheduled_at=2026-07-31T08:44:31Z,service_uuid=None,shared_targets=True,size=1,snapshot_id=None,snapshots=,source_volid=None,status='creating',terminated_at=None,updated_at=2026-07-31T08:44:31Z,use_quota=True,user_id='060655ab58f94503b45dab890a6c4419',volume_attachment=VolumeAttachmentList,volume_type=VolumeType(efbfa7ee-fa40-4e38-a4d9-6c2c9e4f6523),volume_type_id=efbfa7ee-fa40-4e38-a4d9-6c2c9e4f6523)}" {{(pid=89090) trace_logging_wrapper /opt/stack/cinder/cinder/volume/volume_utils.py:1497}}
Jul 31 10:44:32 devstack cinder-volume[89090]: DEBUG cinder.volume.drivers.remotefs [None req-bebd21dc-9bf9-4a28-8136-4363d448b0e1 tempest-AttachVolumeNegativeTest-304126598 None] Creating volume 1b96cacf-8e61-457e-9024-dfa1451fac15 {{(pid=89090) create_volume /opt/stack/cinder/cinder/volume/drivers/remotefs.py:292}}
Jul 31 10:44:32 devstack cinder-volume[89090]: DEBUG oslo_concurrency.lockutils [None req-bebd21dc-9bf9-4a28-8136-4363d448b0e1 tempest-AttachVolumeNegativeTest-304126598 None] Acquiring lock "quobyte_ensure" by "cinder.volume.drivers.quobyte.QuobyteDriver._ensure_shares_mounted" {{(pid=89090) inner /opt/stack/data/venv/lib/python3.12/site-packages/oslo_concurrency/lockutils.py:512}}
Jul 31 10:44:32 devstack cinder-volume[89090]: DEBUG oslo_concurrency.lockutils [None req-bebd21dc-9bf9-4a28-8136-4363d448b0e1 tempest-AttachVolumeNegativeTest-304126598 None] Lock "quobyte_ensure" acquired by "cinder.volume.drivers.quobyte.QuobyteDriver._ensure_shares_mounted" :: waited 0.000s {{(pid=89090) inner /opt/stack/data/venv/lib/python3.12/site-packages/oslo_concurrency/lockutils.py:525}}
Jul 31 10:44:32 devstack cinder-volume[89090]: DEBUG cinder.volume.drivers.quobyte [None req-bebd21dc-9bf9-4a28-8136-4363d448b0e1 tempest-AttachVolumeNegativeTest-304126598 None] Quobyte Volume URL set to: {'osci02.corp.quobyte.com/cinder-vol-c578ff2a-aed2-4b8e-8067-4e0daeedfa2c': None} {{(pid=89090) _load_shares_config /opt/stack/cinder/cinder/volume/drivers/quobyte.py:665}}
Jul 31 10:44:32 devstack cinder-volume[89090]: DEBUG cinder.volume.drivers.quobyte [None req-bebd21dc-9bf9-4a28-8136-4363d448b0e1 tempest-AttachVolumeNegativeTest-304126598 None] Available shares ['osci02.corp.quobyte.com/cinder-vol-c578ff2a-aed2-4b8e-8067-4e0daeedfa2c'] {{(pid=89090) _ensure_shares_mounted /opt/stack/cinder/cinder/volume/drivers/quobyte.py:695}}
Jul 31 10:44:32 devstack cinder-volume[89090]: DEBUG oslo_concurrency.lockutils [None req-bebd21dc-9bf9-4a28-8136-4363d448b0e1 tempest-AttachVolumeNegativeTest-304126598 None] Lock "quobyte_ensure" "released" by "cinder.volume.drivers.quobyte.QuobyteDriver._ensure_shares_mounted" :: held 0.015s {{(pid=89090) inner /opt/stack/data/venv/lib/python3.12/site-packages/oslo_concurrency/lockutils.py:544}}
Jul 31 10:44:32 devstack cinder-volume[89090]: DEBUG cinder.volume.drivers.quobyte [None req-bebd21dc-9bf9-4a28-8136-4363d448b0e1 tempest-AttachVolumeNegativeTest-304126598 None] Selected osci02.corp.quobyte.com/cinder-vol-c578ff2a-aed2-4b8e-8067-4e0daeedfa2c as target Quobyte volume. {{(pid=89090) _find_share /opt/stack/cinder/cinder/volume/drivers/quobyte.py:716}}
Jul 31 10:44:32 devstack cinder-volume[89090]: INFO cinder.volume.drivers.remotefs [None req-bebd21dc-9bf9-4a28-8136-4363d448b0e1 tempest-AttachVolumeNegativeTest-304126598 None] casted to osci02.corp.quobyte.com/cinder-vol-c578ff2a-aed2-4b8e-8067-4e0daeedfa2c
Jul 31 10:44:32 devstack cinder-volume[89090]: DEBUG oslo_concurrency.processutils [None req-bebd21dc-9bf9-4a28-8136-4363d448b0e1 tempest-AttachVolumeNegativeTest-304126598 None] Running cmd (subprocess): sudo cinder-rootwrap /etc/cinder/rootwrap.conf qemu-img create -f qcow2 -o preallocation=metadata /opt/stack/data/cinder/mnt/c2f788a30f28990e84b7650d29640901/volume-1b96cacf-8e61-457e-9024-dfa1451fac15 1073741824 {{(pid=89090) execute /opt/stack/data/venv/lib/python3.12/site-packages/oslo_concurrency/processutils.py:440}}
Jul 31 10:44:32 devstack sudo[94809]: quobyte : PWD=/ ; USER=root ; COMMAND=/opt/stack/data/venv/bin/cinder-rootwrap /etc/cinder/rootwrap.conf qemu-img create -f qcow2 -o preallocation=metadata /opt/stack/data/cinder/mnt/c2f788a30f28990e84b7650d29640901/volume-1b96cacf-8e61-457e-9024-dfa1451fac15 1073741824
Jul 31 10:44:32 devstack sudo[94809]: pam_unix(sudo:session): session opened for user root(uid=0) by (uid=1000)
Jul 31 10:44:32 devstack cinder-volume[89090]: INFO cinder.volume.manager [None req-c2cfaa77-c47a-474d-a665-3706b0e9e6c0 tempest-SnapshotsActionsTest-587741653 None] Create snapshot completed successfully
Jul 31 10:44:33 devstack sudo[94809]: pam_unix(sudo:session): session closed for user root
Jul 31 10:44:33 devstack cinder-volume[89090]: DEBUG oslo_concurrency.processutils [None req-bebd21dc-9bf9-4a28-8136-4363d448b0e1 tempest-AttachVolumeNegativeTest-304126598 None] CMD "sudo cinder-rootwrap /etc/cinder/rootwrap.conf qemu-img create -f qcow2 -o preallocation=metadata /opt/stack/data/cinder/mnt/c2f788a30f28990e84b7650d29640901/volume-1b96cacf-8e61-457e-9024-dfa1451fac15 1073741824" returned: 0 in 0.693s {{(pid=89090) execute /opt/stack/data/venv/lib/python3.12/site-packages/oslo_concurrency/processutils.py:468}}
Jul 31 10:44:33 devstack cinder-volume[89090]: DEBUG oslo_concurrency.processutils [None req-bebd21dc-9bf9-4a28-8136-4363d448b0e1 tempest-AttachVolumeNegativeTest-304126598 None] Running cmd (subprocess): sudo cinder-rootwrap /etc/cinder/rootwrap.conf chmod ugo+rw /opt/stack/data/cinder/mnt/c2f788a30f28990e84b7650d29640901/volume-1b96cacf-8e61-457e-9024-dfa1451fac15 {{(pid=89090) execute /opt/stack/data/venv/lib/python3.12/site-packages/oslo_concurrency/processutils.py:440}}
Jul 31 10:44:33 devstack sudo[94824]: quobyte : PWD=/ ; USER=root ; COMMAND=/opt/stack/data/venv/bin/cinder-rootwrap /etc/cinder/rootwrap.conf chmod ugo+rw /opt/stack/data/cinder/mnt/c2f788a30f28990e84b7650d29640901/volume-1b96cacf-8e61-457e-9024-dfa1451fac15
Jul 31 10:44:33 devstack sudo[94824]: pam_unix(sudo:session): session opened for user root(uid=0) by (uid=1000)
Jul 31 10:44:33 devstack sudo[94824]: pam_unix(sudo:session): session closed for user root
Jul 31 10:44:33 devstack cinder-volume[89090]: DEBUG oslo_concurrency.processutils [None req-bebd21dc-9bf9-4a28-8136-4363d448b0e1 tempest-AttachVolumeNegativeTest-304126598 None] CMD "sudo cinder-rootwrap /etc/cinder/rootwrap.conf chmod ugo+rw /opt/stack/data/cinder/mnt/c2f788a30f28990e84b7650d29640901/volume-1b96cacf-8e61-457e-9024-dfa1451fac15" returned: 0 in 0.323s {{(pid=89090) execute /opt/stack/data/venv/lib/python3.12/site-packages/oslo_concurrency/processutils.py:468}}
Jul 31 10:44:33 devstack cinder-volume[89090]: DEBUG cinder.volume.drivers.quobyte [None req-bebd21dc-9bf9-4a28-8136-4363d448b0e1 tempest-AttachVolumeNegativeTest-304126598 None] <== create_volume: return (1083ms) {'provider_location': 'osci02.corp.quobyte.com/cinder-vol-c578ff2a-aed2-4b8e-8067-4e0daeedfa2c'} {{(pid=89090) trace_logging_wrapper /opt/stack/cinder/cinder/volume/volume_utils.py:1522}}
Jul 31 10:44:33 devstack cinder-volume[89090]: DEBUG oslo_concurrency.lockutils [None req-bebd21dc-9bf9-4a28-8136-4363d448b0e1 tempest-AttachVolumeNegativeTest-304126598 None] Lock "quobyte" "released" by "cinder.volume.drivers.quobyte.QuobyteDriver.create_volume" :: held 1.088s {{(pid=89090) inner /opt/stack/data/venv/lib/python3.12/site-packages/oslo_concurrency/lockutils.py:544}}
Jul 31 10:44:33 devstack cinder-volume[89090]: DEBUG cinder.volume.manager [None req-bebd21dc-9bf9-4a28-8136-4363d448b0e1 tempest-AttachVolumeNegativeTest-304126598 None] Task 'cinder.volume.flows.manager.create_volume.CreateVolumeFromSpecTask;volume:create' (8af14917-bcc7-4649-8593-0e7633367ecb) transitioned into state 'SUCCESS' from state 'RUNNING' with result '{'status': 'creating', 'volume_name': 'volume-1b96cacf-8e61-457e-9024-dfa1451fac15', 'volume_size': 1}' {{(pid=89090) _task_receiver /opt/stack/data/venv/lib/python3.12/site-packages/taskflow/listeners/logging.py:218}}
Jul 31 10:44:33 devstack cinder-volume[89090]: DEBUG cinder.volume.manager [None req-bebd21dc-9bf9-4a28-8136-4363d448b0e1 tempest-AttachVolumeNegativeTest-304126598 None] Task 'cinder.volume.flows.manager.create_volume.CreateVolumeOnFinishTask;volume:create, create.end' (7ea2c498-4fb3-4260-87f2-5162027960f5) transitioned into state 'RUNNING' from state 'PENDING' {{(pid=89090) _task_receiver /opt/stack/data/venv/lib/python3.12/site-packages/taskflow/listeners/logging.py:242}}
Jul 31 10:44:33 devstack cinder-volume[89090]: INFO cinder.volume.flows.manager.create_volume [None req-bebd21dc-9bf9-4a28-8136-4363d448b0e1 tempest-AttachVolumeNegativeTest-304126598 None] Volume volume-1b96cacf-8e61-457e-9024-dfa1451fac15 (1b96cacf-8e61-457e-9024-dfa1451fac15): created successfully
Jul 31 10:44:33 devstack cinder-volume[89090]: DEBUG cinder.volume.manager [None req-bebd21dc-9bf9-4a28-8136-4363d448b0e1 tempest-AttachVolumeNegativeTest-304126598 None] Task 'cinder.volume.flows.manager.create_volume.CreateVolumeOnFinishTask;volume:create, create.end' (7ea2c498-4fb3-4260-87f2-5162027960f5) transitioned into state 'SUCCESS' from state 'RUNNING' with result 'None' {{(pid=89090) _task_receiver /opt/stack/data/venv/lib/python3.12/site-packages/taskflow/listeners/logging.py:218}}
Jul 31 10:44:33 devstack cinder-volume[89090]: DEBUG cinder.volume.manager [None req-bebd21dc-9bf9-4a28-8136-4363d448b0e1 tempest-AttachVolumeNegativeTest-304126598 None] Flow 'volume_create_manager' (108a57f1-602c-4e9f-9e80-2dc76d1a75df) transitioned into state 'SUCCESS' from state 'RUNNING' {{(pid=89090) _flow_receiver /opt/stack/data/venv/lib/python3.12/site-packages/taskflow/listeners/logging.py:160}}
Jul 31 10:44:33 devstack cinder-volume[89090]: INFO cinder.volume.manager [None req-bebd21dc-9bf9-4a28-8136-4363d448b0e1 tempest-AttachVolumeNegativeTest-304126598 None] Created volume successfully.
Jul 31 10:44:34 devstack cinder-volume[89090]: DEBUG oslo_concurrency.lockutils [None req-05e60a66-d463-4f8d-bfa2-a9452aa8ca79 tempest-SnapshotsActionsTest-587741653 None] Acquiring lock "quobyte" by "cinder.volume.drivers.quobyte.QuobyteDriver.create_snapshot" {{(pid=89090) inner /opt/stack/data/venv/lib/python3.12/site-packages/oslo_concurrency/lockutils.py:512}}
Jul 31 10:44:34 devstack cinder-volume[89090]: DEBUG oslo_concurrency.lockutils [None req-05e60a66-d463-4f8d-bfa2-a9452aa8ca79 tempest-SnapshotsActionsTest-587741653 None] Lock "quobyte" acquired by "cinder.volume.drivers.quobyte.QuobyteDriver.create_snapshot" :: waited 0.001s {{(pid=89090) inner /opt/stack/data/venv/lib/python3.12/site-packages/oslo_concurrency/lockutils.py:525}}
Jul 31 10:44:34 devstack cinder-volume[89090]: DEBUG cinder.volume.drivers.remotefs [None req-05e60a66-d463-4f8d-bfa2-a9452aa8ca79 tempest-SnapshotsActionsTest-587741653 None] Creating offline snapshot 123cef71-be0c-4079-a2ca-7107d3d6f67b of volume 8b4e6af0-5e36-4f45-9bd0-b8d901f45bbc {{(pid=89090) _create_snapshot /opt/stack/cinder/cinder/volume/drivers/remotefs.py:1816}}
Jul 31 10:44:34 devstack cinder-volume[89090]: DEBUG oslo.privsep.daemon [-] privsep: reply[c3f7c8d0-073f-4cbf-bfd4-273500064a6a]: (4, 'qcow2') {{(pid=90769) _call_back /opt/stack/data/venv/lib/python3.12/site-packages/oslo_privsep/daemon.py:580}}
Jul 31 10:44:34 devstack cinder-volume[89090]: DEBUG oslo_concurrency.processutils [None req-05e60a66-d463-4f8d-bfa2-a9452aa8ca79 tempest-SnapshotsActionsTest-587741653 None] Running cmd (subprocess): /opt/stack/data/venv/bin/python3.12 -m oslo_concurrency.prlimit --as=1073741824 --cpu=60 -- sudo cinder-rootwrap /etc/cinder/rootwrap.conf env LC_ALL=C qemu-img info -f qcow2 --output=json --force-share /opt/stack/data/cinder/mnt/c2f788a30f28990e84b7650d29640901/volume-8b4e6af0-5e36-4f45-9bd0-b8d901f45bbc.4b7f7261-c1e0-4883-b4ba-0689cfa9db12 {{(pid=89090) execute /opt/stack/data/venv/lib/python3.12/site-packages/oslo_concurrency/processutils.py:440}}
Jul 31 10:44:34 devstack sudo[94839]: quobyte : PWD=/ ; USER=root ; COMMAND=/opt/stack/data/venv/bin/cinder-rootwrap /etc/cinder/rootwrap.conf env LC_ALL=C qemu-img info -f qcow2 --output=json --force-share /opt/stack/data/cinder/mnt/c2f788a30f28990e84b7650d29640901/volume-8b4e6af0-5e36-4f45-9bd0-b8d901f45bbc.4b7f7261-c1e0-4883-b4ba-0689cfa9db12
Jul 31 10:44:34 devstack sudo[94839]: pam_unix(sudo:session): session opened for user root(uid=0) by (uid=1000)
Jul 31 10:44:35 devstack sudo[94839]: pam_unix(sudo:session): session closed for user root
Jul 31 10:44:35 devstack cinder-volume[89090]: DEBUG oslo_concurrency.processutils [None req-05e60a66-d463-4f8d-bfa2-a9452aa8ca79 tempest-SnapshotsActionsTest-587741653 None] CMD "/opt/stack/data/venv/bin/python3.12 -m oslo_concurrency.prlimit --as=1073741824 --cpu=60 -- sudo cinder-rootwrap /etc/cinder/rootwrap.conf env LC_ALL=C qemu-img info -f qcow2 --output=json --force-share /opt/stack/data/cinder/mnt/c2f788a30f28990e84b7650d29640901/volume-8b4e6af0-5e36-4f45-9bd0-b8d901f45bbc.4b7f7261-c1e0-4883-b4ba-0689cfa9db12" returned: 0 in 0.567s {{(pid=89090) execute /opt/stack/data/venv/lib/python3.12/site-packages/oslo_concurrency/processutils.py:468}}
Jul 31 10:44:35 devstack cinder-volume[89090]: DEBUG cinder.volume.drivers.remotefs [None req-05e60a66-d463-4f8d-bfa2-a9452aa8ca79 tempest-SnapshotsActionsTest-587741653 None] Fetching qemu-img info with special backing_file_template: (/opt/stack/data/cinder/mnt/[0-9a-f]+/)?(volume-8b4e6af0-5e36-4f45-9bd0-b8d901f45bbc(.(tmp-snap-)?[0-9a-f-]+)?|volume_from_snapshot_cache/(tmp-snap-)?[0-9a-f-]+(.(child-|parent-)[0-9a-f-]+)?)$ {{(pid=89090) _qemu_img_info_base /opt/stack/cinder/cinder/volume/drivers/remotefs.py:896}}
Jul 31 10:44:35 devstack cinder-volume[89090]: DEBUG oslo_concurrency.processutils [None req-05e60a66-d463-4f8d-bfa2-a9452aa8ca79 tempest-SnapshotsActionsTest-587741653 None] Running cmd (subprocess): sudo cinder-rootwrap /etc/cinder/rootwrap.conf qemu-img create -f qcow2 -o backing_file=/opt/stack/data/cinder/mnt/c2f788a30f28990e84b7650d29640901/volume-8b4e6af0-5e36-4f45-9bd0-b8d901f45bbc.4b7f7261-c1e0-4883-b4ba-0689cfa9db12,backing_fmt=qcow2 /opt/stack/data/cinder/mnt/c2f788a30f28990e84b7650d29640901/volume-8b4e6af0-5e36-4f45-9bd0-b8d901f45bbc.123cef71-be0c-4079-a2ca-7107d3d6f67b 1G {{(pid=89090) execute /opt/stack/data/venv/lib/python3.12/site-packages/oslo_concurrency/processutils.py:440}}
Jul 31 10:44:35 devstack sudo[94854]: quobyte : PWD=/ ; USER=root ; COMMAND=/opt/stack/data/venv/bin/cinder-rootwrap /etc/cinder/rootwrap.conf qemu-img create -f qcow2 -o backing_file=/opt/stack/data/cinder/mnt/c2f788a30f28990e84b7650d29640901/volume-8b4e6af0-5e36-4f45-9bd0-b8d901f45bbc.4b7f7261-c1e0-4883-b4ba-0689cfa9db12,backing_fmt=qcow2 /opt/stack/data/cinder/mnt/c2f788a30f28990e84b7650d29640901/volume-8b4e6af0-5e36-4f45-9bd0-b8d901f45bbc.123cef71-be0c-4079-a2ca-7107d3d6f67b 1G
Jul 31 10:44:35 devstack sudo[94854]: pam_unix(sudo:session): session opened for user root(uid=0) by (uid=1000)
Jul 31 10:44:35 devstack cinder-volume[89090]: DEBUG oslo_concurrency.lockutils [req-728f1b57-8342-4fe6-bbc7-4b7670539b88 req-19749be2-1b35-4e2e-be8b-ed2251fe1598 tempest-AttachVolumeNegativeTest-304126598 None] Acquiring lock "quobyte" by "cinder.volume.drivers.quobyte.QuobyteDriver.initialize_connection" {{(pid=89090) inner /opt/stack/data/venv/lib/python3.12/site-packages/oslo_concurrency/lockutils.py:512}}
Jul 31 10:44:35 devstack sudo[94854]: pam_unix(sudo:session): session closed for user root
Jul 31 10:44:35 devstack cinder-volume[89090]: DEBUG oslo_concurrency.processutils [None req-05e60a66-d463-4f8d-bfa2-a9452aa8ca79 tempest-SnapshotsActionsTest-587741653 None] CMD "sudo cinder-rootwrap /etc/cinder/rootwrap.conf qemu-img create -f qcow2 -o backing_file=/opt/stack/data/cinder/mnt/c2f788a30f28990e84b7650d29640901/volume-8b4e6af0-5e36-4f45-9bd0-b8d901f45bbc.4b7f7261-c1e0-4883-b4ba-0689cfa9db12,backing_fmt=qcow2 /opt/stack/data/cinder/mnt/c2f788a30f28990e84b7650d29640901/volume-8b4e6af0-5e36-4f45-9bd0-b8d901f45bbc.123cef71-be0c-4079-a2ca-7107d3d6f67b 1G" returned: 0 in 0.728s {{(pid=89090) execute /opt/stack/data/venv/lib/python3.12/site-packages/oslo_concurrency/processutils.py:468}}
Jul 31 10:44:35 devstack cinder-volume[89090]: DEBUG oslo_concurrency.processutils [None req-05e60a66-d463-4f8d-bfa2-a9452aa8ca79 tempest-SnapshotsActionsTest-587741653 None] Running cmd (subprocess): sudo cinder-rootwrap /etc/cinder/rootwrap.conf qemu-img rebase -u -b volume-8b4e6af0-5e36-4f45-9bd0-b8d901f45bbc.4b7f7261-c1e0-4883-b4ba-0689cfa9db12 -F qcow2 /opt/stack/data/cinder/mnt/c2f788a30f28990e84b7650d29640901/volume-8b4e6af0-5e36-4f45-9bd0-b8d901f45bbc.123cef71-be0c-4079-a2ca-7107d3d6f67b {{(pid=89090) execute /opt/stack/data/venv/lib/python3.12/site-packages/oslo_concurrency/processutils.py:440}}
Jul 31 10:44:35 devstack sudo[94862]: quobyte : PWD=/ ; USER=root ; COMMAND=/opt/stack/data/venv/bin/cinder-rootwrap /etc/cinder/rootwrap.conf qemu-img rebase -u -b volume-8b4e6af0-5e36-4f45-9bd0-b8d901f45bbc.4b7f7261-c1e0-4883-b4ba-0689cfa9db12 -F qcow2 /opt/stack/data/cinder/mnt/c2f788a30f28990e84b7650d29640901/volume-8b4e6af0-5e36-4f45-9bd0-b8d901f45bbc.123cef71-be0c-4079-a2ca-7107d3d6f67b
Jul 31 10:44:35 devstack sudo[94862]: pam_unix(sudo:session): session opened for user root(uid=0) by (uid=1000)
Jul 31 10:44:36 devstack sudo[94862]: pam_unix(sudo:session): session closed for user root
Jul 31 10:44:36 devstack cinder-volume[89090]: DEBUG oslo_concurrency.processutils [None req-05e60a66-d463-4f8d-bfa2-a9452aa8ca79 tempest-SnapshotsActionsTest-587741653 None] CMD "sudo cinder-rootwrap /etc/cinder/rootwrap.conf qemu-img rebase -u -b volume-8b4e6af0-5e36-4f45-9bd0-b8d901f45bbc.4b7f7261-c1e0-4883-b4ba-0689cfa9db12 -F qcow2 /opt/stack/data/cinder/mnt/c2f788a30f28990e84b7650d29640901/volume-8b4e6af0-5e36-4f45-9bd0-b8d901f45bbc.123cef71-be0c-4079-a2ca-7107d3d6f67b" returned: 0 in 0.372s {{(pid=89090) execute /opt/stack/data/venv/lib/python3.12/site-packages/oslo_concurrency/processutils.py:468}}
Jul 31 10:44:36 devstack cinder-volume[89090]: WARNING cinder.volume.drivers.remotefs [None req-05e60a66-d463-4f8d-bfa2-a9452aa8ca79 tempest-SnapshotsActionsTest-587741653 None] /opt/stack/data/cinder/mnt/c2f788a30f28990e84b7650d29640901/volume-8b4e6af0-5e36-4f45-9bd0-b8d901f45bbc.123cef71-be0c-4079-a2ca-7107d3d6f67b is being set with open permissions: ugo+rw
Jul 31 10:44:36 devstack cinder-volume[89090]: DEBUG oslo_concurrency.processutils [None req-05e60a66-d463-4f8d-bfa2-a9452aa8ca79 tempest-SnapshotsActionsTest-587741653 None] Running cmd (subprocess): sudo cinder-rootwrap /etc/cinder/rootwrap.conf chmod ugo+rw /opt/stack/data/cinder/mnt/c2f788a30f28990e84b7650d29640901/volume-8b4e6af0-5e36-4f45-9bd0-b8d901f45bbc.123cef71-be0c-4079-a2ca-7107d3d6f67b {{(pid=89090) execute /opt/stack/data/venv/lib/python3.12/site-packages/oslo_concurrency/processutils.py:440}}
Jul 31 10:44:36 devstack sudo[94867]: quobyte : PWD=/ ; USER=root ; COMMAND=/opt/stack/data/venv/bin/cinder-rootwrap /etc/cinder/rootwrap.conf chmod ugo+rw /opt/stack/data/cinder/mnt/c2f788a30f28990e84b7650d29640901/volume-8b4e6af0-5e36-4f45-9bd0-b8d901f45bbc.123cef71-be0c-4079-a2ca-7107d3d6f67b
Jul 31 10:44:36 devstack sudo[94867]: pam_unix(sudo:session): session opened for user root(uid=0) by (uid=1000)
Jul 31 10:44:36 devstack sudo[94867]: pam_unix(sudo:session): session closed for user root
Jul 31 10:44:36 devstack cinder-volume[89090]: DEBUG oslo_concurrency.processutils [None req-05e60a66-d463-4f8d-bfa2-a9452aa8ca79 tempest-SnapshotsActionsTest-587741653 None] CMD "sudo cinder-rootwrap /etc/cinder/rootwrap.conf chmod ugo+rw /opt/stack/data/cinder/mnt/c2f788a30f28990e84b7650d29640901/volume-8b4e6af0-5e36-4f45-9bd0-b8d901f45bbc.123cef71-be0c-4079-a2ca-7107d3d6f67b" returned: 0 in 0.292s {{(pid=89090) execute /opt/stack/data/venv/lib/python3.12/site-packages/oslo_concurrency/processutils.py:468}}
Jul 31 10:44:36 devstack cinder-volume[89090]: DEBUG oslo_concurrency.lockutils [None req-05e60a66-d463-4f8d-bfa2-a9452aa8ca79 tempest-SnapshotsActionsTest-587741653 None] Lock "quobyte" "released" by "cinder.volume.drivers.quobyte.QuobyteDriver.create_snapshot" :: held 2.129s {{(pid=89090) inner /opt/stack/data/venv/lib/python3.12/site-packages/oslo_concurrency/lockutils.py:544}}
Jul 31 10:44:36 devstack cinder-volume[89090]: DEBUG oslo_concurrency.lockutils [req-728f1b57-8342-4fe6-bbc7-4b7670539b88 req-19749be2-1b35-4e2e-be8b-ed2251fe1598 tempest-AttachVolumeNegativeTest-304126598 None] Lock "quobyte" acquired by "cinder.volume.drivers.quobyte.QuobyteDriver.initialize_connection" :: waited 1.241s {{(pid=89090) inner /opt/stack/data/venv/lib/python3.12/site-packages/oslo_concurrency/lockutils.py:525}}
Jul 31 10:44:36 devstack cinder-volume[89090]: DEBUG oslo_concurrency.lockutils [req-728f1b57-8342-4fe6-bbc7-4b7670539b88 req-19749be2-1b35-4e2e-be8b-ed2251fe1598 tempest-AttachVolumeNegativeTest-304126598 None] Lock "quobyte" "released" by "cinder.volume.drivers.quobyte.QuobyteDriver.initialize_connection" :: held 0.041s {{(pid=89090) inner /opt/stack/data/venv/lib/python3.12/site-packages/oslo_concurrency/lockutils.py:544}}
Jul 31 10:44:36 devstack cinder-volume[89090]: INFO cinder.volume.manager [None req-05e60a66-d463-4f8d-bfa2-a9452aa8ca79 tempest-SnapshotsActionsTest-587741653 None] Create snapshot completed successfully
Jul 31 10:44:36 devstack cinder-volume[89090]: DEBUG cinder.volume.manager [req-728f1b57-8342-4fe6-bbc7-4b7670539b88 req-19749be2-1b35-4e2e-be8b-ed2251fe1598 tempest-AttachVolumeNegativeTest-304126598 None] Connection info returned from driver {'export': 'osci02.corp.quobyte.com/cinder-vol-c578ff2a-aed2-4b8e-8067-4e0daeedfa2c', 'name': 'volume-1b96cacf-8e61-457e-9024-dfa1451fac15', 'options': None, 'format': 'qcow2', 'qos_specs': None, 'access_mode': 'rw', 'encrypted': False, 'cacheable': False, 'driver_volume_type': 'quobyte', 'mount_point_base': '/opt/stack/data/cinder/mnt', 'attachment_id': '7cbdb856-dcc1-4d37-a432-af2aa6546c3f', 'enforce_multipath': True} {{(pid=89090) _connection_create /opt/stack/cinder/cinder/volume/manager.py:4924}}
Jul 31 10:44:36 devstack cinder-volume[89090]: INFO cinder.volume.manager [req-728f1b57-8342-4fe6-bbc7-4b7670539b88 req-19749be2-1b35-4e2e-be8b-ed2251fe1598 tempest-AttachVolumeNegativeTest-304126598 None] attachment_update completed successfully.
Jul 31 10:44:37 devstack cinder-volume[89090]: DEBUG cinder.coordination [None req-6d954559-41c7-4f9f-9ac1-9ccd043ba9a6 tempest-SnapshotsActionsTest-1669610203 None] Acquiring lock "cinder-123cef71-be0c-4079-a2ca-7107d3d6f67b-delete_snapshot" by "delete_snapshot" {{(pid=89090) __acquire /opt/stack/cinder/cinder/coordination.py:138}}
Jul 31 10:44:37 devstack cinder-volume[89090]: DEBUG cinder.coordination [None req-6d954559-41c7-4f9f-9ac1-9ccd043ba9a6 tempest-SnapshotsActionsTest-1669610203 None] Lock "cinder-123cef71-be0c-4079-a2ca-7107d3d6f67b-delete_snapshot" acquired by "delete_snapshot" :: waited 0.031s {{(pid=89090) __acquire /opt/stack/cinder/cinder/coordination.py:141}}
Jul 31 10:44:37 devstack cinder-volume[89090]: DEBUG cinder.coordination [None req-6d954559-41c7-4f9f-9ac1-9ccd043ba9a6 tempest-SnapshotsActionsTest-1669610203 None] Acquiring lock "cinder-quobyte-8b4e6af0-5e36-4f45-9bd0-b8d901f45bbc" by "delete_snapshot" {{(pid=89090) __acquire /opt/stack/cinder/cinder/coordination.py:138}}
Jul 31 10:44:37 devstack cinder-volume[89090]: DEBUG cinder.coordination [None req-6d954559-41c7-4f9f-9ac1-9ccd043ba9a6 tempest-SnapshotsActionsTest-1669610203 None] Lock "cinder-quobyte-8b4e6af0-5e36-4f45-9bd0-b8d901f45bbc" acquired by "delete_snapshot" :: waited 0.023s {{(pid=89090) __acquire /opt/stack/cinder/cinder/coordination.py:141}}
Jul 31 10:44:37 devstack cinder-volume[89090]: DEBUG cinder.coordination [None req-6d954559-41c7-4f9f-9ac1-9ccd043ba9a6 tempest-SnapshotsActionsTest-1669610203 None] Acquiring lock "cinder-quobyte-123cef71-be0c-4079-a2ca-7107d3d6f67b" by "_delete_snapshot" {{(pid=89090) __acquire /opt/stack/cinder/cinder/coordination.py:138}}
Jul 31 10:44:37 devstack cinder-volume[89090]: DEBUG cinder.coordination [None req-6d954559-41c7-4f9f-9ac1-9ccd043ba9a6 tempest-SnapshotsActionsTest-1669610203 None] Lock "cinder-quobyte-123cef71-be0c-4079-a2ca-7107d3d6f67b" acquired by "_delete_snapshot" :: waited 0.021s {{(pid=89090) __acquire /opt/stack/cinder/cinder/coordination.py:141}}
Jul 31 10:44:37 devstack cinder-volume[89090]: DEBUG cinder.volume.drivers.remotefs [None req-6d954559-41c7-4f9f-9ac1-9ccd043ba9a6 tempest-SnapshotsActionsTest-1669610203 None] Deleting offline snapshot 123cef71-be0c-4079-a2ca-7107d3d6f67b of volume 8b4e6af0-5e36-4f45-9bd0-b8d901f45bbc {{(pid=89090) _delete_snapshot /opt/stack/cinder/cinder/volume/drivers/remotefs.py:1288}}
Jul 31 10:44:37 devstack cinder-volume[89090]: DEBUG cinder.volume.drivers.remotefs [None req-6d954559-41c7-4f9f-9ac1-9ccd043ba9a6 tempest-SnapshotsActionsTest-1669610203 None] snapshot_file for this snap is: volume-8b4e6af0-5e36-4f45-9bd0-b8d901f45bbc.123cef71-be0c-4079-a2ca-7107d3d6f67b {{(pid=89090) _delete_snapshot /opt/stack/cinder/cinder/volume/drivers/remotefs.py:1317}}
Jul 31 10:44:37 devstack cinder-volume[89090]: DEBUG oslo.privsep.daemon [-] privsep: reply[4643a751-9b4f-4e40-b20f-63bf3131ef8b]: (4, 'qcow2') {{(pid=90769) _call_back /opt/stack/data/venv/lib/python3.12/site-packages/oslo_privsep/daemon.py:580}}
Jul 31 10:44:37 devstack cinder-volume[89090]: DEBUG oslo_concurrency.processutils [None req-6d954559-41c7-4f9f-9ac1-9ccd043ba9a6 tempest-SnapshotsActionsTest-1669610203 None] Running cmd (subprocess): /opt/stack/data/venv/bin/python3.12 -m oslo_concurrency.prlimit --as=1073741824 --cpu=60 -- sudo cinder-rootwrap /etc/cinder/rootwrap.conf env LC_ALL=C qemu-img info -f qcow2 --output=json --force-share /opt/stack/data/cinder/mnt/c2f788a30f28990e84b7650d29640901/volume-8b4e6af0-5e36-4f45-9bd0-b8d901f45bbc.123cef71-be0c-4079-a2ca-7107d3d6f67b {{(pid=89090) execute /opt/stack/data/venv/lib/python3.12/site-packages/oslo_concurrency/processutils.py:440}}
Jul 31 10:44:38 devstack sudo[95258]: quobyte : PWD=/ ; USER=root ; COMMAND=/opt/stack/data/venv/bin/cinder-rootwrap /etc/cinder/rootwrap.conf env LC_ALL=C qemu-img info -f qcow2 --output=json --force-share /opt/stack/data/cinder/mnt/c2f788a30f28990e84b7650d29640901/volume-8b4e6af0-5e36-4f45-9bd0-b8d901f45bbc.123cef71-be0c-4079-a2ca-7107d3d6f67b
Jul 31 10:44:38 devstack sudo[95258]: pam_unix(sudo:session): session opened for user root(uid=0) by (uid=1000)
Jul 31 10:44:38 devstack sudo[95258]: pam_unix(sudo:session): session closed for user root
Jul 31 10:44:38 devstack cinder-volume[89090]: DEBUG oslo_concurrency.processutils [None req-6d954559-41c7-4f9f-9ac1-9ccd043ba9a6 tempest-SnapshotsActionsTest-1669610203 None] CMD "/opt/stack/data/venv/bin/python3.12 -m oslo_concurrency.prlimit --as=1073741824 --cpu=60 -- sudo cinder-rootwrap /etc/cinder/rootwrap.conf env LC_ALL=C qemu-img info -f qcow2 --output=json --force-share /opt/stack/data/cinder/mnt/c2f788a30f28990e84b7650d29640901/volume-8b4e6af0-5e36-4f45-9bd0-b8d901f45bbc.123cef71-be0c-4079-a2ca-7107d3d6f67b" returned: 0 in 0.616s {{(pid=89090) execute /opt/stack/data/venv/lib/python3.12/site-packages/oslo_concurrency/processutils.py:468}}
Jul 31 10:44:38 devstack cinder-volume[89090]: DEBUG cinder.volume.drivers.remotefs [None req-6d954559-41c7-4f9f-9ac1-9ccd043ba9a6 tempest-SnapshotsActionsTest-1669610203 None] Fetching qemu-img info with special backing_file_template: (/opt/stack/data/cinder/mnt/[0-9a-f]+/)?(volume-8b4e6af0-5e36-4f45-9bd0-b8d901f45bbc(.(tmp-snap-)?[0-9a-f-]+)?|volume_from_snapshot_cache/(tmp-snap-)?[0-9a-f-]+(.(child-|parent-)[0-9a-f-]+)?)$ {{(pid=89090) _qemu_img_info_base /opt/stack/cinder/cinder/volume/drivers/remotefs.py:896}}
Jul 31 10:44:38 devstack cinder-volume[89090]: DEBUG oslo.privsep.daemon [-] privsep: reply[2ae7d1e0-91fd-4a0d-836d-492608d8d43f]: (4, 'qcow2') {{(pid=90769) _call_back /opt/stack/data/venv/lib/python3.12/site-packages/oslo_privsep/daemon.py:580}}
Jul 31 10:44:38 devstack cinder-volume[89090]: DEBUG oslo_concurrency.processutils [None req-6d954559-41c7-4f9f-9ac1-9ccd043ba9a6 tempest-SnapshotsActionsTest-1669610203 None] Running cmd (subprocess): /opt/stack/data/venv/bin/python3.12 -m oslo_concurrency.prlimit --as=1073741824 --cpu=60 -- sudo cinder-rootwrap /etc/cinder/rootwrap.conf env LC_ALL=C qemu-img info -f qcow2 --output=json --force-share /opt/stack/data/cinder/mnt/c2f788a30f28990e84b7650d29640901/volume-8b4e6af0-5e36-4f45-9bd0-b8d901f45bbc.4b7f7261-c1e0-4883-b4ba-0689cfa9db12 {{(pid=89090) execute /opt/stack/data/venv/lib/python3.12/site-packages/oslo_concurrency/processutils.py:440}}
Jul 31 10:44:38 devstack sudo[95265]: quobyte : PWD=/ ; USER=root ; COMMAND=/opt/stack/data/venv/bin/cinder-rootwrap /etc/cinder/rootwrap.conf env LC_ALL=C qemu-img info -f qcow2 --output=json --force-share /opt/stack/data/cinder/mnt/c2f788a30f28990e84b7650d29640901/volume-8b4e6af0-5e36-4f45-9bd0-b8d901f45bbc.4b7f7261-c1e0-4883-b4ba-0689cfa9db12
Jul 31 10:44:38 devstack sudo[95265]: pam_unix(sudo:session): session opened for user root(uid=0) by (uid=1000)
Jul 31 10:44:39 devstack sudo[95265]: pam_unix(sudo:session): session closed for user root
Jul 31 10:44:39 devstack cinder-volume[89090]: DEBUG oslo_concurrency.processutils [None req-6d954559-41c7-4f9f-9ac1-9ccd043ba9a6 tempest-SnapshotsActionsTest-1669610203 None] CMD "/opt/stack/data/venv/bin/python3.12 -m oslo_concurrency.prlimit --as=1073741824 --cpu=60 -- sudo cinder-rootwrap /etc/cinder/rootwrap.conf env LC_ALL=C qemu-img info -f qcow2 --output=json --force-share /opt/stack/data/cinder/mnt/c2f788a30f28990e84b7650d29640901/volume-8b4e6af0-5e36-4f45-9bd0-b8d901f45bbc.4b7f7261-c1e0-4883-b4ba-0689cfa9db12" returned: 0 in 0.547s {{(pid=89090) execute /opt/stack/data/venv/lib/python3.12/site-packages/oslo_concurrency/processutils.py:468}}
Jul 31 10:44:39 devstack cinder-volume[89090]: DEBUG cinder.volume.drivers.remotefs [None req-6d954559-41c7-4f9f-9ac1-9ccd043ba9a6 tempest-SnapshotsActionsTest-1669610203 None] Fetching qemu-img info with special backing_file_template: (/opt/stack/data/cinder/mnt/[0-9a-f]+/)?(volume-8b4e6af0-5e36-4f45-9bd0-b8d901f45bbc(.(tmp-snap-)?[0-9a-f-]+)?|volume_from_snapshot_cache/(tmp-snap-)?[0-9a-f-]+(.(child-|parent-)[0-9a-f-]+)?)$ {{(pid=89090) _qemu_img_info_base /opt/stack/cinder/cinder/volume/drivers/remotefs.py:896}}
Jul 31 10:44:39 devstack cinder-volume[89090]: DEBUG oslo_concurrency.processutils [None req-6d954559-41c7-4f9f-9ac1-9ccd043ba9a6 tempest-SnapshotsActionsTest-1669610203 None] Running cmd (subprocess): sudo cinder-rootwrap /etc/cinder/rootwrap.conf qemu-img commit -d /opt/stack/data/cinder/mnt/c2f788a30f28990e84b7650d29640901/volume-8b4e6af0-5e36-4f45-9bd0-b8d901f45bbc.123cef71-be0c-4079-a2ca-7107d3d6f67b {{(pid=89090) execute /opt/stack/data/venv/lib/python3.12/site-packages/oslo_concurrency/processutils.py:440}}
Jul 31 10:44:39 devstack sudo[95271]: quobyte : PWD=/ ; USER=root ; COMMAND=/opt/stack/data/venv/bin/cinder-rootwrap /etc/cinder/rootwrap.conf qemu-img commit -d /opt/stack/data/cinder/mnt/c2f788a30f28990e84b7650d29640901/volume-8b4e6af0-5e36-4f45-9bd0-b8d901f45bbc.123cef71-be0c-4079-a2ca-7107d3d6f67b
Jul 31 10:44:39 devstack sudo[95271]: pam_unix(sudo:session): session opened for user root(uid=0) by (uid=1000)
Jul 31 10:44:39 devstack sudo[95271]: pam_unix(sudo:session): session closed for user root
Jul 31 10:44:39 devstack cinder-volume[89090]: DEBUG oslo_concurrency.processutils [None req-6d954559-41c7-4f9f-9ac1-9ccd043ba9a6 tempest-SnapshotsActionsTest-1669610203 None] CMD "sudo cinder-rootwrap /etc/cinder/rootwrap.conf qemu-img commit -d /opt/stack/data/cinder/mnt/c2f788a30f28990e84b7650d29640901/volume-8b4e6af0-5e36-4f45-9bd0-b8d901f45bbc.123cef71-be0c-4079-a2ca-7107d3d6f67b" returned: 0 in 0.558s {{(pid=89090) execute /opt/stack/data/venv/lib/python3.12/site-packages/oslo_concurrency/processutils.py:468}}
Jul 31 10:44:39 devstack cinder-volume[89090]: DEBUG oslo_concurrency.processutils [None req-6d954559-41c7-4f9f-9ac1-9ccd043ba9a6 tempest-SnapshotsActionsTest-1669610203 None] Running cmd (subprocess): sudo cinder-rootwrap /etc/cinder/rootwrap.conf rm -f /opt/stack/data/cinder/mnt/c2f788a30f28990e84b7650d29640901/volume-8b4e6af0-5e36-4f45-9bd0-b8d901f45bbc.123cef71-be0c-4079-a2ca-7107d3d6f67b {{(pid=89090) execute /opt/stack/data/venv/lib/python3.12/site-packages/oslo_concurrency/processutils.py:440}}
Jul 31 10:44:39 devstack sudo[95306]: quobyte : PWD=/ ; USER=root ; COMMAND=/opt/stack/data/venv/bin/cinder-rootwrap /etc/cinder/rootwrap.conf rm -f /opt/stack/data/cinder/mnt/c2f788a30f28990e84b7650d29640901/volume-8b4e6af0-5e36-4f45-9bd0-b8d901f45bbc.123cef71-be0c-4079-a2ca-7107d3d6f67b
Jul 31 10:44:39 devstack sudo[95306]: pam_unix(sudo:session): session opened for user root(uid=0) by (uid=1000)
Jul 31 10:44:39 devstack cinder-volume[89090]: INFO cinder.volume.manager [req-fc660d87-c5a9-425a-90e7-72cfd88aa880 req-cff47a52-f8f3-4ed6-81f3-dc9182371e42 tempest-AttachVolumeNegativeTest-304126598 None] Terminate volume connection completed successfully.
Jul 31 10:44:39 devstack cinder-volume[89090]: DEBUG cinder.volume.manager [req-fc660d87-c5a9-425a-90e7-72cfd88aa880 req-cff47a52-f8f3-4ed6-81f3-dc9182371e42 tempest-AttachVolumeNegativeTest-304126598 None] Deleting attachment 7cbdb856-dcc1-4d37-a432-af2aa6546c3f. {{(pid=89090) attachment_delete /opt/stack/cinder/cinder/volume/manager.py:5055}}
Jul 31 10:44:40 devstack sudo[95306]: pam_unix(sudo:session): session closed for user root
Jul 31 10:44:40 devstack cinder-volume[89090]: DEBUG oslo_concurrency.processutils [None req-6d954559-41c7-4f9f-9ac1-9ccd043ba9a6 tempest-SnapshotsActionsTest-1669610203 None] CMD "sudo cinder-rootwrap /etc/cinder/rootwrap.conf rm -f /opt/stack/data/cinder/mnt/c2f788a30f28990e84b7650d29640901/volume-8b4e6af0-5e36-4f45-9bd0-b8d901f45bbc.123cef71-be0c-4079-a2ca-7107d3d6f67b" returned: 0 in 0.416s {{(pid=89090) execute /opt/stack/data/venv/lib/python3.12/site-packages/oslo_concurrency/processutils.py:468}}
