Jul 09 05:03:16 devstack cinder-volume[87161]: INFO cinder.volume.manager [None req-9074c7c5-ebe0-4b2f-b4b6-2cf40ccc0006 tempest-GroupSnapshotsTest-1411288932 None] Update group completed successfully.
Jul 09 05:03:16 devstack sudo[93341]: pam_unix(sudo:session): session closed for user root
Jul 09 05:03:16 devstack cinder-volume[87161]: DEBUG oslo_concurrency.processutils [req-26ab2e44-0811-45ff-be63-295b007c48d2 req-67ef800c-cc72-486c-858b-d78617bc75e7 tempest-VolumesSnapshotsTestJSON-431611021 None] CMD "/opt/stack/data/venv/bin/python3.12 -m oslo_concurrency.prlimit --as=1073741824 --cpu=60 -- sudo cinder-rootwrap /etc/cinder/rootwrap.conf env LC_ALL=C qemu-img info -f qcow2 --output=json --force-share /opt/stack/data/cinder/mnt/576e7133d13a56e90cd60ab20a77fbd5/volume-c990a3af-d707-4fad-9cdd-1fca57111b66" returned: 0 in 0.969s {{(pid=87161) execute /opt/stack/data/venv/lib/python3.12/site-packages/oslo_concurrency/processutils.py:468}}
Jul 09 05:03:16 devstack cinder-volume[87161]: DEBUG oslo_concurrency.processutils [req-26ab2e44-0811-45ff-be63-295b007c48d2 req-67ef800c-cc72-486c-858b-d78617bc75e7 tempest-VolumesSnapshotsTestJSON-431611021 None] Running cmd (subprocess): sudo cinder-rootwrap /etc/cinder/rootwrap.conf rm -f /opt/stack/data/cinder/mnt/576e7133d13a56e90cd60ab20a77fbd5/volume-c990a3af-d707-4fad-9cdd-1fca57111b66 {{(pid=87161) execute /opt/stack/data/venv/lib/python3.12/site-packages/oslo_concurrency/processutils.py:440}}
Jul 09 05:03:16 devstack sudo[93350]: quobyte : PWD=/ ; USER=root ; COMMAND=/opt/stack/data/venv/bin/cinder-rootwrap /etc/cinder/rootwrap.conf rm -f /opt/stack/data/cinder/mnt/576e7133d13a56e90cd60ab20a77fbd5/volume-c990a3af-d707-4fad-9cdd-1fca57111b66
Jul 09 05:03:16 devstack sudo[93350]: pam_unix(sudo:session): session opened for user root(uid=0) by (uid=1000)
Jul 09 05:03:17 devstack sudo[93350]: pam_unix(sudo:session): session closed for user root
Jul 09 05:03:17 devstack cinder-volume[87161]: DEBUG oslo_concurrency.processutils [req-26ab2e44-0811-45ff-be63-295b007c48d2 req-67ef800c-cc72-486c-858b-d78617bc75e7 tempest-VolumesSnapshotsTestJSON-431611021 None] CMD "sudo cinder-rootwrap /etc/cinder/rootwrap.conf rm -f /opt/stack/data/cinder/mnt/576e7133d13a56e90cd60ab20a77fbd5/volume-c990a3af-d707-4fad-9cdd-1fca57111b66" returned: 0 in 0.721s {{(pid=87161) execute /opt/stack/data/venv/lib/python3.12/site-packages/oslo_concurrency/processutils.py:468}}
Jul 09 05:03:17 devstack cinder-volume[87161]: DEBUG cinder.coordination [req-26ab2e44-0811-45ff-be63-295b007c48d2 req-67ef800c-cc72-486c-858b-d78617bc75e7 tempest-VolumesSnapshotsTestJSON-431611021 None] Lock "cinder-quobyte-c990a3af-d707-4fad-9cdd-1fca57111b66" released by "delete_volume" :: held 1.781s {{(pid=87161) __release /opt/stack/cinder/cinder/coordination.py:152}}
Jul 09 05:03:17 devstack cinder-volume[87161]: DEBUG cinder.quota [req-26ab2e44-0811-45ff-be63-295b007c48d2 req-67ef800c-cc72-486c-858b-d78617bc75e7 tempest-VolumesSnapshotsTestJSON-431611021 None] Created reservations ['d0cce792-1dbf-48bf-81ff-ca4eaeb66eca', 'ca41a8e2-58cd-41ae-a1d8-39d5dd844b5e', '48ddf774-1eca-4fa4-9109-f89e74bf119c', 'db856448-8a88-4d19-8544-4cd0be7ed81c'] {{(pid=87161) reserve /opt/stack/cinder/cinder/quota.py:752}}
Jul 09 05:03:17 devstack cinder-volume[87161]: DEBUG oslo_concurrency.lockutils [req-26ab2e44-0811-45ff-be63-295b007c48d2 req-67ef800c-cc72-486c-858b-d78617bc75e7 tempest-VolumesSnapshotsTestJSON-431611021 None] Acquiring lock "quobyte_ensure" by "cinder.volume.drivers.quobyte.QuobyteDriver._ensure_shares_mounted" {{(pid=87161) inner /opt/stack/data/venv/lib/python3.12/site-packages/oslo_concurrency/lockutils.py:511}}
Jul 09 05:03:17 devstack cinder-volume[87161]: DEBUG oslo_concurrency.lockutils [req-26ab2e44-0811-45ff-be63-295b007c48d2 req-67ef800c-cc72-486c-858b-d78617bc75e7 tempest-VolumesSnapshotsTestJSON-431611021 None] Lock "quobyte_ensure" acquired by "cinder.volume.drivers.quobyte.QuobyteDriver._ensure_shares_mounted" :: waited 0.001s {{(pid=87161) inner /opt/stack/data/venv/lib/python3.12/site-packages/oslo_concurrency/lockutils.py:524}}
Jul 09 05:03:17 devstack cinder-volume[87161]: DEBUG cinder.volume.drivers.quobyte [req-26ab2e44-0811-45ff-be63-295b007c48d2 req-67ef800c-cc72-486c-858b-d78617bc75e7 tempest-VolumesSnapshotsTestJSON-431611021 None] Quobyte Volume URL set to: {'osci02.corp.quobyte.com/cinder-vol-1b9cad51-73d2-4b6c-b2c8-47937bc0f37b': None} {{(pid=87161) _load_shares_config /opt/stack/cinder/cinder/volume/drivers/quobyte.py:617}}
Jul 09 05:03:17 devstack cinder-volume[87161]: DEBUG cinder.volume.drivers.quobyte [req-26ab2e44-0811-45ff-be63-295b007c48d2 req-67ef800c-cc72-486c-858b-d78617bc75e7 tempest-VolumesSnapshotsTestJSON-431611021 None] Available shares ['osci02.corp.quobyte.com/cinder-vol-1b9cad51-73d2-4b6c-b2c8-47937bc0f37b'] {{(pid=87161) _ensure_shares_mounted /opt/stack/cinder/cinder/volume/drivers/quobyte.py:647}}
Jul 09 05:03:17 devstack cinder-volume[87161]: DEBUG oslo_concurrency.lockutils [req-26ab2e44-0811-45ff-be63-295b007c48d2 req-67ef800c-cc72-486c-858b-d78617bc75e7 tempest-VolumesSnapshotsTestJSON-431611021 None] Lock "quobyte_ensure" "released" by "cinder.volume.drivers.quobyte.QuobyteDriver._ensure_shares_mounted" :: held 0.008s {{(pid=87161) inner /opt/stack/data/venv/lib/python3.12/site-packages/oslo_concurrency/lockutils.py:543}}
Jul 09 05:03:17 devstack cinder-volume[87161]: DEBUG oslo_concurrency.processutils [req-26ab2e44-0811-45ff-be63-295b007c48d2 req-67ef800c-cc72-486c-858b-d78617bc75e7 tempest-VolumesSnapshotsTestJSON-431611021 None] Running cmd (subprocess): sudo cinder-rootwrap /etc/cinder/rootwrap.conf df --portability --block-size 1 /opt/stack/data/cinder/mnt/576e7133d13a56e90cd60ab20a77fbd5 {{(pid=87161) execute /opt/stack/data/venv/lib/python3.12/site-packages/oslo_concurrency/processutils.py:440}}
Jul 09 05:03:17 devstack sudo[93353]: quobyte : PWD=/ ; USER=root ; COMMAND=/opt/stack/data/venv/bin/cinder-rootwrap /etc/cinder/rootwrap.conf df --portability --block-size 1 /opt/stack/data/cinder/mnt/576e7133d13a56e90cd60ab20a77fbd5
Jul 09 05:03:17 devstack sudo[93353]: pam_unix(sudo:session): session opened for user root(uid=0) by (uid=1000)
Jul 09 05:03:17 devstack cinder-volume[87161]: INFO cinder.volume.manager [None req-33428ed1-325d-4307-9bc9-2dd169f66ea8 tempest-GroupSnapshotsTest-1411288932 None] Update group completed successfully.
Jul 09 05:03:18 devstack sudo[93353]: pam_unix(sudo:session): session closed for user root
Jul 09 05:03:18 devstack cinder-volume[87161]: DEBUG oslo_concurrency.processutils [req-26ab2e44-0811-45ff-be63-295b007c48d2 req-67ef800c-cc72-486c-858b-d78617bc75e7 tempest-VolumesSnapshotsTestJSON-431611021 None] CMD "sudo cinder-rootwrap /etc/cinder/rootwrap.conf df --portability --block-size 1 /opt/stack/data/cinder/mnt/576e7133d13a56e90cd60ab20a77fbd5" returned: 0 in 0.848s {{(pid=87161) execute /opt/stack/data/venv/lib/python3.12/site-packages/oslo_concurrency/processutils.py:468}}
Jul 09 05:03:18 devstack cinder-volume[87161]: DEBUG cinder.manager [req-26ab2e44-0811-45ff-be63-295b007c48d2 req-67ef800c-cc72-486c-858b-d78617bc75e7 tempest-VolumesSnapshotsTestJSON-431611021 None] Notifying Schedulers of capabilities ... {{(pid=87161) _publish_service_capabilities /opt/stack/cinder/cinder/manager.py:219}}
Jul 09 05:03:18 devstack cinder-volume[87161]: INFO cinder.volume.manager [req-26ab2e44-0811-45ff-be63-295b007c48d2 req-67ef800c-cc72-486c-858b-d78617bc75e7 tempest-VolumesSnapshotsTestJSON-431611021 None] Deleted volume successfully.
Jul 09 05:03:18 devstack cinder-volume[87161]: DEBUG cinder.coordination [req-26ab2e44-0811-45ff-be63-295b007c48d2 req-67ef800c-cc72-486c-858b-d78617bc75e7 tempest-VolumesSnapshotsTestJSON-431611021 None] Lock "cinder-c990a3af-d707-4fad-9cdd-1fca57111b66-delete_volume" released by "delete_volume" :: held 2.884s {{(pid=87161) __release /opt/stack/cinder/cinder/coordination.py:152}}
Jul 09 05:03:19 devstack cinder-volume[87161]: INFO cinder.volume.manager [None req-29c79a20-70fd-48ea-9809-3f20f67f8e13 tempest-GroupSnapshotsTest-1411288932 None] Update group completed successfully.
Jul 09 05:03:20 devstack cinder-volume[87161]: INFO cinder.volume.manager [None req-c3ec7a81-4119-4961-b2d6-ec2a53702855 tempest-GroupSnapshotsTest-1411288932 None] Update group completed successfully.
Jul 09 05:03:21 devstack cinder-volume[87161]: INFO cinder.volume.manager [None req-d8aaff0c-399c-48dd-b913-83ccedc81041 tempest-GroupSnapshotsTest-1411288932 None] GroupSnapshot 02a169f7-f78f-4417-ad74-c55a4d512247: creating.
Jul 09 05:03:21 devstack cinder-volume[87161]: DEBUG cinder.volume.manager [None req-d8aaff0c-399c-48dd-b913-83ccedc81041 tempest-GroupSnapshotsTest-1411288932 None] Group snapshot 02a169f7-f78f-4417-ad74-c55a4d512247: creating. {{(pid=87161) create_group_snapshot /opt/stack/cinder/cinder/volume/manager.py:4175}}
Jul 09 05:03:21 devstack cinder-volume[87161]: DEBUG oslo_concurrency.lockutils [None req-d8aaff0c-399c-48dd-b913-83ccedc81041 tempest-GroupSnapshotsTest-1411288932 None] Acquiring lock "quobyte" by "cinder.volume.drivers.quobyte.QuobyteDriver.create_snapshot" {{(pid=87161) inner /opt/stack/data/venv/lib/python3.12/site-packages/oslo_concurrency/lockutils.py:511}}
Jul 09 05:03:21 devstack cinder-volume[87161]: DEBUG oslo_concurrency.lockutils [None req-d8aaff0c-399c-48dd-b913-83ccedc81041 tempest-GroupSnapshotsTest-1411288932 None] Lock "quobyte" acquired by "cinder.volume.drivers.quobyte.QuobyteDriver.create_snapshot" :: waited 0.001s {{(pid=87161) inner /opt/stack/data/venv/lib/python3.12/site-packages/oslo_concurrency/lockutils.py:524}}
Jul 09 05:03:22 devstack cinder-volume[87161]: DEBUG cinder.volume.drivers.remotefs [None req-d8aaff0c-399c-48dd-b913-83ccedc81041 tempest-GroupSnapshotsTest-1411288932 None] Creating offline snapshot 34675a3e-d17c-4d59-accb-dce97c9454cd of volume e30879aa-8871-495e-b065-acb87eef413c {{(pid=87161) _create_snapshot /opt/stack/cinder/cinder/volume/drivers/remotefs.py:1816}}
Jul 09 05:03:22 devstack cinder-volume[87161]: DEBUG oslo.privsep.daemon [-] privsep: reply[ec2416ff-b8d9-4b87-b1df-1364caa91590]: (4, 'qcow2') {{(pid=88286) _call_back /opt/stack/data/venv/lib/python3.12/site-packages/oslo_privsep/daemon.py:580}}
Jul 09 05:03:22 devstack cinder-volume[87161]: DEBUG oslo_concurrency.processutils [None req-d8aaff0c-399c-48dd-b913-83ccedc81041 tempest-GroupSnapshotsTest-1411288932 None] Running cmd (subprocess): /opt/stack/data/venv/bin/python3.12 -m oslo_concurrency.prlimit --as=1073741824 --cpu=60 -- sudo cinder-rootwrap /etc/cinder/rootwrap.conf env LC_ALL=C qemu-img info -f qcow2 --output=json --force-share /opt/stack/data/cinder/mnt/576e7133d13a56e90cd60ab20a77fbd5/volume-e30879aa-8871-495e-b065-acb87eef413c {{(pid=87161) execute /opt/stack/data/venv/lib/python3.12/site-packages/oslo_concurrency/processutils.py:440}}
Jul 09 05:03:22 devstack sudo[93361]: quobyte : PWD=/ ; USER=root ; COMMAND=/opt/stack/data/venv/bin/cinder-rootwrap /etc/cinder/rootwrap.conf env LC_ALL=C qemu-img info -f qcow2 --output=json --force-share /opt/stack/data/cinder/mnt/576e7133d13a56e90cd60ab20a77fbd5/volume-e30879aa-8871-495e-b065-acb87eef413c
Jul 09 05:03:22 devstack sudo[93361]: pam_unix(sudo:session): session opened for user root(uid=0) by (uid=1000)
Jul 09 05:03:22 devstack sudo[93361]: pam_unix(sudo:session): session closed for user root
Jul 09 05:03:22 devstack cinder-volume[87161]: DEBUG oslo_concurrency.processutils [None req-d8aaff0c-399c-48dd-b913-83ccedc81041 tempest-GroupSnapshotsTest-1411288932 None] CMD "/opt/stack/data/venv/bin/python3.12 -m oslo_concurrency.prlimit --as=1073741824 --cpu=60 -- sudo cinder-rootwrap /etc/cinder/rootwrap.conf env LC_ALL=C qemu-img info -f qcow2 --output=json --force-share /opt/stack/data/cinder/mnt/576e7133d13a56e90cd60ab20a77fbd5/volume-e30879aa-8871-495e-b065-acb87eef413c" returned: 0 in 0.949s {{(pid=87161) execute /opt/stack/data/venv/lib/python3.12/site-packages/oslo_concurrency/processutils.py:468}}
Jul 09 05:03:22 devstack cinder-volume[87161]: DEBUG oslo_concurrency.processutils [None req-d8aaff0c-399c-48dd-b913-83ccedc81041 tempest-GroupSnapshotsTest-1411288932 None] Running cmd (subprocess): sudo cinder-rootwrap /etc/cinder/rootwrap.conf qemu-img create -f qcow2 -o backing_file=/opt/stack/data/cinder/mnt/576e7133d13a56e90cd60ab20a77fbd5/volume-e30879aa-8871-495e-b065-acb87eef413c,backing_fmt=qcow2 /opt/stack/data/cinder/mnt/576e7133d13a56e90cd60ab20a77fbd5/volume-e30879aa-8871-495e-b065-acb87eef413c.34675a3e-d17c-4d59-accb-dce97c9454cd 1G {{(pid=87161) execute /opt/stack/data/venv/lib/python3.12/site-packages/oslo_concurrency/processutils.py:440}}
Jul 09 05:03:23 devstack sudo[93366]: quobyte : PWD=/ ; USER=root ; COMMAND=/opt/stack/data/venv/bin/cinder-rootwrap /etc/cinder/rootwrap.conf qemu-img create -f qcow2 -o backing_file=/opt/stack/data/cinder/mnt/576e7133d13a56e90cd60ab20a77fbd5/volume-e30879aa-8871-495e-b065-acb87eef413c,backing_fmt=qcow2 /opt/stack/data/cinder/mnt/576e7133d13a56e90cd60ab20a77fbd5/volume-e30879aa-8871-495e-b065-acb87eef413c.34675a3e-d17c-4d59-accb-dce97c9454cd 1G
Jul 09 05:03:23 devstack sudo[93366]: pam_unix(sudo:session): session opened for user root(uid=0) by (uid=1000)
Jul 09 05:03:23 devstack cinder-volume[87161]: DEBUG cinder.volume.manager [None req-65bbd550-fb64-470f-bacd-1bd77de02730 tempest-BackendsCapabilitiesAdminTestsJSON-531576729 None] Obtained capabilities list: {'volume_backend_name': 'QuobyteHD', 'vendor_name': 'Open Source', 'driver_version': '1.1.14', 'storage_protocol': 'quobyte', 'total_capacity_gb': 1775.7577743530273, 'free_capacity_gb': 1775.7577743530273, 'reserved_percentage': 0, 'QoS_support': False, 'properties': {'thin_provisioning': {'title': 'Thin Provisioning', 'description': 'Sets thin provisioning.', 'type': 'boolean'}, 'compression': {'title': 'Compression', 'description': 'Enables compression.', 'type': 'boolean'}, 'qos': {'title': 'QoS', 'description': 'Enables QoS.', 'type': 'boolean'}, 'replication_enabled': {'title': 'Replication', 'description': 'Enables replication.', 'type': 'boolean'}}}. {{(pid=87161) get_capabilities /opt/stack/cinder/cinder/volume/manager.py:4830}}
Jul 09 05:03:23 devstack sudo[93366]: pam_unix(sudo:session): session closed for user root
Jul 09 05:03:23 devstack cinder-volume[87161]: DEBUG oslo_concurrency.processutils [None req-d8aaff0c-399c-48dd-b913-83ccedc81041 tempest-GroupSnapshotsTest-1411288932 None] CMD "sudo cinder-rootwrap /etc/cinder/rootwrap.conf qemu-img create -f qcow2 -o backing_file=/opt/stack/data/cinder/mnt/576e7133d13a56e90cd60ab20a77fbd5/volume-e30879aa-8871-495e-b065-acb87eef413c,backing_fmt=qcow2 /opt/stack/data/cinder/mnt/576e7133d13a56e90cd60ab20a77fbd5/volume-e30879aa-8871-495e-b065-acb87eef413c.34675a3e-d17c-4d59-accb-dce97c9454cd 1G" returned: 0 in 0.842s {{(pid=87161) execute /opt/stack/data/venv/lib/python3.12/site-packages/oslo_concurrency/processutils.py:468}}
Jul 09 05:03:23 devstack cinder-volume[87161]: DEBUG oslo_concurrency.processutils [None req-d8aaff0c-399c-48dd-b913-83ccedc81041 tempest-GroupSnapshotsTest-1411288932 None] Running cmd (subprocess): sudo cinder-rootwrap /etc/cinder/rootwrap.conf qemu-img rebase -u -b volume-e30879aa-8871-495e-b065-acb87eef413c -F qcow2 /opt/stack/data/cinder/mnt/576e7133d13a56e90cd60ab20a77fbd5/volume-e30879aa-8871-495e-b065-acb87eef413c.34675a3e-d17c-4d59-accb-dce97c9454cd {{(pid=87161) execute /opt/stack/data/venv/lib/python3.12/site-packages/oslo_concurrency/processutils.py:440}}
Jul 09 05:03:23 devstack sudo[93372]: quobyte : PWD=/ ; USER=root ; COMMAND=/opt/stack/data/venv/bin/cinder-rootwrap /etc/cinder/rootwrap.conf qemu-img rebase -u -b volume-e30879aa-8871-495e-b065-acb87eef413c -F qcow2 /opt/stack/data/cinder/mnt/576e7133d13a56e90cd60ab20a77fbd5/volume-e30879aa-8871-495e-b065-acb87eef413c.34675a3e-d17c-4d59-accb-dce97c9454cd
Jul 09 05:03:23 devstack sudo[93372]: pam_unix(sudo:session): session opened for user root(uid=0) by (uid=1000)
Jul 09 05:03:24 devstack cinder-volume[87161]: DEBUG cinder.volume.manager [None req-4293b0db-27d5-4ce8-b6b4-9f19d6b14494 tempest-BackendsCapabilitiesAdminTestsJSON-531576729 None] Obtained capabilities list: {'volume_backend_name': 'QuobyteHD', 'vendor_name': 'Open Source', 'driver_version': '1.1.14', 'storage_protocol': 'quobyte', 'total_capacity_gb': 1775.7577743530273, 'free_capacity_gb': 1775.7577743530273, 'reserved_percentage': 0, 'QoS_support': False, 'properties': {'thin_provisioning': {'title': 'Thin Provisioning', 'description': 'Sets thin provisioning.', 'type': 'boolean'}, 'compression': {'title': 'Compression', 'description': 'Enables compression.', 'type': 'boolean'}, 'qos': {'title': 'QoS', 'description': 'Enables QoS.', 'type': 'boolean'}, 'replication_enabled': {'title': 'Replication', 'description': 'Enables replication.', 'type': 'boolean'}}}. {{(pid=87161) get_capabilities /opt/stack/cinder/cinder/volume/manager.py:4830}}
Jul 09 05:03:24 devstack sudo[93372]: pam_unix(sudo:session): session closed for user root
Jul 09 05:03:24 devstack cinder-volume[87161]: DEBUG oslo_concurrency.processutils [None req-d8aaff0c-399c-48dd-b913-83ccedc81041 tempest-GroupSnapshotsTest-1411288932 None] CMD "sudo cinder-rootwrap /etc/cinder/rootwrap.conf qemu-img rebase -u -b volume-e30879aa-8871-495e-b065-acb87eef413c -F qcow2 /opt/stack/data/cinder/mnt/576e7133d13a56e90cd60ab20a77fbd5/volume-e30879aa-8871-495e-b065-acb87eef413c.34675a3e-d17c-4d59-accb-dce97c9454cd" returned: 0 in 0.727s {{(pid=87161) execute /opt/stack/data/venv/lib/python3.12/site-packages/oslo_concurrency/processutils.py:468}}
Jul 09 05:03:24 devstack cinder-volume[87161]: WARNING cinder.volume.drivers.remotefs [None req-d8aaff0c-399c-48dd-b913-83ccedc81041 tempest-GroupSnapshotsTest-1411288932 None] /opt/stack/data/cinder/mnt/576e7133d13a56e90cd60ab20a77fbd5/volume-e30879aa-8871-495e-b065-acb87eef413c.34675a3e-d17c-4d59-accb-dce97c9454cd is being set with open permissions: ugo+rw: NotImplementedError
Jul 09 05:03:24 devstack cinder-volume[87161]: DEBUG oslo_concurrency.processutils [None req-d8aaff0c-399c-48dd-b913-83ccedc81041 tempest-GroupSnapshotsTest-1411288932 None] Running cmd (subprocess): sudo cinder-rootwrap /etc/cinder/rootwrap.conf chmod ugo+rw /opt/stack/data/cinder/mnt/576e7133d13a56e90cd60ab20a77fbd5/volume-e30879aa-8871-495e-b065-acb87eef413c.34675a3e-d17c-4d59-accb-dce97c9454cd {{(pid=87161) execute /opt/stack/data/venv/lib/python3.12/site-packages/oslo_concurrency/processutils.py:440}}
Jul 09 05:03:24 devstack sudo[93377]: quobyte : PWD=/ ; USER=root ; COMMAND=/opt/stack/data/venv/bin/cinder-rootwrap /etc/cinder/rootwrap.conf chmod ugo+rw /opt/stack/data/cinder/mnt/576e7133d13a56e90cd60ab20a77fbd5/volume-e30879aa-8871-495e-b065-acb87eef413c.34675a3e-d17c-4d59-accb-dce97c9454cd
Jul 09 05:03:24 devstack sudo[93377]: pam_unix(sudo:session): session opened for user root(uid=0) by (uid=1000)
Jul 09 05:03:25 devstack sudo[93377]: pam_unix(sudo:session): session closed for user root
Jul 09 05:03:25 devstack cinder-volume[87161]: DEBUG oslo_concurrency.processutils [None req-d8aaff0c-399c-48dd-b913-83ccedc81041 tempest-GroupSnapshotsTest-1411288932 None] CMD "sudo cinder-rootwrap /etc/cinder/rootwrap.conf chmod ugo+rw /opt/stack/data/cinder/mnt/576e7133d13a56e90cd60ab20a77fbd5/volume-e30879aa-8871-495e-b065-acb87eef413c.34675a3e-d17c-4d59-accb-dce97c9454cd" returned: 0 in 0.721s {{(pid=87161) execute /opt/stack/data/venv/lib/python3.12/site-packages/oslo_concurrency/processutils.py:468}}
Jul 09 05:03:25 devstack cinder-volume[87161]: DEBUG oslo_concurrency.processutils [None req-d8aaff0c-399c-48dd-b913-83ccedc81041 tempest-GroupSnapshotsTest-1411288932 None] Running cmd (subprocess): sudo cinder-rootwrap /etc/cinder/rootwrap.conf truncate -s0 /opt/stack/data/cinder/mnt/576e7133d13a56e90cd60ab20a77fbd5/volume-e30879aa-8871-495e-b065-acb87eef413c.info {{(pid=87161) execute /opt/stack/data/venv/lib/python3.12/site-packages/oslo_concurrency/processutils.py:440}}
Jul 09 05:03:25 devstack sudo[93380]: quobyte : PWD=/ ; USER=root ; COMMAND=/opt/stack/data/venv/bin/cinder-rootwrap /etc/cinder/rootwrap.conf truncate -s0 /opt/stack/data/cinder/mnt/576e7133d13a56e90cd60ab20a77fbd5/volume-e30879aa-8871-495e-b065-acb87eef413c.info
Jul 09 05:03:25 devstack sudo[93380]: pam_unix(sudo:session): session opened for user root(uid=0) by (uid=1000)
Jul 09 05:03:26 devstack sudo[93380]: pam_unix(sudo:session): session closed for user root
Jul 09 05:03:26 devstack cinder-volume[87161]: DEBUG oslo_concurrency.processutils [None req-d8aaff0c-399c-48dd-b913-83ccedc81041 tempest-GroupSnapshotsTest-1411288932 None] CMD "sudo cinder-rootwrap /etc/cinder/rootwrap.conf truncate -s0 /opt/stack/data/cinder/mnt/576e7133d13a56e90cd60ab20a77fbd5/volume-e30879aa-8871-495e-b065-acb87eef413c.info" returned: 0 in 1.064s {{(pid=87161) execute /opt/stack/data/venv/lib/python3.12/site-packages/oslo_concurrency/processutils.py:468}}
Jul 09 05:03:26 devstack cinder-volume[87161]: WARNING cinder.volume.drivers.remotefs [None req-d8aaff0c-399c-48dd-b913-83ccedc81041 tempest-GroupSnapshotsTest-1411288932 None] /opt/stack/data/cinder/mnt/576e7133d13a56e90cd60ab20a77fbd5/volume-e30879aa-8871-495e-b065-acb87eef413c.info is being set with open permissions: ugo+rw: NotImplementedError
Jul 09 05:03:26 devstack cinder-volume[87161]: DEBUG oslo_concurrency.processutils [None req-d8aaff0c-399c-48dd-b913-83ccedc81041 tempest-GroupSnapshotsTest-1411288932 None] Running cmd (subprocess): sudo cinder-rootwrap /etc/cinder/rootwrap.conf chmod ugo+rw /opt/stack/data/cinder/mnt/576e7133d13a56e90cd60ab20a77fbd5/volume-e30879aa-8871-495e-b065-acb87eef413c.info {{(pid=87161) execute /opt/stack/data/venv/lib/python3.12/site-packages/oslo_concurrency/processutils.py:440}}
Jul 09 05:03:26 devstack sudo[93383]: quobyte : PWD=/ ; USER=root ; COMMAND=/opt/stack/data/venv/bin/cinder-rootwrap /etc/cinder/rootwrap.conf chmod ugo+rw /opt/stack/data/cinder/mnt/576e7133d13a56e90cd60ab20a77fbd5/volume-e30879aa-8871-495e-b065-acb87eef413c.info
Jul 09 05:03:26 devstack sudo[93383]: pam_unix(sudo:session): session opened for user root(uid=0) by (uid=1000)
Jul 09 05:03:27 devstack sudo[93383]: pam_unix(sudo:session): session closed for user root
Jul 09 05:03:27 devstack cinder-volume[87161]: DEBUG oslo_concurrency.processutils [None req-d8aaff0c-399c-48dd-b913-83ccedc81041 tempest-GroupSnapshotsTest-1411288932 None] CMD "sudo cinder-rootwrap /etc/cinder/rootwrap.conf chmod ugo+rw /opt/stack/data/cinder/mnt/576e7133d13a56e90cd60ab20a77fbd5/volume-e30879aa-8871-495e-b065-acb87eef413c.info" returned: 0 in 0.767s {{(pid=87161) execute /opt/stack/data/venv/lib/python3.12/site-packages/oslo_concurrency/processutils.py:468}}
Jul 09 05:03:27 devstack cinder-volume[87161]: DEBUG oslo_concurrency.lockutils [None req-d8aaff0c-399c-48dd-b913-83ccedc81041 tempest-GroupSnapshotsTest-1411288932 None] Lock "quobyte" "released" by "cinder.volume.drivers.quobyte.QuobyteDriver.create_snapshot" :: held 5.179s {{(pid=87161) inner /opt/stack/data/venv/lib/python3.12/site-packages/oslo_concurrency/lockutils.py:543}}
Jul 09 05:03:27 devstack cinder-volume[87161]: DEBUG oslo_concurrency.lockutils [None req-d8aaff0c-399c-48dd-b913-83ccedc81041 tempest-GroupSnapshotsTest-1411288932 None] Acquiring lock "quobyte" by "cinder.volume.drivers.quobyte.QuobyteDriver.create_snapshot" {{(pid=87161) inner /opt/stack/data/venv/lib/python3.12/site-packages/oslo_concurrency/lockutils.py:511}}
Jul 09 05:03:27 devstack cinder-volume[87161]: DEBUG oslo_concurrency.lockutils [None req-d8aaff0c-399c-48dd-b913-83ccedc81041 tempest-GroupSnapshotsTest-1411288932 None] Lock "quobyte" acquired by "cinder.volume.drivers.quobyte.QuobyteDriver.create_snapshot" :: waited 0.001s {{(pid=87161) inner /opt/stack/data/venv/lib/python3.12/site-packages/oslo_concurrency/lockutils.py:524}}
Jul 09 05:03:27 devstack cinder-volume[87161]: DEBUG cinder.volume.drivers.remotefs [None req-d8aaff0c-399c-48dd-b913-83ccedc81041 tempest-GroupSnapshotsTest-1411288932 None] Creating offline snapshot ef824458-5871-4c4d-9e6d-c8dabce44108 of volume bf20a2c2-09fa-45f6-b588-3fb963ec0b21 {{(pid=87161) _create_snapshot /opt/stack/cinder/cinder/volume/drivers/remotefs.py:1816}}
Jul 09 05:03:27 devstack cinder-volume[87161]: DEBUG oslo.privsep.daemon [-] privsep: reply[19e7f1ed-32a7-43d2-8c03-2fe4ee97dcdc]: (4, 'qcow2') {{(pid=88286) _call_back /opt/stack/data/venv/lib/python3.12/site-packages/oslo_privsep/daemon.py:580}}
Jul 09 05:03:27 devstack cinder-volume[87161]: DEBUG oslo_concurrency.processutils [None req-d8aaff0c-399c-48dd-b913-83ccedc81041 tempest-GroupSnapshotsTest-1411288932 None] Running cmd (subprocess): /opt/stack/data/venv/bin/python3.12 -m oslo_concurrency.prlimit --as=1073741824 --cpu=60 -- sudo cinder-rootwrap /etc/cinder/rootwrap.conf env LC_ALL=C qemu-img info -f qcow2 --output=json --force-share /opt/stack/data/cinder/mnt/576e7133d13a56e90cd60ab20a77fbd5/volume-bf20a2c2-09fa-45f6-b588-3fb963ec0b21 {{(pid=87161) execute /opt/stack/data/venv/lib/python3.12/site-packages/oslo_concurrency/processutils.py:440}}
Jul 09 05:03:27 devstack sudo[93390]: quobyte : PWD=/ ; USER=root ; COMMAND=/opt/stack/data/venv/bin/cinder-rootwrap /etc/cinder/rootwrap.conf env LC_ALL=C qemu-img info -f qcow2 --output=json --force-share /opt/stack/data/cinder/mnt/576e7133d13a56e90cd60ab20a77fbd5/volume-bf20a2c2-09fa-45f6-b588-3fb963ec0b21
Jul 09 05:03:27 devstack sudo[93390]: pam_unix(sudo:session): session opened for user root(uid=0) by (uid=1000)
Jul 09 05:03:28 devstack sudo[93390]: pam_unix(sudo:session): session closed for user root
Jul 09 05:03:28 devstack cinder-volume[87161]: DEBUG oslo_concurrency.processutils [None req-d8aaff0c-399c-48dd-b913-83ccedc81041 tempest-GroupSnapshotsTest-1411288932 None] CMD "/opt/stack/data/venv/bin/python3.12 -m oslo_concurrency.prlimit --as=1073741824 --cpu=60 -- sudo cinder-rootwrap /etc/cinder/rootwrap.conf env LC_ALL=C qemu-img info -f qcow2 --output=json --force-share /opt/stack/data/cinder/mnt/576e7133d13a56e90cd60ab20a77fbd5/volume-bf20a2c2-09fa-45f6-b588-3fb963ec0b21" returned: 0 in 1.046s {{(pid=87161) execute /opt/stack/data/venv/lib/python3.12/site-packages/oslo_concurrency/processutils.py:468}}
Jul 09 05:03:28 devstack cinder-volume[87161]: DEBUG oslo_concurrency.processutils [None req-d8aaff0c-399c-48dd-b913-83ccedc81041 tempest-GroupSnapshotsTest-1411288932 None] Running cmd (subprocess): sudo cinder-rootwrap /etc/cinder/rootwrap.conf qemu-img create -f qcow2 -o backing_file=/opt/stack/data/cinder/mnt/576e7133d13a56e90cd60ab20a77fbd5/volume-bf20a2c2-09fa-45f6-b588-3fb963ec0b21,backing_fmt=qcow2 /opt/stack/data/cinder/mnt/576e7133d13a56e90cd60ab20a77fbd5/volume-bf20a2c2-09fa-45f6-b588-3fb963ec0b21.ef824458-5871-4c4d-9e6d-c8dabce44108 1G {{(pid=87161) execute /opt/stack/data/venv/lib/python3.12/site-packages/oslo_concurrency/processutils.py:440}}
Jul 09 05:03:28 devstack sudo[93409]: quobyte : PWD=/ ; USER=root ; COMMAND=/opt/stack/data/venv/bin/cinder-rootwrap /etc/cinder/rootwrap.conf qemu-img create -f qcow2 -o backing_file=/opt/stack/data/cinder/mnt/576e7133d13a56e90cd60ab20a77fbd5/volume-bf20a2c2-09fa-45f6-b588-3fb963ec0b21,backing_fmt=qcow2 /opt/stack/data/cinder/mnt/576e7133d13a56e90cd60ab20a77fbd5/volume-bf20a2c2-09fa-45f6-b588-3fb963ec0b21.ef824458-5871-4c4d-9e6d-c8dabce44108 1G
Jul 09 05:03:28 devstack sudo[93409]: pam_unix(sudo:session): session opened for user root(uid=0) by (uid=1000)
Jul 09 05:03:29 devstack sudo[93409]: pam_unix(sudo:session): session closed for user root
Jul 09 05:03:29 devstack cinder-volume[87161]: DEBUG oslo_concurrency.processutils [None req-d8aaff0c-399c-48dd-b913-83ccedc81041 tempest-GroupSnapshotsTest-1411288932 None] CMD "sudo cinder-rootwrap /etc/cinder/rootwrap.conf qemu-img create -f qcow2 -o backing_file=/opt/stack/data/cinder/mnt/576e7133d13a56e90cd60ab20a77fbd5/volume-bf20a2c2-09fa-45f6-b588-3fb963ec0b21,backing_fmt=qcow2 /opt/stack/data/cinder/mnt/576e7133d13a56e90cd60ab20a77fbd5/volume-bf20a2c2-09fa-45f6-b588-3fb963ec0b21.ef824458-5871-4c4d-9e6d-c8dabce44108 1G" returned: 0 in 0.991s {{(pid=87161) execute /opt/stack/data/venv/lib/python3.12/site-packages/oslo_concurrency/processutils.py:468}}
Jul 09 05:03:29 devstack cinder-volume[87161]: DEBUG oslo_concurrency.processutils [None req-d8aaff0c-399c-48dd-b913-83ccedc81041 tempest-GroupSnapshotsTest-1411288932 None] Running cmd (subprocess): sudo cinder-rootwrap /etc/cinder/rootwrap.conf qemu-img rebase -u -b volume-bf20a2c2-09fa-45f6-b588-3fb963ec0b21 -F qcow2 /opt/stack/data/cinder/mnt/576e7133d13a56e90cd60ab20a77fbd5/volume-bf20a2c2-09fa-45f6-b588-3fb963ec0b21.ef824458-5871-4c4d-9e6d-c8dabce44108 {{(pid=87161) execute /opt/stack/data/venv/lib/python3.12/site-packages/oslo_concurrency/processutils.py:440}}
Jul 09 05:03:29 devstack sudo[93416]: quobyte : PWD=/ ; USER=root ; COMMAND=/opt/stack/data/venv/bin/cinder-rootwrap /etc/cinder/rootwrap.conf qemu-img rebase -u -b volume-bf20a2c2-09fa-45f6-b588-3fb963ec0b21 -F qcow2 /opt/stack/data/cinder/mnt/576e7133d13a56e90cd60ab20a77fbd5/volume-bf20a2c2-09fa-45f6-b588-3fb963ec0b21.ef824458-5871-4c4d-9e6d-c8dabce44108
Jul 09 05:03:29 devstack sudo[93416]: pam_unix(sudo:session): session opened for user root(uid=0) by (uid=1000)
Jul 09 05:03:30 devstack sudo[93416]: pam_unix(sudo:session): session closed for user root
Jul 09 05:03:30 devstack cinder-volume[87161]: DEBUG oslo_concurrency.processutils [None req-d8aaff0c-399c-48dd-b913-83ccedc81041 tempest-GroupSnapshotsTest-1411288932 None] CMD "sudo cinder-rootwrap /etc/cinder/rootwrap.conf qemu-img rebase -u -b volume-bf20a2c2-09fa-45f6-b588-3fb963ec0b21 -F qcow2 /opt/stack/data/cinder/mnt/576e7133d13a56e90cd60ab20a77fbd5/volume-bf20a2c2-09fa-45f6-b588-3fb963ec0b21.ef824458-5871-4c4d-9e6d-c8dabce44108" returned: 0 in 0.828s {{(pid=87161) execute /opt/stack/data/venv/lib/python3.12/site-packages/oslo_concurrency/processutils.py:468}}
Jul 09 05:03:30 devstack cinder-volume[87161]: WARNING cinder.volume.drivers.remotefs [None req-d8aaff0c-399c-48dd-b913-83ccedc81041 tempest-GroupSnapshotsTest-1411288932 None] /opt/stack/data/cinder/mnt/576e7133d13a56e90cd60ab20a77fbd5/volume-bf20a2c2-09fa-45f6-b588-3fb963ec0b21.ef824458-5871-4c4d-9e6d-c8dabce44108 is being set with open permissions: ugo+rw: NotImplementedError
Jul 09 05:03:30 devstack cinder-volume[87161]: DEBUG oslo_concurrency.processutils [None req-d8aaff0c-399c-48dd-b913-83ccedc81041 tempest-GroupSnapshotsTest-1411288932 None] Running cmd (subprocess): sudo cinder-rootwrap /etc/cinder/rootwrap.conf chmod ugo+rw /opt/stack/data/cinder/mnt/576e7133d13a56e90cd60ab20a77fbd5/volume-bf20a2c2-09fa-45f6-b588-3fb963ec0b21.ef824458-5871-4c4d-9e6d-c8dabce44108 {{(pid=87161) execute /opt/stack/data/venv/lib/python3.12/site-packages/oslo_concurrency/processutils.py:440}}
Jul 09 05:03:30 devstack sudo[93422]: quobyte : PWD=/ ; USER=root ; COMMAND=/opt/stack/data/venv/bin/cinder-rootwrap /etc/cinder/rootwrap.conf chmod ugo+rw /opt/stack/data/cinder/mnt/576e7133d13a56e90cd60ab20a77fbd5/volume-bf20a2c2-09fa-45f6-b588-3fb963ec0b21.ef824458-5871-4c4d-9e6d-c8dabce44108
Jul 09 05:03:30 devstack sudo[93422]: pam_unix(sudo:session): session opened for user root(uid=0) by (uid=1000)
Jul 09 05:03:30 devstack sudo[93422]: pam_unix(sudo:session): session closed for user root
Jul 09 05:03:30 devstack cinder-volume[87161]: DEBUG oslo_concurrency.processutils [None req-d8aaff0c-399c-48dd-b913-83ccedc81041 tempest-GroupSnapshotsTest-1411288932 None] CMD "sudo cinder-rootwrap /etc/cinder/rootwrap.conf chmod ugo+rw /opt/stack/data/cinder/mnt/576e7133d13a56e90cd60ab20a77fbd5/volume-bf20a2c2-09fa-45f6-b588-3fb963ec0b21.ef824458-5871-4c4d-9e6d-c8dabce44108" returned: 0 in 0.680s {{(pid=87161) execute /opt/stack/data/venv/lib/python3.12/site-packages/oslo_concurrency/processutils.py:468}}
Jul 09 05:03:30 devstack cinder-volume[87161]: DEBUG oslo_concurrency.processutils [None req-d8aaff0c-399c-48dd-b913-83ccedc81041 tempest-GroupSnapshotsTest-1411288932 None] Running cmd (subprocess): sudo cinder-rootwrap /etc/cinder/rootwrap.conf truncate -s0 /opt/stack/data/cinder/mnt/576e7133d13a56e90cd60ab20a77fbd5/volume-bf20a2c2-09fa-45f6-b588-3fb963ec0b21.info {{(pid=87161) execute /opt/stack/data/venv/lib/python3.12/site-packages/oslo_concurrency/processutils.py:440}}
Jul 09 05:03:30 devstack sudo[93425]: quobyte : PWD=/ ; USER=root ; COMMAND=/opt/stack/data/venv/bin/cinder-rootwrap /etc/cinder/rootwrap.conf truncate -s0 /opt/stack/data/cinder/mnt/576e7133d13a56e90cd60ab20a77fbd5/volume-bf20a2c2-09fa-45f6-b588-3fb963ec0b21.info
Jul 09 05:03:30 devstack sudo[93425]: pam_unix(sudo:session): session opened for user root(uid=0) by (uid=1000)
Jul 09 05:03:31 devstack sudo[93425]: pam_unix(sudo:session): session closed for user root
Jul 09 05:03:31 devstack cinder-volume[87161]: DEBUG oslo_concurrency.processutils [None req-d8aaff0c-399c-48dd-b913-83ccedc81041 tempest-GroupSnapshotsTest-1411288932 None] CMD "sudo cinder-rootwrap /etc/cinder/rootwrap.conf truncate -s0 /opt/stack/data/cinder/mnt/576e7133d13a56e90cd60ab20a77fbd5/volume-bf20a2c2-09fa-45f6-b588-3fb963ec0b21.info" returned: 0 in 1.019s {{(pid=87161) execute /opt/stack/data/venv/lib/python3.12/site-packages/oslo_concurrency/processutils.py:468}}
Jul 09 05:03:31 devstack cinder-volume[87161]: WARNING cinder.volume.drivers.remotefs [None req-d8aaff0c-399c-48dd-b913-83ccedc81041 tempest-GroupSnapshotsTest-1411288932 None] /opt/stack/data/cinder/mnt/576e7133d13a56e90cd60ab20a77fbd5/volume-bf20a2c2-09fa-45f6-b588-3fb963ec0b21.info is being set with open permissions: ugo+rw: NotImplementedError
Jul 09 05:03:31 devstack cinder-volume[87161]: DEBUG oslo_concurrency.processutils [None req-d8aaff0c-399c-48dd-b913-83ccedc81041 tempest-GroupSnapshotsTest-1411288932 None] Running cmd (subprocess): sudo cinder-rootwrap /etc/cinder/rootwrap.conf chmod ugo+rw /opt/stack/data/cinder/mnt/576e7133d13a56e90cd60ab20a77fbd5/volume-bf20a2c2-09fa-45f6-b588-3fb963ec0b21.info {{(pid=87161) execute /opt/stack/data/venv/lib/python3.12/site-packages/oslo_concurrency/processutils.py:440}}
Jul 09 05:03:31 devstack sudo[93467]: quobyte : PWD=/ ; USER=root ; COMMAND=/opt/stack/data/venv/bin/cinder-rootwrap /etc/cinder/rootwrap.conf chmod ugo+rw /opt/stack/data/cinder/mnt/576e7133d13a56e90cd60ab20a77fbd5/volume-bf20a2c2-09fa-45f6-b588-3fb963ec0b21.info
Jul 09 05:03:31 devstack sudo[93467]: pam_unix(sudo:session): session opened for user root(uid=0) by (uid=1000)
Jul 09 05:03:32 devstack cinder-volume[87161]: INFO cinder.volume.manager [None req-67aef81d-6776-41ad-a155-32287fcea178 tempest-GroupsV314Test-637771251 None] Group tempest-GroupsV314Test-Group-343636538: creating
Jul 09 05:03:32 devstack cinder-volume[87161]: INFO cinder.volume.manager [None req-67aef81d-6776-41ad-a155-32287fcea178 tempest-GroupsV314Test-637771251 None] Group tempest-GroupsV314Test-Group-343636538: created successfully
Jul 09 05:03:32 devstack cinder-volume[87161]: INFO cinder.volume.manager [None req-67aef81d-6776-41ad-a155-32287fcea178 tempest-GroupsV314Test-637771251 None] Create group completed successfully.
Jul 09 05:03:32 devstack sudo[93467]: pam_unix(sudo:session): session closed for user root
Jul 09 05:03:32 devstack cinder-volume[87161]: DEBUG oslo_concurrency.processutils [None req-d8aaff0c-399c-48dd-b913-83ccedc81041 tempest-GroupSnapshotsTest-1411288932 None] CMD "sudo cinder-rootwrap /etc/cinder/rootwrap.conf chmod ugo+rw /opt/stack/data/cinder/mnt/576e7133d13a56e90cd60ab20a77fbd5/volume-bf20a2c2-09fa-45f6-b588-3fb963ec0b21.info" returned: 0 in 0.857s {{(pid=87161) execute /opt/stack/data/venv/lib/python3.12/site-packages/oslo_concurrency/processutils.py:468}}
Jul 09 05:03:32 devstack cinder-volume[87161]: DEBUG oslo_concurrency.lockutils [None req-d8aaff0c-399c-48dd-b913-83ccedc81041 tempest-GroupSnapshotsTest-1411288932 None] Lock "quobyte" "released" by "cinder.volume.drivers.quobyte.QuobyteDriver.create_snapshot" :: held 5.538s {{(pid=87161) inner /opt/stack/data/venv/lib/python3.12/site-packages/oslo_concurrency/lockutils.py:543}}
Jul 09 05:03:32 devstack cinder-volume[87161]: INFO cinder.volume.manager [None req-d8aaff0c-399c-48dd-b913-83ccedc81041 tempest-GroupSnapshotsTest-1411288932 None] group_snapshot 02a169f7-f78f-4417-ad74-c55a4d512247: created successfully
Jul 09 05:03:33 devstack cinder-volume[87161]: INFO cinder.volume.manager [None req-95a8fac2-c2d8-482d-905d-e0ed69034c8e tempest-GroupSnapshotsTest-1411288932 None] group_snapshot 02a169f7-f78f-4417-ad74-c55a4d512247: deleting
Jul 09 05:03:33 devstack cinder-volume[87161]: DEBUG cinder.volume.manager [None req-95a8fac2-c2d8-482d-905d-e0ed69034c8e tempest-GroupSnapshotsTest-1411288932 None] group_snapshot 02a169f7-f78f-4417-ad74-c55a4d512247: deleting {{(pid=87161) delete_group_snapshot /opt/stack/cinder/cinder/volume/manager.py:4350}}
Jul 09 05:03:34 devstack cinder-volume[87161]: DEBUG cinder.coordination [None req-95a8fac2-c2d8-482d-905d-e0ed69034c8e tempest-GroupSnapshotsTest-1411288932 None] Acquiring lock "cinder-quobyte-e30879aa-8871-495e-b065-acb87eef413c" by "delete_snapshot" {{(pid=87161) __acquire /opt/stack/cinder/cinder/coordination.py:138}}
Jul 09 05:03:34 devstack cinder-volume[87161]: DEBUG cinder.coordination [None req-95a8fac2-c2d8-482d-905d-e0ed69034c8e tempest-GroupSnapshotsTest-1411288932 None] Lock "cinder-quobyte-e30879aa-8871-495e-b065-acb87eef413c" acquired by "delete_snapshot" :: waited 0.039s {{(pid=87161) __acquire /opt/stack/cinder/cinder/coordination.py:141}}
Jul 09 05:03:34 devstack cinder-volume[87161]: DEBUG cinder.coordination [None req-95a8fac2-c2d8-482d-905d-e0ed69034c8e tempest-GroupSnapshotsTest-1411288932 None] Acquiring lock "cinder-quobyte-34675a3e-d17c-4d59-accb-dce97c9454cd" by "_delete_snapshot" {{(pid=87161) __acquire /opt/stack/cinder/cinder/coordination.py:138}}
Jul 09 05:03:34 devstack cinder-volume[87161]: DEBUG cinder.coordination [None req-95a8fac2-c2d8-482d-905d-e0ed69034c8e tempest-GroupSnapshotsTest-1411288932 None] Lock "cinder-quobyte-34675a3e-d17c-4d59-accb-dce97c9454cd" acquired by "_delete_snapshot" :: waited 0.030s {{(pid=87161) __acquire /opt/stack/cinder/cinder/coordination.py:141}}
Jul 09 05:03:34 devstack cinder-volume[87161]: DEBUG cinder.volume.drivers.remotefs [None req-95a8fac2-c2d8-482d-905d-e0ed69034c8e tempest-GroupSnapshotsTest-1411288932 None] Deleting offline snapshot 34675a3e-d17c-4d59-accb-dce97c9454cd of volume e30879aa-8871-495e-b065-acb87eef413c {{(pid=87161) _delete_snapshot /opt/stack/cinder/cinder/volume/drivers/remotefs.py:1288}}
Jul 09 05:03:34 devstack cinder-volume[87161]: DEBUG cinder.volume.drivers.remotefs [None req-95a8fac2-c2d8-482d-905d-e0ed69034c8e tempest-GroupSnapshotsTest-1411288932 None] snapshot_file for this snap is: volume-e30879aa-8871-495e-b065-acb87eef413c.34675a3e-d17c-4d59-accb-dce97c9454cd {{(pid=87161) _delete_snapshot /opt/stack/cinder/cinder/volume/drivers/remotefs.py:1317}}
Jul 09 05:03:34 devstack cinder-volume[87161]: DEBUG oslo.privsep.daemon [-] privsep: reply[19e95209-5031-40bd-9b58-9fa42801c26c]: (4, 'qcow2') {{(pid=88286) _call_back /opt/stack/data/venv/lib/python3.12/site-packages/oslo_privsep/daemon.py:580}}
Jul 09 05:03:34 devstack cinder-volume[87161]: DEBUG oslo_concurrency.processutils [None req-95a8fac2-c2d8-482d-905d-e0ed69034c8e tempest-GroupSnapshotsTest-1411288932 None] Running cmd (subprocess): /opt/stack/data/venv/bin/python3.12 -m oslo_concurrency.prlimit --as=1073741824 --cpu=60 -- sudo cinder-rootwrap /etc/cinder/rootwrap.conf env LC_ALL=C qemu-img info -f qcow2 --output=json --force-share /opt/stack/data/cinder/mnt/576e7133d13a56e90cd60ab20a77fbd5/volume-e30879aa-8871-495e-b065-acb87eef413c.34675a3e-d17c-4d59-accb-dce97c9454cd {{(pid=87161) execute /opt/stack/data/venv/lib/python3.12/site-packages/oslo_concurrency/processutils.py:440}}
Jul 09 05:03:34 devstack sudo[93501]: quobyte : PWD=/ ; USER=root ; COMMAND=/opt/stack/data/venv/bin/cinder-rootwrap /etc/cinder/rootwrap.conf env LC_ALL=C qemu-img info -f qcow2 --output=json --force-share /opt/stack/data/cinder/mnt/576e7133d13a56e90cd60ab20a77fbd5/volume-e30879aa-8871-495e-b065-acb87eef413c.34675a3e-d17c-4d59-accb-dce97c9454cd
Jul 09 05:03:34 devstack sudo[93501]: pam_unix(sudo:session): session opened for user root(uid=0) by (uid=1000)
Jul 09 05:03:34 devstack cinder-volume[87161]: DEBUG cinder.volume.flows.manager.create_volume [None req-da9d6f0f-2e3e-4dd0-9aa7-3d1cb22a2829 tempest-GroupsV314Test-637771251 None] Volume reschedule parameters: True retry: {'num_attempts': 1, 'backends': ['devstack@QuobyteHD#QuobyteHD'], 'hosts': ['devstack@QuobyteHD#QuobyteHD']} {{(pid=87161) get_flow /opt/stack/cinder/cinder/volume/flows/manager/create_volume.py:1397}}
Jul 09 05:03:34 devstack cinder-volume[87161]: DEBUG cinder.volume.manager [None req-da9d6f0f-2e3e-4dd0-9aa7-3d1cb22a2829 tempest-GroupsV314Test-637771251 None] Flow 'volume_create_manager' (b57fc68c-1075-4f4f-88c6-2f39f725ce67) transitioned into state 'RUNNING' from state 'PENDING' {{(pid=87161) _flow_receiver /opt/stack/data/venv/lib/python3.12/site-packages/taskflow/listeners/logging.py:160}}
Jul 09 05:03:34 devstack cinder-volume[87161]: DEBUG cinder.volume.manager [None req-da9d6f0f-2e3e-4dd0-9aa7-3d1cb22a2829 tempest-GroupsV314Test-637771251 None] Task 'cinder.volume.flows.manager.create_volume.ExtractVolumeRefTask;volume:create' (467094c7-ee69-4f50-afc3-961780ee2d32) transitioned into state 'RUNNING' from state 'PENDING' {{(pid=87161) _task_receiver /opt/stack/data/venv/lib/python3.12/site-packages/taskflow/listeners/logging.py:242}}
Jul 09 05:03:34 devstack cinder-volume[87161]: DEBUG cinder.volume.manager [None req-da9d6f0f-2e3e-4dd0-9aa7-3d1cb22a2829 tempest-GroupsV314Test-637771251 None] Task 'cinder.volume.flows.manager.create_volume.ExtractVolumeRefTask;volume:create' (467094c7-ee69-4f50-afc3-961780ee2d32) transitioned into state 'SUCCESS' from state 'RUNNING' with result 'Volume(_name_id=None,admin_metadata=,attach_status='detached',availability_zone='nova',bootable=False,cluster=,cluster_name=None,consistencygroup=,consistencygroup_id=None,created_at=2026-07-09T03:03:34Z,deleted=False,deleted_at=None,display_description=None,display_name='tempest-volume-1361941539',ec2_id=None,encryption_key_id=None,glance_metadata=,group=,group_id=fbd9faee-94e8-48c2-beb5-cf05edb481a2,host='devstack@QuobyteHD#QuobyteHD',id=2ddbfad9-5c29-49a0-acd0-a2821fb929f9,launched_at=None,metadata={},migration_status=None,multiattach=False,previous_status=None,project_id='11916e24a508446a85e2b0a8b2fc222d',provider_auth=None,provider_geometry=None,provider_id=None,provider_location=None,replication_driver_data=None,replication_extended_status=None,replication_status=None,scheduled_at=2026-07-09T03:03:35Z,service_uuid=None,shared_targets=True,size=1,snapshot_id=None,snapshots=,source_volid=None,status='creating',terminated_at=None,updated_at=2026-07-09T03:03:35Z,use_quota=True,user_id='94a8c466773b4c61a2caf26b801eeb6e',volume_attachment=VolumeAttachmentList,volume_type=VolumeType(ae99e772-c769-4f26-9fd9-77b001307004),volume_type_id=ae99e772-c769-4f26-9fd9-77b001307004)' {{(pid=87161) _task_receiver /opt/stack/data/venv/lib/python3.12/site-packages/taskflow/listeners/logging.py:218}}
Jul 09 05:03:34 devstack cinder-volume[87161]: DEBUG cinder.volume.manager [None req-da9d6f0f-2e3e-4dd0-9aa7-3d1cb22a2829 tempest-GroupsV314Test-637771251 None] Task 'cinder.volume.flows.manager.create_volume.OnFailureRescheduleTask;volume:create' (7a115125-bf33-4752-ac77-10dff36d330c) transitioned into state 'RUNNING' from state 'PENDING' {{(pid=87161) _task_receiver /opt/stack/data/venv/lib/python3.12/site-packages/taskflow/listeners/logging.py:242}}
Jul 09 05:03:34 devstack cinder-volume[87161]: DEBUG cinder.volume.manager [None req-da9d6f0f-2e3e-4dd0-9aa7-3d1cb22a2829 tempest-GroupsV314Test-637771251 None] Task 'cinder.volume.flows.manager.create_volume.OnFailureRescheduleTask;volume:create' (7a115125-bf33-4752-ac77-10dff36d330c) transitioned into state 'SUCCESS' from state 'RUNNING' with result 'None' {{(pid=87161) _task_receiver /opt/stack/data/venv/lib/python3.12/site-packages/taskflow/listeners/logging.py:218}}
Jul 09 05:03:34 devstack cinder-volume[87161]: DEBUG cinder.volume.manager [None req-da9d6f0f-2e3e-4dd0-9aa7-3d1cb22a2829 tempest-GroupsV314Test-637771251 None] Task 'cinder.volume.flows.manager.create_volume.ExtractVolumeSpecTask;volume:create' (97eb62d6-04bb-4145-ad63-41a3a1d2ccf9) transitioned into state 'RUNNING' from state 'PENDING' {{(pid=87161) _task_receiver /opt/stack/data/venv/lib/python3.12/site-packages/taskflow/listeners/logging.py:242}}
Jul 09 05:03:34 devstack cinder-volume[87161]: DEBUG cinder.volume.manager [None req-da9d6f0f-2e3e-4dd0-9aa7-3d1cb22a2829 tempest-GroupsV314Test-637771251 None] Task 'cinder.volume.flows.manager.create_volume.ExtractVolumeSpecTask;volume:create' (97eb62d6-04bb-4145-ad63-41a3a1d2ccf9) transitioned into state 'SUCCESS' from state 'RUNNING' with result '{'status': 'creating', 'type': 'raw', 'volume_id': '2ddbfad9-5c29-49a0-acd0-a2821fb929f9', 'volume_name': 'volume-2ddbfad9-5c29-49a0-acd0-a2821fb929f9', 'volume_size': 1}' {{(pid=87161) _task_receiver /opt/stack/data/venv/lib/python3.12/site-packages/taskflow/listeners/logging.py:218}}
Jul 09 05:03:34 devstack cinder-volume[87161]: DEBUG cinder.volume.manager [None req-da9d6f0f-2e3e-4dd0-9aa7-3d1cb22a2829 tempest-GroupsV314Test-637771251 None] Task 'cinder.volume.flows.manager.create_volume.NotifyVolumeActionTask;volume:create, create.start' (624d38f7-65fc-4004-b96c-b91ab5c9bd55) transitioned into state 'RUNNING' from state 'PENDING' {{(pid=87161) _task_receiver /opt/stack/data/venv/lib/python3.12/site-packages/taskflow/listeners/logging.py:242}}
Jul 09 05:03:34 devstack cinder-volume[87161]: DEBUG cinder.volume.manager [None req-da9d6f0f-2e3e-4dd0-9aa7-3d1cb22a2829 tempest-GroupsV314Test-637771251 None] Task 'cinder.volume.flows.manager.create_volume.NotifyVolumeActionTask;volume:create, create.start' (624d38f7-65fc-4004-b96c-b91ab5c9bd55) transitioned into state 'SUCCESS' from state 'RUNNING' with result 'None' {{(pid=87161) _task_receiver /opt/stack/data/venv/lib/python3.12/site-packages/taskflow/listeners/logging.py:218}}
Jul 09 05:03:34 devstack cinder-volume[87161]: DEBUG cinder.volume.manager [None req-da9d6f0f-2e3e-4dd0-9aa7-3d1cb22a2829 tempest-GroupsV314Test-637771251 None] Task 'cinder.volume.flows.manager.create_volume.CreateVolumeFromSpecTask;volume:create' (72a8d260-ee17-4359-a617-d46544522908) transitioned into state 'RUNNING' from state 'PENDING' {{(pid=87161) _task_receiver /opt/stack/data/venv/lib/python3.12/site-packages/taskflow/listeners/logging.py:242}}
Jul 09 05:03:34 devstack cinder-volume[87161]: INFO cinder.volume.flows.manager.create_volume [None req-da9d6f0f-2e3e-4dd0-9aa7-3d1cb22a2829 tempest-GroupsV314Test-637771251 None] Volume 2ddbfad9-5c29-49a0-acd0-a2821fb929f9: being created as raw with specification: {'status': 'creating', 'volume_name': 'volume-2ddbfad9-5c29-49a0-acd0-a2821fb929f9', 'volume_size': 1}
Jul 09 05:03:34 devstack cinder-volume[87161]: DEBUG oslo_concurrency.lockutils [None req-da9d6f0f-2e3e-4dd0-9aa7-3d1cb22a2829 tempest-GroupsV314Test-637771251 None] Acquiring lock "quobyte" by "cinder.volume.drivers.quobyte.QuobyteDriver.create_volume" {{(pid=87161) inner /opt/stack/data/venv/lib/python3.12/site-packages/oslo_concurrency/lockutils.py:511}}
Jul 09 05:03:34 devstack cinder-volume[87161]: DEBUG oslo_concurrency.lockutils [None req-da9d6f0f-2e3e-4dd0-9aa7-3d1cb22a2829 tempest-GroupsV314Test-637771251 None] Lock "quobyte" acquired by "cinder.volume.drivers.quobyte.QuobyteDriver.create_volume" :: waited 0.001s {{(pid=87161) inner /opt/stack/data/venv/lib/python3.12/site-packages/oslo_concurrency/lockutils.py:524}}
Jul 09 05:03:34 devstack cinder-volume[87161]: DEBUG cinder.volume.drivers.quobyte [None req-da9d6f0f-2e3e-4dd0-9aa7-3d1cb22a2829 tempest-GroupsV314Test-637771251 None] ==> create_volume: call "{'self': , 'volume': Volume(_name_id=None,admin_metadata=,attach_status='detached',availability_zone='nova',bootable=False,cluster=,cluster_name=None,consistencygroup=,consistencygroup_id=fbd9faee-94e8-48c2-beb5-cf05edb481a2,created_at=2026-07-09T03:03:34Z,deleted=False,deleted_at=None,display_description=None,display_name='tempest-volume-1361941539',ec2_id=None,encryption_key_id=None,glance_metadata=,group=,group_id=fbd9faee-94e8-48c2-beb5-cf05edb481a2,host='devstack@QuobyteHD#QuobyteHD',id=2ddbfad9-5c29-49a0-acd0-a2821fb929f9,launched_at=None,metadata={},migration_status=None,multiattach=False,previous_status=None,project_id='11916e24a508446a85e2b0a8b2fc222d',provider_auth=None,provider_geometry=None,provider_id=None,provider_location=None,replication_driver_data=None,replication_extended_status=None,replication_status=None,scheduled_at=2026-07-09T03:03:35Z,service_uuid=None,shared_targets=True,size=1,snapshot_id=None,snapshots=,source_volid=None,status='creating',terminated_at=None,updated_at=2026-07-09T03:03:35Z,use_quota=True,user_id='94a8c466773b4c61a2caf26b801eeb6e',volume_attachment=VolumeAttachmentList,volume_type=VolumeType(ae99e772-c769-4f26-9fd9-77b001307004),volume_type_id=ae99e772-c769-4f26-9fd9-77b001307004)}" {{(pid=87161) trace_logging_wrapper /opt/stack/cinder/cinder/volume/volume_utils.py:1497}}
Jul 09 05:03:34 devstack cinder-volume[87161]: DEBUG cinder.volume.drivers.remotefs [None req-da9d6f0f-2e3e-4dd0-9aa7-3d1cb22a2829 tempest-GroupsV314Test-637771251 None] Creating volume 2ddbfad9-5c29-49a0-acd0-a2821fb929f9 {{(pid=87161) create_volume /opt/stack/cinder/cinder/volume/drivers/remotefs.py:292}}
