Jan 29 13:00:08 devstack devstack@g-api.service[75371]: DEBUG glance.common.config [None req-fb390f74-aa40-4209-a867-946896c4a6d0 None None] barbican_service_user.cafile = None {{(pid=75371) log_opt_values /opt/stack/data/venv/lib/python3.10/site-packages/oslo_config/cfg.py:2824}}
Jan 29 13:00:08 devstack devstack@g-api.service[75371]: DEBUG glance.common.config [None req-fb390f74-aa40-4209-a867-946896c4a6d0 None None] barbican_service_user.certfile = None {{(pid=75371) log_opt_values /opt/stack/data/venv/lib/python3.10/site-packages/oslo_config/cfg.py:2824}}
Jan 29 13:00:08 devstack devstack@g-api.service[75371]: DEBUG glance.common.config [None req-fb390f74-aa40-4209-a867-946896c4a6d0 None None] barbican_service_user.collect_timing = False {{(pid=75371) log_opt_values /opt/stack/data/venv/lib/python3.10/site-packages/oslo_config/cfg.py:2824}}
Jan 29 13:00:08 devstack devstack@g-api.service[75371]: DEBUG glance.common.config [None req-fb390f74-aa40-4209-a867-946896c4a6d0 None None] barbican_service_user.insecure = False {{(pid=75371) log_opt_values /opt/stack/data/venv/lib/python3.10/site-packages/oslo_config/cfg.py:2824}}
Jan 29 13:00:08 devstack devstack@g-api.service[75371]: DEBUG glance.common.config [None req-fb390f74-aa40-4209-a867-946896c4a6d0 None None] barbican_service_user.keyfile = None {{(pid=75371) log_opt_values /opt/stack/data/venv/lib/python3.10/site-packages/oslo_config/cfg.py:2824}}
Jan 29 13:00:08 devstack devstack@g-api.service[75371]: DEBUG glance.common.config [None req-fb390f74-aa40-4209-a867-946896c4a6d0 None None] barbican_service_user.split_loggers = False {{(pid=75371) log_opt_values /opt/stack/data/venv/lib/python3.10/site-packages/oslo_config/cfg.py:2824}}
Jan 29 13:00:08 devstack devstack@g-api.service[75371]: DEBUG glance.common.config [None req-fb390f74-aa40-4209-a867-946896c4a6d0 None None] barbican_service_user.timeout = None {{(pid=75371) log_opt_values /opt/stack/data/venv/lib/python3.10/site-packages/oslo_config/cfg.py:2824}}
Jan 29 13:00:08 devstack devstack@g-api.service[75371]: DEBUG glance.common.config [None req-fb390f74-aa40-4209-a867-946896c4a6d0 None None] database.asyncio_connection = **** {{(pid=75371) log_opt_values /opt/stack/data/venv/lib/python3.10/site-packages/oslo_config/cfg.py:2824}}
Jan 29 13:00:08 devstack devstack@g-api.service[75371]: DEBUG glance.common.config [None req-fb390f74-aa40-4209-a867-946896c4a6d0 None None] database.asyncio_slave_connection = **** {{(pid=75371) log_opt_values /opt/stack/data/venv/lib/python3.10/site-packages/oslo_config/cfg.py:2824}}
Jan 29 13:00:08 devstack devstack@g-api.service[75371]: DEBUG glance.common.config [None req-fb390f74-aa40-4209-a867-946896c4a6d0 None None] database.backend = sqlalchemy {{(pid=75371) log_opt_values /opt/stack/data/venv/lib/python3.10/site-packages/oslo_config/cfg.py:2824}}
Jan 29 13:00:08 devstack devstack@g-api.service[75371]: DEBUG glance.common.config [None req-fb390f74-aa40-4209-a867-946896c4a6d0 None None] database.connection = **** {{(pid=75371) log_opt_values /opt/stack/data/venv/lib/python3.10/site-packages/oslo_config/cfg.py:2824}}
Jan 29 13:00:08 devstack devstack@g-api.service[75371]: DEBUG glance.common.config [None req-fb390f74-aa40-4209-a867-946896c4a6d0 None None] database.connection_debug = 0 {{(pid=75371) log_opt_values /opt/stack/data/venv/lib/python3.10/site-packages/oslo_config/cfg.py:2824}}
Jan 29 13:00:08 devstack devstack@g-api.service[75371]: DEBUG glance.common.config [None req-fb390f74-aa40-4209-a867-946896c4a6d0 None None] database.connection_parameters = {{(pid=75371) log_opt_values /opt/stack/data/venv/lib/python3.10/site-packages/oslo_config/cfg.py:2824}}
Jan 29 13:00:08 devstack devstack@g-api.service[75371]: DEBUG glance.common.config [None req-fb390f74-aa40-4209-a867-946896c4a6d0 None None] database.connection_recycle_time = 3600 {{(pid=75371) log_opt_values /opt/stack/data/venv/lib/python3.10/site-packages/oslo_config/cfg.py:2824}}
Jan 29 13:00:08 devstack devstack@g-api.service[75371]: DEBUG glance.common.config [None req-fb390f74-aa40-4209-a867-946896c4a6d0 None None] database.connection_trace = False {{(pid=75371) log_opt_values /opt/stack/data/venv/lib/python3.10/site-packages/oslo_config/cfg.py:2824}}
Jan 29 13:00:08 devstack devstack@g-api.service[75371]: DEBUG glance.common.config [None req-fb390f74-aa40-4209-a867-946896c4a6d0 None None] database.db_inc_retry_interval = True {{(pid=75371) log_opt_values /opt/stack/data/venv/lib/python3.10/site-packages/oslo_config/cfg.py:2824}}
Jan 29 13:00:08 devstack devstack@g-api.service[75371]: DEBUG glance.common.config [None req-fb390f74-aa40-4209-a867-946896c4a6d0 None None] database.db_max_retries = 20 {{(pid=75371) log_opt_values /opt/stack/data/venv/lib/python3.10/site-packages/oslo_config/cfg.py:2824}}
Jan 29 13:00:08 devstack devstack@g-api.service[75371]: DEBUG glance.common.config [None req-fb390f74-aa40-4209-a867-946896c4a6d0 None None] database.db_max_retry_interval = 10 {{(pid=75371) log_opt_values /opt/stack/data/venv/lib/python3.10/site-packages/oslo_config/cfg.py:2824}}
Jan 29 13:00:08 devstack devstack@g-api.service[75371]: DEBUG glance.common.config [None req-fb390f74-aa40-4209-a867-946896c4a6d0 None None] database.db_retry_interval = 1 {{(pid=75371) log_opt_values /opt/stack/data/venv/lib/python3.10/site-packages/oslo_config/cfg.py:2824}}
Jan 29 13:00:08 devstack devstack@g-api.service[75371]: DEBUG glance.common.config [None req-fb390f74-aa40-4209-a867-946896c4a6d0 None None] database.max_overflow = 50 {{(pid=75371) log_opt_values /opt/stack/data/venv/lib/python3.10/site-packages/oslo_config/cfg.py:2824}}
Jan 29 13:00:08 devstack devstack@g-api.service[75371]: DEBUG glance.common.config [None req-fb390f74-aa40-4209-a867-946896c4a6d0 None None] database.max_pool_size = 5 {{(pid=75371) log_opt_values /opt/stack/data/venv/lib/python3.10/site-packages/oslo_config/cfg.py:2824}}
Jan 29 13:00:08 devstack devstack@g-api.service[75371]: DEBUG glance.common.config [None req-fb390f74-aa40-4209-a867-946896c4a6d0 None None] database.max_retries = 10 {{(pid=75371) log_opt_values /opt/stack/data/venv/lib/python3.10/site-packages/oslo_config/cfg.py:2824}}
Jan 29 13:00:08 devstack devstack@g-api.service[75371]: DEBUG glance.common.config [None req-fb390f74-aa40-4209-a867-946896c4a6d0 None None] database.mysql_sql_mode = TRADITIONAL {{(pid=75371) log_opt_values /opt/stack/data/venv/lib/python3.10/site-packages/oslo_config/cfg.py:2824}}
Jan 29 13:00:08 devstack devstack@g-api.service[75371]: DEBUG glance.common.config [None req-fb390f74-aa40-4209-a867-946896c4a6d0 None None] database.mysql_wsrep_sync_wait = None {{(pid=75371) log_opt_values /opt/stack/data/venv/lib/python3.10/site-packages/oslo_config/cfg.py:2824}}
Jan 29 13:00:08 devstack devstack@g-api.service[75371]: DEBUG glance.common.config [None req-fb390f74-aa40-4209-a867-946896c4a6d0 None None] database.pool_timeout = None {{(pid=75371) log_opt_values /opt/stack/data/venv/lib/python3.10/site-packages/oslo_config/cfg.py:2824}}
Jan 29 13:00:08 devstack devstack@g-api.service[75371]: DEBUG glance.common.config [None req-fb390f74-aa40-4209-a867-946896c4a6d0 None None] database.retry_interval = 10 {{(pid=75371) log_opt_values /opt/stack/data/venv/lib/python3.10/site-packages/oslo_config/cfg.py:2824}}
Jan 29 13:00:08 devstack devstack@g-api.service[75371]: DEBUG glance.common.config [None req-fb390f74-aa40-4209-a867-946896c4a6d0 None None] database.slave_connection = **** {{(pid=75371) log_opt_values /opt/stack/data/venv/lib/python3.10/site-packages/oslo_config/cfg.py:2824}}
Jan 29 13:00:08 devstack devstack@g-api.service[75371]: DEBUG glance.common.config [None req-fb390f74-aa40-4209-a867-946896c4a6d0 None None] database.sqlite_synchronous = True {{(pid=75371) log_opt_values /opt/stack/data/venv/lib/python3.10/site-packages/oslo_config/cfg.py:2824}}
Jan 29 13:00:08 devstack devstack@g-api.service[75371]: DEBUG glance.common.config [None req-fb390f74-aa40-4209-a867-946896c4a6d0 None None] database.synchronous_reader = True {{(pid=75371) log_opt_values /opt/stack/data/venv/lib/python3.10/site-packages/oslo_config/cfg.py:2824}}
Jan 29 13:00:08 devstack devstack@g-api.service[75371]: DEBUG glance.common.config [None req-fb390f74-aa40-4209-a867-946896c4a6d0 None None] database.use_db_reconnect = False {{(pid=75371) log_opt_values /opt/stack/data/venv/lib/python3.10/site-packages/oslo_config/cfg.py:2824}}
Jan 29 13:00:08 devstack devstack@g-api.service[75371]: DEBUG glance.common.config [None req-fb390f74-aa40-4209-a867-946896c4a6d0 None None] healthcheck.allowed_source_ranges = [] {{(pid=75371) log_opt_values /opt/stack/data/venv/lib/python3.10/site-packages/oslo_config/cfg.py:2824}}
Jan 29 13:00:08 devstack devstack@g-api.service[75371]: DEBUG glance.common.config [None req-fb390f74-aa40-4209-a867-946896c4a6d0 None None] healthcheck.backends = ['disable_by_file'] {{(pid=75371) log_opt_values /opt/stack/data/venv/lib/python3.10/site-packages/oslo_config/cfg.py:2824}}
Jan 29 13:00:08 devstack devstack@g-api.service[75371]: DEBUG glance.common.config [None req-fb390f74-aa40-4209-a867-946896c4a6d0 None None] healthcheck.detailed = False {{(pid=75371) log_opt_values /opt/stack/data/venv/lib/python3.10/site-packages/oslo_config/cfg.py:2824}}
Jan 29 13:00:08 devstack devstack@g-api.service[75371]: DEBUG glance.common.config [None req-fb390f74-aa40-4209-a867-946896c4a6d0 None None] healthcheck.disable_by_file_path = None {{(pid=75371) log_opt_values /opt/stack/data/venv/lib/python3.10/site-packages/oslo_config/cfg.py:2824}}
Jan 29 13:00:08 devstack devstack@g-api.service[75371]: DEBUG glance.common.config [None req-fb390f74-aa40-4209-a867-946896c4a6d0 None None] healthcheck.ignore_proxied_requests = False {{(pid=75371) log_opt_values /opt/stack/data/venv/lib/python3.10/site-packages/oslo_config/cfg.py:2824}}
Jan 29 13:00:08 devstack devstack@g-api.service[75371]: DEBUG glance.common.config [None req-fb390f74-aa40-4209-a867-946896c4a6d0 None None] ******************************************************************************** {{(pid=75371) log_opt_values /opt/stack/data/venv/lib/python3.10/site-packages/oslo_config/cfg.py:2828}}
Jan 29 13:00:08 devstack devstack@g-api.service[75371]: WSGI app 0 (mountpoint='') ready in 3 seconds on interpreter 0x55626f53c6a0 pid: 75371 (default app)
Jan 29 13:00:11 devstack devstack@g-api.service[75368]: DEBUG glance.api.middleware.version_negotiation [None req-c9c62e5b-644f-4c3d-acd6-f6dcb4024f34 None None] Determining version of request: GET / Accept: application/json {{(pid=75368) process_request /opt/stack/glance/glance/api/middleware/version_negotiation.py:44}}
Jan 29 13:00:11 devstack devstack@g-api.service[75368]: DEBUG glance.api.middleware.version_negotiation [None req-c9c62e5b-644f-4c3d-acd6-f6dcb4024f34 None None] Using url versioning {{(pid=75368) process_request /opt/stack/glance/glance/api/middleware/version_negotiation.py:57}}
Jan 29 13:00:11 devstack devstack@g-api.service[75368]: DEBUG glance.api.middleware.version_negotiation [None req-c9c62e5b-644f-4c3d-acd6-f6dcb4024f34 None None] Unknown version. Returning version choices. {{(pid=75368) process_request /opt/stack/glance/glance/api/middleware/version_negotiation.py:64}}
Jan 29 13:00:11 devstack devstack@g-api.service[75368]: [pid: 75368|app: 0|req: 2/2] 127.0.0.1 () {34 vars in 519 bytes} [Thu Jan 29 13:00:11 2026] GET / => generated 1459 bytes in 2 msecs (HTTP/1.1 300) 3 headers in 106 bytes (1 switches on core 0)
Jan 29 13:00:11 devstack devstack@g-api.service[75371]: DEBUG glance.api.middleware.version_negotiation [None req-fb390f74-aa40-4209-a867-946896c4a6d0 None None] Determining version of request: POST /v2/images Accept: */* {{(pid=75371) process_request /opt/stack/glance/glance/api/middleware/version_negotiation.py:44}}
Jan 29 13:00:11 devstack devstack@g-api.service[75371]: DEBUG glance.api.middleware.version_negotiation [None req-fb390f74-aa40-4209-a867-946896c4a6d0 None None] Using url versioning {{(pid=75371) process_request /opt/stack/glance/glance/api/middleware/version_negotiation.py:57}}
Jan 29 13:00:11 devstack devstack@g-api.service[75371]: DEBUG glance.api.middleware.version_negotiation [None req-fb390f74-aa40-4209-a867-946896c4a6d0 None None] Matched version: v2 {{(pid=75371) process_request /opt/stack/glance/glance/api/middleware/version_negotiation.py:69}}
Jan 29 13:00:11 devstack devstack@g-api.service[75371]: DEBUG glance.api.middleware.version_negotiation [None req-fb390f74-aa40-4209-a867-946896c4a6d0 None None] new path /v2/images {{(pid=75371) process_request /opt/stack/glance/glance/api/middleware/version_negotiation.py:70}}
Jan 29 13:00:12 devstack devstack@g-api.service[75371]: [pid: 75371|app: 0|req: 1/3] 127.0.0.1 () {40 vars in 782 bytes} [Thu Jan 29 13:00:11 2026] POST /v2/images => generated 807 bytes in 1153 msecs (HTTP/1.1 201) 6 headers in 314 bytes (1 switches on core 0)
Jan 29 13:00:12 devstack devstack@g-api.service[75368]: DEBUG glance.api.middleware.version_negotiation [None req-c9c62e5b-644f-4c3d-acd6-f6dcb4024f34 None None] Determining version of request: PUT /v2/images/a0c81199-f775-4a91-b7fc-fabf67fe9fb4/file Accept: {{(pid=75368) process_request /opt/stack/glance/glance/api/middleware/version_negotiation.py:44}}
Jan 29 13:00:12 devstack devstack@g-api.service[75368]: DEBUG glance.api.middleware.version_negotiation [None req-c9c62e5b-644f-4c3d-acd6-f6dcb4024f34 None None] Using url versioning {{(pid=75368) process_request /opt/stack/glance/glance/api/middleware/version_negotiation.py:57}}
Jan 29 13:00:12 devstack devstack@g-api.service[75368]: DEBUG glance.api.middleware.version_negotiation [None req-c9c62e5b-644f-4c3d-acd6-f6dcb4024f34 None None] Matched version: v2 {{(pid=75368) process_request /opt/stack/glance/glance/api/middleware/version_negotiation.py:69}}
Jan 29 13:00:12 devstack devstack@g-api.service[75368]: DEBUG glance.api.middleware.version_negotiation [None req-c9c62e5b-644f-4c3d-acd6-f6dcb4024f34 None None] new path /v2/images/a0c81199-f775-4a91-b7fc-fabf67fe9fb4/file {{(pid=75368) process_request /opt/stack/glance/glance/api/middleware/version_negotiation.py:70}}
Jan 29 13:00:13 devstack devstack@g-api.service[75368]: INFO glance.api.v2.image_data [None req-987c7bdf-8a15-445a-bc4c-c29eee852b37 admin admin] Unable to create trust: no such option collect_timing in group [keystone_authtoken] Use the existing user token.
Jan 29 13:00:13 devstack devstack@g-api.service[75368]: DEBUG glance.location [None req-987c7bdf-8a15-445a-bc4c-c29eee852b37 admin admin] Enabling in-flight format inspection for qcow2 {{(pid=75368) set_data /opt/stack/glance/glance/location.py:616}}
Jan 29 13:00:13 devstack devstack@g-api.service[75368]: DEBUG oslo_utils.imageutils.format_inspector [None req-987c7bdf-8a15-445a-bc4c-c29eee852b37 admin admin] Format inspector for vmdk does not match, excluding from consideration (Signature KDMV not found: b'QFI\xfb') {{(pid=75368) _process_chunk /opt/stack/data/venv/lib/python3.10/site-packages/oslo_utils/imageutils/format_inspector.py:1537}}
Jan 29 13:00:13 devstack devstack@g-api.service[75368]: DEBUG oslo_utils.imageutils.format_inspector [None req-987c7bdf-8a15-445a-bc4c-c29eee852b37 admin admin] Format inspector for vhdx does not match, excluding from consideration (Region signature not found at 30000) {{(pid=75368) _process_chunk /opt/stack/data/venv/lib/python3.10/site-packages/oslo_utils/imageutils/format_inspector.py:1537}}
Jan 29 13:00:13 devstack devstack@g-api.service[75368]: DEBUG glance_store._drivers.filesystem [None req-987c7bdf-8a15-445a-bc4c-c29eee852b37 admin admin] Wrote 21692416 bytes to /opt/stack/data/glance/images/a0c81199-f775-4a91-b7fc-fabf67fe9fb4 with checksum 87617e24a5e30cb3b87fda8c0764838f and multihash 9a9bce0083a00939ec17c11febbfc767aa211aaa54f51e75c5a8b271a9b5637c77205a518b7a2007cb391d23cceb01e0e4e8d64832317151bc85b734b92a7be0 {{(pid=75368) add /opt/stack/data/venv/lib/python3.10/site-packages/glance_store/_drivers/filesystem.py:794}}
Jan 29 13:00:13 devstack devstack@g-api.service[75368]: INFO glance.location [None req-987c7bdf-8a15-445a-bc4c-c29eee852b37 admin admin] Image format matched and virtual size computed: 117440512
Jan 29 13:00:13 devstack devstack@g-api.service[75368]: DEBUG glance_store.backend [None req-987c7bdf-8a15-445a-bc4c-c29eee852b37 admin admin] Skipping store.set_acls... not implemented. {{(pid=75368) set_acls /opt/stack/data/venv/lib/python3.10/site-packages/glance_store/backend.py:507}}
Jan 29 13:00:13 devstack devstack@g-api.service[75368]: [pid: 75368|app: 0|req: 3/4] 127.0.0.1 () {40 vars in 875 bytes} [Thu Jan 29 13:00:12 2026] PUT /v2/images/a0c81199-f775-4a91-b7fc-fabf67fe9fb4/file => generated 0 bytes in 1513 msecs (HTTP/1.1 204) 4 headers in 171 bytes (1 switches on core 0)
Jan 29 13:00:13 devstack devstack@g-api.service[75371]: DEBUG glance.api.middleware.version_negotiation [None req-8918a95b-32ee-431d-9e49-abbc55e56a0c admin admin] Determining version of request: GET /v2/images/a0c81199-f775-4a91-b7fc-fabf67fe9fb4 Accept: */* {{(pid=75371) process_request /opt/stack/glance/glance/api/middleware/version_negotiation.py:44}}
Jan 29 13:00:13 devstack devstack@g-api.service[75371]: DEBUG glance.api.middleware.version_negotiation [None req-8918a95b-32ee-431d-9e49-abbc55e56a0c admin admin] Using url versioning {{(pid=75371) process_request /opt/stack/glance/glance/api/middleware/version_negotiation.py:57}}
Jan 29 13:00:13 devstack devstack@g-api.service[75371]: DEBUG glance.api.middleware.version_negotiation [None req-8918a95b-32ee-431d-9e49-abbc55e56a0c admin admin] Matched version: v2 {{(pid=75371) process_request /opt/stack/glance/glance/api/middleware/version_negotiation.py:69}}
Jan 29 13:00:13 devstack devstack@g-api.service[75371]: DEBUG glance.api.middleware.version_negotiation [None req-8918a95b-32ee-431d-9e49-abbc55e56a0c admin admin] new path /v2/images/a0c81199-f775-4a91-b7fc-fabf67fe9fb4 {{(pid=75371) process_request /opt/stack/glance/glance/api/middleware/version_negotiation.py:70}}
Jan 29 13:00:13 devstack devstack@g-api.service[75371]: [pid: 75371|app: 0|req: 2/5] 127.0.0.1 () {36 vars in 802 bytes} [Thu Jan 29 13:00:13 2026] GET /v2/images/a0c81199-f775-4a91-b7fc-fabf67fe9fb4 => generated 976 bytes in 23 msecs (HTTP/1.1 200) 4 headers in 157 bytes (1 switches on core 0)
Jan 29 13:00:23 devstack devstack@g-api.service[75368]: DEBUG dbcounter [-] [75368] Writing DB stats glance:INSERT=5,glance:SELECT=16,glance:UPDATE=2 {{(pid=75368) stat_writer /opt/stack/data/venv/lib/python3.10/site-packages/dbcounter.py:115}}
Jan 29 13:00:23 devstack devstack@g-api.service[75371]: DEBUG dbcounter [-] [75371] Writing DB stats glance:INSERT=9,glance:SELECT=6 {{(pid=75371) stat_writer /opt/stack/data/venv/lib/python3.10/site-packages/dbcounter.py:115}}
Jan 29 13:00:57 devstack devstack@g-api.service[75368]: DEBUG glance.api.middleware.version_negotiation [None req-987c7bdf-8a15-445a-bc4c-c29eee852b37 admin admin] Determining version of request: GET / Accept: application/json {{(pid=75368) process_request /opt/stack/glance/glance/api/middleware/version_negotiation.py:44}}
Jan 29 13:00:57 devstack devstack@g-api.service[75368]: DEBUG glance.api.middleware.version_negotiation [None req-987c7bdf-8a15-445a-bc4c-c29eee852b37 admin admin] Using url versioning {{(pid=75368) process_request /opt/stack/glance/glance/api/middleware/version_negotiation.py:57}}
Jan 29 13:00:57 devstack devstack@g-api.service[75368]: DEBUG glance.api.middleware.version_negotiation [None req-987c7bdf-8a15-445a-bc4c-c29eee852b37 admin admin] Unknown version. Returning version choices. {{(pid=75368) process_request /opt/stack/glance/glance/api/middleware/version_negotiation.py:64}}
Jan 29 13:00:57 devstack devstack@g-api.service[75368]: [pid: 75368|app: 0|req: 4/6] 127.0.0.1 () {34 vars in 515 bytes} [Thu Jan 29 13:00:57 2026] GET / => generated 1459 bytes in 4 msecs (HTTP/1.1 300) 3 headers in 106 bytes (1 switches on core 0)
Jan 29 13:00:57 devstack devstack@g-api.service[75371]: DEBUG glance.api.middleware.version_negotiation [None req-141be617-3dac-4b1c-bb9a-cb3e80ab3753 admin admin] Determining version of request: GET /v2/images Accept: application/json {{(pid=75371) process_request /opt/stack/glance/glance/api/middleware/version_negotiation.py:44}}
Jan 29 13:00:57 devstack devstack@g-api.service[75371]: DEBUG glance.api.middleware.version_negotiation [None req-141be617-3dac-4b1c-bb9a-cb3e80ab3753 admin admin] Using url versioning {{(pid=75371) process_request /opt/stack/glance/glance/api/middleware/version_negotiation.py:57}}
Jan 29 13:00:57 devstack devstack@g-api.service[75371]: DEBUG glance.api.middleware.version_negotiation [None req-141be617-3dac-4b1c-bb9a-cb3e80ab3753 admin admin] Matched version: v2 {{(pid=75371) process_request /opt/stack/glance/glance/api/middleware/version_negotiation.py:69}}
Jan 29 13:00:57 devstack devstack@g-api.service[75371]: DEBUG glance.api.middleware.version_negotiation [None req-141be617-3dac-4b1c-bb9a-cb3e80ab3753 admin admin] new path /v2/images {{(pid=75371) process_request /opt/stack/glance/glance/api/middleware/version_negotiation.py:70}}
Jan 29 13:00:58 devstack devstack@g-api.service[75371]: [pid: 75371|app: 0|req: 3/7] 127.0.0.1 () {36 vars in 737 bytes} [Thu Jan 29 13:00:57 2026] GET /v2/images => generated 1045 bytes in 72 msecs (HTTP/1.1 200) 4 headers in 158 bytes (1 switches on core 0)
Jan 29 13:01:04 devstack devstack@g-api.service[75368]: DEBUG glance.api.middleware.version_negotiation [None req-987c7bdf-8a15-445a-bc4c-c29eee852b37 admin admin] Determining version of request: GET / Accept: application/json {{(pid=75368) process_request /opt/stack/glance/glance/api/middleware/version_negotiation.py:44}}
Jan 29 13:01:04 devstack devstack@g-api.service[75368]: DEBUG glance.api.middleware.version_negotiation [None req-987c7bdf-8a15-445a-bc4c-c29eee852b37 admin admin] Using url versioning {{(pid=75368) process_request /opt/stack/glance/glance/api/middleware/version_negotiation.py:57}}
Jan 29 13:01:04 devstack devstack@g-api.service[75368]: DEBUG glance.api.middleware.version_negotiation [None req-987c7bdf-8a15-445a-bc4c-c29eee852b37 admin admin] Unknown version. Returning version choices. {{(pid=75368) process_request /opt/stack/glance/glance/api/middleware/version_negotiation.py:64}}
Jan 29 13:01:04 devstack devstack@g-api.service[75368]: [pid: 75368|app: 0|req: 5/8] 127.0.0.1 () {34 vars in 515 bytes} [Thu Jan 29 13:01:04 2026] GET / => generated 1459 bytes in 2 msecs (HTTP/1.1 300) 3 headers in 106 bytes (1 switches on core 0)
Jan 29 13:01:04 devstack devstack@g-api.service[75371]: DEBUG glance.api.middleware.version_negotiation [None req-264ef1f2-fae0-49b1-a37d-4e7dbde1a53b admin admin] Determining version of request: GET /v2/images/a0c81199-f775-4a91-b7fc-fabf67fe9fb4 Accept: */* {{(pid=75371) process_request /opt/stack/glance/glance/api/middleware/version_negotiation.py:44}}
Jan 29 13:01:04 devstack devstack@g-api.service[75371]: DEBUG glance.api.middleware.version_negotiation [None req-264ef1f2-fae0-49b1-a37d-4e7dbde1a53b admin admin] Using url versioning {{(pid=75371) process_request /opt/stack/glance/glance/api/middleware/version_negotiation.py:57}}
Jan 29 13:01:04 devstack devstack@g-api.service[75371]: DEBUG glance.api.middleware.version_negotiation [None req-264ef1f2-fae0-49b1-a37d-4e7dbde1a53b admin admin] Matched version: v2 {{(pid=75371) process_request /opt/stack/glance/glance/api/middleware/version_negotiation.py:69}}
Jan 29 13:01:04 devstack devstack@g-api.service[75371]: DEBUG glance.api.middleware.version_negotiation [None req-264ef1f2-fae0-49b1-a37d-4e7dbde1a53b admin admin] new path /v2/images/a0c81199-f775-4a91-b7fc-fabf67fe9fb4 {{(pid=75371) process_request /opt/stack/glance/glance/api/middleware/version_negotiation.py:70}}
Jan 29 13:01:04 devstack devstack@g-api.service[75371]: [pid: 75371|app: 0|req: 4/9] 127.0.0.1 () {36 vars in 798 bytes} [Thu Jan 29 13:01:04 2026] GET /v2/images/a0c81199-f775-4a91-b7fc-fabf67fe9fb4 => generated 976 bytes in 55 msecs (HTTP/1.1 200) 4 headers in 157 bytes (1 switches on core 0)
Jan 29 13:01:08 devstack devstack@g-api.service[75368]: DEBUG glance.api.middleware.version_negotiation [None req-987c7bdf-8a15-445a-bc4c-c29eee852b37 admin admin] Determining version of request: GET / Accept: application/json {{(pid=75368) process_request /opt/stack/glance/glance/api/middleware/version_negotiation.py:44}}
Jan 29 13:01:08 devstack devstack@g-api.service[75368]: DEBUG glance.api.middleware.version_negotiation [None req-987c7bdf-8a15-445a-bc4c-c29eee852b37 admin admin] Using url versioning {{(pid=75368) process_request /opt/stack/glance/glance/api/middleware/version_negotiation.py:57}}
Jan 29 13:01:08 devstack devstack@g-api.service[75368]: DEBUG glance.api.middleware.version_negotiation [None req-987c7bdf-8a15-445a-bc4c-c29eee852b37 admin admin] Unknown version. Returning version choices. {{(pid=75368) process_request /opt/stack/glance/glance/api/middleware/version_negotiation.py:64}}
Jan 29 13:01:08 devstack devstack@g-api.service[75368]: [pid: 75368|app: 0|req: 6/10] 127.0.0.1 () {34 vars in 515 bytes} [Thu Jan 29 13:01:08 2026] GET / => generated 1459 bytes in 4 msecs (HTTP/1.1 300) 3 headers in 106 bytes (1 switches on core 0)
Jan 29 13:01:08 devstack devstack@g-api.service[75371]: DEBUG glance.api.middleware.version_negotiation [None req-e262f9e6-3ef2-434a-99c7-483392b22c7c admin admin] Determining version of request: GET /v2/images/a0c81199-f775-4a91-b7fc-fabf67fe9fb4 Accept: */* {{(pid=75371) process_request /opt/stack/glance/glance/api/middleware/version_negotiation.py:44}}
Jan 29 13:01:08 devstack devstack@g-api.service[75371]: DEBUG glance.api.middleware.version_negotiation [None req-e262f9e6-3ef2-434a-99c7-483392b22c7c admin admin] Using url versioning {{(pid=75371) process_request /opt/stack/glance/glance/api/middleware/version_negotiation.py:57}}
Jan 29 13:01:08 devstack devstack@g-api.service[75371]: DEBUG glance.api.middleware.version_negotiation [None req-e262f9e6-3ef2-434a-99c7-483392b22c7c admin admin] Matched version: v2 {{(pid=75371) process_request /opt/stack/glance/glance/api/middleware/version_negotiation.py:69}}
Jan 29 13:01:08 devstack devstack@g-api.service[75371]: DEBUG glance.api.middleware.version_negotiation [None req-e262f9e6-3ef2-434a-99c7-483392b22c7c admin admin] new path /v2/images/a0c81199-f775-4a91-b7fc-fabf67fe9fb4 {{(pid=75371) process_request /opt/stack/glance/glance/api/middleware/version_negotiation.py:70}}
Jan 29 13:01:08 devstack devstack@g-api.service[75371]: [pid: 75371|app: 0|req: 5/11] 127.0.0.1 () {36 vars in 798 bytes} [Thu Jan 29 13:01:08 2026] GET /v2/images/a0c81199-f775-4a91-b7fc-fabf67fe9fb4 => generated 976 bytes in 51 msecs (HTTP/1.1 200) 4 headers in 157 bytes (1 switches on core 0)
Jan 29 13:01:18 devstack devstack@g-api.service[75371]: DEBUG dbcounter [-] [75371] Writing DB stats glance:SELECT=5 {{(pid=75371) stat_writer /opt/stack/data/venv/lib/python3.10/site-packages/dbcounter.py:115}}
Jan 29 13:02:33 devstack devstack@g-api.service[75368]: DEBUG glance.api.middleware.version_negotiation [None req-987c7bdf-8a15-445a-bc4c-c29eee852b37 admin admin] Determining version of request: GET / Accept: application/json {{(pid=75368) process_request /opt/stack/glance/glance/api/middleware/version_negotiation.py:44}}
Jan 29 13:02:33 devstack devstack@g-api.service[75368]: DEBUG glance.api.middleware.version_negotiation [None req-987c7bdf-8a15-445a-bc4c-c29eee852b37 admin admin] Using url versioning {{(pid=75368) process_request /opt/stack/glance/glance/api/middleware/version_negotiation.py:57}}
Jan 29 13:02:33 devstack devstack@g-api.service[75368]: DEBUG glance.api.middleware.version_negotiation [None req-987c7bdf-8a15-445a-bc4c-c29eee852b37 admin admin] Unknown version. Returning version choices. {{(pid=75368) process_request /opt/stack/glance/glance/api/middleware/version_negotiation.py:64}}
Jan 29 13:02:33 devstack devstack@g-api.service[75368]: [pid: 75368|app: 0|req: 7/12] 127.0.0.1 () {36 vars in 486 bytes} [Thu Jan 29 13:02:33 2026] GET / => generated 1459 bytes in 3 msecs (HTTP/1.1 300) 3 headers in 106 bytes (1 switches on core 0)
Jan 29 13:03:52 devstack devstack@g-api.service[75371]: DEBUG glance.api.middleware.version_negotiation [None req-311441aa-33c7-4322-a44f-f5663ca659aa admin admin] Determining version of request: GET /v2/images/a0c81199-f775-4a91-b7fc-fabf67fe9fb4 Accept: application/json {{(pid=75371) process_request /opt/stack/glance/glance/api/middleware/version_negotiation.py:44}}
Jan 29 13:03:52 devstack devstack@g-api.service[75371]: DEBUG glance.api.middleware.version_negotiation [None req-311441aa-33c7-4322-a44f-f5663ca659aa admin admin] Using url versioning {{(pid=75371) process_request /opt/stack/glance/glance/api/middleware/version_negotiation.py:57}}
Jan 29 13:03:52 devstack devstack@g-api.service[75371]: DEBUG glance.api.middleware.version_negotiation [None req-311441aa-33c7-4322-a44f-f5663ca659aa admin admin] Matched version: v2 {{(pid=75371) process_request /opt/stack/glance/glance/api/middleware/version_negotiation.py:69}}
Jan 29 13:03:52 devstack devstack@g-api.service[75371]: DEBUG glance.api.middleware.version_negotiation [None req-311441aa-33c7-4322-a44f-f5663ca659aa admin admin] new path /v2/images/a0c81199-f775-4a91-b7fc-fabf67fe9fb4 {{(pid=75371) process_request /opt/stack/glance/glance/api/middleware/version_negotiation.py:70}}
Jan 29 13:03:52 devstack devstack@g-api.service[75371]: [pid: 75371|app: 0|req: 6/13] 127.0.0.1 () {38 vars in 782 bytes} [Thu Jan 29 13:03:52 2026] GET /v2/images/a0c81199-f775-4a91-b7fc-fabf67fe9fb4 => generated 976 bytes in 223 msecs (HTTP/1.1 200) 4 headers in 157 bytes (1 switches on core 0)
Jan 29 13:03:52 devstack devstack@g-api.service[75368]: DEBUG glance.api.middleware.version_negotiation [None req-987c7bdf-8a15-445a-bc4c-c29eee852b37 admin admin] Determining version of request: GET /v2/images/a0c81199-f775-4a91-b7fc-fabf67fe9fb4/file Accept: application/json {{(pid=75368) process_request /opt/stack/glance/glance/api/middleware/version_negotiation.py:44}}
Jan 29 13:03:52 devstack devstack@g-api.service[75368]: DEBUG glance.api.middleware.version_negotiation [None req-987c7bdf-8a15-445a-bc4c-c29eee852b37 admin admin] Using url versioning {{(pid=75368) process_request /opt/stack/glance/glance/api/middleware/version_negotiation.py:57}}
Jan 29 13:03:52 devstack devstack@g-api.service[75368]: DEBUG glance.api.middleware.version_negotiation [None req-987c7bdf-8a15-445a-bc4c-c29eee852b37 admin admin] Matched version: v2 {{(pid=75368) process_request /opt/stack/glance/glance/api/middleware/version_negotiation.py:69}}
Jan 29 13:03:52 devstack devstack@g-api.service[75368]: DEBUG glance.api.middleware.version_negotiation [None req-987c7bdf-8a15-445a-bc4c-c29eee852b37 admin admin] new path /v2/images/a0c81199-f775-4a91-b7fc-fabf67fe9fb4/file {{(pid=75368) process_request /opt/stack/glance/glance/api/middleware/version_negotiation.py:70}}
Jan 29 13:03:52 devstack devstack@g-api.service[75368]: DEBUG glance_store._drivers.filesystem [None req-fe94ab65-a60d-4c16-a59d-f02ae0d54ee1 tempest-AttachSCSIVolumeTestJSON-1423562783 tempest-AttachSCSIVolumeTestJSON-1423562783-project-admin] Found image at /opt/stack/data/glance/images/a0c81199-f775-4a91-b7fc-fabf67fe9fb4. Returning in ChunkedFile. {{(pid=75368) get /opt/stack/data/venv/lib/python3.10/site-packages/glance_store/_drivers/filesystem.py:618}}
Jan 29 13:03:52 devstack devstack@g-api.service[75368]: DEBUG glance.image_cache [None req-fe94ab65-a60d-4c16-a59d-f02ae0d54ee1 tempest-AttachSCSIVolumeTestJSON-1423562783 tempest-AttachSCSIVolumeTestJSON-1423562783-project-admin] Tee'ing image 'a0c81199-f775-4a91-b7fc-fabf67fe9fb4' into cache {{(pid=75368) get_caching_iter /opt/stack/glance/glance/image_cache/__init__.py:350}}
Jan 29 13:03:52 devstack devstack@g-api.service[75371]: DEBUG glance.api.middleware.version_negotiation [None req-61d7ac9d-303d-4bd5-85c4-26c8c9bf8894 tempest-AttachSCSIVolumeTestJSON-1423562783 tempest-AttachSCSIVolumeTestJSON-1423562783-project-admin] Determining version of request: POST /v2/images Accept: application/json {{(pid=75371) process_request /opt/stack/glance/glance/api/middleware/version_negotiation.py:44}}
Jan 29 13:03:52 devstack devstack@g-api.service[75371]: DEBUG glance.api.middleware.version_negotiation [None req-61d7ac9d-303d-4bd5-85c4-26c8c9bf8894 tempest-AttachSCSIVolumeTestJSON-1423562783 tempest-AttachSCSIVolumeTestJSON-1423562783-project-admin] Using url versioning {{(pid=75371) process_request /opt/stack/glance/glance/api/middleware/version_negotiation.py:57}}
Jan 29 13:03:52 devstack devstack@g-api.service[75371]: DEBUG glance.api.middleware.version_negotiation [None req-61d7ac9d-303d-4bd5-85c4-26c8c9bf8894 tempest-AttachSCSIVolumeTestJSON-1423562783 tempest-AttachSCSIVolumeTestJSON-1423562783-project-admin] Matched version: v2 {{(pid=75371) process_request /opt/stack/glance/glance/api/middleware/version_negotiation.py:69}}
Jan 29 13:03:52 devstack devstack@g-api.service[75371]: DEBUG glance.api.middleware.version_negotiation [None req-61d7ac9d-303d-4bd5-85c4-26c8c9bf8894 tempest-AttachSCSIVolumeTestJSON-1423562783 tempest-AttachSCSIVolumeTestJSON-1423562783-project-admin] new path /v2/images {{(pid=75371) process_request /opt/stack/glance/glance/api/middleware/version_negotiation.py:70}}
Jan 29 13:03:53 devstack devstack@g-api.service[75371]: [pid: 75371|app: 0|req: 7/14] 127.0.0.1 () {40 vars in 730 bytes} [Thu Jan 29 13:03:52 2026] POST /v2/images => generated 690 bytes in 684 msecs (HTTP/1.1 201) 6 headers in 314 bytes (1 switches on core 0)
Jan 29 13:03:53 devstack devstack@g-api.service[75371]: DEBUG glance.api.middleware.version_negotiation [None req-512094ac-64e0-429b-9501-62a250285ef9 tempest-AttachSCSIVolumeTestJSON-1423562783 tempest-AttachSCSIVolumeTestJSON-1423562783-project-admin] Determining version of request: PUT /v2/images/e6fe384b-9c79-4f32-ad8f-f9a85e78d9cd/file Accept: {{(pid=75371) process_request /opt/stack/glance/glance/api/middleware/version_negotiation.py:44}}
Jan 29 13:03:53 devstack devstack@g-api.service[75371]: DEBUG glance.api.middleware.version_negotiation [None req-512094ac-64e0-429b-9501-62a250285ef9 tempest-AttachSCSIVolumeTestJSON-1423562783 tempest-AttachSCSIVolumeTestJSON-1423562783-project-admin] Using url versioning {{(pid=75371) process_request /opt/stack/glance/glance/api/middleware/version_negotiation.py:57}}
Jan 29 13:03:53 devstack devstack@g-api.service[75371]: DEBUG glance.api.middleware.version_negotiation [None req-512094ac-64e0-429b-9501-62a250285ef9 tempest-AttachSCSIVolumeTestJSON-1423562783 tempest-AttachSCSIVolumeTestJSON-1423562783-project-admin] Matched version: v2 {{(pid=75371) process_request /opt/stack/glance/glance/api/middleware/version_negotiation.py:69}}
Jan 29 13:03:53 devstack devstack@g-api.service[75371]: DEBUG glance.api.middleware.version_negotiation [None req-512094ac-64e0-429b-9501-62a250285ef9 tempest-AttachSCSIVolumeTestJSON-1423562783 tempest-AttachSCSIVolumeTestJSON-1423562783-project-admin] new path /v2/images/e6fe384b-9c79-4f32-ad8f-f9a85e78d9cd/file {{(pid=75371) process_request /opt/stack/glance/glance/api/middleware/version_negotiation.py:70}}
Jan 29 13:03:53 devstack devstack@g-api.service[75368]: DEBUG glance.image_cache.drivers.centralized_db [None req-fe94ab65-a60d-4c16-a59d-f02ae0d54ee1 tempest-AttachSCSIVolumeTestJSON-1423562783 tempest-AttachSCSIVolumeTestJSON-1423562783-project-admin] Fetch finished, moving '/opt/stack/data/glance/cache/incomplete/a0c81199-f775-4a91-b7fc-fabf67fe9fb4' to '/opt/stack/data/glance/cache/a0c81199-f775-4a91-b7fc-fabf67fe9fb4' {{(pid=75368) commit /opt/stack/glance/glance/image_cache/drivers/centralized_db.py:235}}
Jan 29 13:03:53 devstack devstack@g-api.service[75368]: DEBUG glance.image_cache.drivers.centralized_db [None req-fe94ab65-a60d-4c16-a59d-f02ae0d54ee1 tempest-AttachSCSIVolumeTestJSON-1423562783 tempest-AttachSCSIVolumeTestJSON-1423562783-project-admin] Image cached successfully. {{(pid=75368) commit /opt/stack/glance/glance/image_cache/drivers/centralized_db.py:250}}
Jan 29 13:03:53 devstack devstack@g-api.service[75368]: [pid: 75368|app: 0|req: 8/15] 127.0.0.1 () {38 vars in 792 bytes} [Thu Jan 29 13:03:52 2026] GET /v2/images/a0c81199-f775-4a91-b7fc-fabf67fe9fb4/file => generated 21692416 bytes in 823 msecs (HTTP/1.1 200) 4 headers in 191 bytes (334 switches on core 0)
Jan 29 13:03:53 devstack devstack@g-api.service[75371]: INFO glance.api.v2.image_data [None req-673b5b7e-13e7-4a32-bb37-c89a8ff583cb tempest-AttachSCSIVolumeTestJSON-1423562783 tempest-AttachSCSIVolumeTestJSON-1423562783-project-admin] Unable to create trust: no such option collect_timing in group [keystone_authtoken] Use the existing user token.
Jan 29 13:03:54 devstack devstack@g-api.service[75371]: DEBUG glance.location [None req-673b5b7e-13e7-4a32-bb37-c89a8ff583cb tempest-AttachSCSIVolumeTestJSON-1423562783 tempest-AttachSCSIVolumeTestJSON-1423562783-project-admin] Enabling in-flight format inspection for qcow2 {{(pid=75371) set_data /opt/stack/glance/glance/location.py:616}}
Jan 29 13:03:54 devstack devstack@g-api.service[75371]: DEBUG oslo_utils.imageutils.format_inspector [None req-673b5b7e-13e7-4a32-bb37-c89a8ff583cb tempest-AttachSCSIVolumeTestJSON-1423562783 tempest-AttachSCSIVolumeTestJSON-1423562783-project-admin] Format inspector for vmdk does not match, excluding from consideration (Signature KDMV not found: b'QFI\xfb') {{(pid=75371) _process_chunk /opt/stack/data/venv/lib/python3.10/site-packages/oslo_utils/imageutils/format_inspector.py:1537}}
Jan 29 13:03:54 devstack devstack@g-api.service[75371]: DEBUG oslo_utils.imageutils.format_inspector [None req-673b5b7e-13e7-4a32-bb37-c89a8ff583cb tempest-AttachSCSIVolumeTestJSON-1423562783 tempest-AttachSCSIVolumeTestJSON-1423562783-project-admin] Format inspector for vhdx does not match, excluding from consideration (Region signature not found at 30000) {{(pid=75371) _process_chunk /opt/stack/data/venv/lib/python3.10/site-packages/oslo_utils/imageutils/format_inspector.py:1537}}
Jan 29 13:03:54 devstack devstack@g-api.service[75371]: DEBUG glance_store._drivers.filesystem [None req-673b5b7e-13e7-4a32-bb37-c89a8ff583cb tempest-AttachSCSIVolumeTestJSON-1423562783 tempest-AttachSCSIVolumeTestJSON-1423562783-project-admin] Wrote 21692416 bytes to /opt/stack/data/glance/images/e6fe384b-9c79-4f32-ad8f-f9a85e78d9cd with checksum 87617e24a5e30cb3b87fda8c0764838f and multihash 9a9bce0083a00939ec17c11febbfc767aa211aaa54f51e75c5a8b271a9b5637c77205a518b7a2007cb391d23cceb01e0e4e8d64832317151bc85b734b92a7be0 {{(pid=75371) add /opt/stack/data/venv/lib/python3.10/site-packages/glance_store/_drivers/filesystem.py:794}}
Jan 29 13:03:54 devstack devstack@g-api.service[75371]: INFO glance.location [None req-673b5b7e-13e7-4a32-bb37-c89a8ff583cb tempest-AttachSCSIVolumeTestJSON-1423562783 tempest-AttachSCSIVolumeTestJSON-1423562783-project-admin] Image format matched and virtual size computed: 117440512
Jan 29 13:03:54 devstack devstack@g-api.service[75371]: DEBUG glance_store.backend [None req-673b5b7e-13e7-4a32-bb37-c89a8ff583cb tempest-AttachSCSIVolumeTestJSON-1423562783 tempest-AttachSCSIVolumeTestJSON-1423562783-project-admin] Skipping store.set_acls... not implemented. {{(pid=75371) set_acls /opt/stack/data/venv/lib/python3.10/site-packages/glance_store/backend.py:507}}
Jan 29 13:03:54 devstack devstack@g-api.service[75371]: [pid: 75371|app: 0|req: 8/16] 127.0.0.1 () {38 vars in 802 bytes} [Thu Jan 29 13:03:53 2026] PUT /v2/images/e6fe384b-9c79-4f32-ad8f-f9a85e78d9cd/file => generated 0 bytes in 1459 msecs (HTTP/1.1 204) 4 headers in 171 bytes (1 switches on core 0)
Jan 29 13:04:03 devstack devstack@g-api.service[75368]: DEBUG dbcounter [-] [75368] Writing DB stats glance:SELECT=5,glance:INSERT=1 {{(pid=75368) stat_writer /opt/stack/data/venv/lib/python3.10/site-packages/dbcounter.py:115}}
Jan 29 13:04:04 devstack devstack@g-api.service[75371]: DEBUG dbcounter [-] [75371] Writing DB stats glance:SELECT=22,glance:INSERT=5,glance:UPDATE=2 {{(pid=75371) stat_writer /opt/stack/data/venv/lib/python3.10/site-packages/dbcounter.py:115}}
Jan 29 13:04:07 devstack devstack@g-api.service[75368]: DEBUG glance.api.middleware.version_negotiation [None req-fe94ab65-a60d-4c16-a59d-f02ae0d54ee1 tempest-AttachSCSIVolumeTestJSON-1423562783 tempest-AttachSCSIVolumeTestJSON-1423562783-project-admin] Determining version of request: GET / Accept: application/json {{(pid=75368) process_request /opt/stack/glance/glance/api/middleware/version_negotiation.py:44}}
Jan 29 13:04:07 devstack devstack@g-api.service[75368]: DEBUG glance.api.middleware.version_negotiation [None req-fe94ab65-a60d-4c16-a59d-f02ae0d54ee1 tempest-AttachSCSIVolumeTestJSON-1423562783 tempest-AttachSCSIVolumeTestJSON-1423562783-project-admin] Using url versioning {{(pid=75368) process_request /opt/stack/glance/glance/api/middleware/version_negotiation.py:57}}
Jan 29 13:04:07 devstack devstack@g-api.service[75368]: DEBUG glance.api.middleware.version_negotiation [None req-fe94ab65-a60d-4c16-a59d-f02ae0d54ee1 tempest-AttachSCSIVolumeTestJSON-1423562783 tempest-AttachSCSIVolumeTestJSON-1423562783-project-admin] Unknown version. Returning version choices. {{(pid=75368) process_request /opt/stack/glance/glance/api/middleware/version_negotiation.py:64}}
Jan 29 13:04:07 devstack devstack@g-api.service[75368]: [pid: 75368|app: 0|req: 9/17] 127.0.0.1 () {34 vars in 502 bytes} [Thu Jan 29 13:04:07 2026] GET / => generated 1459 bytes in 2 msecs (HTTP/1.1 300) 3 headers in 106 bytes (1 switches on core 0)
Jan 29 13:04:07 devstack devstack@g-api.service[75371]: DEBUG glance.api.middleware.version_negotiation [None req-673b5b7e-13e7-4a32-bb37-c89a8ff583cb tempest-AttachSCSIVolumeTestJSON-1423562783 tempest-AttachSCSIVolumeTestJSON-1423562783-project-admin] Determining version of request: GET /v2/images/a0c81199-f775-4a91-b7fc-fabf67fe9fb4 Accept: */* {{(pid=75371) process_request /opt/stack/glance/glance/api/middleware/version_negotiation.py:44}}
Jan 29 13:04:07 devstack devstack@g-api.service[75371]: DEBUG glance.api.middleware.version_negotiation [None req-673b5b7e-13e7-4a32-bb37-c89a8ff583cb tempest-AttachSCSIVolumeTestJSON-1423562783 tempest-AttachSCSIVolumeTestJSON-1423562783-project-admin] Using url versioning {{(pid=75371) process_request /opt/stack/glance/glance/api/middleware/version_negotiation.py:57}}
Jan 29 13:04:07 devstack devstack@g-api.service[75371]: DEBUG glance.api.middleware.version_negotiation [None req-673b5b7e-13e7-4a32-bb37-c89a8ff583cb tempest-AttachSCSIVolumeTestJSON-1423562783 tempest-AttachSCSIVolumeTestJSON-1423562783-project-admin] Matched version: v2 {{(pid=75371) process_request /opt/stack/glance/glance/api/middleware/version_negotiation.py:69}}
Jan 29 13:04:07 devstack devstack@g-api.service[75371]: DEBUG glance.api.middleware.version_negotiation [None req-673b5b7e-13e7-4a32-bb37-c89a8ff583cb tempest-AttachSCSIVolumeTestJSON-1423562783 tempest-AttachSCSIVolumeTestJSON-1423562783-project-admin] new path /v2/images/a0c81199-f775-4a91-b7fc-fabf67fe9fb4 {{(pid=75371) process_request /opt/stack/glance/glance/api/middleware/version_negotiation.py:70}}
Jan 29 13:04:08 devstack devstack@g-api.service[75371]: WARNING keystonemiddleware.auth_token [None req-673b5b7e-13e7-4a32-bb37-c89a8ff583cb tempest-AttachSCSIVolumeTestJSON-1423562783 tempest-AttachSCSIVolumeTestJSON-1423562783-project-admin] A valid token was submitted as a service token, but it was not a valid service token. This is incorrect but backwards compatible behaviour. This will be removed in future releases.
Jan 29 13:04:08 devstack devstack@g-api.service[75371]: [pid: 75371|app: 0|req: 9/18] 127.0.0.1 () {42 vars in 1057 bytes} [Thu Jan 29 13:04:07 2026] GET /v2/images/a0c81199-f775-4a91-b7fc-fabf67fe9fb4 => generated 976 bytes in 71 msecs (HTTP/1.1 200) 4 headers in 157 bytes (1 switches on core 0)
Jan 29 13:04:08 devstack devstack@g-api.service[75368]: DEBUG glance.api.middleware.version_negotiation [None req-fe94ab65-a60d-4c16-a59d-f02ae0d54ee1 tempest-AttachSCSIVolumeTestJSON-1423562783 tempest-AttachSCSIVolumeTestJSON-1423562783-project-admin] Determining version of request: GET /v2/schemas/image Accept: */* {{(pid=75368) process_request /opt/stack/glance/glance/api/middleware/version_negotiation.py:44}}
Jan 29 13:04:08 devstack devstack@g-api.service[75368]: DEBUG glance.api.middleware.version_negotiation [None req-fe94ab65-a60d-4c16-a59d-f02ae0d54ee1 tempest-AttachSCSIVolumeTestJSON-1423562783 tempest-AttachSCSIVolumeTestJSON-1423562783-project-admin] Using url versioning {{(pid=75368) process_request /opt/stack/glance/glance/api/middleware/version_negotiation.py:57}}
Jan 29 13:04:08 devstack devstack@g-api.service[75368]: DEBUG glance.api.middleware.version_negotiation [None req-fe94ab65-a60d-4c16-a59d-f02ae0d54ee1 tempest-AttachSCSIVolumeTestJSON-1423562783 tempest-AttachSCSIVolumeTestJSON-1423562783-project-admin] Matched version: v2 {{(pid=75368) process_request /opt/stack/glance/glance/api/middleware/version_negotiation.py:69}}
Jan 29 13:04:08 devstack devstack@g-api.service[75368]: DEBUG glance.api.middleware.version_negotiation [None req-fe94ab65-a60d-4c16-a59d-f02ae0d54ee1 tempest-AttachSCSIVolumeTestJSON-1423562783 tempest-AttachSCSIVolumeTestJSON-1423562783-project-admin] new path /v2/schemas/image {{(pid=75368) process_request /opt/stack/glance/glance/api/middleware/version_negotiation.py:70}}
Jan 29 13:04:08 devstack devstack@g-api.service[75368]: WARNING keystonemiddleware.auth_token [None req-fe94ab65-a60d-4c16-a59d-f02ae0d54ee1 tempest-AttachSCSIVolumeTestJSON-1423562783 tempest-AttachSCSIVolumeTestJSON-1423562783-project-admin] A valid token was submitted as a service token, but it was not a valid service token. This is incorrect but backwards compatible behaviour. This will be removed in future releases.
Jan 29 13:04:08 devstack devstack@g-api.service[75368]: [pid: 75368|app: 0|req: 10/19] 127.0.0.1 () {42 vars in 997 bytes} [Thu Jan 29 13:04:08 2026] GET /v2/schemas/image => generated 6083 bytes in 5 msecs (HTTP/1.1 200) 4 headers in 158 bytes (1 switches on core 0)
Jan 29 13:04:08 devstack devstack@g-api.service[75371]: DEBUG glance.api.middleware.version_negotiation [None req-77f74265-6ecf-4b32-974f-cb0b5d1ac9a5 tempest-VolumesAdminNegativeTest-216427124 tempest-VolumesAdminNegativeTest-216427124-project-member] Determining version of request: GET / Accept: application/json {{(pid=75371) process_request /opt/stack/glance/glance/api/middleware/version_negotiation.py:44}}
Jan 29 13:04:08 devstack devstack@g-api.service[75371]: DEBUG glance.api.middleware.version_negotiation [None req-77f74265-6ecf-4b32-974f-cb0b5d1ac9a5 tempest-VolumesAdminNegativeTest-216427124 tempest-VolumesAdminNegativeTest-216427124-project-member] Using url versioning {{(pid=75371) process_request /opt/stack/glance/glance/api/middleware/version_negotiation.py:57}}
Jan 29 13:04:08 devstack devstack@g-api.service[75371]: DEBUG glance.api.middleware.version_negotiation [None req-77f74265-6ecf-4b32-974f-cb0b5d1ac9a5 tempest-VolumesAdminNegativeTest-216427124 tempest-VolumesAdminNegativeTest-216427124-project-member] Unknown version. Returning version choices. {{(pid=75371) process_request /opt/stack/glance/glance/api/middleware/version_negotiation.py:64}}
Jan 29 13:04:08 devstack devstack@g-api.service[75371]: [pid: 75371|app: 0|req: 10/20] 127.0.0.1 () {34 vars in 502 bytes} [Thu Jan 29 13:04:08 2026] GET / => generated 1459 bytes in 2 msecs (HTTP/1.1 300) 3 headers in 106 bytes (1 switches on core 0)
Jan 29 13:04:08 devstack devstack@g-api.service[75368]: DEBUG glance.api.middleware.version_negotiation [None req-77f74265-6ecf-4b32-974f-cb0b5d1ac9a5 tempest-VolumesAdminNegativeTest-216427124 tempest-VolumesAdminNegativeTest-216427124-project-member] Determining version of request: GET /v2/images/e6fe384b-9c79-4f32-ad8f-f9a85e78d9cd Accept: */* {{(pid=75368) process_request /opt/stack/glance/glance/api/middleware/version_negotiation.py:44}}
Jan 29 13:04:08 devstack devstack@g-api.service[75368]: DEBUG glance.api.middleware.version_negotiation [None req-77f74265-6ecf-4b32-974f-cb0b5d1ac9a5 tempest-VolumesAdminNegativeTest-216427124 tempest-VolumesAdminNegativeTest-216427124-project-member] Using url versioning {{(pid=75368) process_request /opt/stack/glance/glance/api/middleware/version_negotiation.py:57}}
Jan 29 13:04:08 devstack devstack@g-api.service[75368]: DEBUG glance.api.middleware.version_negotiation [None req-77f74265-6ecf-4b32-974f-cb0b5d1ac9a5 tempest-VolumesAdminNegativeTest-216427124 tempest-VolumesAdminNegativeTest-216427124-project-member] Matched version: v2 {{(pid=75368) process_request /opt/stack/glance/glance/api/middleware/version_negotiation.py:69}}
Jan 29 13:04:08 devstack devstack@g-api.service[75368]: DEBUG glance.api.middleware.version_negotiation [None req-77f74265-6ecf-4b32-974f-cb0b5d1ac9a5 tempest-VolumesAdminNegativeTest-216427124 tempest-VolumesAdminNegativeTest-216427124-project-member] new path /v2/images/e6fe384b-9c79-4f32-ad8f-f9a85e78d9cd {{(pid=75368) process_request /opt/stack/glance/glance/api/middleware/version_negotiation.py:70}}
Jan 29 13:04:09 devstack devstack@g-api.service[75368]: [pid: 75368|app: 0|req: 11/21] 127.0.0.1 () {42 vars in 1057 bytes} [Thu Jan 29 13:04:08 2026] GET /v2/images/e6fe384b-9c79-4f32-ad8f-f9a85e78d9cd => generated 859 bytes in 158 msecs (HTTP/1.1 200) 4 headers in 157 bytes (1 switches on core 0)
Jan 29 13:04:09 devstack devstack@g-api.service[75371]: DEBUG glance.api.middleware.version_negotiation [None req-77f74265-6ecf-4b32-974f-cb0b5d1ac9a5 tempest-VolumesAdminNegativeTest-216427124 tempest-VolumesAdminNegativeTest-216427124-project-member] Determining version of request: GET /v2/schemas/image Accept: */* {{(pid=75371) process_request /opt/stack/glance/glance/api/middleware/version_negotiation.py:44}}
