Aug 11 15:41:11 devstack cinder-volume[94248]: DEBUG cinder.volume.manager [None req-29f9db58-cc0f-43fb-8706-ddd877e08199 tempest-VolumesMetadataTest-801999449 None] Task 'cinder.volume.flows.manager.create_volume.CreateVolumeFromSpecTask;volume:create' (c1697d0c-ea4e-43b0-a6ac-4e2fde0075ae) transitioned into state 'RUNNING' from state 'PENDING' {{(pid=94248) _task_receiver /opt/stack/data/venv/lib/python3.12/site-packages/taskflow/listeners/logging.py:242}}
Aug 11 15:41:11 devstack cinder-volume[94248]: INFO cinder.volume.flows.manager.create_volume [None req-29f9db58-cc0f-43fb-8706-ddd877e08199 tempest-VolumesMetadataTest-801999449 None] Volume f0273743-801e-4eb2-8156-5f957977f677: being created as raw with specification: {'status': 'creating', 'volume_name': 'volume-f0273743-801e-4eb2-8156-5f957977f677', 'volume_size': 1}
Aug 11 15:41:11 devstack cinder-volume[94248]: DEBUG oslo_concurrency.lockutils [None req-29f9db58-cc0f-43fb-8706-ddd877e08199 tempest-VolumesMetadataTest-801999449 None] Acquiring lock "quobyte" by "cinder.volume.drivers.quobyte.QuobyteDriver.create_volume" {{(pid=94248) inner /opt/stack/data/venv/lib/python3.12/site-packages/oslo_concurrency/lockutils.py:512}}
Aug 11 15:41:12 devstack sudo[101464]: quobyte : PWD=/ ; USER=root ; COMMAND=/opt/stack/data/venv/bin/cinder-rootwrap /etc/cinder/rootwrap.conf env LC_ALL=C qemu-img info -f qcow2 --output=json --force-share /opt/stack/data/cinder/mnt/2ed9918697297ca2e392e6827d433fb9/volume-52a9c6f2-f588-48c2-ae0d-eb69a232201d
Aug 11 15:41:12 devstack sudo[101464]: pam_unix(sudo:session): session opened for user root(uid=0) by (uid=1000)
Aug 11 15:41:12 devstack sudo[101464]: pam_unix(sudo:session): session closed for user root
Aug 11 15:41:12 devstack cinder-volume[94248]: DEBUG oslo_concurrency.processutils [req-e78bcbd3-aefc-4ac9-bee5-b62f7c7eacb3 req-b5fa0869-b958-451c-a3d7-912b12a78c79 tempest-VolumesSnapshotsTestJSON-1912623632 None] CMD "/opt/stack/data/venv/bin/python3.12 -m oslo_concurrency.prlimit --as=1073741824 --cpu=60 -- sudo cinder-rootwrap /etc/cinder/rootwrap.conf env LC_ALL=C qemu-img info -f qcow2 --output=json --force-share /opt/stack/data/cinder/mnt/2ed9918697297ca2e392e6827d433fb9/volume-52a9c6f2-f588-48c2-ae0d-eb69a232201d" returned: 0 in 0.349s {{(pid=94248) execute /opt/stack/data/venv/lib/python3.12/site-packages/oslo_concurrency/processutils.py:468}}
Aug 11 15:41:12 devstack cinder-volume[94248]: DEBUG oslo_concurrency.processutils [req-e78bcbd3-aefc-4ac9-bee5-b62f7c7eacb3 req-b5fa0869-b958-451c-a3d7-912b12a78c79 tempest-VolumesSnapshotsTestJSON-1912623632 None] Running cmd (subprocess): sudo cinder-rootwrap /etc/cinder/rootwrap.conf qemu-img create -f qcow2 -o backing_file=/opt/stack/data/cinder/mnt/2ed9918697297ca2e392e6827d433fb9/volume-52a9c6f2-f588-48c2-ae0d-eb69a232201d,backing_fmt=qcow2 /opt/stack/data/cinder/mnt/2ed9918697297ca2e392e6827d433fb9/volume-52a9c6f2-f588-48c2-ae0d-eb69a232201d.87f6e0b8-dc19-4479-8cc7-32018656360e 1G {{(pid=94248) execute /opt/stack/data/venv/lib/python3.12/site-packages/oslo_concurrency/processutils.py:440}}
Aug 11 15:41:12 devstack sudo[101469]: quobyte : PWD=/ ; USER=root ; COMMAND=/opt/stack/data/venv/bin/cinder-rootwrap /etc/cinder/rootwrap.conf qemu-img create -f qcow2 -o backing_file=/opt/stack/data/cinder/mnt/2ed9918697297ca2e392e6827d433fb9/volume-52a9c6f2-f588-48c2-ae0d-eb69a232201d,backing_fmt=qcow2 /opt/stack/data/cinder/mnt/2ed9918697297ca2e392e6827d433fb9/volume-52a9c6f2-f588-48c2-ae0d-eb69a232201d.87f6e0b8-dc19-4479-8cc7-32018656360e 1G
Aug 11 15:41:12 devstack sudo[101469]: pam_unix(sudo:session): session opened for user root(uid=0) by (uid=1000)
Aug 11 15:41:12 devstack sudo[101469]: pam_unix(sudo:session): session closed for user root
Aug 11 15:41:12 devstack cinder-volume[94248]: DEBUG oslo_concurrency.processutils [req-e78bcbd3-aefc-4ac9-bee5-b62f7c7eacb3 req-b5fa0869-b958-451c-a3d7-912b12a78c79 tempest-VolumesSnapshotsTestJSON-1912623632 None] CMD "sudo cinder-rootwrap /etc/cinder/rootwrap.conf qemu-img create -f qcow2 -o backing_file=/opt/stack/data/cinder/mnt/2ed9918697297ca2e392e6827d433fb9/volume-52a9c6f2-f588-48c2-ae0d-eb69a232201d,backing_fmt=qcow2 /opt/stack/data/cinder/mnt/2ed9918697297ca2e392e6827d433fb9/volume-52a9c6f2-f588-48c2-ae0d-eb69a232201d.87f6e0b8-dc19-4479-8cc7-32018656360e 1G" returned: 0 in 0.383s {{(pid=94248) execute /opt/stack/data/venv/lib/python3.12/site-packages/oslo_concurrency/processutils.py:468}}
Aug 11 15:41:12 devstack cinder-volume[94248]: DEBUG oslo_concurrency.processutils [req-e78bcbd3-aefc-4ac9-bee5-b62f7c7eacb3 req-b5fa0869-b958-451c-a3d7-912b12a78c79 tempest-VolumesSnapshotsTestJSON-1912623632 None] Running cmd (subprocess): sudo cinder-rootwrap /etc/cinder/rootwrap.conf qemu-img rebase -u -b volume-52a9c6f2-f588-48c2-ae0d-eb69a232201d -F qcow2 /opt/stack/data/cinder/mnt/2ed9918697297ca2e392e6827d433fb9/volume-52a9c6f2-f588-48c2-ae0d-eb69a232201d.87f6e0b8-dc19-4479-8cc7-32018656360e {{(pid=94248) execute /opt/stack/data/venv/lib/python3.12/site-packages/oslo_concurrency/processutils.py:440}}
Aug 11 15:41:12 devstack sudo[101475]: quobyte : PWD=/ ; USER=root ; COMMAND=/opt/stack/data/venv/bin/cinder-rootwrap /etc/cinder/rootwrap.conf qemu-img rebase -u -b volume-52a9c6f2-f588-48c2-ae0d-eb69a232201d -F qcow2 /opt/stack/data/cinder/mnt/2ed9918697297ca2e392e6827d433fb9/volume-52a9c6f2-f588-48c2-ae0d-eb69a232201d.87f6e0b8-dc19-4479-8cc7-32018656360e
Aug 11 15:41:12 devstack sudo[101475]: pam_unix(sudo:session): session opened for user root(uid=0) by (uid=1000)
Aug 11 15:41:12 devstack sudo[101475]: pam_unix(sudo:session): session closed for user root
Aug 11 15:41:12 devstack cinder-volume[94248]: DEBUG oslo_concurrency.processutils [req-e78bcbd3-aefc-4ac9-bee5-b62f7c7eacb3 req-b5fa0869-b958-451c-a3d7-912b12a78c79 tempest-VolumesSnapshotsTestJSON-1912623632 None] CMD "sudo cinder-rootwrap /etc/cinder/rootwrap.conf qemu-img rebase -u -b volume-52a9c6f2-f588-48c2-ae0d-eb69a232201d -F qcow2 /opt/stack/data/cinder/mnt/2ed9918697297ca2e392e6827d433fb9/volume-52a9c6f2-f588-48c2-ae0d-eb69a232201d.87f6e0b8-dc19-4479-8cc7-32018656360e" returned: 0 in 0.334s {{(pid=94248) execute /opt/stack/data/venv/lib/python3.12/site-packages/oslo_concurrency/processutils.py:468}}
Aug 11 15:41:12 devstack cinder-volume[94248]: WARNING cinder.volume.drivers.remotefs [req-e78bcbd3-aefc-4ac9-bee5-b62f7c7eacb3 req-b5fa0869-b958-451c-a3d7-912b12a78c79 tempest-VolumesSnapshotsTestJSON-1912623632 None] /opt/stack/data/cinder/mnt/2ed9918697297ca2e392e6827d433fb9/volume-52a9c6f2-f588-48c2-ae0d-eb69a232201d.87f6e0b8-dc19-4479-8cc7-32018656360e is being set with open permissions: ugo+rw
Aug 11 15:41:12 devstack cinder-volume[94248]: DEBUG oslo_concurrency.processutils [req-e78bcbd3-aefc-4ac9-bee5-b62f7c7eacb3 req-b5fa0869-b958-451c-a3d7-912b12a78c79 tempest-VolumesSnapshotsTestJSON-1912623632 None] Running cmd (subprocess): sudo cinder-rootwrap /etc/cinder/rootwrap.conf chmod ugo+rw /opt/stack/data/cinder/mnt/2ed9918697297ca2e392e6827d433fb9/volume-52a9c6f2-f588-48c2-ae0d-eb69a232201d.87f6e0b8-dc19-4479-8cc7-32018656360e {{(pid=94248) execute /opt/stack/data/venv/lib/python3.12/site-packages/oslo_concurrency/processutils.py:440}}
Aug 11 15:41:13 devstack sudo[101480]: quobyte : PWD=/ ; USER=root ; COMMAND=/opt/stack/data/venv/bin/cinder-rootwrap /etc/cinder/rootwrap.conf chmod ugo+rw /opt/stack/data/cinder/mnt/2ed9918697297ca2e392e6827d433fb9/volume-52a9c6f2-f588-48c2-ae0d-eb69a232201d.87f6e0b8-dc19-4479-8cc7-32018656360e
Aug 11 15:41:13 devstack sudo[101480]: pam_unix(sudo:session): session opened for user root(uid=0) by (uid=1000)
Aug 11 15:41:13 devstack sudo[101480]: pam_unix(sudo:session): session closed for user root
Aug 11 15:41:13 devstack cinder-volume[94248]: DEBUG oslo_concurrency.processutils [req-e78bcbd3-aefc-4ac9-bee5-b62f7c7eacb3 req-b5fa0869-b958-451c-a3d7-912b12a78c79 tempest-VolumesSnapshotsTestJSON-1912623632 None] CMD "sudo cinder-rootwrap /etc/cinder/rootwrap.conf chmod ugo+rw /opt/stack/data/cinder/mnt/2ed9918697297ca2e392e6827d433fb9/volume-52a9c6f2-f588-48c2-ae0d-eb69a232201d.87f6e0b8-dc19-4479-8cc7-32018656360e" returned: 0 in 0.251s {{(pid=94248) execute /opt/stack/data/venv/lib/python3.12/site-packages/oslo_concurrency/processutils.py:468}}
Aug 11 15:41:13 devstack cinder-volume[94248]: DEBUG oslo_concurrency.processutils [req-e78bcbd3-aefc-4ac9-bee5-b62f7c7eacb3 req-b5fa0869-b958-451c-a3d7-912b12a78c79 tempest-VolumesSnapshotsTestJSON-1912623632 None] Running cmd (subprocess): sudo cinder-rootwrap /etc/cinder/rootwrap.conf truncate -s0 /opt/stack/data/cinder/mnt/2ed9918697297ca2e392e6827d433fb9/volume-52a9c6f2-f588-48c2-ae0d-eb69a232201d.info {{(pid=94248) execute /opt/stack/data/venv/lib/python3.12/site-packages/oslo_concurrency/processutils.py:440}}
Aug 11 15:41:13 devstack sudo[101483]: quobyte : PWD=/ ; USER=root ; COMMAND=/opt/stack/data/venv/bin/cinder-rootwrap /etc/cinder/rootwrap.conf truncate -s0 /opt/stack/data/cinder/mnt/2ed9918697297ca2e392e6827d433fb9/volume-52a9c6f2-f588-48c2-ae0d-eb69a232201d.info
Aug 11 15:41:13 devstack sudo[101483]: pam_unix(sudo:session): session opened for user root(uid=0) by (uid=1000)
Aug 11 15:41:13 devstack sudo[101483]: pam_unix(sudo:session): session closed for user root
Aug 11 15:41:13 devstack cinder-volume[94248]: DEBUG oslo_concurrency.processutils [req-e78bcbd3-aefc-4ac9-bee5-b62f7c7eacb3 req-b5fa0869-b958-451c-a3d7-912b12a78c79 tempest-VolumesSnapshotsTestJSON-1912623632 None] CMD "sudo cinder-rootwrap /etc/cinder/rootwrap.conf truncate -s0 /opt/stack/data/cinder/mnt/2ed9918697297ca2e392e6827d433fb9/volume-52a9c6f2-f588-48c2-ae0d-eb69a232201d.info" returned: 0 in 0.245s {{(pid=94248) execute /opt/stack/data/venv/lib/python3.12/site-packages/oslo_concurrency/processutils.py:468}}
Aug 11 15:41:13 devstack cinder-volume[94248]: WARNING cinder.volume.drivers.remotefs [req-e78bcbd3-aefc-4ac9-bee5-b62f7c7eacb3 req-b5fa0869-b958-451c-a3d7-912b12a78c79 tempest-VolumesSnapshotsTestJSON-1912623632 None] /opt/stack/data/cinder/mnt/2ed9918697297ca2e392e6827d433fb9/volume-52a9c6f2-f588-48c2-ae0d-eb69a232201d.info is being set with open permissions: ugo+rw
Aug 11 15:41:13 devstack cinder-volume[94248]: DEBUG oslo_concurrency.processutils [req-e78bcbd3-aefc-4ac9-bee5-b62f7c7eacb3 req-b5fa0869-b958-451c-a3d7-912b12a78c79 tempest-VolumesSnapshotsTestJSON-1912623632 None] Running cmd (subprocess): sudo cinder-rootwrap /etc/cinder/rootwrap.conf chmod ugo+rw /opt/stack/data/cinder/mnt/2ed9918697297ca2e392e6827d433fb9/volume-52a9c6f2-f588-48c2-ae0d-eb69a232201d.info {{(pid=94248) execute /opt/stack/data/venv/lib/python3.12/site-packages/oslo_concurrency/processutils.py:440}}
Aug 11 15:41:13 devstack sudo[101486]: quobyte : PWD=/ ; USER=root ; COMMAND=/opt/stack/data/venv/bin/cinder-rootwrap /etc/cinder/rootwrap.conf chmod ugo+rw /opt/stack/data/cinder/mnt/2ed9918697297ca2e392e6827d433fb9/volume-52a9c6f2-f588-48c2-ae0d-eb69a232201d.info
Aug 11 15:41:13 devstack sudo[101486]: pam_unix(sudo:session): session opened for user root(uid=0) by (uid=1000)
Aug 11 15:41:13 devstack sudo[101486]: pam_unix(sudo:session): session closed for user root
Aug 11 15:41:13 devstack cinder-volume[94248]: DEBUG oslo_concurrency.processutils [req-e78bcbd3-aefc-4ac9-bee5-b62f7c7eacb3 req-b5fa0869-b958-451c-a3d7-912b12a78c79 tempest-VolumesSnapshotsTestJSON-1912623632 None] CMD "sudo cinder-rootwrap /etc/cinder/rootwrap.conf chmod ugo+rw /opt/stack/data/cinder/mnt/2ed9918697297ca2e392e6827d433fb9/volume-52a9c6f2-f588-48c2-ae0d-eb69a232201d.info" returned: 0 in 0.269s {{(pid=94248) execute /opt/stack/data/venv/lib/python3.12/site-packages/oslo_concurrency/processutils.py:468}}
Aug 11 15:41:13 devstack cinder-volume[94248]: DEBUG oslo_concurrency.lockutils [req-e78bcbd3-aefc-4ac9-bee5-b62f7c7eacb3 req-b5fa0869-b958-451c-a3d7-912b12a78c79 tempest-VolumesSnapshotsTestJSON-1912623632 None] Lock "quobyte" "released" by "cinder.volume.drivers.quobyte.QuobyteDriver.create_snapshot" :: held 1.961s {{(pid=94248) inner /opt/stack/data/venv/lib/python3.12/site-packages/oslo_concurrency/lockutils.py:544}}
Aug 11 15:41:13 devstack cinder-volume[94248]: DEBUG oslo_concurrency.lockutils [None req-29f9db58-cc0f-43fb-8706-ddd877e08199 tempest-VolumesMetadataTest-801999449 None] Lock "quobyte" acquired by "cinder.volume.drivers.quobyte.QuobyteDriver.create_volume" :: waited 1.839s {{(pid=94248) inner /opt/stack/data/venv/lib/python3.12/site-packages/oslo_concurrency/lockutils.py:525}}
Aug 11 15:41:13 devstack cinder-volume[94248]: DEBUG cinder.volume.drivers.quobyte [None req-29f9db58-cc0f-43fb-8706-ddd877e08199 tempest-VolumesMetadataTest-801999449 None] ==> create_volume: call "{'self': , 'volume': Volume(_name_id=None,admin_metadata=,attach_status='detached',availability_zone='nova',bootable=False,cluster=,cluster_name=None,consistencygroup=,consistencygroup_id=None,created_at=2026-08-11T13:41:11Z,deleted=False,deleted_at=None,display_description=None,display_name='tempest-VolumesMetadataTest-Volume-1468448721',ec2_id=None,encryption_key_id=None,glance_metadata=,group=,group_id=None,host='devstack@QuobyteHD#QuobyteHD',id=f0273743-801e-4eb2-8156-5f957977f677,launched_at=None,metadata={},migration_status=None,multiattach=False,previous_status=None,project_id='5ee4f1ed7ce34d428aca9b2c999c2d94',provider_auth=None,provider_geometry=None,provider_id=None,provider_location=None,replication_driver_data=None,replication_extended_status=None,replication_status=None,scheduled_at=2026-08-11T13:41:12Z,service_uuid=None,shared_targets=True,size=1,snapshot_id=None,snapshots=,source_volid=None,status='creating',terminated_at=None,updated_at=2026-08-11T13:41:12Z,use_quota=True,user_id='09552669f2844d9eb0d53b6cb0459a19',volume_attachment=VolumeAttachmentList,volume_type=VolumeType(38b2f32d-fe5f-4576-8120-502d5c028b2a),volume_type_id=38b2f32d-fe5f-4576-8120-502d5c028b2a)}" {{(pid=94248) trace_logging_wrapper /opt/stack/cinder/cinder/volume/volume_utils.py:1497}}
Aug 11 15:41:13 devstack cinder-volume[94248]: DEBUG cinder.volume.drivers.remotefs [None req-29f9db58-cc0f-43fb-8706-ddd877e08199 tempest-VolumesMetadataTest-801999449 None] Creating volume f0273743-801e-4eb2-8156-5f957977f677 {{(pid=94248) create_volume /opt/stack/cinder/cinder/volume/drivers/remotefs.py:292}}
Aug 11 15:41:13 devstack cinder-volume[94248]: DEBUG oslo_concurrency.lockutils [None req-29f9db58-cc0f-43fb-8706-ddd877e08199 tempest-VolumesMetadataTest-801999449 None] Acquiring lock "quobyte_ensure" by "cinder.volume.drivers.quobyte.QuobyteDriver._ensure_shares_mounted" {{(pid=94248) inner /opt/stack/data/venv/lib/python3.12/site-packages/oslo_concurrency/lockutils.py:512}}
Aug 11 15:41:13 devstack cinder-volume[94248]: DEBUG oslo_concurrency.lockutils [None req-29f9db58-cc0f-43fb-8706-ddd877e08199 tempest-VolumesMetadataTest-801999449 None] Lock "quobyte_ensure" acquired by "cinder.volume.drivers.quobyte.QuobyteDriver._ensure_shares_mounted" :: waited 0.000s {{(pid=94248) inner /opt/stack/data/venv/lib/python3.12/site-packages/oslo_concurrency/lockutils.py:525}}
Aug 11 15:41:13 devstack cinder-volume[94248]: DEBUG cinder.volume.drivers.quobyte [None req-29f9db58-cc0f-43fb-8706-ddd877e08199 tempest-VolumesMetadataTest-801999449 None] Quobyte Volume URL set to: {'osci02.corp.quobyte.com/cinder-vol-b712c3e9-e756-4cad-8515-61ec158bede9': None} {{(pid=94248) _load_shares_config /opt/stack/cinder/cinder/volume/drivers/quobyte.py:665}}
Aug 11 15:41:13 devstack cinder-volume[94248]: DEBUG cinder.volume.drivers.quobyte [None req-29f9db58-cc0f-43fb-8706-ddd877e08199 tempest-VolumesMetadataTest-801999449 None] Available shares ['osci02.corp.quobyte.com/cinder-vol-b712c3e9-e756-4cad-8515-61ec158bede9'] {{(pid=94248) _ensure_shares_mounted /opt/stack/cinder/cinder/volume/drivers/quobyte.py:695}}
Aug 11 15:41:13 devstack cinder-volume[94248]: DEBUG oslo_concurrency.lockutils [None req-29f9db58-cc0f-43fb-8706-ddd877e08199 tempest-VolumesMetadataTest-801999449 None] Lock "quobyte_ensure" "released" by "cinder.volume.drivers.quobyte.QuobyteDriver._ensure_shares_mounted" :: held 0.010s {{(pid=94248) inner /opt/stack/data/venv/lib/python3.12/site-packages/oslo_concurrency/lockutils.py:544}}
Aug 11 15:41:13 devstack cinder-volume[94248]: DEBUG cinder.volume.drivers.quobyte [None req-29f9db58-cc0f-43fb-8706-ddd877e08199 tempest-VolumesMetadataTest-801999449 None] Selected osci02.corp.quobyte.com/cinder-vol-b712c3e9-e756-4cad-8515-61ec158bede9 as target Quobyte volume. {{(pid=94248) _find_share /opt/stack/cinder/cinder/volume/drivers/quobyte.py:716}}
Aug 11 15:41:13 devstack cinder-volume[94248]: INFO cinder.volume.drivers.remotefs [None req-29f9db58-cc0f-43fb-8706-ddd877e08199 tempest-VolumesMetadataTest-801999449 None] casted to osci02.corp.quobyte.com/cinder-vol-b712c3e9-e756-4cad-8515-61ec158bede9
Aug 11 15:41:13 devstack cinder-volume[94248]: DEBUG oslo_concurrency.processutils [None req-29f9db58-cc0f-43fb-8706-ddd877e08199 tempest-VolumesMetadataTest-801999449 None] Running cmd (subprocess): sudo cinder-rootwrap /etc/cinder/rootwrap.conf qemu-img create -f qcow2 -o preallocation=metadata /opt/stack/data/cinder/mnt/2ed9918697297ca2e392e6827d433fb9/volume-f0273743-801e-4eb2-8156-5f957977f677 1073741824 {{(pid=94248) execute /opt/stack/data/venv/lib/python3.12/site-packages/oslo_concurrency/processutils.py:440}}
Aug 11 15:41:13 devstack sudo[101489]: quobyte : PWD=/ ; USER=root ; COMMAND=/opt/stack/data/venv/bin/cinder-rootwrap /etc/cinder/rootwrap.conf qemu-img create -f qcow2 -o preallocation=metadata /opt/stack/data/cinder/mnt/2ed9918697297ca2e392e6827d433fb9/volume-f0273743-801e-4eb2-8156-5f957977f677 1073741824
Aug 11 15:41:13 devstack sudo[101489]: pam_unix(sudo:session): session opened for user root(uid=0) by (uid=1000)
Aug 11 15:41:13 devstack cinder-volume[94248]: INFO cinder.volume.manager [req-e78bcbd3-aefc-4ac9-bee5-b62f7c7eacb3 req-b5fa0869-b958-451c-a3d7-912b12a78c79 tempest-VolumesSnapshotsTestJSON-1912623632 None] Create snapshot completed successfully
Aug 11 15:41:14 devstack sudo[101489]: pam_unix(sudo:session): session closed for user root
Aug 11 15:41:14 devstack cinder-volume[94248]: DEBUG oslo_concurrency.processutils [None req-29f9db58-cc0f-43fb-8706-ddd877e08199 tempest-VolumesMetadataTest-801999449 None] CMD "sudo cinder-rootwrap /etc/cinder/rootwrap.conf qemu-img create -f qcow2 -o preallocation=metadata /opt/stack/data/cinder/mnt/2ed9918697297ca2e392e6827d433fb9/volume-f0273743-801e-4eb2-8156-5f957977f677 1073741824" returned: 0 in 0.444s {{(pid=94248) execute /opt/stack/data/venv/lib/python3.12/site-packages/oslo_concurrency/processutils.py:468}}
Aug 11 15:41:14 devstack cinder-volume[94248]: DEBUG oslo_concurrency.processutils [None req-29f9db58-cc0f-43fb-8706-ddd877e08199 tempest-VolumesMetadataTest-801999449 None] Running cmd (subprocess): sudo cinder-rootwrap /etc/cinder/rootwrap.conf chmod ugo+rw /opt/stack/data/cinder/mnt/2ed9918697297ca2e392e6827d433fb9/volume-f0273743-801e-4eb2-8156-5f957977f677 {{(pid=94248) execute /opt/stack/data/venv/lib/python3.12/site-packages/oslo_concurrency/processutils.py:440}}
Aug 11 15:41:14 devstack cinder-volume[94248]: DEBUG cinder.coordination [req-1a1b1c19-faad-44dd-b6dd-dc6c4e357470 req-abaf25c9-105c-4a2d-94cd-1bc843666b5e tempest-VolumesSnapshotsTestJSON-1912623632 None] Acquiring lock "cinder-87f6e0b8-dc19-4479-8cc7-32018656360e-delete_snapshot" by "delete_snapshot" {{(pid=94248) __acquire /opt/stack/cinder/cinder/coordination.py:138}}
Aug 11 15:41:14 devstack sudo[101495]: quobyte : PWD=/ ; USER=root ; COMMAND=/opt/stack/data/venv/bin/cinder-rootwrap /etc/cinder/rootwrap.conf chmod ugo+rw /opt/stack/data/cinder/mnt/2ed9918697297ca2e392e6827d433fb9/volume-f0273743-801e-4eb2-8156-5f957977f677
Aug 11 15:41:14 devstack sudo[101495]: pam_unix(sudo:session): session opened for user root(uid=0) by (uid=1000)
Aug 11 15:41:14 devstack cinder-volume[94248]: DEBUG cinder.coordination [req-1a1b1c19-faad-44dd-b6dd-dc6c4e357470 req-abaf25c9-105c-4a2d-94cd-1bc843666b5e tempest-VolumesSnapshotsTestJSON-1912623632 None] Lock "cinder-87f6e0b8-dc19-4479-8cc7-32018656360e-delete_snapshot" acquired by "delete_snapshot" :: waited 0.030s {{(pid=94248) __acquire /opt/stack/cinder/cinder/coordination.py:141}}
Aug 11 15:41:14 devstack cinder-volume[94248]: DEBUG cinder.coordination [req-1a1b1c19-faad-44dd-b6dd-dc6c4e357470 req-abaf25c9-105c-4a2d-94cd-1bc843666b5e tempest-VolumesSnapshotsTestJSON-1912623632 None] Acquiring lock "cinder-quobyte-52a9c6f2-f588-48c2-ae0d-eb69a232201d" by "delete_snapshot" {{(pid=94248) __acquire /opt/stack/cinder/cinder/coordination.py:138}}
Aug 11 15:41:14 devstack cinder-volume[94248]: DEBUG cinder.coordination [req-1a1b1c19-faad-44dd-b6dd-dc6c4e357470 req-abaf25c9-105c-4a2d-94cd-1bc843666b5e tempest-VolumesSnapshotsTestJSON-1912623632 None] Lock "cinder-quobyte-52a9c6f2-f588-48c2-ae0d-eb69a232201d" acquired by "delete_snapshot" :: waited 0.023s {{(pid=94248) __acquire /opt/stack/cinder/cinder/coordination.py:141}}
Aug 11 15:41:14 devstack cinder-volume[94248]: DEBUG cinder.coordination [req-1a1b1c19-faad-44dd-b6dd-dc6c4e357470 req-abaf25c9-105c-4a2d-94cd-1bc843666b5e tempest-VolumesSnapshotsTestJSON-1912623632 None] Acquiring lock "cinder-quobyte-87f6e0b8-dc19-4479-8cc7-32018656360e" by "_delete_snapshot" {{(pid=94248) __acquire /opt/stack/cinder/cinder/coordination.py:138}}
Aug 11 15:41:14 devstack cinder-volume[94248]: DEBUG cinder.coordination [req-1a1b1c19-faad-44dd-b6dd-dc6c4e357470 req-abaf25c9-105c-4a2d-94cd-1bc843666b5e tempest-VolumesSnapshotsTestJSON-1912623632 None] Lock "cinder-quobyte-87f6e0b8-dc19-4479-8cc7-32018656360e" acquired by "_delete_snapshot" :: waited 0.032s {{(pid=94248) __acquire /opt/stack/cinder/cinder/coordination.py:141}}
Aug 11 15:41:14 devstack cinder-volume[94248]: DEBUG cinder.volume.drivers.remotefs [req-1a1b1c19-faad-44dd-b6dd-dc6c4e357470 req-abaf25c9-105c-4a2d-94cd-1bc843666b5e tempest-VolumesSnapshotsTestJSON-1912623632 None] Deleting offline snapshot 87f6e0b8-dc19-4479-8cc7-32018656360e of volume 52a9c6f2-f588-48c2-ae0d-eb69a232201d {{(pid=94248) _delete_snapshot /opt/stack/cinder/cinder/volume/drivers/remotefs.py:1288}}
Aug 11 15:41:14 devstack cinder-volume[94248]: DEBUG cinder.volume.drivers.remotefs [req-1a1b1c19-faad-44dd-b6dd-dc6c4e357470 req-abaf25c9-105c-4a2d-94cd-1bc843666b5e tempest-VolumesSnapshotsTestJSON-1912623632 None] snapshot_file for this snap is: volume-52a9c6f2-f588-48c2-ae0d-eb69a232201d.87f6e0b8-dc19-4479-8cc7-32018656360e {{(pid=94248) _delete_snapshot /opt/stack/cinder/cinder/volume/drivers/remotefs.py:1317}}
Aug 11 15:41:14 devstack cinder-volume[94248]: DEBUG oslo.privsep.daemon [-] privsep: reply[ea271166-d404-4a66-89bb-59725a7d2bdb]: (4, 'qcow2') {{(pid=95460) _call_back /opt/stack/data/venv/lib/python3.12/site-packages/oslo_privsep/daemon.py:580}}
Aug 11 15:41:14 devstack cinder-volume[94248]: DEBUG oslo_concurrency.processutils [req-1a1b1c19-faad-44dd-b6dd-dc6c4e357470 req-abaf25c9-105c-4a2d-94cd-1bc843666b5e tempest-VolumesSnapshotsTestJSON-1912623632 None] Running cmd (subprocess): /opt/stack/data/venv/bin/python3.12 -m oslo_concurrency.prlimit --as=1073741824 --cpu=60 -- sudo cinder-rootwrap /etc/cinder/rootwrap.conf env LC_ALL=C qemu-img info -f qcow2 --output=json --force-share /opt/stack/data/cinder/mnt/2ed9918697297ca2e392e6827d433fb9/volume-52a9c6f2-f588-48c2-ae0d-eb69a232201d.87f6e0b8-dc19-4479-8cc7-32018656360e {{(pid=94248) execute /opt/stack/data/venv/lib/python3.12/site-packages/oslo_concurrency/processutils.py:440}}
Aug 11 15:41:14 devstack sudo[101497]: quobyte : PWD=/ ; USER=root ; COMMAND=/opt/stack/data/venv/bin/cinder-rootwrap /etc/cinder/rootwrap.conf env LC_ALL=C qemu-img info -f qcow2 --output=json --force-share /opt/stack/data/cinder/mnt/2ed9918697297ca2e392e6827d433fb9/volume-52a9c6f2-f588-48c2-ae0d-eb69a232201d.87f6e0b8-dc19-4479-8cc7-32018656360e
Aug 11 15:41:14 devstack sudo[101497]: pam_unix(sudo:session): session opened for user root(uid=0) by (uid=1000)
Aug 11 15:41:14 devstack sudo[101495]: pam_unix(sudo:session): session closed for user root
Aug 11 15:41:14 devstack cinder-volume[94248]: DEBUG oslo_concurrency.processutils [None req-29f9db58-cc0f-43fb-8706-ddd877e08199 tempest-VolumesMetadataTest-801999449 None] CMD "sudo cinder-rootwrap /etc/cinder/rootwrap.conf chmod ugo+rw /opt/stack/data/cinder/mnt/2ed9918697297ca2e392e6827d433fb9/volume-f0273743-801e-4eb2-8156-5f957977f677" returned: 0 in 0.297s {{(pid=94248) execute /opt/stack/data/venv/lib/python3.12/site-packages/oslo_concurrency/processutils.py:468}}
Aug 11 15:41:14 devstack cinder-volume[94248]: DEBUG cinder.volume.drivers.quobyte [None req-29f9db58-cc0f-43fb-8706-ddd877e08199 tempest-VolumesMetadataTest-801999449 None] <== create_volume: return (794ms) {'provider_location': 'osci02.corp.quobyte.com/cinder-vol-b712c3e9-e756-4cad-8515-61ec158bede9'} {{(pid=94248) trace_logging_wrapper /opt/stack/cinder/cinder/volume/volume_utils.py:1522}}
Aug 11 15:41:14 devstack cinder-volume[94248]: DEBUG oslo_concurrency.lockutils [None req-29f9db58-cc0f-43fb-8706-ddd877e08199 tempest-VolumesMetadataTest-801999449 None] Lock "quobyte" "released" by "cinder.volume.drivers.quobyte.QuobyteDriver.create_volume" :: held 0.799s {{(pid=94248) inner /opt/stack/data/venv/lib/python3.12/site-packages/oslo_concurrency/lockutils.py:544}}
Aug 11 15:41:14 devstack cinder-volume[94248]: DEBUG cinder.volume.manager [None req-29f9db58-cc0f-43fb-8706-ddd877e08199 tempest-VolumesMetadataTest-801999449 None] Task 'cinder.volume.flows.manager.create_volume.CreateVolumeFromSpecTask;volume:create' (c1697d0c-ea4e-43b0-a6ac-4e2fde0075ae) transitioned into state 'SUCCESS' from state 'RUNNING' with result '{'status': 'creating', 'volume_name': 'volume-f0273743-801e-4eb2-8156-5f957977f677', 'volume_size': 1}' {{(pid=94248) _task_receiver /opt/stack/data/venv/lib/python3.12/site-packages/taskflow/listeners/logging.py:218}}
Aug 11 15:41:14 devstack cinder-volume[94248]: DEBUG cinder.volume.manager [None req-29f9db58-cc0f-43fb-8706-ddd877e08199 tempest-VolumesMetadataTest-801999449 None] Task 'cinder.volume.flows.manager.create_volume.CreateVolumeOnFinishTask;volume:create, create.end' (72f85217-1459-4de7-957a-ff9a527d3cec) transitioned into state 'RUNNING' from state 'PENDING' {{(pid=94248) _task_receiver /opt/stack/data/venv/lib/python3.12/site-packages/taskflow/listeners/logging.py:242}}
Aug 11 15:41:14 devstack cinder-volume[94248]: INFO cinder.volume.flows.manager.create_volume [None req-29f9db58-cc0f-43fb-8706-ddd877e08199 tempest-VolumesMetadataTest-801999449 None] Volume volume-f0273743-801e-4eb2-8156-5f957977f677 (f0273743-801e-4eb2-8156-5f957977f677): created successfully
Aug 11 15:41:14 devstack cinder-volume[94248]: DEBUG cinder.volume.manager [None req-29f9db58-cc0f-43fb-8706-ddd877e08199 tempest-VolumesMetadataTest-801999449 None] Task 'cinder.volume.flows.manager.create_volume.CreateVolumeOnFinishTask;volume:create, create.end' (72f85217-1459-4de7-957a-ff9a527d3cec) transitioned into state 'SUCCESS' from state 'RUNNING' with result 'None' {{(pid=94248) _task_receiver /opt/stack/data/venv/lib/python3.12/site-packages/taskflow/listeners/logging.py:218}}
Aug 11 15:41:14 devstack cinder-volume[94248]: DEBUG cinder.volume.manager [None req-29f9db58-cc0f-43fb-8706-ddd877e08199 tempest-VolumesMetadataTest-801999449 None] Flow 'volume_create_manager' (e91b2a8a-0f69-445d-8ce0-9df6182d9f02) transitioned into state 'SUCCESS' from state 'RUNNING' {{(pid=94248) _flow_receiver /opt/stack/data/venv/lib/python3.12/site-packages/taskflow/listeners/logging.py:160}}
Aug 11 15:41:14 devstack cinder-volume[94248]: INFO cinder.volume.manager [None req-29f9db58-cc0f-43fb-8706-ddd877e08199 tempest-VolumesMetadataTest-801999449 None] Created volume successfully.
Aug 11 15:41:14 devstack sudo[101497]: pam_unix(sudo:session): session closed for user root
Aug 11 15:41:14 devstack cinder-volume[94248]: DEBUG oslo_concurrency.processutils [req-1a1b1c19-faad-44dd-b6dd-dc6c4e357470 req-abaf25c9-105c-4a2d-94cd-1bc843666b5e tempest-VolumesSnapshotsTestJSON-1912623632 None] CMD "/opt/stack/data/venv/bin/python3.12 -m oslo_concurrency.prlimit --as=1073741824 --cpu=60 -- sudo cinder-rootwrap /etc/cinder/rootwrap.conf env LC_ALL=C qemu-img info -f qcow2 --output=json --force-share /opt/stack/data/cinder/mnt/2ed9918697297ca2e392e6827d433fb9/volume-52a9c6f2-f588-48c2-ae0d-eb69a232201d.87f6e0b8-dc19-4479-8cc7-32018656360e" returned: 0 in 0.401s {{(pid=94248) execute /opt/stack/data/venv/lib/python3.12/site-packages/oslo_concurrency/processutils.py:468}}
Aug 11 15:41:14 devstack cinder-volume[94248]: DEBUG cinder.volume.drivers.remotefs [req-1a1b1c19-faad-44dd-b6dd-dc6c4e357470 req-abaf25c9-105c-4a2d-94cd-1bc843666b5e tempest-VolumesSnapshotsTestJSON-1912623632 None] Fetching qemu-img info with special backing_file_template: (/opt/stack/data/cinder/mnt/[0-9a-f]+/)?(volume-52a9c6f2-f588-48c2-ae0d-eb69a232201d(.(tmp-snap-)?[0-9a-f-]+)?|volume_from_snapshot_cache/(tmp-snap-)?[0-9a-f-]+(.(child-|parent-)[0-9a-f-]+)?)$ {{(pid=94248) _qemu_img_info_base /opt/stack/cinder/cinder/volume/drivers/remotefs.py:896}}
Aug 11 15:41:14 devstack cinder-volume[94248]: DEBUG oslo.privsep.daemon [-] privsep: reply[aea217d8-1fbb-4901-9055-58c34df10434]: (4, 'qcow2') {{(pid=95460) _call_back /opt/stack/data/venv/lib/python3.12/site-packages/oslo_privsep/daemon.py:580}}
Aug 11 15:41:14 devstack cinder-volume[94248]: DEBUG oslo_concurrency.processutils [req-1a1b1c19-faad-44dd-b6dd-dc6c4e357470 req-abaf25c9-105c-4a2d-94cd-1bc843666b5e tempest-VolumesSnapshotsTestJSON-1912623632 None] Running cmd (subprocess): /opt/stack/data/venv/bin/python3.12 -m oslo_concurrency.prlimit --as=1073741824 --cpu=60 -- sudo cinder-rootwrap /etc/cinder/rootwrap.conf env LC_ALL=C qemu-img info -f qcow2 --output=json --force-share /opt/stack/data/cinder/mnt/2ed9918697297ca2e392e6827d433fb9/volume-52a9c6f2-f588-48c2-ae0d-eb69a232201d {{(pid=94248) execute /opt/stack/data/venv/lib/python3.12/site-packages/oslo_concurrency/processutils.py:440}}
Aug 11 15:41:15 devstack sudo[101503]: quobyte : PWD=/ ; USER=root ; COMMAND=/opt/stack/data/venv/bin/cinder-rootwrap /etc/cinder/rootwrap.conf env LC_ALL=C qemu-img info -f qcow2 --output=json --force-share /opt/stack/data/cinder/mnt/2ed9918697297ca2e392e6827d433fb9/volume-52a9c6f2-f588-48c2-ae0d-eb69a232201d
Aug 11 15:41:15 devstack sudo[101503]: pam_unix(sudo:session): session opened for user root(uid=0) by (uid=1000)
Aug 11 15:41:15 devstack sudo[101503]: pam_unix(sudo:session): session closed for user root
Aug 11 15:41:15 devstack cinder-volume[94248]: DEBUG oslo_concurrency.processutils [req-1a1b1c19-faad-44dd-b6dd-dc6c4e357470 req-abaf25c9-105c-4a2d-94cd-1bc843666b5e tempest-VolumesSnapshotsTestJSON-1912623632 None] CMD "/opt/stack/data/venv/bin/python3.12 -m oslo_concurrency.prlimit --as=1073741824 --cpu=60 -- sudo cinder-rootwrap /etc/cinder/rootwrap.conf env LC_ALL=C qemu-img info -f qcow2 --output=json --force-share /opt/stack/data/cinder/mnt/2ed9918697297ca2e392e6827d433fb9/volume-52a9c6f2-f588-48c2-ae0d-eb69a232201d" returned: 0 in 0.436s {{(pid=94248) execute /opt/stack/data/venv/lib/python3.12/site-packages/oslo_concurrency/processutils.py:468}}
Aug 11 15:41:15 devstack cinder-volume[94248]: DEBUG oslo_concurrency.processutils [req-1a1b1c19-faad-44dd-b6dd-dc6c4e357470 req-abaf25c9-105c-4a2d-94cd-1bc843666b5e tempest-VolumesSnapshotsTestJSON-1912623632 None] Running cmd (subprocess): sudo cinder-rootwrap /etc/cinder/rootwrap.conf qemu-img commit -d /opt/stack/data/cinder/mnt/2ed9918697297ca2e392e6827d433fb9/volume-52a9c6f2-f588-48c2-ae0d-eb69a232201d.87f6e0b8-dc19-4479-8cc7-32018656360e {{(pid=94248) execute /opt/stack/data/venv/lib/python3.12/site-packages/oslo_concurrency/processutils.py:440}}
Aug 11 15:41:15 devstack sudo[101508]: quobyte : PWD=/ ; USER=root ; COMMAND=/opt/stack/data/venv/bin/cinder-rootwrap /etc/cinder/rootwrap.conf qemu-img commit -d /opt/stack/data/cinder/mnt/2ed9918697297ca2e392e6827d433fb9/volume-52a9c6f2-f588-48c2-ae0d-eb69a232201d.87f6e0b8-dc19-4479-8cc7-32018656360e
Aug 11 15:41:15 devstack sudo[101508]: pam_unix(sudo:session): session opened for user root(uid=0) by (uid=1000)
Aug 11 15:41:15 devstack sudo[101508]: pam_unix(sudo:session): session closed for user root
Aug 11 15:41:15 devstack cinder-volume[94248]: DEBUG oslo_concurrency.processutils [req-1a1b1c19-faad-44dd-b6dd-dc6c4e357470 req-abaf25c9-105c-4a2d-94cd-1bc843666b5e tempest-VolumesSnapshotsTestJSON-1912623632 None] CMD "sudo cinder-rootwrap /etc/cinder/rootwrap.conf qemu-img commit -d /opt/stack/data/cinder/mnt/2ed9918697297ca2e392e6827d433fb9/volume-52a9c6f2-f588-48c2-ae0d-eb69a232201d.87f6e0b8-dc19-4479-8cc7-32018656360e" returned: 0 in 0.369s {{(pid=94248) execute /opt/stack/data/venv/lib/python3.12/site-packages/oslo_concurrency/processutils.py:468}}
Aug 11 15:41:15 devstack cinder-volume[94248]: DEBUG oslo_concurrency.processutils [req-1a1b1c19-faad-44dd-b6dd-dc6c4e357470 req-abaf25c9-105c-4a2d-94cd-1bc843666b5e tempest-VolumesSnapshotsTestJSON-1912623632 None] Running cmd (subprocess): sudo cinder-rootwrap /etc/cinder/rootwrap.conf rm -f /opt/stack/data/cinder/mnt/2ed9918697297ca2e392e6827d433fb9/volume-52a9c6f2-f588-48c2-ae0d-eb69a232201d.87f6e0b8-dc19-4479-8cc7-32018656360e {{(pid=94248) execute /opt/stack/data/venv/lib/python3.12/site-packages/oslo_concurrency/processutils.py:440}}
Aug 11 15:41:15 devstack sudo[101513]: quobyte : PWD=/ ; USER=root ; COMMAND=/opt/stack/data/venv/bin/cinder-rootwrap /etc/cinder/rootwrap.conf rm -f /opt/stack/data/cinder/mnt/2ed9918697297ca2e392e6827d433fb9/volume-52a9c6f2-f588-48c2-ae0d-eb69a232201d.87f6e0b8-dc19-4479-8cc7-32018656360e
Aug 11 15:41:15 devstack sudo[101513]: pam_unix(sudo:session): session opened for user root(uid=0) by (uid=1000)
Aug 11 15:41:15 devstack cinder-volume[94248]: DEBUG cinder.coordination [None req-60d8ac96-b437-4a4b-b48f-d630ba0e833e tempest-VolumesMetadataTest-801999449 None] Acquiring lock "cinder-f0273743-801e-4eb2-8156-5f957977f677-delete_volume" by "delete_volume" {{(pid=94248) __acquire /opt/stack/cinder/cinder/coordination.py:138}}
Aug 11 15:41:15 devstack cinder-volume[94248]: DEBUG cinder.coordination [None req-60d8ac96-b437-4a4b-b48f-d630ba0e833e tempest-VolumesMetadataTest-801999449 None] Lock "cinder-f0273743-801e-4eb2-8156-5f957977f677-delete_volume" acquired by "delete_volume" :: waited 0.026s {{(pid=94248) __acquire /opt/stack/cinder/cinder/coordination.py:141}}
Aug 11 15:41:15 devstack cinder-volume[94248]: DEBUG cinder.coordination [None req-60d8ac96-b437-4a4b-b48f-d630ba0e833e tempest-VolumesMetadataTest-801999449 None] Acquiring lock "cinder-quobyte-f0273743-801e-4eb2-8156-5f957977f677" by "delete_volume" {{(pid=94248) __acquire /opt/stack/cinder/cinder/coordination.py:138}}
Aug 11 15:41:15 devstack cinder-volume[94248]: DEBUG cinder.coordination [None req-60d8ac96-b437-4a4b-b48f-d630ba0e833e tempest-VolumesMetadataTest-801999449 None] Lock "cinder-quobyte-f0273743-801e-4eb2-8156-5f957977f677" acquired by "delete_volume" :: waited 0.017s {{(pid=94248) __acquire /opt/stack/cinder/cinder/coordination.py:141}}
Aug 11 15:41:15 devstack cinder-volume[94248]: DEBUG oslo.privsep.daemon [-] privsep: reply[5e8113bb-291c-4137-8928-063ec918efd8]: (4, 'qcow2') {{(pid=95460) _call_back /opt/stack/data/venv/lib/python3.12/site-packages/oslo_privsep/daemon.py:580}}
Aug 11 15:41:15 devstack cinder-volume[94248]: DEBUG oslo_concurrency.processutils [None req-60d8ac96-b437-4a4b-b48f-d630ba0e833e tempest-VolumesMetadataTest-801999449 None] Running cmd (subprocess): /opt/stack/data/venv/bin/python3.12 -m oslo_concurrency.prlimit --as=1073741824 --cpu=60 -- sudo cinder-rootwrap /etc/cinder/rootwrap.conf env LC_ALL=C qemu-img info -f qcow2 --output=json --force-share /opt/stack/data/cinder/mnt/2ed9918697297ca2e392e6827d433fb9/volume-f0273743-801e-4eb2-8156-5f957977f677 {{(pid=94248) execute /opt/stack/data/venv/lib/python3.12/site-packages/oslo_concurrency/processutils.py:440}}
Aug 11 15:41:16 devstack sudo[101513]: pam_unix(sudo:session): session closed for user root
Aug 11 15:41:16 devstack cinder-volume[94248]: DEBUG oslo_concurrency.processutils [req-1a1b1c19-faad-44dd-b6dd-dc6c4e357470 req-abaf25c9-105c-4a2d-94cd-1bc843666b5e tempest-VolumesSnapshotsTestJSON-1912623632 None] CMD "sudo cinder-rootwrap /etc/cinder/rootwrap.conf rm -f /opt/stack/data/cinder/mnt/2ed9918697297ca2e392e6827d433fb9/volume-52a9c6f2-f588-48c2-ae0d-eb69a232201d.87f6e0b8-dc19-4479-8cc7-32018656360e" returned: 0 in 0.285s {{(pid=94248) execute /opt/stack/data/venv/lib/python3.12/site-packages/oslo_concurrency/processutils.py:468}}
Aug 11 15:41:16 devstack sudo[101515]: quobyte : PWD=/ ; USER=root ; COMMAND=/opt/stack/data/venv/bin/cinder-rootwrap /etc/cinder/rootwrap.conf env LC_ALL=C qemu-img info -f qcow2 --output=json --force-share /opt/stack/data/cinder/mnt/2ed9918697297ca2e392e6827d433fb9/volume-f0273743-801e-4eb2-8156-5f957977f677
Aug 11 15:41:16 devstack sudo[101515]: pam_unix(sudo:session): session opened for user root(uid=0) by (uid=1000)
Aug 11 15:41:16 devstack cinder-volume[94248]: DEBUG cinder.coordination [req-1a1b1c19-faad-44dd-b6dd-dc6c4e357470 req-abaf25c9-105c-4a2d-94cd-1bc843666b5e tempest-VolumesSnapshotsTestJSON-1912623632 None] Lock "cinder-quobyte-87f6e0b8-dc19-4479-8cc7-32018656360e" released by "_delete_snapshot" :: held 1.652s {{(pid=94248) __release /opt/stack/cinder/cinder/coordination.py:152}}
Aug 11 15:41:16 devstack cinder-volume[94248]: DEBUG cinder.coordination [req-1a1b1c19-faad-44dd-b6dd-dc6c4e357470 req-abaf25c9-105c-4a2d-94cd-1bc843666b5e tempest-VolumesSnapshotsTestJSON-1912623632 None] Lock "cinder-quobyte-52a9c6f2-f588-48c2-ae0d-eb69a232201d" released by "delete_snapshot" :: held 1.693s {{(pid=94248) __release /opt/stack/cinder/cinder/coordination.py:152}}
Aug 11 15:41:16 devstack cinder-volume[94248]: DEBUG cinder.quota [req-1a1b1c19-faad-44dd-b6dd-dc6c4e357470 req-abaf25c9-105c-4a2d-94cd-1bc843666b5e tempest-VolumesSnapshotsTestJSON-1912623632 None] Created reservations ['b644ad46-c2ae-47a0-bfd7-ec8f484435c9', 'ec9b6b48-3906-4cc3-bb4e-39190629ec55', '2ebe5315-2c2a-4c7b-830a-8c60edf98f1f', '50025e9e-e83d-4f29-8bd4-5ee083bef799'] {{(pid=94248) reserve /opt/stack/cinder/cinder/quota.py:752}}
Aug 11 15:41:16 devstack cinder-volume[94248]: INFO cinder.volume.manager [req-1a1b1c19-faad-44dd-b6dd-dc6c4e357470 req-abaf25c9-105c-4a2d-94cd-1bc843666b5e tempest-VolumesSnapshotsTestJSON-1912623632 None] Delete snapshot completed successfully.
Aug 11 15:41:16 devstack cinder-volume[94248]: DEBUG cinder.coordination [req-1a1b1c19-faad-44dd-b6dd-dc6c4e357470 req-abaf25c9-105c-4a2d-94cd-1bc843666b5e tempest-VolumesSnapshotsTestJSON-1912623632 None] Lock "cinder-87f6e0b8-dc19-4479-8cc7-32018656360e-delete_snapshot" released by "delete_snapshot" :: held 1.857s {{(pid=94248) __release /opt/stack/cinder/cinder/coordination.py:152}}
Aug 11 15:41:16 devstack sudo[101515]: pam_unix(sudo:session): session closed for user root
Aug 11 15:41:16 devstack cinder-volume[94248]: DEBUG oslo_concurrency.processutils [None req-60d8ac96-b437-4a4b-b48f-d630ba0e833e tempest-VolumesMetadataTest-801999449 None] CMD "/opt/stack/data/venv/bin/python3.12 -m oslo_concurrency.prlimit --as=1073741824 --cpu=60 -- sudo cinder-rootwrap /etc/cinder/rootwrap.conf env LC_ALL=C qemu-img info -f qcow2 --output=json --force-share /opt/stack/data/cinder/mnt/2ed9918697297ca2e392e6827d433fb9/volume-f0273743-801e-4eb2-8156-5f957977f677" returned: 0 in 0.394s {{(pid=94248) execute /opt/stack/data/venv/lib/python3.12/site-packages/oslo_concurrency/processutils.py:468}}
Aug 11 15:41:16 devstack cinder-volume[94248]: DEBUG oslo_concurrency.processutils [None req-60d8ac96-b437-4a4b-b48f-d630ba0e833e tempest-VolumesMetadataTest-801999449 None] Running cmd (subprocess): sudo cinder-rootwrap /etc/cinder/rootwrap.conf rm -f /opt/stack/data/cinder/mnt/2ed9918697297ca2e392e6827d433fb9/volume-f0273743-801e-4eb2-8156-5f957977f677 {{(pid=94248) execute /opt/stack/data/venv/lib/python3.12/site-packages/oslo_concurrency/processutils.py:440}}
Aug 11 15:41:16 devstack sudo[101521]: quobyte : PWD=/ ; USER=root ; COMMAND=/opt/stack/data/venv/bin/cinder-rootwrap /etc/cinder/rootwrap.conf rm -f /opt/stack/data/cinder/mnt/2ed9918697297ca2e392e6827d433fb9/volume-f0273743-801e-4eb2-8156-5f957977f677
Aug 11 15:41:16 devstack sudo[101521]: pam_unix(sudo:session): session opened for user root(uid=0) by (uid=1000)
Aug 11 15:41:16 devstack sudo[101521]: pam_unix(sudo:session): session closed for user root
Aug 11 15:41:16 devstack cinder-volume[94248]: DEBUG oslo_concurrency.processutils [None req-60d8ac96-b437-4a4b-b48f-d630ba0e833e tempest-VolumesMetadataTest-801999449 None] CMD "sudo cinder-rootwrap /etc/cinder/rootwrap.conf rm -f /opt/stack/data/cinder/mnt/2ed9918697297ca2e392e6827d433fb9/volume-f0273743-801e-4eb2-8156-5f957977f677" returned: 0 in 0.246s {{(pid=94248) execute /opt/stack/data/venv/lib/python3.12/site-packages/oslo_concurrency/processutils.py:468}}
Aug 11 15:41:16 devstack cinder-volume[94248]: DEBUG cinder.coordination [None req-60d8ac96-b437-4a4b-b48f-d630ba0e833e tempest-VolumesMetadataTest-801999449 None] Lock "cinder-quobyte-f0273743-801e-4eb2-8156-5f957977f677" released by "delete_volume" :: held 0.697s {{(pid=94248) __release /opt/stack/cinder/cinder/coordination.py:152}}
Aug 11 15:41:16 devstack cinder-volume[94248]: DEBUG cinder.quota [None req-60d8ac96-b437-4a4b-b48f-d630ba0e833e tempest-VolumesMetadataTest-801999449 None] Created reservations ['5fe63ced-eefb-41f9-9ba9-171cf9db716e', '3e42490c-cd7a-4d47-a294-f196b01086f9', 'a5653688-a438-48b2-aed4-c251624e4c5d', 'ce66aca0-0381-4de5-8045-904d5e7d8221'] {{(pid=94248) reserve /opt/stack/cinder/cinder/quota.py:752}}
Aug 11 15:41:16 devstack cinder-volume[94248]: DEBUG cinder.coordination [req-ad644cb4-3d0e-4c2a-b9d3-3223553f1be2 req-c64585b5-adf7-43d0-9733-ec34c96a8256 tempest-VolumesSnapshotsTestJSON-1912623632 None] Acquiring lock "cinder-52a9c6f2-f588-48c2-ae0d-eb69a232201d-delete_volume" by "delete_volume" {{(pid=94248) __acquire /opt/stack/cinder/cinder/coordination.py:138}}
Aug 11 15:41:16 devstack cinder-volume[94248]: DEBUG cinder.coordination [req-ad644cb4-3d0e-4c2a-b9d3-3223553f1be2 req-c64585b5-adf7-43d0-9733-ec34c96a8256 tempest-VolumesSnapshotsTestJSON-1912623632 None] Lock "cinder-52a9c6f2-f588-48c2-ae0d-eb69a232201d-delete_volume" acquired by "delete_volume" :: waited 0.028s {{(pid=94248) __acquire /opt/stack/cinder/cinder/coordination.py:141}}
Aug 11 15:41:16 devstack cinder-volume[94248]: DEBUG oslo_concurrency.lockutils [None req-60d8ac96-b437-4a4b-b48f-d630ba0e833e tempest-VolumesMetadataTest-801999449 None] Acquiring lock "quobyte_ensure" by "cinder.volume.drivers.quobyte.QuobyteDriver._ensure_shares_mounted" {{(pid=94248) inner /opt/stack/data/venv/lib/python3.12/site-packages/oslo_concurrency/lockutils.py:512}}
Aug 11 15:41:16 devstack cinder-volume[94248]: DEBUG oslo_concurrency.lockutils [None req-60d8ac96-b437-4a4b-b48f-d630ba0e833e tempest-VolumesMetadataTest-801999449 None] Lock "quobyte_ensure" acquired by "cinder.volume.drivers.quobyte.QuobyteDriver._ensure_shares_mounted" :: waited 0.001s {{(pid=94248) inner /opt/stack/data/venv/lib/python3.12/site-packages/oslo_concurrency/lockutils.py:525}}
Aug 11 15:41:16 devstack cinder-volume[94248]: DEBUG cinder.volume.drivers.quobyte [None req-60d8ac96-b437-4a4b-b48f-d630ba0e833e tempest-VolumesMetadataTest-801999449 None] Quobyte Volume URL set to: {'osci02.corp.quobyte.com/cinder-vol-b712c3e9-e756-4cad-8515-61ec158bede9': None} {{(pid=94248) _load_shares_config /opt/stack/cinder/cinder/volume/drivers/quobyte.py:665}}
Aug 11 15:41:16 devstack cinder-volume[94248]: DEBUG cinder.volume.drivers.quobyte [None req-60d8ac96-b437-4a4b-b48f-d630ba0e833e tempest-VolumesMetadataTest-801999449 None] Available shares ['osci02.corp.quobyte.com/cinder-vol-b712c3e9-e756-4cad-8515-61ec158bede9'] {{(pid=94248) _ensure_shares_mounted /opt/stack/cinder/cinder/volume/drivers/quobyte.py:695}}
Aug 11 15:41:16 devstack cinder-volume[94248]: DEBUG oslo_concurrency.lockutils [None req-60d8ac96-b437-4a4b-b48f-d630ba0e833e tempest-VolumesMetadataTest-801999449 None] Lock "quobyte_ensure" "released" by "cinder.volume.drivers.quobyte.QuobyteDriver._ensure_shares_mounted" :: held 0.006s {{(pid=94248) inner /opt/stack/data/venv/lib/python3.12/site-packages/oslo_concurrency/lockutils.py:544}}
Aug 11 15:41:16 devstack cinder-volume[94248]: DEBUG oslo_concurrency.processutils [None req-60d8ac96-b437-4a4b-b48f-d630ba0e833e tempest-VolumesMetadataTest-801999449 None] Running cmd (subprocess): sudo cinder-rootwrap /etc/cinder/rootwrap.conf df --portability --block-size 1 /opt/stack/data/cinder/mnt/2ed9918697297ca2e392e6827d433fb9 {{(pid=94248) execute /opt/stack/data/venv/lib/python3.12/site-packages/oslo_concurrency/processutils.py:440}}
Aug 11 15:41:16 devstack cinder-volume[94248]: DEBUG cinder.coordination [req-ad644cb4-3d0e-4c2a-b9d3-3223553f1be2 req-c64585b5-adf7-43d0-9733-ec34c96a8256 tempest-VolumesSnapshotsTestJSON-1912623632 None] Acquiring lock "cinder-quobyte-52a9c6f2-f588-48c2-ae0d-eb69a232201d" by "delete_volume" {{(pid=94248) __acquire /opt/stack/cinder/cinder/coordination.py:138}}
Aug 11 15:41:16 devstack sudo[101527]: quobyte : PWD=/ ; USER=root ; COMMAND=/opt/stack/data/venv/bin/cinder-rootwrap /etc/cinder/rootwrap.conf df --portability --block-size 1 /opt/stack/data/cinder/mnt/2ed9918697297ca2e392e6827d433fb9
Aug 11 15:41:16 devstack sudo[101527]: pam_unix(sudo:session): session opened for user root(uid=0) by (uid=1000)
Aug 11 15:41:16 devstack cinder-volume[94248]: DEBUG cinder.coordination [req-ad644cb4-3d0e-4c2a-b9d3-3223553f1be2 req-c64585b5-adf7-43d0-9733-ec34c96a8256 tempest-VolumesSnapshotsTestJSON-1912623632 None] Lock "cinder-quobyte-52a9c6f2-f588-48c2-ae0d-eb69a232201d" acquired by "delete_volume" :: waited 0.019s {{(pid=94248) __acquire /opt/stack/cinder/cinder/coordination.py:141}}
Aug 11 15:41:16 devstack cinder-volume[94248]: DEBUG oslo.privsep.daemon [-] privsep: reply[e7b5e5c0-26e0-4938-b7d6-f4ce045ac909]: (4, 'qcow2') {{(pid=95460) _call_back /opt/stack/data/venv/lib/python3.12/site-packages/oslo_privsep/daemon.py:580}}
Aug 11 15:41:16 devstack cinder-volume[94248]: DEBUG oslo_concurrency.processutils [req-ad644cb4-3d0e-4c2a-b9d3-3223553f1be2 req-c64585b5-adf7-43d0-9733-ec34c96a8256 tempest-VolumesSnapshotsTestJSON-1912623632 None] Running cmd (subprocess): /opt/stack/data/venv/bin/python3.12 -m oslo_concurrency.prlimit --as=1073741824 --cpu=60 -- sudo cinder-rootwrap /etc/cinder/rootwrap.conf env LC_ALL=C qemu-img info -f qcow2 --output=json --force-share /opt/stack/data/cinder/mnt/2ed9918697297ca2e392e6827d433fb9/volume-52a9c6f2-f588-48c2-ae0d-eb69a232201d {{(pid=94248) execute /opt/stack/data/venv/lib/python3.12/site-packages/oslo_concurrency/processutils.py:440}}
Aug 11 15:41:16 devstack sudo[101529]: quobyte : PWD=/ ; USER=root ; COMMAND=/opt/stack/data/venv/bin/cinder-rootwrap /etc/cinder/rootwrap.conf env LC_ALL=C qemu-img info -f qcow2 --output=json --force-share /opt/stack/data/cinder/mnt/2ed9918697297ca2e392e6827d433fb9/volume-52a9c6f2-f588-48c2-ae0d-eb69a232201d
Aug 11 15:41:16 devstack sudo[101529]: pam_unix(sudo:session): session opened for user root(uid=0) by (uid=1000)
Aug 11 15:41:17 devstack sudo[101527]: pam_unix(sudo:session): session closed for user root
Aug 11 15:41:17 devstack cinder-volume[94248]: DEBUG oslo_concurrency.processutils [None req-60d8ac96-b437-4a4b-b48f-d630ba0e833e tempest-VolumesMetadataTest-801999449 None] CMD "sudo cinder-rootwrap /etc/cinder/rootwrap.conf df --portability --block-size 1 /opt/stack/data/cinder/mnt/2ed9918697297ca2e392e6827d433fb9" returned: 0 in 0.287s {{(pid=94248) execute /opt/stack/data/venv/lib/python3.12/site-packages/oslo_concurrency/processutils.py:468}}
Aug 11 15:41:17 devstack cinder-volume[94248]: DEBUG cinder.manager [None req-60d8ac96-b437-4a4b-b48f-d630ba0e833e tempest-VolumesMetadataTest-801999449 None] Notifying Schedulers of capabilities ... {{(pid=94248) _publish_service_capabilities /opt/stack/cinder/cinder/manager.py:219}}
Aug 11 15:41:17 devstack cinder-volume[94248]: INFO cinder.volume.manager [None req-60d8ac96-b437-4a4b-b48f-d630ba0e833e tempest-VolumesMetadataTest-801999449 None] Deleted volume successfully.
Aug 11 15:41:17 devstack cinder-volume[94248]: DEBUG cinder.coordination [None req-60d8ac96-b437-4a4b-b48f-d630ba0e833e tempest-VolumesMetadataTest-801999449 None] Lock "cinder-f0273743-801e-4eb2-8156-5f957977f677-delete_volume" released by "delete_volume" :: held 1.301s {{(pid=94248) __release /opt/stack/cinder/cinder/coordination.py:152}}
Aug 11 15:41:17 devstack sudo[101529]: pam_unix(sudo:session): session closed for user root
Aug 11 15:41:17 devstack cinder-volume[94248]: DEBUG oslo_concurrency.processutils [req-ad644cb4-3d0e-4c2a-b9d3-3223553f1be2 req-c64585b5-adf7-43d0-9733-ec34c96a8256 tempest-VolumesSnapshotsTestJSON-1912623632 None] CMD "/opt/stack/data/venv/bin/python3.12 -m oslo_concurrency.prlimit --as=1073741824 --cpu=60 -- sudo cinder-rootwrap /etc/cinder/rootwrap.conf env LC_ALL=C qemu-img info -f qcow2 --output=json --force-share /opt/stack/data/cinder/mnt/2ed9918697297ca2e392e6827d433fb9/volume-52a9c6f2-f588-48c2-ae0d-eb69a232201d" returned: 0 in 0.485s {{(pid=94248) execute /opt/stack/data/venv/lib/python3.12/site-packages/oslo_concurrency/processutils.py:468}}
Aug 11 15:41:17 devstack cinder-volume[94248]: DEBUG oslo_concurrency.processutils [req-ad644cb4-3d0e-4c2a-b9d3-3223553f1be2 req-c64585b5-adf7-43d0-9733-ec34c96a8256 tempest-VolumesSnapshotsTestJSON-1912623632 None] Running cmd (subprocess): sudo cinder-rootwrap /etc/cinder/rootwrap.conf rm -f /opt/stack/data/cinder/mnt/2ed9918697297ca2e392e6827d433fb9/volume-52a9c6f2-f588-48c2-ae0d-eb69a232201d {{(pid=94248) execute /opt/stack/data/venv/lib/python3.12/site-packages/oslo_concurrency/processutils.py:440}}
