Jan 06 10:46:04 devstack devstack@g-api.service[73098]: DEBUG glance.common.config [None req-16edb432-1f02-474e-837f-ed91c15943bf None None] barbican_service_user.cafile = None {{(pid=73098) log_opt_values /opt/stack/data/venv/lib/python3.10/site-packages/oslo_config/cfg.py:2824}}
Jan 06 10:46:04 devstack devstack@g-api.service[73098]: DEBUG glance.common.config [None req-16edb432-1f02-474e-837f-ed91c15943bf None None] barbican_service_user.certfile = None {{(pid=73098) log_opt_values /opt/stack/data/venv/lib/python3.10/site-packages/oslo_config/cfg.py:2824}}
Jan 06 10:46:04 devstack devstack@g-api.service[73098]: DEBUG glance.common.config [None req-16edb432-1f02-474e-837f-ed91c15943bf None None] barbican_service_user.collect_timing = False {{(pid=73098) log_opt_values /opt/stack/data/venv/lib/python3.10/site-packages/oslo_config/cfg.py:2824}}
Jan 06 10:46:04 devstack devstack@g-api.service[73098]: DEBUG glance.common.config [None req-16edb432-1f02-474e-837f-ed91c15943bf None None] barbican_service_user.insecure = False {{(pid=73098) log_opt_values /opt/stack/data/venv/lib/python3.10/site-packages/oslo_config/cfg.py:2824}}
Jan 06 10:46:04 devstack devstack@g-api.service[73098]: DEBUG glance.common.config [None req-16edb432-1f02-474e-837f-ed91c15943bf None None] barbican_service_user.keyfile = None {{(pid=73098) log_opt_values /opt/stack/data/venv/lib/python3.10/site-packages/oslo_config/cfg.py:2824}}
Jan 06 10:46:04 devstack devstack@g-api.service[73098]: DEBUG glance.common.config [None req-16edb432-1f02-474e-837f-ed91c15943bf None None] barbican_service_user.split_loggers = False {{(pid=73098) log_opt_values /opt/stack/data/venv/lib/python3.10/site-packages/oslo_config/cfg.py:2824}}
Jan 06 10:46:04 devstack devstack@g-api.service[73098]: DEBUG glance.common.config [None req-16edb432-1f02-474e-837f-ed91c15943bf None None] barbican_service_user.timeout = None {{(pid=73098) log_opt_values /opt/stack/data/venv/lib/python3.10/site-packages/oslo_config/cfg.py:2824}}
Jan 06 10:46:04 devstack devstack@g-api.service[73098]: DEBUG glance.common.config [None req-16edb432-1f02-474e-837f-ed91c15943bf None None] database.asyncio_connection = **** {{(pid=73098) log_opt_values /opt/stack/data/venv/lib/python3.10/site-packages/oslo_config/cfg.py:2824}}
Jan 06 10:46:04 devstack devstack@g-api.service[73098]: DEBUG glance.common.config [None req-16edb432-1f02-474e-837f-ed91c15943bf None None] database.asyncio_slave_connection = **** {{(pid=73098) log_opt_values /opt/stack/data/venv/lib/python3.10/site-packages/oslo_config/cfg.py:2824}}
Jan 06 10:46:04 devstack devstack@g-api.service[73098]: DEBUG glance.common.config [None req-16edb432-1f02-474e-837f-ed91c15943bf None None] database.backend = sqlalchemy {{(pid=73098) log_opt_values /opt/stack/data/venv/lib/python3.10/site-packages/oslo_config/cfg.py:2824}}
Jan 06 10:46:04 devstack devstack@g-api.service[73098]: DEBUG glance.common.config [None req-16edb432-1f02-474e-837f-ed91c15943bf None None] database.connection = **** {{(pid=73098) log_opt_values /opt/stack/data/venv/lib/python3.10/site-packages/oslo_config/cfg.py:2824}}
Jan 06 10:46:04 devstack devstack@g-api.service[73098]: DEBUG glance.common.config [None req-16edb432-1f02-474e-837f-ed91c15943bf None None] database.connection_debug = 0 {{(pid=73098) log_opt_values /opt/stack/data/venv/lib/python3.10/site-packages/oslo_config/cfg.py:2824}}
Jan 06 10:46:04 devstack devstack@g-api.service[73098]: DEBUG glance.common.config [None req-16edb432-1f02-474e-837f-ed91c15943bf None None] database.connection_parameters = {{(pid=73098) log_opt_values /opt/stack/data/venv/lib/python3.10/site-packages/oslo_config/cfg.py:2824}}
Jan 06 10:46:04 devstack devstack@g-api.service[73098]: DEBUG glance.common.config [None req-16edb432-1f02-474e-837f-ed91c15943bf None None] database.connection_recycle_time = 3600 {{(pid=73098) log_opt_values /opt/stack/data/venv/lib/python3.10/site-packages/oslo_config/cfg.py:2824}}
Jan 06 10:46:04 devstack devstack@g-api.service[73098]: DEBUG glance.common.config [None req-16edb432-1f02-474e-837f-ed91c15943bf None None] database.connection_trace = False {{(pid=73098) log_opt_values /opt/stack/data/venv/lib/python3.10/site-packages/oslo_config/cfg.py:2824}}
Jan 06 10:46:04 devstack devstack@g-api.service[73098]: DEBUG glance.common.config [None req-16edb432-1f02-474e-837f-ed91c15943bf None None] database.db_inc_retry_interval = True {{(pid=73098) log_opt_values /opt/stack/data/venv/lib/python3.10/site-packages/oslo_config/cfg.py:2824}}
Jan 06 10:46:04 devstack devstack@g-api.service[73098]: DEBUG glance.common.config [None req-16edb432-1f02-474e-837f-ed91c15943bf None None] database.db_max_retries = 20 {{(pid=73098) log_opt_values /opt/stack/data/venv/lib/python3.10/site-packages/oslo_config/cfg.py:2824}}
Jan 06 10:46:04 devstack devstack@g-api.service[73098]: DEBUG glance.common.config [None req-16edb432-1f02-474e-837f-ed91c15943bf None None] database.db_max_retry_interval = 10 {{(pid=73098) log_opt_values /opt/stack/data/venv/lib/python3.10/site-packages/oslo_config/cfg.py:2824}}
Jan 06 10:46:04 devstack devstack@g-api.service[73098]: DEBUG glance.common.config [None req-16edb432-1f02-474e-837f-ed91c15943bf None None] database.db_retry_interval = 1 {{(pid=73098) log_opt_values /opt/stack/data/venv/lib/python3.10/site-packages/oslo_config/cfg.py:2824}}
Jan 06 10:46:04 devstack devstack@g-api.service[73098]: DEBUG glance.common.config [None req-16edb432-1f02-474e-837f-ed91c15943bf None None] database.max_overflow = 50 {{(pid=73098) log_opt_values /opt/stack/data/venv/lib/python3.10/site-packages/oslo_config/cfg.py:2824}}
Jan 06 10:46:04 devstack devstack@g-api.service[73098]: DEBUG glance.common.config [None req-16edb432-1f02-474e-837f-ed91c15943bf None None] database.max_pool_size = 5 {{(pid=73098) log_opt_values /opt/stack/data/venv/lib/python3.10/site-packages/oslo_config/cfg.py:2824}}
Jan 06 10:46:04 devstack devstack@g-api.service[73098]: DEBUG glance.common.config [None req-16edb432-1f02-474e-837f-ed91c15943bf None None] database.max_retries = 10 {{(pid=73098) log_opt_values /opt/stack/data/venv/lib/python3.10/site-packages/oslo_config/cfg.py:2824}}
Jan 06 10:46:04 devstack devstack@g-api.service[73098]: DEBUG glance.common.config [None req-16edb432-1f02-474e-837f-ed91c15943bf None None] database.mysql_sql_mode = TRADITIONAL {{(pid=73098) log_opt_values /opt/stack/data/venv/lib/python3.10/site-packages/oslo_config/cfg.py:2824}}
Jan 06 10:46:04 devstack devstack@g-api.service[73098]: DEBUG glance.common.config [None req-16edb432-1f02-474e-837f-ed91c15943bf None None] database.mysql_wsrep_sync_wait = None {{(pid=73098) log_opt_values /opt/stack/data/venv/lib/python3.10/site-packages/oslo_config/cfg.py:2824}}
Jan 06 10:46:04 devstack devstack@g-api.service[73098]: DEBUG glance.common.config [None req-16edb432-1f02-474e-837f-ed91c15943bf None None] database.pool_timeout = None {{(pid=73098) log_opt_values /opt/stack/data/venv/lib/python3.10/site-packages/oslo_config/cfg.py:2824}}
Jan 06 10:46:04 devstack devstack@g-api.service[73098]: DEBUG glance.common.config [None req-16edb432-1f02-474e-837f-ed91c15943bf None None] database.retry_interval = 10 {{(pid=73098) log_opt_values /opt/stack/data/venv/lib/python3.10/site-packages/oslo_config/cfg.py:2824}}
Jan 06 10:46:04 devstack devstack@g-api.service[73098]: DEBUG glance.common.config [None req-16edb432-1f02-474e-837f-ed91c15943bf None None] database.slave_connection = **** {{(pid=73098) log_opt_values /opt/stack/data/venv/lib/python3.10/site-packages/oslo_config/cfg.py:2824}}
Jan 06 10:46:04 devstack devstack@g-api.service[73098]: DEBUG glance.common.config [None req-16edb432-1f02-474e-837f-ed91c15943bf None None] database.sqlite_synchronous = True {{(pid=73098) log_opt_values /opt/stack/data/venv/lib/python3.10/site-packages/oslo_config/cfg.py:2824}}
Jan 06 10:46:04 devstack devstack@g-api.service[73098]: DEBUG glance.common.config [None req-16edb432-1f02-474e-837f-ed91c15943bf None None] database.use_db_reconnect = False {{(pid=73098) log_opt_values /opt/stack/data/venv/lib/python3.10/site-packages/oslo_config/cfg.py:2824}}
Jan 06 10:46:04 devstack devstack@g-api.service[73098]: DEBUG glance.common.config [None req-16edb432-1f02-474e-837f-ed91c15943bf None None] healthcheck.allowed_source_ranges = [] {{(pid=73098) log_opt_values /opt/stack/data/venv/lib/python3.10/site-packages/oslo_config/cfg.py:2824}}
Jan 06 10:46:04 devstack devstack@g-api.service[73098]: DEBUG glance.common.config [None req-16edb432-1f02-474e-837f-ed91c15943bf None None] healthcheck.backends = ['disable_by_file'] {{(pid=73098) log_opt_values /opt/stack/data/venv/lib/python3.10/site-packages/oslo_config/cfg.py:2824}}
Jan 06 10:46:04 devstack devstack@g-api.service[73098]: DEBUG glance.common.config [None req-16edb432-1f02-474e-837f-ed91c15943bf None None] healthcheck.detailed = False {{(pid=73098) log_opt_values /opt/stack/data/venv/lib/python3.10/site-packages/oslo_config/cfg.py:2824}}
Jan 06 10:46:04 devstack devstack@g-api.service[73098]: DEBUG glance.common.config [None req-16edb432-1f02-474e-837f-ed91c15943bf None None] healthcheck.disable_by_file_path = None {{(pid=73098) log_opt_values /opt/stack/data/venv/lib/python3.10/site-packages/oslo_config/cfg.py:2824}}
Jan 06 10:46:04 devstack devstack@g-api.service[73098]: DEBUG glance.common.config [None req-16edb432-1f02-474e-837f-ed91c15943bf None None] healthcheck.ignore_proxied_requests = False {{(pid=73098) log_opt_values /opt/stack/data/venv/lib/python3.10/site-packages/oslo_config/cfg.py:2824}}
Jan 06 10:46:04 devstack devstack@g-api.service[73098]: DEBUG glance.common.config [None req-16edb432-1f02-474e-837f-ed91c15943bf None None] ******************************************************************************** {{(pid=73098) log_opt_values /opt/stack/data/venv/lib/python3.10/site-packages/oslo_config/cfg.py:2828}}
Jan 06 10:46:04 devstack devstack@g-api.service[73098]: WSGI app 0 (mountpoint='') ready in 4 seconds on interpreter 0x55618aaf66a0 pid: 73098 (default app)
Jan 06 10:46:06 devstack devstack@g-api.service[73097]: DEBUG glance.api.middleware.version_negotiation [None req-98080702-596c-42ef-a362-4cc65bd5485c None None] Determining version of request: GET / Accept: application/json {{(pid=73097) process_request /opt/stack/glance/glance/api/middleware/version_negotiation.py:44}}
Jan 06 10:46:06 devstack devstack@g-api.service[73097]: DEBUG glance.api.middleware.version_negotiation [None req-98080702-596c-42ef-a362-4cc65bd5485c None None] Using url versioning {{(pid=73097) process_request /opt/stack/glance/glance/api/middleware/version_negotiation.py:57}}
Jan 06 10:46:06 devstack devstack@g-api.service[73097]: DEBUG glance.api.middleware.version_negotiation [None req-98080702-596c-42ef-a362-4cc65bd5485c None None] Unknown version. Returning version choices. {{(pid=73097) process_request /opt/stack/glance/glance/api/middleware/version_negotiation.py:64}}
Jan 06 10:46:06 devstack devstack@g-api.service[73097]: [pid: 73097|app: 0|req: 2/2] 127.0.0.1 () {34 vars in 516 bytes} [Tue Jan 6 10:46:06 2026] GET / => generated 1446 bytes in 2 msecs (HTTP/1.1 300) 3 headers in 106 bytes (1 switches on core 0)
Jan 06 10:46:06 devstack devstack@g-api.service[73098]: DEBUG glance.api.middleware.version_negotiation [None req-16edb432-1f02-474e-837f-ed91c15943bf None None] Determining version of request: POST /v2/images Accept: */* {{(pid=73098) process_request /opt/stack/glance/glance/api/middleware/version_negotiation.py:44}}
Jan 06 10:46:06 devstack devstack@g-api.service[73098]: DEBUG glance.api.middleware.version_negotiation [None req-16edb432-1f02-474e-837f-ed91c15943bf None None] Using url versioning {{(pid=73098) process_request /opt/stack/glance/glance/api/middleware/version_negotiation.py:57}}
Jan 06 10:46:06 devstack devstack@g-api.service[73098]: DEBUG glance.api.middleware.version_negotiation [None req-16edb432-1f02-474e-837f-ed91c15943bf None None] Matched version: v2 {{(pid=73098) process_request /opt/stack/glance/glance/api/middleware/version_negotiation.py:69}}
Jan 06 10:46:06 devstack devstack@g-api.service[73098]: DEBUG glance.api.middleware.version_negotiation [None req-16edb432-1f02-474e-837f-ed91c15943bf None None] new path /v2/images {{(pid=73098) process_request /opt/stack/glance/glance/api/middleware/version_negotiation.py:70}}
Jan 06 10:46:07 devstack devstack@g-api.service[73098]: [pid: 73098|app: 0|req: 1/3] 127.0.0.1 () {40 vars in 779 bytes} [Tue Jan 6 10:46:06 2026] POST /v2/images => generated 807 bytes in 879 msecs (HTTP/1.1 201) 6 headers in 314 bytes (1 switches on core 0)
Jan 06 10:46:07 devstack devstack@g-api.service[73097]: DEBUG glance.api.middleware.version_negotiation [None req-98080702-596c-42ef-a362-4cc65bd5485c None None] Determining version of request: PUT /v2/images/d8b9dcc9-afd3-4d51-9718-6a288ceef728/file Accept: {{(pid=73097) process_request /opt/stack/glance/glance/api/middleware/version_negotiation.py:44}}
Jan 06 10:46:07 devstack devstack@g-api.service[73097]: DEBUG glance.api.middleware.version_negotiation [None req-98080702-596c-42ef-a362-4cc65bd5485c None None] Using url versioning {{(pid=73097) process_request /opt/stack/glance/glance/api/middleware/version_negotiation.py:57}}
Jan 06 10:46:07 devstack devstack@g-api.service[73097]: DEBUG glance.api.middleware.version_negotiation [None req-98080702-596c-42ef-a362-4cc65bd5485c None None] Matched version: v2 {{(pid=73097) process_request /opt/stack/glance/glance/api/middleware/version_negotiation.py:69}}
Jan 06 10:46:07 devstack devstack@g-api.service[73097]: DEBUG glance.api.middleware.version_negotiation [None req-98080702-596c-42ef-a362-4cc65bd5485c None None] new path /v2/images/d8b9dcc9-afd3-4d51-9718-6a288ceef728/file {{(pid=73097) process_request /opt/stack/glance/glance/api/middleware/version_negotiation.py:70}}
Jan 06 10:46:07 devstack devstack@g-api.service[73097]: INFO glance.api.v2.image_data [None req-b82e6b5b-871b-4335-af66-d9a35e2fa64b admin admin] Unable to create trust: no such option collect_timing in group [keystone_authtoken] Use the existing user token.
Jan 06 10:46:08 devstack devstack@g-api.service[73097]: DEBUG glance.location [None req-b82e6b5b-871b-4335-af66-d9a35e2fa64b admin admin] Enabling in-flight format inspection for qcow2 {{(pid=73097) set_data /opt/stack/glance/glance/location.py:616}}
Jan 06 10:46:08 devstack devstack@g-api.service[73097]: DEBUG oslo_utils.imageutils.format_inspector [None req-b82e6b5b-871b-4335-af66-d9a35e2fa64b admin admin] Format inspector for vmdk does not match, excluding from consideration (Signature KDMV not found: b'QFI\xfb') {{(pid=73097) _process_chunk /opt/stack/data/venv/lib/python3.10/site-packages/oslo_utils/imageutils/format_inspector.py:1537}}
Jan 06 10:46:08 devstack devstack@g-api.service[73097]: DEBUG oslo_utils.imageutils.format_inspector [None req-b82e6b5b-871b-4335-af66-d9a35e2fa64b admin admin] Format inspector for vhdx does not match, excluding from consideration (Region signature not found at 30000) {{(pid=73097) _process_chunk /opt/stack/data/venv/lib/python3.10/site-packages/oslo_utils/imageutils/format_inspector.py:1537}}
Jan 06 10:46:08 devstack devstack@g-api.service[73097]: DEBUG glance_store._drivers.filesystem [None req-b82e6b5b-871b-4335-af66-d9a35e2fa64b admin admin] Wrote 21692416 bytes to /opt/stack/data/glance/images/d8b9dcc9-afd3-4d51-9718-6a288ceef728 with checksum 87617e24a5e30cb3b87fda8c0764838f and multihash 9a9bce0083a00939ec17c11febbfc767aa211aaa54f51e75c5a8b271a9b5637c77205a518b7a2007cb391d23cceb01e0e4e8d64832317151bc85b734b92a7be0 {{(pid=73097) add /opt/stack/data/venv/lib/python3.10/site-packages/glance_store/_drivers/filesystem.py:794}}
Jan 06 10:46:08 devstack devstack@g-api.service[73097]: INFO glance.location [None req-b82e6b5b-871b-4335-af66-d9a35e2fa64b admin admin] Image format matched and virtual size computed: 117440512
Jan 06 10:46:08 devstack devstack@g-api.service[73097]: DEBUG glance_store.backend [None req-b82e6b5b-871b-4335-af66-d9a35e2fa64b admin admin] Skipping store.set_acls... not implemented. {{(pid=73097) set_acls /opt/stack/data/venv/lib/python3.10/site-packages/glance_store/backend.py:507}}
Jan 06 10:46:08 devstack devstack@g-api.service[73097]: [pid: 73097|app: 0|req: 3/4] 127.0.0.1 () {40 vars in 872 bytes} [Tue Jan 6 10:46:07 2026] PUT /v2/images/d8b9dcc9-afd3-4d51-9718-6a288ceef728/file => generated 0 bytes in 1306 msecs (HTTP/1.1 204) 4 headers in 171 bytes (1 switches on core 0)
Jan 06 10:46:08 devstack devstack@g-api.service[73098]: DEBUG glance.api.middleware.version_negotiation [None req-8fbe8813-5f22-4dc7-888b-ba98cb4909aa admin admin] Determining version of request: GET /v2/images/d8b9dcc9-afd3-4d51-9718-6a288ceef728 Accept: */* {{(pid=73098) process_request /opt/stack/glance/glance/api/middleware/version_negotiation.py:44}}
Jan 06 10:46:08 devstack devstack@g-api.service[73098]: DEBUG glance.api.middleware.version_negotiation [None req-8fbe8813-5f22-4dc7-888b-ba98cb4909aa admin admin] Using url versioning {{(pid=73098) process_request /opt/stack/glance/glance/api/middleware/version_negotiation.py:57}}
Jan 06 10:46:08 devstack devstack@g-api.service[73098]: DEBUG glance.api.middleware.version_negotiation [None req-8fbe8813-5f22-4dc7-888b-ba98cb4909aa admin admin] Matched version: v2 {{(pid=73098) process_request /opt/stack/glance/glance/api/middleware/version_negotiation.py:69}}
Jan 06 10:46:08 devstack devstack@g-api.service[73098]: DEBUG glance.api.middleware.version_negotiation [None req-8fbe8813-5f22-4dc7-888b-ba98cb4909aa admin admin] new path /v2/images/d8b9dcc9-afd3-4d51-9718-6a288ceef728 {{(pid=73098) process_request /opt/stack/glance/glance/api/middleware/version_negotiation.py:70}}
Jan 06 10:46:08 devstack devstack@g-api.service[73098]: [pid: 73098|app: 0|req: 2/5] 127.0.0.1 () {36 vars in 799 bytes} [Tue Jan 6 10:46:08 2026] GET /v2/images/d8b9dcc9-afd3-4d51-9718-6a288ceef728 => generated 976 bytes in 15 msecs (HTTP/1.1 200) 4 headers in 157 bytes (1 switches on core 0)
Jan 06 10:46:18 devstack devstack@g-api.service[73097]: DEBUG dbcounter [-] [73097] Writing DB stats glance:INSERT=5,glance:SELECT=16,glance:UPDATE=2 {{(pid=73097) stat_writer /opt/stack/data/venv/lib/python3.10/site-packages/dbcounter.py:115}}
Jan 06 10:46:18 devstack devstack@g-api.service[73098]: DEBUG dbcounter [-] [73098] Writing DB stats glance:INSERT=9,glance:SELECT=6 {{(pid=73098) stat_writer /opt/stack/data/venv/lib/python3.10/site-packages/dbcounter.py:115}}
Jan 06 10:46:47 devstack devstack@g-api.service[73097]: DEBUG glance.api.middleware.version_negotiation [None req-b82e6b5b-871b-4335-af66-d9a35e2fa64b admin admin] Determining version of request: GET / Accept: application/json {{(pid=73097) process_request /opt/stack/glance/glance/api/middleware/version_negotiation.py:44}}
Jan 06 10:46:47 devstack devstack@g-api.service[73097]: DEBUG glance.api.middleware.version_negotiation [None req-b82e6b5b-871b-4335-af66-d9a35e2fa64b admin admin] Using url versioning {{(pid=73097) process_request /opt/stack/glance/glance/api/middleware/version_negotiation.py:57}}
Jan 06 10:46:47 devstack devstack@g-api.service[73097]: DEBUG glance.api.middleware.version_negotiation [None req-b82e6b5b-871b-4335-af66-d9a35e2fa64b admin admin] Unknown version. Returning version choices. {{(pid=73097) process_request /opt/stack/glance/glance/api/middleware/version_negotiation.py:64}}
Jan 06 10:46:47 devstack devstack@g-api.service[73097]: [pid: 73097|app: 0|req: 4/6] 127.0.0.1 () {34 vars in 513 bytes} [Tue Jan 6 10:46:47 2026] GET / => generated 1446 bytes in 2 msecs (HTTP/1.1 300) 3 headers in 106 bytes (1 switches on core 0)
Jan 06 10:46:47 devstack devstack@g-api.service[73098]: DEBUG glance.api.middleware.version_negotiation [None req-b76907c7-3e34-457e-a220-2cd47ccd52d3 admin admin] Determining version of request: GET /v2/images Accept: application/json {{(pid=73098) process_request /opt/stack/glance/glance/api/middleware/version_negotiation.py:44}}
Jan 06 10:46:47 devstack devstack@g-api.service[73098]: DEBUG glance.api.middleware.version_negotiation [None req-b76907c7-3e34-457e-a220-2cd47ccd52d3 admin admin] Using url versioning {{(pid=73098) process_request /opt/stack/glance/glance/api/middleware/version_negotiation.py:57}}
Jan 06 10:46:47 devstack devstack@g-api.service[73098]: DEBUG glance.api.middleware.version_negotiation [None req-b76907c7-3e34-457e-a220-2cd47ccd52d3 admin admin] Matched version: v2 {{(pid=73098) process_request /opt/stack/glance/glance/api/middleware/version_negotiation.py:69}}
Jan 06 10:46:47 devstack devstack@g-api.service[73098]: DEBUG glance.api.middleware.version_negotiation [None req-b76907c7-3e34-457e-a220-2cd47ccd52d3 admin admin] new path /v2/images {{(pid=73098) process_request /opt/stack/glance/glance/api/middleware/version_negotiation.py:70}}
Jan 06 10:46:47 devstack devstack@g-api.service[73098]: [pid: 73098|app: 0|req: 3/7] 127.0.0.1 () {36 vars in 735 bytes} [Tue Jan 6 10:46:47 2026] GET /v2/images => generated 1045 bytes in 64 msecs (HTTP/1.1 200) 4 headers in 158 bytes (1 switches on core 0)
Jan 06 10:46:53 devstack devstack@g-api.service[73097]: DEBUG glance.api.middleware.version_negotiation [None req-b82e6b5b-871b-4335-af66-d9a35e2fa64b admin admin] Determining version of request: GET / Accept: application/json {{(pid=73097) process_request /opt/stack/glance/glance/api/middleware/version_negotiation.py:44}}
Jan 06 10:46:53 devstack devstack@g-api.service[73097]: DEBUG glance.api.middleware.version_negotiation [None req-b82e6b5b-871b-4335-af66-d9a35e2fa64b admin admin] Using url versioning {{(pid=73097) process_request /opt/stack/glance/glance/api/middleware/version_negotiation.py:57}}
Jan 06 10:46:53 devstack devstack@g-api.service[73097]: DEBUG glance.api.middleware.version_negotiation [None req-b82e6b5b-871b-4335-af66-d9a35e2fa64b admin admin] Unknown version. Returning version choices. {{(pid=73097) process_request /opt/stack/glance/glance/api/middleware/version_negotiation.py:64}}
Jan 06 10:46:53 devstack devstack@g-api.service[73097]: [pid: 73097|app: 0|req: 5/8] 127.0.0.1 () {34 vars in 513 bytes} [Tue Jan 6 10:46:53 2026] GET / => generated 1446 bytes in 2 msecs (HTTP/1.1 300) 3 headers in 106 bytes (1 switches on core 0)
Jan 06 10:46:53 devstack devstack@g-api.service[73098]: DEBUG glance.api.middleware.version_negotiation [None req-50b98151-7491-4333-8ca8-5dd8565da792 admin admin] Determining version of request: GET /v2/images/d8b9dcc9-afd3-4d51-9718-6a288ceef728 Accept: */* {{(pid=73098) process_request /opt/stack/glance/glance/api/middleware/version_negotiation.py:44}}
Jan 06 10:46:53 devstack devstack@g-api.service[73098]: DEBUG glance.api.middleware.version_negotiation [None req-50b98151-7491-4333-8ca8-5dd8565da792 admin admin] Using url versioning {{(pid=73098) process_request /opt/stack/glance/glance/api/middleware/version_negotiation.py:57}}
Jan 06 10:46:53 devstack devstack@g-api.service[73098]: DEBUG glance.api.middleware.version_negotiation [None req-50b98151-7491-4333-8ca8-5dd8565da792 admin admin] Matched version: v2 {{(pid=73098) process_request /opt/stack/glance/glance/api/middleware/version_negotiation.py:69}}
Jan 06 10:46:53 devstack devstack@g-api.service[73098]: DEBUG glance.api.middleware.version_negotiation [None req-50b98151-7491-4333-8ca8-5dd8565da792 admin admin] new path /v2/images/d8b9dcc9-afd3-4d51-9718-6a288ceef728 {{(pid=73098) process_request /opt/stack/glance/glance/api/middleware/version_negotiation.py:70}}
Jan 06 10:46:53 devstack devstack@g-api.service[73098]: [pid: 73098|app: 0|req: 4/9] 127.0.0.1 () {36 vars in 796 bytes} [Tue Jan 6 10:46:53 2026] GET /v2/images/d8b9dcc9-afd3-4d51-9718-6a288ceef728 => generated 976 bytes in 48 msecs (HTTP/1.1 200) 4 headers in 157 bytes (1 switches on core 0)
Jan 06 10:46:57 devstack devstack@g-api.service[73097]: DEBUG glance.api.middleware.version_negotiation [None req-b82e6b5b-871b-4335-af66-d9a35e2fa64b admin admin] Determining version of request: GET / Accept: application/json {{(pid=73097) process_request /opt/stack/glance/glance/api/middleware/version_negotiation.py:44}}
Jan 06 10:46:57 devstack devstack@g-api.service[73097]: DEBUG glance.api.middleware.version_negotiation [None req-b82e6b5b-871b-4335-af66-d9a35e2fa64b admin admin] Using url versioning {{(pid=73097) process_request /opt/stack/glance/glance/api/middleware/version_negotiation.py:57}}
Jan 06 10:46:57 devstack devstack@g-api.service[73097]: DEBUG glance.api.middleware.version_negotiation [None req-b82e6b5b-871b-4335-af66-d9a35e2fa64b admin admin] Unknown version. Returning version choices. {{(pid=73097) process_request /opt/stack/glance/glance/api/middleware/version_negotiation.py:64}}
Jan 06 10:46:57 devstack devstack@g-api.service[73097]: [pid: 73097|app: 0|req: 6/10] 127.0.0.1 () {34 vars in 513 bytes} [Tue Jan 6 10:46:57 2026] GET / => generated 1446 bytes in 2 msecs (HTTP/1.1 300) 3 headers in 106 bytes (1 switches on core 0)
Jan 06 10:46:57 devstack devstack@g-api.service[73098]: DEBUG glance.api.middleware.version_negotiation [None req-765e7189-69dc-4876-a732-5c9d3a7b617f admin admin] Determining version of request: GET /v2/images/d8b9dcc9-afd3-4d51-9718-6a288ceef728 Accept: */* {{(pid=73098) process_request /opt/stack/glance/glance/api/middleware/version_negotiation.py:44}}
Jan 06 10:46:57 devstack devstack@g-api.service[73098]: DEBUG glance.api.middleware.version_negotiation [None req-765e7189-69dc-4876-a732-5c9d3a7b617f admin admin] Using url versioning {{(pid=73098) process_request /opt/stack/glance/glance/api/middleware/version_negotiation.py:57}}
Jan 06 10:46:57 devstack devstack@g-api.service[73098]: DEBUG glance.api.middleware.version_negotiation [None req-765e7189-69dc-4876-a732-5c9d3a7b617f admin admin] Matched version: v2 {{(pid=73098) process_request /opt/stack/glance/glance/api/middleware/version_negotiation.py:69}}
Jan 06 10:46:57 devstack devstack@g-api.service[73098]: DEBUG glance.api.middleware.version_negotiation [None req-765e7189-69dc-4876-a732-5c9d3a7b617f admin admin] new path /v2/images/d8b9dcc9-afd3-4d51-9718-6a288ceef728 {{(pid=73098) process_request /opt/stack/glance/glance/api/middleware/version_negotiation.py:70}}
Jan 06 10:46:57 devstack devstack@g-api.service[73098]: [pid: 73098|app: 0|req: 5/11] 127.0.0.1 () {36 vars in 796 bytes} [Tue Jan 6 10:46:57 2026] GET /v2/images/d8b9dcc9-afd3-4d51-9718-6a288ceef728 => generated 976 bytes in 51 msecs (HTTP/1.1 200) 4 headers in 157 bytes (1 switches on core 0)
Jan 06 10:47:07 devstack devstack@g-api.service[73098]: DEBUG dbcounter [-] [73098] Writing DB stats glance:SELECT=5 {{(pid=73098) stat_writer /opt/stack/data/venv/lib/python3.10/site-packages/dbcounter.py:115}}
Jan 06 10:48:16 devstack devstack@g-api.service[73097]: DEBUG glance.api.middleware.version_negotiation [None req-b82e6b5b-871b-4335-af66-d9a35e2fa64b admin admin] Determining version of request: GET / Accept: application/json {{(pid=73097) process_request /opt/stack/glance/glance/api/middleware/version_negotiation.py:44}}
Jan 06 10:48:16 devstack devstack@g-api.service[73097]: DEBUG glance.api.middleware.version_negotiation [None req-b82e6b5b-871b-4335-af66-d9a35e2fa64b admin admin] Using url versioning {{(pid=73097) process_request /opt/stack/glance/glance/api/middleware/version_negotiation.py:57}}
Jan 06 10:48:16 devstack devstack@g-api.service[73097]: DEBUG glance.api.middleware.version_negotiation [None req-b82e6b5b-871b-4335-af66-d9a35e2fa64b admin admin] Unknown version. Returning version choices. {{(pid=73097) process_request /opt/stack/glance/glance/api/middleware/version_negotiation.py:64}}
Jan 06 10:48:16 devstack devstack@g-api.service[73097]: [pid: 73097|app: 0|req: 7/12] 127.0.0.1 () {36 vars in 484 bytes} [Tue Jan 6 10:48:16 2026] GET / => generated 1446 bytes in 2 msecs (HTTP/1.1 300) 3 headers in 106 bytes (1 switches on core 0)
Jan 06 10:49:00 devstack devstack@g-api.service[73098]: DEBUG glance.api.middleware.version_negotiation [None req-d4d1a053-2cf3-49d8-8586-dcd6f1fc21d5 admin admin] Determining version of request: GET / Accept: application/json {{(pid=73098) process_request /opt/stack/glance/glance/api/middleware/version_negotiation.py:44}}
Jan 06 10:49:00 devstack devstack@g-api.service[73098]: DEBUG glance.api.middleware.version_negotiation [None req-d4d1a053-2cf3-49d8-8586-dcd6f1fc21d5 admin admin] Using url versioning {{(pid=73098) process_request /opt/stack/glance/glance/api/middleware/version_negotiation.py:57}}
Jan 06 10:49:00 devstack devstack@g-api.service[73098]: DEBUG glance.api.middleware.version_negotiation [None req-d4d1a053-2cf3-49d8-8586-dcd6f1fc21d5 admin admin] Unknown version. Returning version choices. {{(pid=73098) process_request /opt/stack/glance/glance/api/middleware/version_negotiation.py:64}}
Jan 06 10:49:00 devstack devstack@g-api.service[73098]: [pid: 73098|app: 0|req: 6/13] 127.0.0.1 () {34 vars in 500 bytes} [Tue Jan 6 10:49:00 2026] GET / => generated 1446 bytes in 2 msecs (HTTP/1.1 300) 3 headers in 106 bytes (1 switches on core 0)
Jan 06 10:49:00 devstack devstack@g-api.service[73097]: DEBUG glance.api.middleware.version_negotiation [None req-b82e6b5b-871b-4335-af66-d9a35e2fa64b admin admin] Determining version of request: GET /v2/images/d8b9dcc9-afd3-4d51-9718-6a288ceef728 Accept: */* {{(pid=73097) process_request /opt/stack/glance/glance/api/middleware/version_negotiation.py:44}}
Jan 06 10:49:00 devstack devstack@g-api.service[73097]: DEBUG glance.api.middleware.version_negotiation [None req-b82e6b5b-871b-4335-af66-d9a35e2fa64b admin admin] Using url versioning {{(pid=73097) process_request /opt/stack/glance/glance/api/middleware/version_negotiation.py:57}}
Jan 06 10:49:00 devstack devstack@g-api.service[73097]: DEBUG glance.api.middleware.version_negotiation [None req-b82e6b5b-871b-4335-af66-d9a35e2fa64b admin admin] Matched version: v2 {{(pid=73097) process_request /opt/stack/glance/glance/api/middleware/version_negotiation.py:69}}
Jan 06 10:49:00 devstack devstack@g-api.service[73097]: DEBUG glance.api.middleware.version_negotiation [None req-b82e6b5b-871b-4335-af66-d9a35e2fa64b admin admin] new path /v2/images/d8b9dcc9-afd3-4d51-9718-6a288ceef728 {{(pid=73097) process_request /opt/stack/glance/glance/api/middleware/version_negotiation.py:70}}
Jan 06 10:49:00 devstack devstack@g-api.service[73097]: WARNING keystonemiddleware.auth_token [None req-b82e6b5b-871b-4335-af66-d9a35e2fa64b admin admin] A valid token was submitted as a service token, but it was not a valid service token. This is incorrect but backwards compatible behaviour. This will be removed in future releases.
Jan 06 10:49:00 devstack devstack@g-api.service[73097]: [pid: 73097|app: 0|req: 8/14] 127.0.0.1 () {42 vars in 1055 bytes} [Tue Jan 6 10:49:00 2026] GET /v2/images/d8b9dcc9-afd3-4d51-9718-6a288ceef728 => generated 976 bytes in 178 msecs (HTTP/1.1 200) 4 headers in 157 bytes (1 switches on core 0)
Jan 06 10:49:00 devstack devstack@g-api.service[73098]: DEBUG glance.api.middleware.version_negotiation [None req-d4d1a053-2cf3-49d8-8586-dcd6f1fc21d5 admin admin] Determining version of request: GET /v2/schemas/image Accept: */* {{(pid=73098) process_request /opt/stack/glance/glance/api/middleware/version_negotiation.py:44}}
Jan 06 10:49:00 devstack devstack@g-api.service[73098]: DEBUG glance.api.middleware.version_negotiation [None req-d4d1a053-2cf3-49d8-8586-dcd6f1fc21d5 admin admin] Using url versioning {{(pid=73098) process_request /opt/stack/glance/glance/api/middleware/version_negotiation.py:57}}
Jan 06 10:49:00 devstack devstack@g-api.service[73098]: DEBUG glance.api.middleware.version_negotiation [None req-d4d1a053-2cf3-49d8-8586-dcd6f1fc21d5 admin admin] Matched version: v2 {{(pid=73098) process_request /opt/stack/glance/glance/api/middleware/version_negotiation.py:69}}
Jan 06 10:49:00 devstack devstack@g-api.service[73098]: DEBUG glance.api.middleware.version_negotiation [None req-d4d1a053-2cf3-49d8-8586-dcd6f1fc21d5 admin admin] new path /v2/schemas/image {{(pid=73098) process_request /opt/stack/glance/glance/api/middleware/version_negotiation.py:70}}
Jan 06 10:49:00 devstack devstack@g-api.service[73098]: WARNING keystonemiddleware.auth_token [None req-d4d1a053-2cf3-49d8-8586-dcd6f1fc21d5 admin admin] A valid token was submitted as a service token, but it was not a valid service token. This is incorrect but backwards compatible behaviour. This will be removed in future releases.
Jan 06 10:49:00 devstack devstack@g-api.service[73098]: [pid: 73098|app: 0|req: 7/15] 127.0.0.1 () {42 vars in 995 bytes} [Tue Jan 6 10:49:00 2026] GET /v2/schemas/image => generated 6083 bytes in 5 msecs (HTTP/1.1 200) 4 headers in 158 bytes (1 switches on core 0)
Jan 06 10:49:07 devstack devstack@g-api.service[73097]: DEBUG glance.api.middleware.version_negotiation [None req-1a17f60a-6edb-4605-8b21-f77f2bbaf67f tempest-DeleteServersTestJSON-1121797884 tempest-DeleteServersTestJSON-1121797884-project-member] Determining version of request: GET / Accept: application/json {{(pid=73097) process_request /opt/stack/glance/glance/api/middleware/version_negotiation.py:44}}
Jan 06 10:49:07 devstack devstack@g-api.service[73097]: DEBUG glance.api.middleware.version_negotiation [None req-1a17f60a-6edb-4605-8b21-f77f2bbaf67f tempest-DeleteServersTestJSON-1121797884 tempest-DeleteServersTestJSON-1121797884-project-member] Using url versioning {{(pid=73097) process_request /opt/stack/glance/glance/api/middleware/version_negotiation.py:57}}
Jan 06 10:49:07 devstack devstack@g-api.service[73097]: DEBUG glance.api.middleware.version_negotiation [None req-1a17f60a-6edb-4605-8b21-f77f2bbaf67f tempest-DeleteServersTestJSON-1121797884 tempest-DeleteServersTestJSON-1121797884-project-member] Unknown version. Returning version choices. {{(pid=73097) process_request /opt/stack/glance/glance/api/middleware/version_negotiation.py:64}}
Jan 06 10:49:07 devstack devstack@g-api.service[73097]: [pid: 73097|app: 0|req: 9/16] 127.0.0.1 () {34 vars in 500 bytes} [Tue Jan 6 10:49:07 2026] GET / => generated 1446 bytes in 4 msecs (HTTP/1.1 300) 3 headers in 106 bytes (1 switches on core 0)
Jan 06 10:49:07 devstack devstack@g-api.service[73098]: DEBUG glance.api.middleware.version_negotiation [None req-1a17f60a-6edb-4605-8b21-f77f2bbaf67f tempest-DeleteServersTestJSON-1121797884 tempest-DeleteServersTestJSON-1121797884-project-member] Determining version of request: GET /v2/images/d8b9dcc9-afd3-4d51-9718-6a288ceef728 Accept: */* {{(pid=73098) process_request /opt/stack/glance/glance/api/middleware/version_negotiation.py:44}}
Jan 06 10:49:07 devstack devstack@g-api.service[73098]: DEBUG glance.api.middleware.version_negotiation [None req-1a17f60a-6edb-4605-8b21-f77f2bbaf67f tempest-DeleteServersTestJSON-1121797884 tempest-DeleteServersTestJSON-1121797884-project-member] Using url versioning {{(pid=73098) process_request /opt/stack/glance/glance/api/middleware/version_negotiation.py:57}}
Jan 06 10:49:07 devstack devstack@g-api.service[73098]: DEBUG glance.api.middleware.version_negotiation [None req-1a17f60a-6edb-4605-8b21-f77f2bbaf67f tempest-DeleteServersTestJSON-1121797884 tempest-DeleteServersTestJSON-1121797884-project-member] Matched version: v2 {{(pid=73098) process_request /opt/stack/glance/glance/api/middleware/version_negotiation.py:69}}
Jan 06 10:49:07 devstack devstack@g-api.service[73098]: DEBUG glance.api.middleware.version_negotiation [None req-1a17f60a-6edb-4605-8b21-f77f2bbaf67f tempest-DeleteServersTestJSON-1121797884 tempest-DeleteServersTestJSON-1121797884-project-member] new path /v2/images/d8b9dcc9-afd3-4d51-9718-6a288ceef728 {{(pid=73098) process_request /opt/stack/glance/glance/api/middleware/version_negotiation.py:70}}
Jan 06 10:49:07 devstack devstack@g-api.service[73098]: [pid: 73098|app: 0|req: 8/17] 127.0.0.1 () {42 vars in 1055 bytes} [Tue Jan 6 10:49:07 2026] GET /v2/images/d8b9dcc9-afd3-4d51-9718-6a288ceef728 => generated 976 bytes in 150 msecs (HTTP/1.1 200) 4 headers in 157 bytes (1 switches on core 0)
Jan 06 10:49:07 devstack devstack@g-api.service[73097]: DEBUG glance.api.middleware.version_negotiation [None req-1a17f60a-6edb-4605-8b21-f77f2bbaf67f tempest-DeleteServersTestJSON-1121797884 tempest-DeleteServersTestJSON-1121797884-project-member] Determining version of request: GET /v2/schemas/image Accept: */* {{(pid=73097) process_request /opt/stack/glance/glance/api/middleware/version_negotiation.py:44}}
Jan 06 10:49:07 devstack devstack@g-api.service[73097]: DEBUG glance.api.middleware.version_negotiation [None req-1a17f60a-6edb-4605-8b21-f77f2bbaf67f tempest-DeleteServersTestJSON-1121797884 tempest-DeleteServersTestJSON-1121797884-project-member] Using url versioning {{(pid=73097) process_request /opt/stack/glance/glance/api/middleware/version_negotiation.py:57}}
Jan 06 10:49:07 devstack devstack@g-api.service[73097]: DEBUG glance.api.middleware.version_negotiation [None req-1a17f60a-6edb-4605-8b21-f77f2bbaf67f tempest-DeleteServersTestJSON-1121797884 tempest-DeleteServersTestJSON-1121797884-project-member] Matched version: v2 {{(pid=73097) process_request /opt/stack/glance/glance/api/middleware/version_negotiation.py:69}}
Jan 06 10:49:07 devstack devstack@g-api.service[73097]: DEBUG glance.api.middleware.version_negotiation [None req-1a17f60a-6edb-4605-8b21-f77f2bbaf67f tempest-DeleteServersTestJSON-1121797884 tempest-DeleteServersTestJSON-1121797884-project-member] new path /v2/schemas/image {{(pid=73097) process_request /opt/stack/glance/glance/api/middleware/version_negotiation.py:70}}
Jan 06 10:49:07 devstack devstack@g-api.service[73097]: [pid: 73097|app: 0|req: 10/18] 127.0.0.1 () {42 vars in 995 bytes} [Tue Jan 6 10:49:07 2026] GET /v2/schemas/image => generated 6083 bytes in 8 msecs (HTTP/1.1 200) 4 headers in 158 bytes (1 switches on core 0)
Jan 06 10:49:10 devstack devstack@g-api.service[73097]: DEBUG dbcounter [-] [73097] Writing DB stats glance:SELECT=2 {{(pid=73097) stat_writer /opt/stack/data/venv/lib/python3.10/site-packages/dbcounter.py:115}}
Jan 06 10:49:14 devstack devstack@g-api.service[73098]: DEBUG glance.api.middleware.version_negotiation [None req-c216fb48-b772-47a1-bdc6-52058b221d23 tempest-AttachVolumeTestJSON-151047713 tempest-AttachVolumeTestJSON-151047713-project-member] Determining version of request: GET /v2/images/d8b9dcc9-afd3-4d51-9718-6a288ceef728 Accept: */* {{(pid=73098) process_request /opt/stack/glance/glance/api/middleware/version_negotiation.py:44}}
Jan 06 10:49:14 devstack devstack@g-api.service[73098]: DEBUG glance.api.middleware.version_negotiation [None req-c216fb48-b772-47a1-bdc6-52058b221d23 tempest-AttachVolumeTestJSON-151047713 tempest-AttachVolumeTestJSON-151047713-project-member] Using url versioning {{(pid=73098) process_request /opt/stack/glance/glance/api/middleware/version_negotiation.py:57}}
Jan 06 10:49:14 devstack devstack@g-api.service[73098]: DEBUG glance.api.middleware.version_negotiation [None req-c216fb48-b772-47a1-bdc6-52058b221d23 tempest-AttachVolumeTestJSON-151047713 tempest-AttachVolumeTestJSON-151047713-project-member] Matched version: v2 {{(pid=73098) process_request /opt/stack/glance/glance/api/middleware/version_negotiation.py:69}}
Jan 06 10:49:14 devstack devstack@g-api.service[73098]: DEBUG glance.api.middleware.version_negotiation [None req-c216fb48-b772-47a1-bdc6-52058b221d23 tempest-AttachVolumeTestJSON-151047713 tempest-AttachVolumeTestJSON-151047713-project-member] new path /v2/images/d8b9dcc9-afd3-4d51-9718-6a288ceef728 {{(pid=73098) process_request /opt/stack/glance/glance/api/middleware/version_negotiation.py:70}}
Jan 06 10:49:14 devstack devstack@g-api.service[73098]: [pid: 73098|app: 0|req: 9/19] 127.0.0.1 () {42 vars in 1055 bytes} [Tue Jan 6 10:49:14 2026] GET /v2/images/d8b9dcc9-afd3-4d51-9718-6a288ceef728 => generated 976 bytes in 17 msecs (HTTP/1.1 200) 4 headers in 157 bytes (1 switches on core 0)
Jan 06 10:49:14 devstack devstack@g-api.service[73097]: DEBUG glance.api.middleware.version_negotiation [None req-c216fb48-b772-47a1-bdc6-52058b221d23 tempest-AttachVolumeTestJSON-151047713 tempest-AttachVolumeTestJSON-151047713-project-member] Determining version of request: GET /v2/images/d8b9dcc9-afd3-4d51-9718-6a288ceef728/file Accept: */* {{(pid=73097) process_request /opt/stack/glance/glance/api/middleware/version_negotiation.py:44}}
Jan 06 10:49:14 devstack devstack@g-api.service[73097]: DEBUG glance.api.middleware.version_negotiation [None req-c216fb48-b772-47a1-bdc6-52058b221d23 tempest-AttachVolumeTestJSON-151047713 tempest-AttachVolumeTestJSON-151047713-project-member] Using url versioning {{(pid=73097) process_request /opt/stack/glance/glance/api/middleware/version_negotiation.py:57}}
Jan 06 10:49:14 devstack devstack@g-api.service[73097]: DEBUG glance.api.middleware.version_negotiation [None req-c216fb48-b772-47a1-bdc6-52058b221d23 tempest-AttachVolumeTestJSON-151047713 tempest-AttachVolumeTestJSON-151047713-project-member] Matched version: v2 {{(pid=73097) process_request /opt/stack/glance/glance/api/middleware/version_negotiation.py:69}}
Jan 06 10:49:14 devstack devstack@g-api.service[73097]: DEBUG glance.api.middleware.version_negotiation [None req-c216fb48-b772-47a1-bdc6-52058b221d23 tempest-AttachVolumeTestJSON-151047713 tempest-AttachVolumeTestJSON-151047713-project-member] new path /v2/images/d8b9dcc9-afd3-4d51-9718-6a288ceef728/file {{(pid=73097) process_request /opt/stack/glance/glance/api/middleware/version_negotiation.py:70}}
Jan 06 10:49:14 devstack devstack@g-api.service[73097]: DEBUG glance_store._drivers.filesystem [None req-1a17f60a-6edb-4605-8b21-f77f2bbaf67f tempest-DeleteServersTestJSON-1121797884 tempest-DeleteServersTestJSON-1121797884-project-member] Found image at /opt/stack/data/glance/images/d8b9dcc9-afd3-4d51-9718-6a288ceef728. Returning in ChunkedFile. {{(pid=73097) get /opt/stack/data/venv/lib/python3.10/site-packages/glance_store/_drivers/filesystem.py:618}}
Jan 06 10:49:14 devstack devstack@g-api.service[73097]: DEBUG glance.image_cache [None req-1a17f60a-6edb-4605-8b21-f77f2bbaf67f tempest-DeleteServersTestJSON-1121797884 tempest-DeleteServersTestJSON-1121797884-project-member] Tee'ing image 'd8b9dcc9-afd3-4d51-9718-6a288ceef728' into cache {{(pid=73097) get_caching_iter /opt/stack/glance/glance/image_cache/__init__.py:350}}
Jan 06 10:49:14 devstack devstack@g-api.service[73097]: DEBUG glance.image_cache.drivers.centralized_db [None req-1a17f60a-6edb-4605-8b21-f77f2bbaf67f tempest-DeleteServersTestJSON-1121797884 tempest-DeleteServersTestJSON-1121797884-project-member] Fetch finished, moving '/opt/stack/data/glance/cache/incomplete/d8b9dcc9-afd3-4d51-9718-6a288ceef728' to '/opt/stack/data/glance/cache/d8b9dcc9-afd3-4d51-9718-6a288ceef728' {{(pid=73097) commit /opt/stack/glance/glance/image_cache/drivers/centralized_db.py:235}}
Jan 06 10:49:14 devstack devstack@g-api.service[73097]: DEBUG glance.image_cache.drivers.centralized_db [None req-1a17f60a-6edb-4605-8b21-f77f2bbaf67f tempest-DeleteServersTestJSON-1121797884 tempest-DeleteServersTestJSON-1121797884-project-member] Image cached successfully. {{(pid=73097) commit /opt/stack/glance/glance/image_cache/drivers/centralized_db.py:250}}
Jan 06 10:49:14 devstack devstack@g-api.service[73097]: [pid: 73097|app: 0|req: 11/20] 127.0.0.1 () {42 vars in 1065 bytes} [Tue Jan 6 10:49:14 2026] GET /v2/images/d8b9dcc9-afd3-4d51-9718-6a288ceef728/file => generated 21692416 bytes in 178 msecs (HTTP/1.1 200) 4 headers in 191 bytes (332 switches on core 0)
Jan 06 10:49:14 devstack devstack@g-api.service[73098]: DEBUG glance.api.middleware.version_negotiation [None req-1a17f60a-6edb-4605-8b21-f77f2bbaf67f tempest-DeleteServersTestJSON-1121797884 tempest-DeleteServersTestJSON-1121797884-project-member] Determining version of request: GET /v2/images/d8b9dcc9-afd3-4d51-9718-6a288ceef728 Accept: */* {{(pid=73098) process_request /opt/stack/glance/glance/api/middleware/version_negotiation.py:44}}
Jan 06 10:49:14 devstack devstack@g-api.service[73098]: DEBUG glance.api.middleware.version_negotiation [None req-1a17f60a-6edb-4605-8b21-f77f2bbaf67f tempest-DeleteServersTestJSON-1121797884 tempest-DeleteServersTestJSON-1121797884-project-member] Using url versioning {{(pid=73098) process_request /opt/stack/glance/glance/api/middleware/version_negotiation.py:57}}
Jan 06 10:49:14 devstack devstack@g-api.service[73098]: DEBUG glance.api.middleware.version_negotiation [None req-1a17f60a-6edb-4605-8b21-f77f2bbaf67f tempest-DeleteServersTestJSON-1121797884 tempest-DeleteServersTestJSON-1121797884-project-member] Matched version: v2 {{(pid=73098) process_request /opt/stack/glance/glance/api/middleware/version_negotiation.py:69}}
Jan 06 10:49:14 devstack devstack@g-api.service[73098]: DEBUG glance.api.middleware.version_negotiation [None req-1a17f60a-6edb-4605-8b21-f77f2bbaf67f tempest-DeleteServersTestJSON-1121797884 tempest-DeleteServersTestJSON-1121797884-project-member] new path /v2/images/d8b9dcc9-afd3-4d51-9718-6a288ceef728 {{(pid=73098) process_request /opt/stack/glance/glance/api/middleware/version_negotiation.py:70}}
Jan 06 10:49:14 devstack devstack@g-api.service[73098]: [pid: 73098|app: 0|req: 10/21] 127.0.0.1 () {42 vars in 1055 bytes} [Tue Jan 6 10:49:14 2026] GET /v2/images/d8b9dcc9-afd3-4d51-9718-6a288ceef728 => generated 976 bytes in 23 msecs (HTTP/1.1 200) 4 headers in 157 bytes (1 switches on core 0)
Jan 06 10:49:14 devstack devstack@g-api.service[73097]: DEBUG glance.api.middleware.version_negotiation [None req-1a17f60a-6edb-4605-8b21-f77f2bbaf67f tempest-DeleteServersTestJSON-1121797884 tempest-DeleteServersTestJSON-1121797884-project-member] Determining version of request: GET /v2/schemas/image Accept: */* {{(pid=73097) process_request /opt/stack/glance/glance/api/middleware/version_negotiation.py:44}}
Jan 06 10:49:14 devstack devstack@g-api.service[73097]: DEBUG glance.api.middleware.version_negotiation [None req-1a17f60a-6edb-4605-8b21-f77f2bbaf67f tempest-DeleteServersTestJSON-1121797884 tempest-DeleteServersTestJSON-1121797884-project-member] Using url versioning {{(pid=73097) process_request /opt/stack/glance/glance/api/middleware/version_negotiation.py:57}}
Jan 06 10:49:14 devstack devstack@g-api.service[73097]: DEBUG glance.api.middleware.version_negotiation [None req-1a17f60a-6edb-4605-8b21-f77f2bbaf67f tempest-DeleteServersTestJSON-1121797884 tempest-DeleteServersTestJSON-1121797884-project-member] Matched version: v2 {{(pid=73097) process_request /opt/stack/glance/glance/api/middleware/version_negotiation.py:69}}
Jan 06 10:49:14 devstack devstack@g-api.service[73097]: DEBUG glance.api.middleware.version_negotiation [None req-1a17f60a-6edb-4605-8b21-f77f2bbaf67f tempest-DeleteServersTestJSON-1121797884 tempest-DeleteServersTestJSON-1121797884-project-member] new path /v2/schemas/image {{(pid=73097) process_request /opt/stack/glance/glance/api/middleware/version_negotiation.py:70}}
Jan 06 10:49:14 devstack devstack@g-api.service[73097]: [pid: 73097|app: 0|req: 12/22] 127.0.0.1 () {42 vars in 995 bytes} [Tue Jan 6 10:49:14 2026] GET /v2/schemas/image => generated 6083 bytes in 5 msecs (HTTP/1.1 200) 4 headers in 158 bytes (1 switches on core 0)
Jan 06 10:49:24 devstack devstack@g-api.service[73097]: DEBUG dbcounter [-] [73097] Writing DB stats glance:SELECT=5,glance:INSERT=1 {{(pid=73097) stat_writer /opt/stack/data/venv/lib/python3.10/site-packages/dbcounter.py:115}}
Jan 06 10:49:24 devstack devstack@g-api.service[73098]: DEBUG dbcounter [-] [73098] Writing DB stats glance:SELECT=6 {{(pid=73098) stat_writer /opt/stack/data/venv/lib/python3.10/site-packages/dbcounter.py:115}}
Jan 06 10:49:46 devstack devstack@g-api.service[73098]: DEBUG glance.api.middleware.version_negotiation [None req-1a17f60a-6edb-4605-8b21-f77f2bbaf67f tempest-DeleteServersTestJSON-1121797884 tempest-DeleteServersTestJSON-1121797884-project-member] Determining version of request: GET /v2/images/d8b9dcc9-afd3-4d51-9718-6a288ceef728 Accept: */* {{(pid=73098) process_request /opt/stack/glance/glance/api/middleware/version_negotiation.py:44}}
Jan 06 10:49:46 devstack devstack@g-api.service[73098]: DEBUG glance.api.middleware.version_negotiation [None req-1a17f60a-6edb-4605-8b21-f77f2bbaf67f tempest-DeleteServersTestJSON-1121797884 tempest-DeleteServersTestJSON-1121797884-project-member] Using url versioning {{(pid=73098) process_request /opt/stack/glance/glance/api/middleware/version_negotiation.py:57}}
Jan 06 10:49:46 devstack devstack@g-api.service[73098]: DEBUG glance.api.middleware.version_negotiation [None req-1a17f60a-6edb-4605-8b21-f77f2bbaf67f tempest-DeleteServersTestJSON-1121797884 tempest-DeleteServersTestJSON-1121797884-project-member] Matched version: v2 {{(pid=73098) process_request /opt/stack/glance/glance/api/middleware/version_negotiation.py:69}}
Jan 06 10:49:46 devstack devstack@g-api.service[73098]: DEBUG glance.api.middleware.version_negotiation [None req-1a17f60a-6edb-4605-8b21-f77f2bbaf67f tempest-DeleteServersTestJSON-1121797884 tempest-DeleteServersTestJSON-1121797884-project-member] new path /v2/images/d8b9dcc9-afd3-4d51-9718-6a288ceef728 {{(pid=73098) process_request /opt/stack/glance/glance/api/middleware/version_negotiation.py:70}}
Jan 06 10:49:46 devstack devstack@g-api.service[73098]: [pid: 73098|app: 0|req: 11/23] 127.0.0.1 () {42 vars in 1055 bytes} [Tue Jan 6 10:49:46 2026] GET /v2/images/d8b9dcc9-afd3-4d51-9718-6a288ceef728 => generated 976 bytes in 21 msecs (HTTP/1.1 200) 4 headers in 157 bytes (1 switches on core 0)
Jan 06 10:49:46 devstack devstack@g-api.service[73097]: DEBUG glance.api.middleware.version_negotiation [None req-1a17f60a-6edb-4605-8b21-f77f2bbaf67f tempest-DeleteServersTestJSON-1121797884 tempest-DeleteServersTestJSON-1121797884-project-member] Determining version of request: GET /v2/schemas/image Accept: */* {{(pid=73097) process_request /opt/stack/glance/glance/api/middleware/version_negotiation.py:44}}
