Jan 06 10:58:23 devstack cinder-volume[80401]: DEBUG oslo_concurrency.processutils [req-e65c6b14-f201-4b70-9f6d-d4a75759186f req-ce962c03-389a-44d8-a45d-87bd2d532804 tempest-TaggedBootDevicesTest_v242-1372377456 None] CMD "/opt/stack/data/venv/bin/python3.10 -m oslo_concurrency.prlimit --as=1073741824 --cpu=60 -- sudo cinder-rootwrap /etc/cinder/rootwrap.conf env LC_ALL=C qemu-img info -f qcow2 --output=json --force-share /opt/stack/data/cinder/mnt/3fbec3a748e3d2b7dd7e4afbc0fb7ea6/volume-04608152-e888-42ce-a1b0-4312e8c10b1a" returned: 0 in 0.799s {{(pid=80401) execute /opt/stack/data/venv/lib/python3.10/site-packages/oslo_concurrency/processutils.py:372}}
Jan 06 10:58:23 devstack cinder-volume[80401]: DEBUG oslo_concurrency.lockutils [req-e65c6b14-f201-4b70-9f6d-d4a75759186f req-ce962c03-389a-44d8-a45d-87bd2d532804 tempest-TaggedBootDevicesTest_v242-1372377456 None] Lock "quobyte" "released" by "cinder.volume.drivers.quobyte.QuobyteDriver.initialize_connection" :: held 0.820s {{(pid=80401) inner /opt/stack/data/venv/lib/python3.10/site-packages/oslo_concurrency/lockutils.py:424}}
Jan 06 10:58:23 devstack cinder-volume[80401]: DEBUG cinder.volume.manager [req-e65c6b14-f201-4b70-9f6d-d4a75759186f req-ce962c03-389a-44d8-a45d-87bd2d532804 tempest-TaggedBootDevicesTest_v242-1372377456 None] Connection info returned from driver {'export': 'osci02.corp.quobyte.com/cinder-vol-ea551650-c9ec-45ac-a285-4c3138c63936', 'name': 'volume-04608152-e888-42ce-a1b0-4312e8c10b1a', 'options': None, 'format': 'qcow2', 'qos_specs': None, 'access_mode': 'rw', 'encrypted': False, 'cacheable': False, 'driver_volume_type': 'quobyte', 'mount_point_base': '/opt/stack/data/cinder/mnt', 'attachment_id': '4e5bfee1-e957-442a-a4a4-7cdde9486221', 'enforce_multipath': True} {{(pid=80401) _connection_create /opt/stack/cinder/cinder/volume/manager.py:4893}}
Jan 06 10:58:23 devstack cinder-volume[80401]: WARNING cinder.volume.volume_utils [req-e65c6b14-f201-4b70-9f6d-d4a75759186f req-ce962c03-389a-44d8-a45d-87bd2d532804 tempest-TaggedBootDevicesTest_v242-1372377456 None] Volume driver (QuobyteDriver 1.1.13) is currently unsupported and may be removed in the next release of OpenStack. Use at your own risk.
Jan 06 10:58:23 devstack cinder-volume[80401]: INFO cinder.volume.manager [req-e65c6b14-f201-4b70-9f6d-d4a75759186f req-ce962c03-389a-44d8-a45d-87bd2d532804 tempest-TaggedBootDevicesTest_v242-1372377456 None] attachment_update completed successfully.
Jan 06 10:58:23 devstack sudo[88810]: quobyte : PWD=/ ; USER=root ; COMMAND=/opt/stack/data/venv/bin/cinder-rootwrap /etc/cinder/rootwrap.conf env LC_ALL=C qemu-img info -f qcow2 --output=json --force-share /opt/stack/data/cinder/mnt/3fbec3a748e3d2b7dd7e4afbc0fb7ea6/volume-5cfb5bf7-aba1-4979-9b7c-d03902f69fd6
Jan 06 10:58:23 devstack sudo[88810]: pam_unix(sudo:session): session opened for user root(uid=0) by (uid=1000)
Jan 06 10:58:23 devstack cinder-volume[80401]: WARNING cinder.volume.volume_utils [None req-2a4218b4-9741-4c91-b749-e571c6f2d902 tempest-GroupSnapshotsTest-1672047744 None] Volume driver (QuobyteDriver 1.1.13) is currently unsupported and may be removed in the next release of OpenStack. Use at your own risk.
Jan 06 10:58:23 devstack cinder-volume[80401]: INFO cinder.volume.manager [None req-2a4218b4-9741-4c91-b749-e571c6f2d902 tempest-GroupSnapshotsTest-1672047744 None] Update group completed successfully.
Jan 06 10:58:23 devstack sudo[88810]: pam_unix(sudo:session): session closed for user root
Jan 06 10:58:23 devstack cinder-volume[80401]: DEBUG oslo_concurrency.processutils [None req-39de20d0-4bb5-427b-a6ac-53f89c5e88a6 tempest-VolumesActionsTest-2047959882 None] CMD "/opt/stack/data/venv/bin/python3.10 -m oslo_concurrency.prlimit --as=1073741824 --cpu=60 -- sudo cinder-rootwrap /etc/cinder/rootwrap.conf env LC_ALL=C qemu-img info -f qcow2 --output=json --force-share /opt/stack/data/cinder/mnt/3fbec3a748e3d2b7dd7e4afbc0fb7ea6/volume-5cfb5bf7-aba1-4979-9b7c-d03902f69fd6" returned: 0 in 0.944s {{(pid=80401) execute /opt/stack/data/venv/lib/python3.10/site-packages/oslo_concurrency/processutils.py:372}}
Jan 06 10:58:23 devstack cinder-volume[80401]: DEBUG oslo_concurrency.processutils [None req-39de20d0-4bb5-427b-a6ac-53f89c5e88a6 tempest-VolumesActionsTest-2047959882 None] Running cmd (subprocess): sudo cinder-rootwrap /etc/cinder/rootwrap.conf rm -f /opt/stack/data/cinder/mnt/3fbec3a748e3d2b7dd7e4afbc0fb7ea6/volume-5cfb5bf7-aba1-4979-9b7c-d03902f69fd6 {{(pid=80401) execute /opt/stack/data/venv/lib/python3.10/site-packages/oslo_concurrency/processutils.py:349}}
Jan 06 10:58:23 devstack sudo[88850]: quobyte : PWD=/ ; USER=root ; COMMAND=/opt/stack/data/venv/bin/cinder-rootwrap /etc/cinder/rootwrap.conf rm -f /opt/stack/data/cinder/mnt/3fbec3a748e3d2b7dd7e4afbc0fb7ea6/volume-5cfb5bf7-aba1-4979-9b7c-d03902f69fd6
Jan 06 10:58:23 devstack sudo[88850]: pam_unix(sudo:session): session opened for user root(uid=0) by (uid=1000)
Jan 06 10:58:24 devstack cinder-volume[80401]: WARNING cinder.volume.volume_utils [None req-b7a57756-4aa8-41fa-9286-57cfd8b29ddc tempest-GroupSnapshotsTest-1672047744 None] Volume driver (QuobyteDriver 1.1.13) is currently unsupported and may be removed in the next release of OpenStack. Use at your own risk.
Jan 06 10:58:24 devstack cinder-volume[80401]: INFO cinder.volume.manager [None req-b7a57756-4aa8-41fa-9286-57cfd8b29ddc tempest-GroupSnapshotsTest-1672047744 None] Update group completed successfully.
Jan 06 10:58:24 devstack sudo[88850]: pam_unix(sudo:session): session closed for user root
Jan 06 10:58:24 devstack cinder-volume[80401]: DEBUG oslo_concurrency.processutils [None req-39de20d0-4bb5-427b-a6ac-53f89c5e88a6 tempest-VolumesActionsTest-2047959882 None] CMD "sudo cinder-rootwrap /etc/cinder/rootwrap.conf rm -f /opt/stack/data/cinder/mnt/3fbec3a748e3d2b7dd7e4afbc0fb7ea6/volume-5cfb5bf7-aba1-4979-9b7c-d03902f69fd6" returned: 0 in 0.530s {{(pid=80401) execute /opt/stack/data/venv/lib/python3.10/site-packages/oslo_concurrency/processutils.py:372}}
Jan 06 10:58:24 devstack cinder-volume[80401]: DEBUG cinder.coordination [None req-39de20d0-4bb5-427b-a6ac-53f89c5e88a6 tempest-VolumesActionsTest-2047959882 None] Lock "cinder-quobyte-5cfb5bf7-aba1-4979-9b7c-d03902f69fd6" released by "delete_volume" :: held 1.521s {{(pid=80401) __release /opt/stack/cinder/cinder/coordination.py:157}}
Jan 06 10:58:24 devstack cinder-volume[80401]: DEBUG cinder.quota [None req-39de20d0-4bb5-427b-a6ac-53f89c5e88a6 tempest-VolumesActionsTest-2047959882 None] Created reservations ['9f12e712-5776-4aa3-9e6c-9ebd211887cf', 'c725e9fc-a23a-45cb-babd-29c402083b00', '39b268e5-79d9-4e2d-9454-82ab8d119da7', 'cf0dc4f8-859d-4a33-b3f8-a30a98132817'] {{(pid=80401) reserve /opt/stack/cinder/cinder/quota.py:752}}
Jan 06 10:58:24 devstack cinder-volume[80401]: DEBUG oslo_concurrency.lockutils [None req-39de20d0-4bb5-427b-a6ac-53f89c5e88a6 tempest-VolumesActionsTest-2047959882 None] Acquiring lock "quobyte_ensure" by "cinder.volume.drivers.quobyte.QuobyteDriver._ensure_shares_mounted" {{(pid=80401) inner /opt/stack/data/venv/lib/python3.10/site-packages/oslo_concurrency/lockutils.py:405}}
Jan 06 10:58:24 devstack cinder-volume[80401]: DEBUG oslo_concurrency.lockutils [None req-39de20d0-4bb5-427b-a6ac-53f89c5e88a6 tempest-VolumesActionsTest-2047959882 None] Lock "quobyte_ensure" acquired by "cinder.volume.drivers.quobyte.QuobyteDriver._ensure_shares_mounted" :: waited 0.001s {{(pid=80401) inner /opt/stack/data/venv/lib/python3.10/site-packages/oslo_concurrency/lockutils.py:410}}
Jan 06 10:58:24 devstack cinder-volume[80401]: DEBUG cinder.volume.drivers.quobyte [None req-39de20d0-4bb5-427b-a6ac-53f89c5e88a6 tempest-VolumesActionsTest-2047959882 None] Quobyte Volume URL set to: {'osci02.corp.quobyte.com/cinder-vol-ea551650-c9ec-45ac-a285-4c3138c63936': None} {{(pid=80401) _load_shares_config /opt/stack/cinder/cinder/volume/drivers/quobyte.py:611}}
Jan 06 10:58:24 devstack cinder-volume[80401]: DEBUG cinder.volume.drivers.quobyte [None req-39de20d0-4bb5-427b-a6ac-53f89c5e88a6 tempest-VolumesActionsTest-2047959882 None] Available shares ['osci02.corp.quobyte.com/cinder-vol-ea551650-c9ec-45ac-a285-4c3138c63936'] {{(pid=80401) _ensure_shares_mounted /opt/stack/cinder/cinder/volume/drivers/quobyte.py:641}}
Jan 06 10:58:24 devstack cinder-volume[80401]: DEBUG oslo_concurrency.lockutils [None req-39de20d0-4bb5-427b-a6ac-53f89c5e88a6 tempest-VolumesActionsTest-2047959882 None] Lock "quobyte_ensure" "released" by "cinder.volume.drivers.quobyte.QuobyteDriver._ensure_shares_mounted" :: held 0.018s {{(pid=80401) inner /opt/stack/data/venv/lib/python3.10/site-packages/oslo_concurrency/lockutils.py:424}}
Jan 06 10:58:24 devstack cinder-volume[80401]: DEBUG oslo_concurrency.processutils [None req-39de20d0-4bb5-427b-a6ac-53f89c5e88a6 tempest-VolumesActionsTest-2047959882 None] Running cmd (subprocess): sudo cinder-rootwrap /etc/cinder/rootwrap.conf df --portability --block-size 1 /opt/stack/data/cinder/mnt/3fbec3a748e3d2b7dd7e4afbc0fb7ea6 {{(pid=80401) execute /opt/stack/data/venv/lib/python3.10/site-packages/oslo_concurrency/processutils.py:349}}
Jan 06 10:58:24 devstack sudo[88860]: quobyte : PWD=/ ; USER=root ; COMMAND=/opt/stack/data/venv/bin/cinder-rootwrap /etc/cinder/rootwrap.conf df --portability --block-size 1 /opt/stack/data/cinder/mnt/3fbec3a748e3d2b7dd7e4afbc0fb7ea6
Jan 06 10:58:24 devstack sudo[88860]: pam_unix(sudo:session): session opened for user root(uid=0) by (uid=1000)
Jan 06 10:58:24 devstack cinder-volume[80401]: DEBUG oslo_concurrency.lockutils [req-e65c6b14-f201-4b70-9f6d-d4a75759186f req-e13a15f3-05a6-418c-84f9-cb9fff87cbe6 tempest-TaggedBootDevicesTest_v242-1372377456 None] Acquiring lock "quobyte" by "cinder.volume.drivers.quobyte.QuobyteDriver.initialize_connection" {{(pid=80401) inner /opt/stack/data/venv/lib/python3.10/site-packages/oslo_concurrency/lockutils.py:405}}
Jan 06 10:58:24 devstack cinder-volume[80401]: DEBUG oslo_concurrency.lockutils [req-e65c6b14-f201-4b70-9f6d-d4a75759186f req-e13a15f3-05a6-418c-84f9-cb9fff87cbe6 tempest-TaggedBootDevicesTest_v242-1372377456 None] Lock "quobyte" acquired by "cinder.volume.drivers.quobyte.QuobyteDriver.initialize_connection" :: waited 0.003s {{(pid=80401) inner /opt/stack/data/venv/lib/python3.10/site-packages/oslo_concurrency/lockutils.py:410}}
Jan 06 10:58:24 devstack cinder-volume[80401]: DEBUG oslo.privsep.daemon [-] privsep: reply[44279ca6-8811-4d9d-9529-44b32e6d51c1]: (4, 'qcow2') {{(pid=81331) _call_back /opt/stack/data/venv/lib/python3.10/site-packages/oslo_privsep/daemon.py:515}}
Jan 06 10:58:24 devstack cinder-volume[80401]: DEBUG oslo_concurrency.processutils [req-e65c6b14-f201-4b70-9f6d-d4a75759186f req-e13a15f3-05a6-418c-84f9-cb9fff87cbe6 tempest-TaggedBootDevicesTest_v242-1372377456 None] Running cmd (subprocess): /opt/stack/data/venv/bin/python3.10 -m oslo_concurrency.prlimit --as=1073741824 --cpu=60 -- sudo cinder-rootwrap /etc/cinder/rootwrap.conf env LC_ALL=C qemu-img info -f qcow2 --output=json --force-share /opt/stack/data/cinder/mnt/3fbec3a748e3d2b7dd7e4afbc0fb7ea6/volume-a3b4bfe0-3649-4e3e-8d7c-f9d641ae67bb {{(pid=80401) execute /opt/stack/data/venv/lib/python3.10/site-packages/oslo_concurrency/processutils.py:349}}
Jan 06 10:58:25 devstack sudo[88863]: quobyte : PWD=/ ; USER=root ; COMMAND=/opt/stack/data/venv/bin/cinder-rootwrap /etc/cinder/rootwrap.conf env LC_ALL=C qemu-img info -f qcow2 --output=json --force-share /opt/stack/data/cinder/mnt/3fbec3a748e3d2b7dd7e4afbc0fb7ea6/volume-a3b4bfe0-3649-4e3e-8d7c-f9d641ae67bb
Jan 06 10:58:25 devstack sudo[88863]: pam_unix(sudo:session): session opened for user root(uid=0) by (uid=1000)
Jan 06 10:58:25 devstack sudo[88860]: pam_unix(sudo:session): session closed for user root
Jan 06 10:58:25 devstack cinder-volume[80401]: DEBUG oslo_concurrency.processutils [None req-39de20d0-4bb5-427b-a6ac-53f89c5e88a6 tempest-VolumesActionsTest-2047959882 None] CMD "sudo cinder-rootwrap /etc/cinder/rootwrap.conf df --portability --block-size 1 /opt/stack/data/cinder/mnt/3fbec3a748e3d2b7dd7e4afbc0fb7ea6" returned: 0 in 0.652s {{(pid=80401) execute /opt/stack/data/venv/lib/python3.10/site-packages/oslo_concurrency/processutils.py:372}}
Jan 06 10:58:25 devstack cinder-volume[80401]: DEBUG cinder.manager [None req-39de20d0-4bb5-427b-a6ac-53f89c5e88a6 tempest-VolumesActionsTest-2047959882 None] Notifying Schedulers of capabilities ... {{(pid=80401) _publish_service_capabilities /opt/stack/cinder/cinder/manager.py:202}}
Jan 06 10:58:25 devstack cinder-volume[80401]: INFO cinder.volume.manager [None req-39de20d0-4bb5-427b-a6ac-53f89c5e88a6 tempest-VolumesActionsTest-2047959882 None] Deleted volume successfully.
Jan 06 10:58:25 devstack cinder-volume[80401]: DEBUG cinder.coordination [None req-39de20d0-4bb5-427b-a6ac-53f89c5e88a6 tempest-VolumesActionsTest-2047959882 None] Lock "cinder-5cfb5bf7-aba1-4979-9b7c-d03902f69fd6-delete_volume" released by "delete_volume" :: held 2.372s {{(pid=80401) __release /opt/stack/cinder/cinder/coordination.py:157}}
Jan 06 10:58:25 devstack cinder-volume[80401]: WARNING cinder.volume.volume_utils [None req-d2b856b1-8e6f-4e5a-b725-7a6e2969abad tempest-GroupSnapshotsTest-1672047744 None] Volume driver (QuobyteDriver 1.1.13) is currently unsupported and may be removed in the next release of OpenStack. Use at your own risk.
Jan 06 10:58:25 devstack cinder-volume[80401]: INFO cinder.volume.manager [None req-d2b856b1-8e6f-4e5a-b725-7a6e2969abad tempest-GroupSnapshotsTest-1672047744 None] Update group completed successfully.
Jan 06 10:58:25 devstack sudo[88863]: pam_unix(sudo:session): session closed for user root
Jan 06 10:58:25 devstack cinder-volume[80401]: DEBUG oslo_concurrency.processutils [req-e65c6b14-f201-4b70-9f6d-d4a75759186f req-e13a15f3-05a6-418c-84f9-cb9fff87cbe6 tempest-TaggedBootDevicesTest_v242-1372377456 None] CMD "/opt/stack/data/venv/bin/python3.10 -m oslo_concurrency.prlimit --as=1073741824 --cpu=60 -- sudo cinder-rootwrap /etc/cinder/rootwrap.conf env LC_ALL=C qemu-img info -f qcow2 --output=json --force-share /opt/stack/data/cinder/mnt/3fbec3a748e3d2b7dd7e4afbc0fb7ea6/volume-a3b4bfe0-3649-4e3e-8d7c-f9d641ae67bb" returned: 0 in 0.886s {{(pid=80401) execute /opt/stack/data/venv/lib/python3.10/site-packages/oslo_concurrency/processutils.py:372}}
Jan 06 10:58:25 devstack cinder-volume[80401]: DEBUG oslo_concurrency.lockutils [req-e65c6b14-f201-4b70-9f6d-d4a75759186f req-e13a15f3-05a6-418c-84f9-cb9fff87cbe6 tempest-TaggedBootDevicesTest_v242-1372377456 None] Lock "quobyte" "released" by "cinder.volume.drivers.quobyte.QuobyteDriver.initialize_connection" :: held 0.927s {{(pid=80401) inner /opt/stack/data/venv/lib/python3.10/site-packages/oslo_concurrency/lockutils.py:424}}
Jan 06 10:58:25 devstack cinder-volume[80401]: DEBUG cinder.volume.manager [req-e65c6b14-f201-4b70-9f6d-d4a75759186f req-e13a15f3-05a6-418c-84f9-cb9fff87cbe6 tempest-TaggedBootDevicesTest_v242-1372377456 None] Connection info returned from driver {'export': 'osci02.corp.quobyte.com/cinder-vol-ea551650-c9ec-45ac-a285-4c3138c63936', 'name': 'volume-a3b4bfe0-3649-4e3e-8d7c-f9d641ae67bb', 'options': None, 'format': 'qcow2', 'qos_specs': None, 'access_mode': 'rw', 'encrypted': False, 'cacheable': False, 'driver_volume_type': 'quobyte', 'mount_point_base': '/opt/stack/data/cinder/mnt', 'attachment_id': '06ec1325-ae7f-4181-a828-2bf93d389870', 'enforce_multipath': True} {{(pid=80401) _connection_create /opt/stack/cinder/cinder/volume/manager.py:4893}}
Jan 06 10:58:25 devstack cinder-volume[80401]: WARNING cinder.volume.volume_utils [req-e65c6b14-f201-4b70-9f6d-d4a75759186f req-e13a15f3-05a6-418c-84f9-cb9fff87cbe6 tempest-TaggedBootDevicesTest_v242-1372377456 None] Volume driver (QuobyteDriver 1.1.13) is currently unsupported and may be removed in the next release of OpenStack. Use at your own risk.
Jan 06 10:58:25 devstack cinder-volume[80401]: INFO cinder.volume.manager [req-e65c6b14-f201-4b70-9f6d-d4a75759186f req-e13a15f3-05a6-418c-84f9-cb9fff87cbe6 tempest-TaggedBootDevicesTest_v242-1372377456 None] attachment_update completed successfully.
Jan 06 10:58:27 devstack cinder-volume[80401]: INFO cinder.volume.manager [None req-4c72ebbc-c072-4cd0-ba91-85774de0238a tempest-GroupSnapshotsTest-1672047744 None] GroupSnapshot 5ed08d89-1f10-4638-a8a0-1eef55d1f728: creating.
Jan 06 10:58:27 devstack cinder-volume[80401]: DEBUG dbcounter [-] [80401] Writing DB stats cinder:UPDATE=143,cinder:SELECT=143,cinder:INSERT=42,cinder:DELETE=12 {{(pid=80401) stat_writer /opt/stack/data/venv/lib/python3.10/site-packages/dbcounter.py:115}}
Jan 06 10:58:27 devstack cinder-volume[80401]: WARNING cinder.volume.volume_utils [None req-4c72ebbc-c072-4cd0-ba91-85774de0238a tempest-GroupSnapshotsTest-1672047744 None] Volume driver (QuobyteDriver 1.1.13) is currently unsupported and may be removed in the next release of OpenStack. Use at your own risk.
Jan 06 10:58:27 devstack cinder-volume[80401]: DEBUG cinder.volume.manager [None req-4c72ebbc-c072-4cd0-ba91-85774de0238a tempest-GroupSnapshotsTest-1672047744 None] Group snapshot 5ed08d89-1f10-4638-a8a0-1eef55d1f728: creating. {{(pid=80401) create_group_snapshot /opt/stack/cinder/cinder/volume/manager.py:4144}}
Jan 06 10:58:27 devstack cinder-volume[80401]: DEBUG oslo_concurrency.lockutils [None req-4c72ebbc-c072-4cd0-ba91-85774de0238a tempest-GroupSnapshotsTest-1672047744 None] Acquiring lock "quobyte" by "cinder.volume.drivers.quobyte.QuobyteDriver.create_snapshot" {{(pid=80401) inner /opt/stack/data/venv/lib/python3.10/site-packages/oslo_concurrency/lockutils.py:405}}
Jan 06 10:58:27 devstack cinder-volume[80401]: DEBUG oslo_concurrency.lockutils [None req-4c72ebbc-c072-4cd0-ba91-85774de0238a tempest-GroupSnapshotsTest-1672047744 None] Lock "quobyte" acquired by "cinder.volume.drivers.quobyte.QuobyteDriver.create_snapshot" :: waited 0.001s {{(pid=80401) inner /opt/stack/data/venv/lib/python3.10/site-packages/oslo_concurrency/lockutils.py:410}}
Jan 06 10:58:27 devstack cinder-volume[80401]: DEBUG cinder.volume.drivers.remotefs [None req-4c72ebbc-c072-4cd0-ba91-85774de0238a tempest-GroupSnapshotsTest-1672047744 None] Creating offline snapshot 3697c887-2a8f-4404-bc83-47b449db60c9 of volume 955119c8-3218-4c9b-8b50-1c9aaf4c380f {{(pid=80401) _create_snapshot /opt/stack/cinder/cinder/volume/drivers/remotefs.py:1817}}
Jan 06 10:58:27 devstack cinder-volume[80401]: DEBUG oslo.privsep.daemon [-] privsep: reply[5b867a4e-6a3b-406d-b611-74e235deedd9]: (4, 'qcow2') {{(pid=81331) _call_back /opt/stack/data/venv/lib/python3.10/site-packages/oslo_privsep/daemon.py:515}}
Jan 06 10:58:27 devstack cinder-volume[80401]: DEBUG oslo_concurrency.processutils [None req-4c72ebbc-c072-4cd0-ba91-85774de0238a tempest-GroupSnapshotsTest-1672047744 None] Running cmd (subprocess): /opt/stack/data/venv/bin/python3.10 -m oslo_concurrency.prlimit --as=1073741824 --cpu=60 -- sudo cinder-rootwrap /etc/cinder/rootwrap.conf env LC_ALL=C qemu-img info -f qcow2 --output=json --force-share /opt/stack/data/cinder/mnt/3fbec3a748e3d2b7dd7e4afbc0fb7ea6/volume-955119c8-3218-4c9b-8b50-1c9aaf4c380f {{(pid=80401) execute /opt/stack/data/venv/lib/python3.10/site-packages/oslo_concurrency/processutils.py:349}}
Jan 06 10:58:27 devstack sudo[88874]: quobyte : PWD=/ ; USER=root ; COMMAND=/opt/stack/data/venv/bin/cinder-rootwrap /etc/cinder/rootwrap.conf env LC_ALL=C qemu-img info -f qcow2 --output=json --force-share /opt/stack/data/cinder/mnt/3fbec3a748e3d2b7dd7e4afbc0fb7ea6/volume-955119c8-3218-4c9b-8b50-1c9aaf4c380f
Jan 06 10:58:27 devstack sudo[88874]: pam_unix(sudo:session): session opened for user root(uid=0) by (uid=1000)
Jan 06 10:58:27 devstack sudo[88874]: pam_unix(sudo:session): session closed for user root
Jan 06 10:58:27 devstack cinder-volume[80401]: DEBUG oslo_concurrency.processutils [None req-4c72ebbc-c072-4cd0-ba91-85774de0238a tempest-GroupSnapshotsTest-1672047744 None] CMD "/opt/stack/data/venv/bin/python3.10 -m oslo_concurrency.prlimit --as=1073741824 --cpu=60 -- sudo cinder-rootwrap /etc/cinder/rootwrap.conf env LC_ALL=C qemu-img info -f qcow2 --output=json --force-share /opt/stack/data/cinder/mnt/3fbec3a748e3d2b7dd7e4afbc0fb7ea6/volume-955119c8-3218-4c9b-8b50-1c9aaf4c380f" returned: 0 in 0.810s {{(pid=80401) execute /opt/stack/data/venv/lib/python3.10/site-packages/oslo_concurrency/processutils.py:372}}
Jan 06 10:58:27 devstack cinder-volume[80401]: DEBUG oslo_concurrency.processutils [None req-4c72ebbc-c072-4cd0-ba91-85774de0238a tempest-GroupSnapshotsTest-1672047744 None] Running cmd (subprocess): sudo cinder-rootwrap /etc/cinder/rootwrap.conf qemu-img create -f qcow2 -o backing_file=/opt/stack/data/cinder/mnt/3fbec3a748e3d2b7dd7e4afbc0fb7ea6/volume-955119c8-3218-4c9b-8b50-1c9aaf4c380f,backing_fmt=qcow2 /opt/stack/data/cinder/mnt/3fbec3a748e3d2b7dd7e4afbc0fb7ea6/volume-955119c8-3218-4c9b-8b50-1c9aaf4c380f.3697c887-2a8f-4404-bc83-47b449db60c9 1G {{(pid=80401) execute /opt/stack/data/venv/lib/python3.10/site-packages/oslo_concurrency/processutils.py:349}}
Jan 06 10:58:27 devstack sudo[88879]: quobyte : PWD=/ ; USER=root ; COMMAND=/opt/stack/data/venv/bin/cinder-rootwrap /etc/cinder/rootwrap.conf qemu-img create -f qcow2 -o backing_file=/opt/stack/data/cinder/mnt/3fbec3a748e3d2b7dd7e4afbc0fb7ea6/volume-955119c8-3218-4c9b-8b50-1c9aaf4c380f,backing_fmt=qcow2 /opt/stack/data/cinder/mnt/3fbec3a748e3d2b7dd7e4afbc0fb7ea6/volume-955119c8-3218-4c9b-8b50-1c9aaf4c380f.3697c887-2a8f-4404-bc83-47b449db60c9 1G
Jan 06 10:58:27 devstack sudo[88879]: pam_unix(sudo:session): session opened for user root(uid=0) by (uid=1000)
Jan 06 10:58:28 devstack sudo[88879]: pam_unix(sudo:session): session closed for user root
Jan 06 10:58:28 devstack cinder-volume[80401]: DEBUG oslo_concurrency.processutils [None req-4c72ebbc-c072-4cd0-ba91-85774de0238a tempest-GroupSnapshotsTest-1672047744 None] CMD "sudo cinder-rootwrap /etc/cinder/rootwrap.conf qemu-img create -f qcow2 -o backing_file=/opt/stack/data/cinder/mnt/3fbec3a748e3d2b7dd7e4afbc0fb7ea6/volume-955119c8-3218-4c9b-8b50-1c9aaf4c380f,backing_fmt=qcow2 /opt/stack/data/cinder/mnt/3fbec3a748e3d2b7dd7e4afbc0fb7ea6/volume-955119c8-3218-4c9b-8b50-1c9aaf4c380f.3697c887-2a8f-4404-bc83-47b449db60c9 1G" returned: 0 in 0.728s {{(pid=80401) execute /opt/stack/data/venv/lib/python3.10/site-packages/oslo_concurrency/processutils.py:372}}
Jan 06 10:58:28 devstack cinder-volume[80401]: DEBUG oslo_concurrency.processutils [None req-4c72ebbc-c072-4cd0-ba91-85774de0238a tempest-GroupSnapshotsTest-1672047744 None] Running cmd (subprocess): sudo cinder-rootwrap /etc/cinder/rootwrap.conf qemu-img rebase -u -b volume-955119c8-3218-4c9b-8b50-1c9aaf4c380f -F qcow2 /opt/stack/data/cinder/mnt/3fbec3a748e3d2b7dd7e4afbc0fb7ea6/volume-955119c8-3218-4c9b-8b50-1c9aaf4c380f.3697c887-2a8f-4404-bc83-47b449db60c9 {{(pid=80401) execute /opt/stack/data/venv/lib/python3.10/site-packages/oslo_concurrency/processutils.py:349}}
Jan 06 10:58:28 devstack sudo[88887]: quobyte : PWD=/ ; USER=root ; COMMAND=/opt/stack/data/venv/bin/cinder-rootwrap /etc/cinder/rootwrap.conf qemu-img rebase -u -b volume-955119c8-3218-4c9b-8b50-1c9aaf4c380f -F qcow2 /opt/stack/data/cinder/mnt/3fbec3a748e3d2b7dd7e4afbc0fb7ea6/volume-955119c8-3218-4c9b-8b50-1c9aaf4c380f.3697c887-2a8f-4404-bc83-47b449db60c9
Jan 06 10:58:28 devstack sudo[88887]: pam_unix(sudo:session): session opened for user root(uid=0) by (uid=1000)
Jan 06 10:58:29 devstack sudo[88887]: pam_unix(sudo:session): session closed for user root
Jan 06 10:58:29 devstack cinder-volume[80401]: DEBUG oslo_concurrency.processutils [None req-4c72ebbc-c072-4cd0-ba91-85774de0238a tempest-GroupSnapshotsTest-1672047744 None] CMD "sudo cinder-rootwrap /etc/cinder/rootwrap.conf qemu-img rebase -u -b volume-955119c8-3218-4c9b-8b50-1c9aaf4c380f -F qcow2 /opt/stack/data/cinder/mnt/3fbec3a748e3d2b7dd7e4afbc0fb7ea6/volume-955119c8-3218-4c9b-8b50-1c9aaf4c380f.3697c887-2a8f-4404-bc83-47b449db60c9" returned: 0 in 0.551s {{(pid=80401) execute /opt/stack/data/venv/lib/python3.10/site-packages/oslo_concurrency/processutils.py:372}}
Jan 06 10:58:29 devstack cinder-volume[80401]: WARNING cinder.volume.drivers.remotefs [None req-4c72ebbc-c072-4cd0-ba91-85774de0238a tempest-GroupSnapshotsTest-1672047744 None] /opt/stack/data/cinder/mnt/3fbec3a748e3d2b7dd7e4afbc0fb7ea6/volume-955119c8-3218-4c9b-8b50-1c9aaf4c380f.3697c887-2a8f-4404-bc83-47b449db60c9 is being set with open permissions: ugo+rw: NotImplementedError
Jan 06 10:58:29 devstack cinder-volume[80401]: DEBUG oslo_concurrency.processutils [None req-4c72ebbc-c072-4cd0-ba91-85774de0238a tempest-GroupSnapshotsTest-1672047744 None] Running cmd (subprocess): sudo cinder-rootwrap /etc/cinder/rootwrap.conf chmod ugo+rw /opt/stack/data/cinder/mnt/3fbec3a748e3d2b7dd7e4afbc0fb7ea6/volume-955119c8-3218-4c9b-8b50-1c9aaf4c380f.3697c887-2a8f-4404-bc83-47b449db60c9 {{(pid=80401) execute /opt/stack/data/venv/lib/python3.10/site-packages/oslo_concurrency/processutils.py:349}}
Jan 06 10:58:29 devstack sudo[88894]: quobyte : PWD=/ ; USER=root ; COMMAND=/opt/stack/data/venv/bin/cinder-rootwrap /etc/cinder/rootwrap.conf chmod ugo+rw /opt/stack/data/cinder/mnt/3fbec3a748e3d2b7dd7e4afbc0fb7ea6/volume-955119c8-3218-4c9b-8b50-1c9aaf4c380f.3697c887-2a8f-4404-bc83-47b449db60c9
Jan 06 10:58:29 devstack sudo[88894]: pam_unix(sudo:session): session opened for user root(uid=0) by (uid=1000)
Jan 06 10:58:29 devstack sudo[88894]: pam_unix(sudo:session): session closed for user root
Jan 06 10:58:29 devstack cinder-volume[80401]: DEBUG oslo_concurrency.processutils [None req-4c72ebbc-c072-4cd0-ba91-85774de0238a tempest-GroupSnapshotsTest-1672047744 None] CMD "sudo cinder-rootwrap /etc/cinder/rootwrap.conf chmod ugo+rw /opt/stack/data/cinder/mnt/3fbec3a748e3d2b7dd7e4afbc0fb7ea6/volume-955119c8-3218-4c9b-8b50-1c9aaf4c380f.3697c887-2a8f-4404-bc83-47b449db60c9" returned: 0 in 0.535s {{(pid=80401) execute /opt/stack/data/venv/lib/python3.10/site-packages/oslo_concurrency/processutils.py:372}}
Jan 06 10:58:29 devstack cinder-volume[80401]: DEBUG dbcounter [-] [80401] Writing DB stats cinder:SELECT=161,cinder:INSERT=37,cinder:UPDATE=171,cinder:DELETE=10 {{(pid=80401) stat_writer /opt/stack/data/venv/lib/python3.10/site-packages/dbcounter.py:115}}
Jan 06 10:58:29 devstack cinder-volume[80401]: DEBUG oslo_concurrency.processutils [None req-4c72ebbc-c072-4cd0-ba91-85774de0238a tempest-GroupSnapshotsTest-1672047744 None] Running cmd (subprocess): sudo cinder-rootwrap /etc/cinder/rootwrap.conf truncate -s0 /opt/stack/data/cinder/mnt/3fbec3a748e3d2b7dd7e4afbc0fb7ea6/volume-955119c8-3218-4c9b-8b50-1c9aaf4c380f.info {{(pid=80401) execute /opt/stack/data/venv/lib/python3.10/site-packages/oslo_concurrency/processutils.py:349}}
Jan 06 10:58:29 devstack sudo[88904]: quobyte : PWD=/ ; USER=root ; COMMAND=/opt/stack/data/venv/bin/cinder-rootwrap /etc/cinder/rootwrap.conf truncate -s0 /opt/stack/data/cinder/mnt/3fbec3a748e3d2b7dd7e4afbc0fb7ea6/volume-955119c8-3218-4c9b-8b50-1c9aaf4c380f.info
Jan 06 10:58:29 devstack sudo[88904]: pam_unix(sudo:session): session opened for user root(uid=0) by (uid=1000)
Jan 06 10:58:30 devstack sudo[88904]: pam_unix(sudo:session): session closed for user root
Jan 06 10:58:30 devstack cinder-volume[80401]: DEBUG oslo_concurrency.processutils [None req-4c72ebbc-c072-4cd0-ba91-85774de0238a tempest-GroupSnapshotsTest-1672047744 None] CMD "sudo cinder-rootwrap /etc/cinder/rootwrap.conf truncate -s0 /opt/stack/data/cinder/mnt/3fbec3a748e3d2b7dd7e4afbc0fb7ea6/volume-955119c8-3218-4c9b-8b50-1c9aaf4c380f.info" returned: 0 in 0.602s {{(pid=80401) execute /opt/stack/data/venv/lib/python3.10/site-packages/oslo_concurrency/processutils.py:372}}
Jan 06 10:58:30 devstack cinder-volume[80401]: WARNING cinder.volume.drivers.remotefs [None req-4c72ebbc-c072-4cd0-ba91-85774de0238a tempest-GroupSnapshotsTest-1672047744 None] /opt/stack/data/cinder/mnt/3fbec3a748e3d2b7dd7e4afbc0fb7ea6/volume-955119c8-3218-4c9b-8b50-1c9aaf4c380f.info is being set with open permissions: ugo+rw: NotImplementedError
Jan 06 10:58:30 devstack cinder-volume[80401]: DEBUG oslo_concurrency.processutils [None req-4c72ebbc-c072-4cd0-ba91-85774de0238a tempest-GroupSnapshotsTest-1672047744 None] Running cmd (subprocess): sudo cinder-rootwrap /etc/cinder/rootwrap.conf chmod ugo+rw /opt/stack/data/cinder/mnt/3fbec3a748e3d2b7dd7e4afbc0fb7ea6/volume-955119c8-3218-4c9b-8b50-1c9aaf4c380f.info {{(pid=80401) execute /opt/stack/data/venv/lib/python3.10/site-packages/oslo_concurrency/processutils.py:349}}
Jan 06 10:58:30 devstack sudo[88922]: quobyte : PWD=/ ; USER=root ; COMMAND=/opt/stack/data/venv/bin/cinder-rootwrap /etc/cinder/rootwrap.conf chmod ugo+rw /opt/stack/data/cinder/mnt/3fbec3a748e3d2b7dd7e4afbc0fb7ea6/volume-955119c8-3218-4c9b-8b50-1c9aaf4c380f.info
Jan 06 10:58:30 devstack sudo[88922]: pam_unix(sudo:session): session opened for user root(uid=0) by (uid=1000)
Jan 06 10:58:30 devstack sudo[88922]: pam_unix(sudo:session): session closed for user root
Jan 06 10:58:30 devstack cinder-volume[80401]: DEBUG oslo_concurrency.processutils [None req-4c72ebbc-c072-4cd0-ba91-85774de0238a tempest-GroupSnapshotsTest-1672047744 None] CMD "sudo cinder-rootwrap /etc/cinder/rootwrap.conf chmod ugo+rw /opt/stack/data/cinder/mnt/3fbec3a748e3d2b7dd7e4afbc0fb7ea6/volume-955119c8-3218-4c9b-8b50-1c9aaf4c380f.info" returned: 0 in 0.540s {{(pid=80401) execute /opt/stack/data/venv/lib/python3.10/site-packages/oslo_concurrency/processutils.py:372}}
Jan 06 10:58:30 devstack cinder-volume[80401]: DEBUG oslo_concurrency.lockutils [None req-4c72ebbc-c072-4cd0-ba91-85774de0238a tempest-GroupSnapshotsTest-1672047744 None] Lock "quobyte" "released" by "cinder.volume.drivers.quobyte.QuobyteDriver.create_snapshot" :: held 3.854s {{(pid=80401) inner /opt/stack/data/venv/lib/python3.10/site-packages/oslo_concurrency/lockutils.py:424}}
Jan 06 10:58:30 devstack cinder-volume[80401]: DEBUG oslo_concurrency.lockutils [None req-4c72ebbc-c072-4cd0-ba91-85774de0238a tempest-GroupSnapshotsTest-1672047744 None] Acquiring lock "quobyte" by "cinder.volume.drivers.quobyte.QuobyteDriver.create_snapshot" {{(pid=80401) inner /opt/stack/data/venv/lib/python3.10/site-packages/oslo_concurrency/lockutils.py:405}}
Jan 06 10:58:30 devstack cinder-volume[80401]: DEBUG oslo_concurrency.lockutils [None req-4c72ebbc-c072-4cd0-ba91-85774de0238a tempest-GroupSnapshotsTest-1672047744 None] Lock "quobyte" acquired by "cinder.volume.drivers.quobyte.QuobyteDriver.create_snapshot" :: waited 0.001s {{(pid=80401) inner /opt/stack/data/venv/lib/python3.10/site-packages/oslo_concurrency/lockutils.py:410}}
Jan 06 10:58:30 devstack cinder-volume[80401]: DEBUG cinder.volume.drivers.remotefs [None req-4c72ebbc-c072-4cd0-ba91-85774de0238a tempest-GroupSnapshotsTest-1672047744 None] Creating offline snapshot 712884a2-cca1-448c-921b-f7863c01d6c0 of volume 71b74a75-c3e9-445f-9350-d84c177836cf {{(pid=80401) _create_snapshot /opt/stack/cinder/cinder/volume/drivers/remotefs.py:1817}}
Jan 06 10:58:30 devstack cinder-volume[80401]: DEBUG oslo.privsep.daemon [-] privsep: reply[8207a0d8-6000-4587-b928-ea5a7286d86b]: (4, 'qcow2') {{(pid=81331) _call_back /opt/stack/data/venv/lib/python3.10/site-packages/oslo_privsep/daemon.py:515}}
Jan 06 10:58:30 devstack cinder-volume[80401]: DEBUG oslo_concurrency.processutils [None req-4c72ebbc-c072-4cd0-ba91-85774de0238a tempest-GroupSnapshotsTest-1672047744 None] Running cmd (subprocess): /opt/stack/data/venv/bin/python3.10 -m oslo_concurrency.prlimit --as=1073741824 --cpu=60 -- sudo cinder-rootwrap /etc/cinder/rootwrap.conf env LC_ALL=C qemu-img info -f qcow2 --output=json --force-share /opt/stack/data/cinder/mnt/3fbec3a748e3d2b7dd7e4afbc0fb7ea6/volume-71b74a75-c3e9-445f-9350-d84c177836cf {{(pid=80401) execute /opt/stack/data/venv/lib/python3.10/site-packages/oslo_concurrency/processutils.py:349}}
Jan 06 10:58:31 devstack sudo[88925]: quobyte : PWD=/ ; USER=root ; COMMAND=/opt/stack/data/venv/bin/cinder-rootwrap /etc/cinder/rootwrap.conf env LC_ALL=C qemu-img info -f qcow2 --output=json --force-share /opt/stack/data/cinder/mnt/3fbec3a748e3d2b7dd7e4afbc0fb7ea6/volume-71b74a75-c3e9-445f-9350-d84c177836cf
Jan 06 10:58:31 devstack sudo[88925]: pam_unix(sudo:session): session opened for user root(uid=0) by (uid=1000)
Jan 06 10:58:31 devstack sudo[88925]: pam_unix(sudo:session): session closed for user root
Jan 06 10:58:31 devstack cinder-volume[80401]: DEBUG oslo_concurrency.processutils [None req-4c72ebbc-c072-4cd0-ba91-85774de0238a tempest-GroupSnapshotsTest-1672047744 None] CMD "/opt/stack/data/venv/bin/python3.10 -m oslo_concurrency.prlimit --as=1073741824 --cpu=60 -- sudo cinder-rootwrap /etc/cinder/rootwrap.conf env LC_ALL=C qemu-img info -f qcow2 --output=json --force-share /opt/stack/data/cinder/mnt/3fbec3a748e3d2b7dd7e4afbc0fb7ea6/volume-71b74a75-c3e9-445f-9350-d84c177836cf" returned: 0 in 0.820s {{(pid=80401) execute /opt/stack/data/venv/lib/python3.10/site-packages/oslo_concurrency/processutils.py:372}}
Jan 06 10:58:31 devstack cinder-volume[80401]: DEBUG oslo_concurrency.processutils [None req-4c72ebbc-c072-4cd0-ba91-85774de0238a tempest-GroupSnapshotsTest-1672047744 None] Running cmd (subprocess): sudo cinder-rootwrap /etc/cinder/rootwrap.conf qemu-img create -f qcow2 -o backing_file=/opt/stack/data/cinder/mnt/3fbec3a748e3d2b7dd7e4afbc0fb7ea6/volume-71b74a75-c3e9-445f-9350-d84c177836cf,backing_fmt=qcow2 /opt/stack/data/cinder/mnt/3fbec3a748e3d2b7dd7e4afbc0fb7ea6/volume-71b74a75-c3e9-445f-9350-d84c177836cf.712884a2-cca1-448c-921b-f7863c01d6c0 1G {{(pid=80401) execute /opt/stack/data/venv/lib/python3.10/site-packages/oslo_concurrency/processutils.py:349}}
Jan 06 10:58:31 devstack sudo[88930]: quobyte : PWD=/ ; USER=root ; COMMAND=/opt/stack/data/venv/bin/cinder-rootwrap /etc/cinder/rootwrap.conf qemu-img create -f qcow2 -o backing_file=/opt/stack/data/cinder/mnt/3fbec3a748e3d2b7dd7e4afbc0fb7ea6/volume-71b74a75-c3e9-445f-9350-d84c177836cf,backing_fmt=qcow2 /opt/stack/data/cinder/mnt/3fbec3a748e3d2b7dd7e4afbc0fb7ea6/volume-71b74a75-c3e9-445f-9350-d84c177836cf.712884a2-cca1-448c-921b-f7863c01d6c0 1G
Jan 06 10:58:31 devstack sudo[88930]: pam_unix(sudo:session): session opened for user root(uid=0) by (uid=1000)
Jan 06 10:58:32 devstack sudo[88930]: pam_unix(sudo:session): session closed for user root
Jan 06 10:58:32 devstack cinder-volume[80401]: DEBUG oslo_concurrency.processutils [None req-4c72ebbc-c072-4cd0-ba91-85774de0238a tempest-GroupSnapshotsTest-1672047744 None] CMD "sudo cinder-rootwrap /etc/cinder/rootwrap.conf qemu-img create -f qcow2 -o backing_file=/opt/stack/data/cinder/mnt/3fbec3a748e3d2b7dd7e4afbc0fb7ea6/volume-71b74a75-c3e9-445f-9350-d84c177836cf,backing_fmt=qcow2 /opt/stack/data/cinder/mnt/3fbec3a748e3d2b7dd7e4afbc0fb7ea6/volume-71b74a75-c3e9-445f-9350-d84c177836cf.712884a2-cca1-448c-921b-f7863c01d6c0 1G" returned: 0 in 0.707s {{(pid=80401) execute /opt/stack/data/venv/lib/python3.10/site-packages/oslo_concurrency/processutils.py:372}}
Jan 06 10:58:32 devstack cinder-volume[80401]: DEBUG oslo_concurrency.processutils [None req-4c72ebbc-c072-4cd0-ba91-85774de0238a tempest-GroupSnapshotsTest-1672047744 None] Running cmd (subprocess): sudo cinder-rootwrap /etc/cinder/rootwrap.conf qemu-img rebase -u -b volume-71b74a75-c3e9-445f-9350-d84c177836cf -F qcow2 /opt/stack/data/cinder/mnt/3fbec3a748e3d2b7dd7e4afbc0fb7ea6/volume-71b74a75-c3e9-445f-9350-d84c177836cf.712884a2-cca1-448c-921b-f7863c01d6c0 {{(pid=80401) execute /opt/stack/data/venv/lib/python3.10/site-packages/oslo_concurrency/processutils.py:349}}
Jan 06 10:58:32 devstack sudo[88936]: quobyte : PWD=/ ; USER=root ; COMMAND=/opt/stack/data/venv/bin/cinder-rootwrap /etc/cinder/rootwrap.conf qemu-img rebase -u -b volume-71b74a75-c3e9-445f-9350-d84c177836cf -F qcow2 /opt/stack/data/cinder/mnt/3fbec3a748e3d2b7dd7e4afbc0fb7ea6/volume-71b74a75-c3e9-445f-9350-d84c177836cf.712884a2-cca1-448c-921b-f7863c01d6c0
Jan 06 10:58:32 devstack sudo[88936]: pam_unix(sudo:session): session opened for user root(uid=0) by (uid=1000)
Jan 06 10:58:33 devstack sudo[88936]: pam_unix(sudo:session): session closed for user root
Jan 06 10:58:33 devstack cinder-volume[80401]: DEBUG oslo_concurrency.processutils [None req-4c72ebbc-c072-4cd0-ba91-85774de0238a tempest-GroupSnapshotsTest-1672047744 None] CMD "sudo cinder-rootwrap /etc/cinder/rootwrap.conf qemu-img rebase -u -b volume-71b74a75-c3e9-445f-9350-d84c177836cf -F qcow2 /opt/stack/data/cinder/mnt/3fbec3a748e3d2b7dd7e4afbc0fb7ea6/volume-71b74a75-c3e9-445f-9350-d84c177836cf.712884a2-cca1-448c-921b-f7863c01d6c0" returned: 0 in 0.648s {{(pid=80401) execute /opt/stack/data/venv/lib/python3.10/site-packages/oslo_concurrency/processutils.py:372}}
Jan 06 10:58:33 devstack cinder-volume[80401]: WARNING cinder.volume.drivers.remotefs [None req-4c72ebbc-c072-4cd0-ba91-85774de0238a tempest-GroupSnapshotsTest-1672047744 None] /opt/stack/data/cinder/mnt/3fbec3a748e3d2b7dd7e4afbc0fb7ea6/volume-71b74a75-c3e9-445f-9350-d84c177836cf.712884a2-cca1-448c-921b-f7863c01d6c0 is being set with open permissions: ugo+rw: NotImplementedError
Jan 06 10:58:33 devstack cinder-volume[80401]: DEBUG oslo_concurrency.processutils [None req-4c72ebbc-c072-4cd0-ba91-85774de0238a tempest-GroupSnapshotsTest-1672047744 None] Running cmd (subprocess): sudo cinder-rootwrap /etc/cinder/rootwrap.conf chmod ugo+rw /opt/stack/data/cinder/mnt/3fbec3a748e3d2b7dd7e4afbc0fb7ea6/volume-71b74a75-c3e9-445f-9350-d84c177836cf.712884a2-cca1-448c-921b-f7863c01d6c0 {{(pid=80401) execute /opt/stack/data/venv/lib/python3.10/site-packages/oslo_concurrency/processutils.py:349}}
Jan 06 10:58:33 devstack sudo[89008]: quobyte : PWD=/ ; USER=root ; COMMAND=/opt/stack/data/venv/bin/cinder-rootwrap /etc/cinder/rootwrap.conf chmod ugo+rw /opt/stack/data/cinder/mnt/3fbec3a748e3d2b7dd7e4afbc0fb7ea6/volume-71b74a75-c3e9-445f-9350-d84c177836cf.712884a2-cca1-448c-921b-f7863c01d6c0
Jan 06 10:58:33 devstack sudo[89008]: pam_unix(sudo:session): session opened for user root(uid=0) by (uid=1000)
Jan 06 10:58:33 devstack sudo[89008]: pam_unix(sudo:session): session closed for user root
Jan 06 10:58:33 devstack cinder-volume[80401]: DEBUG oslo_concurrency.processutils [None req-4c72ebbc-c072-4cd0-ba91-85774de0238a tempest-GroupSnapshotsTest-1672047744 None] CMD "sudo cinder-rootwrap /etc/cinder/rootwrap.conf chmod ugo+rw /opt/stack/data/cinder/mnt/3fbec3a748e3d2b7dd7e4afbc0fb7ea6/volume-71b74a75-c3e9-445f-9350-d84c177836cf.712884a2-cca1-448c-921b-f7863c01d6c0" returned: 0 in 0.471s {{(pid=80401) execute /opt/stack/data/venv/lib/python3.10/site-packages/oslo_concurrency/processutils.py:372}}
Jan 06 10:58:33 devstack cinder-volume[80401]: DEBUG oslo_concurrency.processutils [None req-4c72ebbc-c072-4cd0-ba91-85774de0238a tempest-GroupSnapshotsTest-1672047744 None] Running cmd (subprocess): sudo cinder-rootwrap /etc/cinder/rootwrap.conf truncate -s0 /opt/stack/data/cinder/mnt/3fbec3a748e3d2b7dd7e4afbc0fb7ea6/volume-71b74a75-c3e9-445f-9350-d84c177836cf.info {{(pid=80401) execute /opt/stack/data/venv/lib/python3.10/site-packages/oslo_concurrency/processutils.py:349}}
Jan 06 10:58:33 devstack sudo[89011]: quobyte : PWD=/ ; USER=root ; COMMAND=/opt/stack/data/venv/bin/cinder-rootwrap /etc/cinder/rootwrap.conf truncate -s0 /opt/stack/data/cinder/mnt/3fbec3a748e3d2b7dd7e4afbc0fb7ea6/volume-71b74a75-c3e9-445f-9350-d84c177836cf.info
Jan 06 10:58:33 devstack sudo[89011]: pam_unix(sudo:session): session opened for user root(uid=0) by (uid=1000)
Jan 06 10:58:34 devstack sudo[89011]: pam_unix(sudo:session): session closed for user root
Jan 06 10:58:34 devstack cinder-volume[80401]: DEBUG oslo_concurrency.processutils [None req-4c72ebbc-c072-4cd0-ba91-85774de0238a tempest-GroupSnapshotsTest-1672047744 None] CMD "sudo cinder-rootwrap /etc/cinder/rootwrap.conf truncate -s0 /opt/stack/data/cinder/mnt/3fbec3a748e3d2b7dd7e4afbc0fb7ea6/volume-71b74a75-c3e9-445f-9350-d84c177836cf.info" returned: 0 in 0.547s {{(pid=80401) execute /opt/stack/data/venv/lib/python3.10/site-packages/oslo_concurrency/processutils.py:372}}
Jan 06 10:58:34 devstack cinder-volume[80401]: WARNING cinder.volume.drivers.remotefs [None req-4c72ebbc-c072-4cd0-ba91-85774de0238a tempest-GroupSnapshotsTest-1672047744 None] /opt/stack/data/cinder/mnt/3fbec3a748e3d2b7dd7e4afbc0fb7ea6/volume-71b74a75-c3e9-445f-9350-d84c177836cf.info is being set with open permissions: ugo+rw: NotImplementedError
Jan 06 10:58:34 devstack cinder-volume[80401]: DEBUG oslo_concurrency.processutils [None req-4c72ebbc-c072-4cd0-ba91-85774de0238a tempest-GroupSnapshotsTest-1672047744 None] Running cmd (subprocess): sudo cinder-rootwrap /etc/cinder/rootwrap.conf chmod ugo+rw /opt/stack/data/cinder/mnt/3fbec3a748e3d2b7dd7e4afbc0fb7ea6/volume-71b74a75-c3e9-445f-9350-d84c177836cf.info {{(pid=80401) execute /opt/stack/data/venv/lib/python3.10/site-packages/oslo_concurrency/processutils.py:349}}
Jan 06 10:58:34 devstack sudo[89014]: quobyte : PWD=/ ; USER=root ; COMMAND=/opt/stack/data/venv/bin/cinder-rootwrap /etc/cinder/rootwrap.conf chmod ugo+rw /opt/stack/data/cinder/mnt/3fbec3a748e3d2b7dd7e4afbc0fb7ea6/volume-71b74a75-c3e9-445f-9350-d84c177836cf.info
Jan 06 10:58:34 devstack sudo[89014]: pam_unix(sudo:session): session opened for user root(uid=0) by (uid=1000)
Jan 06 10:58:34 devstack sudo[89014]: pam_unix(sudo:session): session closed for user root
Jan 06 10:58:34 devstack cinder-volume[80401]: DEBUG oslo_concurrency.processutils [None req-4c72ebbc-c072-4cd0-ba91-85774de0238a tempest-GroupSnapshotsTest-1672047744 None] CMD "sudo cinder-rootwrap /etc/cinder/rootwrap.conf chmod ugo+rw /opt/stack/data/cinder/mnt/3fbec3a748e3d2b7dd7e4afbc0fb7ea6/volume-71b74a75-c3e9-445f-9350-d84c177836cf.info" returned: 0 in 0.533s {{(pid=80401) execute /opt/stack/data/venv/lib/python3.10/site-packages/oslo_concurrency/processutils.py:372}}
Jan 06 10:58:34 devstack cinder-volume[80401]: DEBUG oslo_concurrency.lockutils [None req-4c72ebbc-c072-4cd0-ba91-85774de0238a tempest-GroupSnapshotsTest-1672047744 None] Lock "quobyte" "released" by "cinder.volume.drivers.quobyte.QuobyteDriver.create_snapshot" :: held 3.797s {{(pid=80401) inner /opt/stack/data/venv/lib/python3.10/site-packages/oslo_concurrency/lockutils.py:424}}
Jan 06 10:58:34 devstack cinder-volume[80401]: INFO cinder.volume.manager [None req-4c72ebbc-c072-4cd0-ba91-85774de0238a tempest-GroupSnapshotsTest-1672047744 None] group_snapshot 5ed08d89-1f10-4638-a8a0-1eef55d1f728: created successfully
Jan 06 10:58:35 devstack cinder-volume[80401]: INFO cinder.volume.manager [None req-7a5bfc34-4dbf-4cda-89d2-ebf837546720 tempest-GroupSnapshotsTest-1672047744 None] group_snapshot 5ed08d89-1f10-4638-a8a0-1eef55d1f728: deleting
Jan 06 10:58:35 devstack cinder-volume[80401]: WARNING cinder.volume.volume_utils [None req-7a5bfc34-4dbf-4cda-89d2-ebf837546720 tempest-GroupSnapshotsTest-1672047744 None] Volume driver (QuobyteDriver 1.1.13) is currently unsupported and may be removed in the next release of OpenStack. Use at your own risk.
Jan 06 10:58:35 devstack cinder-volume[80401]: DEBUG cinder.volume.manager [None req-7a5bfc34-4dbf-4cda-89d2-ebf837546720 tempest-GroupSnapshotsTest-1672047744 None] group_snapshot 5ed08d89-1f10-4638-a8a0-1eef55d1f728: deleting {{(pid=80401) delete_group_snapshot /opt/stack/cinder/cinder/volume/manager.py:4319}}
Jan 06 10:58:35 devstack cinder-volume[80401]: DEBUG cinder.coordination [None req-7a5bfc34-4dbf-4cda-89d2-ebf837546720 tempest-GroupSnapshotsTest-1672047744 None] Acquiring lock "cinder-quobyte-955119c8-3218-4c9b-8b50-1c9aaf4c380f" by "delete_snapshot" {{(pid=80401) __acquire /opt/stack/cinder/cinder/coordination.py:143}}
Jan 06 10:58:35 devstack cinder-volume[80401]: DEBUG cinder.coordination [None req-7a5bfc34-4dbf-4cda-89d2-ebf837546720 tempest-GroupSnapshotsTest-1672047744 None] Lock "cinder-quobyte-955119c8-3218-4c9b-8b50-1c9aaf4c380f" acquired by "delete_snapshot" :: waited 0.019s {{(pid=80401) __acquire /opt/stack/cinder/cinder/coordination.py:146}}
Jan 06 10:58:35 devstack cinder-volume[80401]: DEBUG cinder.coordination [None req-7a5bfc34-4dbf-4cda-89d2-ebf837546720 tempest-GroupSnapshotsTest-1672047744 None] Acquiring lock "cinder-quobyte-3697c887-2a8f-4404-bc83-47b449db60c9" by "_delete_snapshot" {{(pid=80401) __acquire /opt/stack/cinder/cinder/coordination.py:143}}
Jan 06 10:58:35 devstack cinder-volume[80401]: DEBUG cinder.coordination [None req-7a5bfc34-4dbf-4cda-89d2-ebf837546720 tempest-GroupSnapshotsTest-1672047744 None] Lock "cinder-quobyte-3697c887-2a8f-4404-bc83-47b449db60c9" acquired by "_delete_snapshot" :: waited 0.009s {{(pid=80401) __acquire /opt/stack/cinder/cinder/coordination.py:146}}
Jan 06 10:58:35 devstack cinder-volume[80401]: DEBUG cinder.volume.drivers.remotefs [None req-7a5bfc34-4dbf-4cda-89d2-ebf837546720 tempest-GroupSnapshotsTest-1672047744 None] Deleting offline snapshot 3697c887-2a8f-4404-bc83-47b449db60c9 of volume 955119c8-3218-4c9b-8b50-1c9aaf4c380f {{(pid=80401) _delete_snapshot /opt/stack/cinder/cinder/volume/drivers/remotefs.py:1290}}
Jan 06 10:58:35 devstack cinder-volume[80401]: DEBUG cinder.volume.drivers.remotefs [None req-7a5bfc34-4dbf-4cda-89d2-ebf837546720 tempest-GroupSnapshotsTest-1672047744 None] snapshot_file for this snap is: volume-955119c8-3218-4c9b-8b50-1c9aaf4c380f.3697c887-2a8f-4404-bc83-47b449db60c9 {{(pid=80401) _delete_snapshot /opt/stack/cinder/cinder/volume/drivers/remotefs.py:1319}}
Jan 06 10:58:35 devstack cinder-volume[80401]: DEBUG oslo.privsep.daemon [-] privsep: reply[66816583-da1e-44e0-895b-223063ecea98]: (4, 'qcow2') {{(pid=81331) _call_back /opt/stack/data/venv/lib/python3.10/site-packages/oslo_privsep/daemon.py:515}}
Jan 06 10:58:35 devstack cinder-volume[80401]: DEBUG oslo_concurrency.processutils [None req-7a5bfc34-4dbf-4cda-89d2-ebf837546720 tempest-GroupSnapshotsTest-1672047744 None] Running cmd (subprocess): /opt/stack/data/venv/bin/python3.10 -m oslo_concurrency.prlimit --as=1073741824 --cpu=60 -- sudo cinder-rootwrap /etc/cinder/rootwrap.conf env LC_ALL=C qemu-img info -f qcow2 --output=json --force-share /opt/stack/data/cinder/mnt/3fbec3a748e3d2b7dd7e4afbc0fb7ea6/volume-955119c8-3218-4c9b-8b50-1c9aaf4c380f.3697c887-2a8f-4404-bc83-47b449db60c9 {{(pid=80401) execute /opt/stack/data/venv/lib/python3.10/site-packages/oslo_concurrency/processutils.py:349}}
Jan 06 10:58:35 devstack sudo[89116]: quobyte : PWD=/ ; USER=root ; COMMAND=/opt/stack/data/venv/bin/cinder-rootwrap /etc/cinder/rootwrap.conf env LC_ALL=C qemu-img info -f qcow2 --output=json --force-share /opt/stack/data/cinder/mnt/3fbec3a748e3d2b7dd7e4afbc0fb7ea6/volume-955119c8-3218-4c9b-8b50-1c9aaf4c380f.3697c887-2a8f-4404-bc83-47b449db60c9
Jan 06 10:58:35 devstack sudo[89116]: pam_unix(sudo:session): session opened for user root(uid=0) by (uid=1000)
Jan 06 10:58:36 devstack cinder-volume[80401]: DEBUG oslo_service.periodic_task [None req-639472f2-a8a5-4805-8eab-7f335579cdba None None] Running periodic task VolumeManager.publish_service_capabilities {{(pid=80401) run_periodic_tasks /opt/stack/data/venv/lib/python3.10/site-packages/oslo_service/periodic_task.py:210}}
Jan 06 10:58:36 devstack cinder-volume[80401]: DEBUG oslo_concurrency.lockutils [None req-639472f2-a8a5-4805-8eab-7f335579cdba None None] Acquiring lock "quobyte_ensure" by "cinder.volume.drivers.quobyte.QuobyteDriver._ensure_shares_mounted" {{(pid=80401) inner /opt/stack/data/venv/lib/python3.10/site-packages/oslo_concurrency/lockutils.py:405}}
Jan 06 10:58:36 devstack cinder-volume[80401]: DEBUG oslo_concurrency.lockutils [None req-639472f2-a8a5-4805-8eab-7f335579cdba None None] Lock "quobyte_ensure" acquired by "cinder.volume.drivers.quobyte.QuobyteDriver._ensure_shares_mounted" :: waited 0.001s {{(pid=80401) inner /opt/stack/data/venv/lib/python3.10/site-packages/oslo_concurrency/lockutils.py:410}}
Jan 06 10:58:36 devstack cinder-volume[80401]: DEBUG cinder.volume.drivers.quobyte [None req-639472f2-a8a5-4805-8eab-7f335579cdba None None] Quobyte Volume URL set to: {'osci02.corp.quobyte.com/cinder-vol-ea551650-c9ec-45ac-a285-4c3138c63936': None} {{(pid=80401) _load_shares_config /opt/stack/cinder/cinder/volume/drivers/quobyte.py:611}}
Jan 06 10:58:36 devstack cinder-volume[80401]: DEBUG cinder.volume.drivers.quobyte [None req-639472f2-a8a5-4805-8eab-7f335579cdba None None] Available shares ['osci02.corp.quobyte.com/cinder-vol-ea551650-c9ec-45ac-a285-4c3138c63936'] {{(pid=80401) _ensure_shares_mounted /opt/stack/cinder/cinder/volume/drivers/quobyte.py:641}}
Jan 06 10:58:36 devstack cinder-volume[80401]: DEBUG oslo_concurrency.lockutils [None req-639472f2-a8a5-4805-8eab-7f335579cdba None None] Lock "quobyte_ensure" "released" by "cinder.volume.drivers.quobyte.QuobyteDriver._ensure_shares_mounted" :: held 0.026s {{(pid=80401) inner /opt/stack/data/venv/lib/python3.10/site-packages/oslo_concurrency/lockutils.py:424}}
Jan 06 10:58:36 devstack cinder-volume[80401]: DEBUG oslo_concurrency.processutils [None req-639472f2-a8a5-4805-8eab-7f335579cdba None None] Running cmd (subprocess): sudo cinder-rootwrap /etc/cinder/rootwrap.conf df --portability --block-size 1 /opt/stack/data/cinder/mnt/3fbec3a748e3d2b7dd7e4afbc0fb7ea6 {{(pid=80401) execute /opt/stack/data/venv/lib/python3.10/site-packages/oslo_concurrency/processutils.py:349}}
Jan 06 10:58:36 devstack sudo[89119]: quobyte : PWD=/ ; USER=root ; COMMAND=/opt/stack/data/venv/bin/cinder-rootwrap /etc/cinder/rootwrap.conf df --portability --block-size 1 /opt/stack/data/cinder/mnt/3fbec3a748e3d2b7dd7e4afbc0fb7ea6
Jan 06 10:58:36 devstack sudo[89119]: pam_unix(sudo:session): session opened for user root(uid=0) by (uid=1000)
Jan 06 10:58:36 devstack sudo[89116]: pam_unix(sudo:session): session closed for user root
