Jun 02 00:35:57 devstack sudo[92666]: quobyte : PWD=/ ; USER=root ; COMMAND=/opt/stack/data/venv/bin/cinder-rootwrap /etc/cinder/rootwrap.conf chmod ugo+rw /opt/stack/data/cinder/mnt/5dca6cba70bfb9fa6b8136dcfbf4437e/volume-82782284-4d6f-4b8e-89b5-a29c2e562e5c
Jun 02 00:35:57 devstack sudo[92666]: pam_unix(sudo:session): session opened for user root(uid=0) by (uid=1000)
Jun 02 00:35:58 devstack sudo[92666]: pam_unix(sudo:session): session closed for user root
Jun 02 00:35:58 devstack cinder-volume[86910]: DEBUG oslo_concurrency.processutils [None req-3ffd99b4-9a5f-4b85-a20d-3dac1ca7bc61 tempest-AttachVolumeTestJSON-475729283 None] CMD "sudo cinder-rootwrap /etc/cinder/rootwrap.conf chmod ugo+rw /opt/stack/data/cinder/mnt/5dca6cba70bfb9fa6b8136dcfbf4437e/volume-82782284-4d6f-4b8e-89b5-a29c2e562e5c" returned: 0 in 0.666s {{(pid=86910) execute /opt/stack/data/venv/lib/python3.12/site-packages/oslo_concurrency/processutils.py:468}}
Jun 02 00:35:58 devstack cinder-volume[86910]: DEBUG cinder.volume.drivers.quobyte [None req-3ffd99b4-9a5f-4b85-a20d-3dac1ca7bc61 tempest-AttachVolumeTestJSON-475729283 None] <== create_volume: return (1582ms) {'provider_location': 'osci02.corp.quobyte.com/cinder-vol-389ce4f3-038e-4e86-af79-31aa07e74736'} {{(pid=86910) trace_logging_wrapper /opt/stack/cinder/cinder/volume/volume_utils.py:1523}}
Jun 02 00:35:58 devstack cinder-volume[86910]: DEBUG oslo_concurrency.lockutils [None req-3ffd99b4-9a5f-4b85-a20d-3dac1ca7bc61 tempest-AttachVolumeTestJSON-475729283 None] Lock "quobyte" "released" by "cinder.volume.drivers.quobyte.QuobyteDriver.create_volume" :: held 1.585s {{(pid=86910) inner /opt/stack/data/venv/lib/python3.12/site-packages/oslo_concurrency/lockutils.py:538}}
Jun 02 00:35:58 devstack cinder-volume[86910]: DEBUG cinder.volume.manager [None req-3ffd99b4-9a5f-4b85-a20d-3dac1ca7bc61 tempest-AttachVolumeTestJSON-475729283 None] Task 'cinder.volume.flows.manager.create_volume.CreateVolumeFromSpecTask;volume:create' (8f4a9608-6bfe-4ba3-b091-022b60f3b1f9) transitioned into state 'SUCCESS' from state 'RUNNING' with result '{'status': 'creating', 'volume_name': 'volume-82782284-4d6f-4b8e-89b5-a29c2e562e5c', 'volume_size': 1}' {{(pid=86910) _task_receiver /opt/stack/data/venv/lib/python3.12/site-packages/taskflow/listeners/logging.py:182}}
Jun 02 00:35:58 devstack cinder-volume[86910]: DEBUG cinder.volume.manager [None req-3ffd99b4-9a5f-4b85-a20d-3dac1ca7bc61 tempest-AttachVolumeTestJSON-475729283 None] Task 'cinder.volume.flows.manager.create_volume.CreateVolumeOnFinishTask;volume:create, create.end' (ad894af7-3333-486f-b032-eb7c7a73c13d) transitioned into state 'RUNNING' from state 'PENDING' {{(pid=86910) _task_receiver /opt/stack/data/venv/lib/python3.12/site-packages/taskflow/listeners/logging.py:194}}
Jun 02 00:35:58 devstack cinder-volume[86910]: INFO cinder.volume.flows.manager.create_volume [None req-3ffd99b4-9a5f-4b85-a20d-3dac1ca7bc61 tempest-AttachVolumeTestJSON-475729283 None] Volume volume-82782284-4d6f-4b8e-89b5-a29c2e562e5c (82782284-4d6f-4b8e-89b5-a29c2e562e5c): created successfully
Jun 02 00:35:58 devstack cinder-volume[86910]: DEBUG cinder.volume.manager [None req-3ffd99b4-9a5f-4b85-a20d-3dac1ca7bc61 tempest-AttachVolumeTestJSON-475729283 None] Task 'cinder.volume.flows.manager.create_volume.CreateVolumeOnFinishTask;volume:create, create.end' (ad894af7-3333-486f-b032-eb7c7a73c13d) transitioned into state 'SUCCESS' from state 'RUNNING' with result 'None' {{(pid=86910) _task_receiver /opt/stack/data/venv/lib/python3.12/site-packages/taskflow/listeners/logging.py:182}}
Jun 02 00:35:58 devstack cinder-volume[86910]: DEBUG cinder.volume.manager [None req-3ffd99b4-9a5f-4b85-a20d-3dac1ca7bc61 tempest-AttachVolumeTestJSON-475729283 None] Flow 'volume_create_manager' (86b18aa4-2c49-4686-8ea6-6ad16d23b5f2) transitioned into state 'SUCCESS' from state 'RUNNING' {{(pid=86910) _flow_receiver /opt/stack/data/venv/lib/python3.12/site-packages/taskflow/listeners/logging.py:145}}
Jun 02 00:35:58 devstack cinder-volume[86910]: INFO cinder.volume.manager [None req-3ffd99b4-9a5f-4b85-a20d-3dac1ca7bc61 tempest-AttachVolumeTestJSON-475729283 None] Created volume successfully.
Jun 02 00:35:58 devstack cinder-volume[86910]: INFO cinder.volume.manager [None req-02cbd9ec-49f8-4ddd-9eb8-93d3c4761c74 tempest-GroupSnapshotsTest-2001499756 None] Update group completed successfully.
Jun 02 00:36:00 devstack cinder-volume[86910]: INFO cinder.volume.manager [None req-34494732-d5b4-494f-bc51-791ede6ecf01 tempest-GroupSnapshotsTest-2001499756 None] GroupSnapshot 67ecf136-c3ae-4921-87c5-ce050e167922: creating.
Jun 02 00:36:00 devstack cinder-volume[86910]: DEBUG cinder.volume.manager [None req-34494732-d5b4-494f-bc51-791ede6ecf01 tempest-GroupSnapshotsTest-2001499756 None] Group snapshot 67ecf136-c3ae-4921-87c5-ce050e167922: creating. {{(pid=86910) create_group_snapshot /opt/stack/cinder/cinder/volume/manager.py:4175}}
Jun 02 00:36:00 devstack cinder-volume[86910]: DEBUG oslo_concurrency.lockutils [None req-34494732-d5b4-494f-bc51-791ede6ecf01 tempest-GroupSnapshotsTest-2001499756 None] Acquiring lock "quobyte" by "cinder.volume.drivers.quobyte.QuobyteDriver.create_snapshot" {{(pid=86910) inner /opt/stack/data/venv/lib/python3.12/site-packages/oslo_concurrency/lockutils.py:506}}
Jun 02 00:36:00 devstack cinder-volume[86910]: DEBUG oslo_concurrency.lockutils [None req-34494732-d5b4-494f-bc51-791ede6ecf01 tempest-GroupSnapshotsTest-2001499756 None] Lock "quobyte" acquired by "cinder.volume.drivers.quobyte.QuobyteDriver.create_snapshot" :: waited 0.001s {{(pid=86910) inner /opt/stack/data/venv/lib/python3.12/site-packages/oslo_concurrency/lockutils.py:519}}
Jun 02 00:36:00 devstack cinder-volume[86910]: DEBUG cinder.volume.drivers.remotefs [None req-34494732-d5b4-494f-bc51-791ede6ecf01 tempest-GroupSnapshotsTest-2001499756 None] Creating offline snapshot 28eeed87-edf1-43a4-8b12-c7962c280357 of volume d0d4c9db-9229-4a09-9bb2-8bc2ee0a8a42 {{(pid=86910) _create_snapshot /opt/stack/cinder/cinder/volume/drivers/remotefs.py:1816}}
Jun 02 00:36:00 devstack cinder-volume[86910]: DEBUG oslo.privsep.daemon [-] privsep: reply[3ea46e62-cb6d-4c06-98c3-f0fce72a8e60]: (4, 'qcow2') {{(pid=87934) _call_back /opt/stack/data/venv/lib/python3.12/site-packages/oslo_privsep/daemon.py:573}}
Jun 02 00:36:00 devstack cinder-volume[86910]: DEBUG oslo_concurrency.processutils [None req-34494732-d5b4-494f-bc51-791ede6ecf01 tempest-GroupSnapshotsTest-2001499756 None] Running cmd (subprocess): /opt/stack/data/venv/bin/python3.12 -m oslo_concurrency.prlimit --as=1073741824 --cpu=60 -- sudo cinder-rootwrap /etc/cinder/rootwrap.conf env LC_ALL=C qemu-img info -f qcow2 --output=json --force-share /opt/stack/data/cinder/mnt/5dca6cba70bfb9fa6b8136dcfbf4437e/volume-d0d4c9db-9229-4a09-9bb2-8bc2ee0a8a42 {{(pid=86910) execute /opt/stack/data/venv/lib/python3.12/site-packages/oslo_concurrency/processutils.py:440}}
Jun 02 00:36:00 devstack sudo[92671]: quobyte : PWD=/ ; USER=root ; COMMAND=/opt/stack/data/venv/bin/cinder-rootwrap /etc/cinder/rootwrap.conf env LC_ALL=C qemu-img info -f qcow2 --output=json --force-share /opt/stack/data/cinder/mnt/5dca6cba70bfb9fa6b8136dcfbf4437e/volume-d0d4c9db-9229-4a09-9bb2-8bc2ee0a8a42
Jun 02 00:36:00 devstack sudo[92671]: pam_unix(sudo:session): session opened for user root(uid=0) by (uid=1000)
Jun 02 00:36:01 devstack sudo[92671]: pam_unix(sudo:session): session closed for user root
Jun 02 00:36:01 devstack cinder-volume[86910]: DEBUG oslo_concurrency.processutils [None req-34494732-d5b4-494f-bc51-791ede6ecf01 tempest-GroupSnapshotsTest-2001499756 None] CMD "/opt/stack/data/venv/bin/python3.12 -m oslo_concurrency.prlimit --as=1073741824 --cpu=60 -- sudo cinder-rootwrap /etc/cinder/rootwrap.conf env LC_ALL=C qemu-img info -f qcow2 --output=json --force-share /opt/stack/data/cinder/mnt/5dca6cba70bfb9fa6b8136dcfbf4437e/volume-d0d4c9db-9229-4a09-9bb2-8bc2ee0a8a42" returned: 0 in 0.811s {{(pid=86910) execute /opt/stack/data/venv/lib/python3.12/site-packages/oslo_concurrency/processutils.py:468}}
Jun 02 00:36:01 devstack cinder-volume[86910]: DEBUG oslo_concurrency.processutils [None req-34494732-d5b4-494f-bc51-791ede6ecf01 tempest-GroupSnapshotsTest-2001499756 None] Running cmd (subprocess): sudo cinder-rootwrap /etc/cinder/rootwrap.conf qemu-img create -f qcow2 -o backing_file=/opt/stack/data/cinder/mnt/5dca6cba70bfb9fa6b8136dcfbf4437e/volume-d0d4c9db-9229-4a09-9bb2-8bc2ee0a8a42,backing_fmt=qcow2 /opt/stack/data/cinder/mnt/5dca6cba70bfb9fa6b8136dcfbf4437e/volume-d0d4c9db-9229-4a09-9bb2-8bc2ee0a8a42.28eeed87-edf1-43a4-8b12-c7962c280357 1G {{(pid=86910) execute /opt/stack/data/venv/lib/python3.12/site-packages/oslo_concurrency/processutils.py:440}}
Jun 02 00:36:01 devstack sudo[92683]: quobyte : PWD=/ ; USER=root ; COMMAND=/opt/stack/data/venv/bin/cinder-rootwrap /etc/cinder/rootwrap.conf qemu-img create -f qcow2 -o backing_file=/opt/stack/data/cinder/mnt/5dca6cba70bfb9fa6b8136dcfbf4437e/volume-d0d4c9db-9229-4a09-9bb2-8bc2ee0a8a42,backing_fmt=qcow2 /opt/stack/data/cinder/mnt/5dca6cba70bfb9fa6b8136dcfbf4437e/volume-d0d4c9db-9229-4a09-9bb2-8bc2ee0a8a42.28eeed87-edf1-43a4-8b12-c7962c280357 1G
Jun 02 00:36:01 devstack sudo[92683]: pam_unix(sudo:session): session opened for user root(uid=0) by (uid=1000)
Jun 02 00:36:02 devstack cinder-volume[86910]: DEBUG oslo_concurrency.lockutils [req-779918f5-7c82-4e86-a152-27e9e0ab850b req-8eb6314e-01f0-437e-8147-0b4863ee14a2 tempest-AttachVolumeTestJSON-475729283 None] Acquiring lock "quobyte" by "cinder.volume.drivers.quobyte.QuobyteDriver.initialize_connection" {{(pid=86910) inner /opt/stack/data/venv/lib/python3.12/site-packages/oslo_concurrency/lockutils.py:506}}
Jun 02 00:36:02 devstack sudo[92683]: pam_unix(sudo:session): session closed for user root
Jun 02 00:36:02 devstack cinder-volume[86910]: DEBUG oslo_concurrency.processutils [None req-34494732-d5b4-494f-bc51-791ede6ecf01 tempest-GroupSnapshotsTest-2001499756 None] CMD "sudo cinder-rootwrap /etc/cinder/rootwrap.conf qemu-img create -f qcow2 -o backing_file=/opt/stack/data/cinder/mnt/5dca6cba70bfb9fa6b8136dcfbf4437e/volume-d0d4c9db-9229-4a09-9bb2-8bc2ee0a8a42,backing_fmt=qcow2 /opt/stack/data/cinder/mnt/5dca6cba70bfb9fa6b8136dcfbf4437e/volume-d0d4c9db-9229-4a09-9bb2-8bc2ee0a8a42.28eeed87-edf1-43a4-8b12-c7962c280357 1G" returned: 0 in 1.435s {{(pid=86910) execute /opt/stack/data/venv/lib/python3.12/site-packages/oslo_concurrency/processutils.py:468}}
Jun 02 00:36:02 devstack cinder-volume[86910]: DEBUG oslo_concurrency.processutils [None req-34494732-d5b4-494f-bc51-791ede6ecf01 tempest-GroupSnapshotsTest-2001499756 None] Running cmd (subprocess): sudo cinder-rootwrap /etc/cinder/rootwrap.conf qemu-img rebase -u -b volume-d0d4c9db-9229-4a09-9bb2-8bc2ee0a8a42 -F qcow2 /opt/stack/data/cinder/mnt/5dca6cba70bfb9fa6b8136dcfbf4437e/volume-d0d4c9db-9229-4a09-9bb2-8bc2ee0a8a42.28eeed87-edf1-43a4-8b12-c7962c280357 {{(pid=86910) execute /opt/stack/data/venv/lib/python3.12/site-packages/oslo_concurrency/processutils.py:440}}
Jun 02 00:36:02 devstack sudo[92703]: quobyte : PWD=/ ; USER=root ; COMMAND=/opt/stack/data/venv/bin/cinder-rootwrap /etc/cinder/rootwrap.conf qemu-img rebase -u -b volume-d0d4c9db-9229-4a09-9bb2-8bc2ee0a8a42 -F qcow2 /opt/stack/data/cinder/mnt/5dca6cba70bfb9fa6b8136dcfbf4437e/volume-d0d4c9db-9229-4a09-9bb2-8bc2ee0a8a42.28eeed87-edf1-43a4-8b12-c7962c280357
Jun 02 00:36:02 devstack sudo[92703]: pam_unix(sudo:session): session opened for user root(uid=0) by (uid=1000)
Jun 02 00:36:03 devstack sudo[92703]: pam_unix(sudo:session): session closed for user root
Jun 02 00:36:03 devstack cinder-volume[86910]: DEBUG oslo_concurrency.processutils [None req-34494732-d5b4-494f-bc51-791ede6ecf01 tempest-GroupSnapshotsTest-2001499756 None] CMD "sudo cinder-rootwrap /etc/cinder/rootwrap.conf qemu-img rebase -u -b volume-d0d4c9db-9229-4a09-9bb2-8bc2ee0a8a42 -F qcow2 /opt/stack/data/cinder/mnt/5dca6cba70bfb9fa6b8136dcfbf4437e/volume-d0d4c9db-9229-4a09-9bb2-8bc2ee0a8a42.28eeed87-edf1-43a4-8b12-c7962c280357" returned: 0 in 0.817s {{(pid=86910) execute /opt/stack/data/venv/lib/python3.12/site-packages/oslo_concurrency/processutils.py:468}}
Jun 02 00:36:03 devstack cinder-volume[86910]: WARNING cinder.volume.drivers.remotefs [None req-34494732-d5b4-494f-bc51-791ede6ecf01 tempest-GroupSnapshotsTest-2001499756 None] /opt/stack/data/cinder/mnt/5dca6cba70bfb9fa6b8136dcfbf4437e/volume-d0d4c9db-9229-4a09-9bb2-8bc2ee0a8a42.28eeed87-edf1-43a4-8b12-c7962c280357 is being set with open permissions: ugo+rw: NotImplementedError
Jun 02 00:36:03 devstack cinder-volume[86910]: DEBUG oslo_concurrency.processutils [None req-34494732-d5b4-494f-bc51-791ede6ecf01 tempest-GroupSnapshotsTest-2001499756 None] Running cmd (subprocess): sudo cinder-rootwrap /etc/cinder/rootwrap.conf chmod ugo+rw /opt/stack/data/cinder/mnt/5dca6cba70bfb9fa6b8136dcfbf4437e/volume-d0d4c9db-9229-4a09-9bb2-8bc2ee0a8a42.28eeed87-edf1-43a4-8b12-c7962c280357 {{(pid=86910) execute /opt/stack/data/venv/lib/python3.12/site-packages/oslo_concurrency/processutils.py:440}}
Jun 02 00:36:03 devstack sudo[92723]: quobyte : PWD=/ ; USER=root ; COMMAND=/opt/stack/data/venv/bin/cinder-rootwrap /etc/cinder/rootwrap.conf chmod ugo+rw /opt/stack/data/cinder/mnt/5dca6cba70bfb9fa6b8136dcfbf4437e/volume-d0d4c9db-9229-4a09-9bb2-8bc2ee0a8a42.28eeed87-edf1-43a4-8b12-c7962c280357
Jun 02 00:36:03 devstack sudo[92723]: pam_unix(sudo:session): session opened for user root(uid=0) by (uid=1000)
Jun 02 00:36:04 devstack sudo[92723]: pam_unix(sudo:session): session closed for user root
Jun 02 00:36:04 devstack cinder-volume[86910]: DEBUG oslo_concurrency.processutils [None req-34494732-d5b4-494f-bc51-791ede6ecf01 tempest-GroupSnapshotsTest-2001499756 None] CMD "sudo cinder-rootwrap /etc/cinder/rootwrap.conf chmod ugo+rw /opt/stack/data/cinder/mnt/5dca6cba70bfb9fa6b8136dcfbf4437e/volume-d0d4c9db-9229-4a09-9bb2-8bc2ee0a8a42.28eeed87-edf1-43a4-8b12-c7962c280357" returned: 0 in 0.709s {{(pid=86910) execute /opt/stack/data/venv/lib/python3.12/site-packages/oslo_concurrency/processutils.py:468}}
Jun 02 00:36:04 devstack cinder-volume[86910]: DEBUG oslo_concurrency.processutils [None req-34494732-d5b4-494f-bc51-791ede6ecf01 tempest-GroupSnapshotsTest-2001499756 None] Running cmd (subprocess): sudo cinder-rootwrap /etc/cinder/rootwrap.conf truncate -s0 /opt/stack/data/cinder/mnt/5dca6cba70bfb9fa6b8136dcfbf4437e/volume-d0d4c9db-9229-4a09-9bb2-8bc2ee0a8a42.info {{(pid=86910) execute /opt/stack/data/venv/lib/python3.12/site-packages/oslo_concurrency/processutils.py:440}}
Jun 02 00:36:04 devstack sudo[92727]: quobyte : PWD=/ ; USER=root ; COMMAND=/opt/stack/data/venv/bin/cinder-rootwrap /etc/cinder/rootwrap.conf truncate -s0 /opt/stack/data/cinder/mnt/5dca6cba70bfb9fa6b8136dcfbf4437e/volume-d0d4c9db-9229-4a09-9bb2-8bc2ee0a8a42.info
Jun 02 00:36:04 devstack sudo[92727]: pam_unix(sudo:session): session opened for user root(uid=0) by (uid=1000)
Jun 02 00:36:04 devstack sudo[92727]: pam_unix(sudo:session): session closed for user root
Jun 02 00:36:04 devstack cinder-volume[86910]: DEBUG oslo_concurrency.processutils [None req-34494732-d5b4-494f-bc51-791ede6ecf01 tempest-GroupSnapshotsTest-2001499756 None] CMD "sudo cinder-rootwrap /etc/cinder/rootwrap.conf truncate -s0 /opt/stack/data/cinder/mnt/5dca6cba70bfb9fa6b8136dcfbf4437e/volume-d0d4c9db-9229-4a09-9bb2-8bc2ee0a8a42.info" returned: 0 in 0.675s {{(pid=86910) execute /opt/stack/data/venv/lib/python3.12/site-packages/oslo_concurrency/processutils.py:468}}
Jun 02 00:36:04 devstack cinder-volume[86910]: WARNING cinder.volume.drivers.remotefs [None req-34494732-d5b4-494f-bc51-791ede6ecf01 tempest-GroupSnapshotsTest-2001499756 None] /opt/stack/data/cinder/mnt/5dca6cba70bfb9fa6b8136dcfbf4437e/volume-d0d4c9db-9229-4a09-9bb2-8bc2ee0a8a42.info is being set with open permissions: ugo+rw: NotImplementedError
Jun 02 00:36:04 devstack cinder-volume[86910]: DEBUG oslo_concurrency.processutils [None req-34494732-d5b4-494f-bc51-791ede6ecf01 tempest-GroupSnapshotsTest-2001499756 None] Running cmd (subprocess): sudo cinder-rootwrap /etc/cinder/rootwrap.conf chmod ugo+rw /opt/stack/data/cinder/mnt/5dca6cba70bfb9fa6b8136dcfbf4437e/volume-d0d4c9db-9229-4a09-9bb2-8bc2ee0a8a42.info {{(pid=86910) execute /opt/stack/data/venv/lib/python3.12/site-packages/oslo_concurrency/processutils.py:440}}
Jun 02 00:36:04 devstack sudo[92731]: quobyte : PWD=/ ; USER=root ; COMMAND=/opt/stack/data/venv/bin/cinder-rootwrap /etc/cinder/rootwrap.conf chmod ugo+rw /opt/stack/data/cinder/mnt/5dca6cba70bfb9fa6b8136dcfbf4437e/volume-d0d4c9db-9229-4a09-9bb2-8bc2ee0a8a42.info
Jun 02 00:36:04 devstack sudo[92731]: pam_unix(sudo:session): session opened for user root(uid=0) by (uid=1000)
Jun 02 00:36:05 devstack sudo[92731]: pam_unix(sudo:session): session closed for user root
Jun 02 00:36:05 devstack cinder-volume[86910]: DEBUG oslo_concurrency.processutils [None req-34494732-d5b4-494f-bc51-791ede6ecf01 tempest-GroupSnapshotsTest-2001499756 None] CMD "sudo cinder-rootwrap /etc/cinder/rootwrap.conf chmod ugo+rw /opt/stack/data/cinder/mnt/5dca6cba70bfb9fa6b8136dcfbf4437e/volume-d0d4c9db-9229-4a09-9bb2-8bc2ee0a8a42.info" returned: 0 in 0.615s {{(pid=86910) execute /opt/stack/data/venv/lib/python3.12/site-packages/oslo_concurrency/processutils.py:468}}
Jun 02 00:36:05 devstack cinder-volume[86910]: DEBUG oslo_concurrency.lockutils [None req-34494732-d5b4-494f-bc51-791ede6ecf01 tempest-GroupSnapshotsTest-2001499756 None] Lock "quobyte" "released" by "cinder.volume.drivers.quobyte.QuobyteDriver.create_snapshot" :: held 5.187s {{(pid=86910) inner /opt/stack/data/venv/lib/python3.12/site-packages/oslo_concurrency/lockutils.py:538}}
Jun 02 00:36:05 devstack cinder-volume[86910]: DEBUG oslo_concurrency.lockutils [None req-34494732-d5b4-494f-bc51-791ede6ecf01 tempest-GroupSnapshotsTest-2001499756 None] Acquiring lock "quobyte" by "cinder.volume.drivers.quobyte.QuobyteDriver.create_snapshot" {{(pid=86910) inner /opt/stack/data/venv/lib/python3.12/site-packages/oslo_concurrency/lockutils.py:506}}
Jun 02 00:36:05 devstack cinder-volume[86910]: DEBUG oslo_concurrency.lockutils [None req-34494732-d5b4-494f-bc51-791ede6ecf01 tempest-GroupSnapshotsTest-2001499756 None] Lock "quobyte" acquired by "cinder.volume.drivers.quobyte.QuobyteDriver.create_snapshot" :: waited 0.001s {{(pid=86910) inner /opt/stack/data/venv/lib/python3.12/site-packages/oslo_concurrency/lockutils.py:519}}
Jun 02 00:36:05 devstack cinder-volume[86910]: DEBUG cinder.volume.drivers.remotefs [None req-34494732-d5b4-494f-bc51-791ede6ecf01 tempest-GroupSnapshotsTest-2001499756 None] Creating offline snapshot f1cb7d07-f4ac-4d3b-a02c-a0e3f4fc9061 of volume ed440afd-3c64-4d95-bae6-77cc9f3c9023 {{(pid=86910) _create_snapshot /opt/stack/cinder/cinder/volume/drivers/remotefs.py:1816}}
Jun 02 00:36:05 devstack cinder-volume[86910]: DEBUG oslo.privsep.daemon [-] privsep: reply[081dffff-d7ed-4006-89a8-054a347e34f7]: (4, 'qcow2') {{(pid=87934) _call_back /opt/stack/data/venv/lib/python3.12/site-packages/oslo_privsep/daemon.py:573}}
Jun 02 00:36:05 devstack cinder-volume[86910]: DEBUG oslo_concurrency.processutils [None req-34494732-d5b4-494f-bc51-791ede6ecf01 tempest-GroupSnapshotsTest-2001499756 None] Running cmd (subprocess): /opt/stack/data/venv/bin/python3.12 -m oslo_concurrency.prlimit --as=1073741824 --cpu=60 -- sudo cinder-rootwrap /etc/cinder/rootwrap.conf env LC_ALL=C qemu-img info -f qcow2 --output=json --force-share /opt/stack/data/cinder/mnt/5dca6cba70bfb9fa6b8136dcfbf4437e/volume-ed440afd-3c64-4d95-bae6-77cc9f3c9023 {{(pid=86910) execute /opt/stack/data/venv/lib/python3.12/site-packages/oslo_concurrency/processutils.py:440}}
Jun 02 00:36:05 devstack sudo[92734]: quobyte : PWD=/ ; USER=root ; COMMAND=/opt/stack/data/venv/bin/cinder-rootwrap /etc/cinder/rootwrap.conf env LC_ALL=C qemu-img info -f qcow2 --output=json --force-share /opt/stack/data/cinder/mnt/5dca6cba70bfb9fa6b8136dcfbf4437e/volume-ed440afd-3c64-4d95-bae6-77cc9f3c9023
Jun 02 00:36:05 devstack sudo[92734]: pam_unix(sudo:session): session opened for user root(uid=0) by (uid=1000)
Jun 02 00:36:06 devstack sudo[92734]: pam_unix(sudo:session): session closed for user root
Jun 02 00:36:06 devstack cinder-volume[86910]: DEBUG oslo_concurrency.processutils [None req-34494732-d5b4-494f-bc51-791ede6ecf01 tempest-GroupSnapshotsTest-2001499756 None] CMD "/opt/stack/data/venv/bin/python3.12 -m oslo_concurrency.prlimit --as=1073741824 --cpu=60 -- sudo cinder-rootwrap /etc/cinder/rootwrap.conf env LC_ALL=C qemu-img info -f qcow2 --output=json --force-share /opt/stack/data/cinder/mnt/5dca6cba70bfb9fa6b8136dcfbf4437e/volume-ed440afd-3c64-4d95-bae6-77cc9f3c9023" returned: 0 in 0.791s {{(pid=86910) execute /opt/stack/data/venv/lib/python3.12/site-packages/oslo_concurrency/processutils.py:468}}
Jun 02 00:36:06 devstack cinder-volume[86910]: DEBUG oslo_concurrency.processutils [None req-34494732-d5b4-494f-bc51-791ede6ecf01 tempest-GroupSnapshotsTest-2001499756 None] Running cmd (subprocess): sudo cinder-rootwrap /etc/cinder/rootwrap.conf qemu-img create -f qcow2 -o backing_file=/opt/stack/data/cinder/mnt/5dca6cba70bfb9fa6b8136dcfbf4437e/volume-ed440afd-3c64-4d95-bae6-77cc9f3c9023,backing_fmt=qcow2 /opt/stack/data/cinder/mnt/5dca6cba70bfb9fa6b8136dcfbf4437e/volume-ed440afd-3c64-4d95-bae6-77cc9f3c9023.f1cb7d07-f4ac-4d3b-a02c-a0e3f4fc9061 1G {{(pid=86910) execute /opt/stack/data/venv/lib/python3.12/site-packages/oslo_concurrency/processutils.py:440}}
Jun 02 00:36:06 devstack sudo[92739]: quobyte : PWD=/ ; USER=root ; COMMAND=/opt/stack/data/venv/bin/cinder-rootwrap /etc/cinder/rootwrap.conf qemu-img create -f qcow2 -o backing_file=/opt/stack/data/cinder/mnt/5dca6cba70bfb9fa6b8136dcfbf4437e/volume-ed440afd-3c64-4d95-bae6-77cc9f3c9023,backing_fmt=qcow2 /opt/stack/data/cinder/mnt/5dca6cba70bfb9fa6b8136dcfbf4437e/volume-ed440afd-3c64-4d95-bae6-77cc9f3c9023.f1cb7d07-f4ac-4d3b-a02c-a0e3f4fc9061 1G
Jun 02 00:36:06 devstack sudo[92739]: pam_unix(sudo:session): session opened for user root(uid=0) by (uid=1000)
Jun 02 00:36:07 devstack sudo[92739]: pam_unix(sudo:session): session closed for user root
Jun 02 00:36:07 devstack cinder-volume[86910]: DEBUG oslo_concurrency.processutils [None req-34494732-d5b4-494f-bc51-791ede6ecf01 tempest-GroupSnapshotsTest-2001499756 None] CMD "sudo cinder-rootwrap /etc/cinder/rootwrap.conf qemu-img create -f qcow2 -o backing_file=/opt/stack/data/cinder/mnt/5dca6cba70bfb9fa6b8136dcfbf4437e/volume-ed440afd-3c64-4d95-bae6-77cc9f3c9023,backing_fmt=qcow2 /opt/stack/data/cinder/mnt/5dca6cba70bfb9fa6b8136dcfbf4437e/volume-ed440afd-3c64-4d95-bae6-77cc9f3c9023.f1cb7d07-f4ac-4d3b-a02c-a0e3f4fc9061 1G" returned: 0 in 0.948s {{(pid=86910) execute /opt/stack/data/venv/lib/python3.12/site-packages/oslo_concurrency/processutils.py:468}}
Jun 02 00:36:07 devstack cinder-volume[86910]: DEBUG oslo_concurrency.processutils [None req-34494732-d5b4-494f-bc51-791ede6ecf01 tempest-GroupSnapshotsTest-2001499756 None] Running cmd (subprocess): sudo cinder-rootwrap /etc/cinder/rootwrap.conf qemu-img rebase -u -b volume-ed440afd-3c64-4d95-bae6-77cc9f3c9023 -F qcow2 /opt/stack/data/cinder/mnt/5dca6cba70bfb9fa6b8136dcfbf4437e/volume-ed440afd-3c64-4d95-bae6-77cc9f3c9023.f1cb7d07-f4ac-4d3b-a02c-a0e3f4fc9061 {{(pid=86910) execute /opt/stack/data/venv/lib/python3.12/site-packages/oslo_concurrency/processutils.py:440}}
Jun 02 00:36:07 devstack sudo[92750]: quobyte : PWD=/ ; USER=root ; COMMAND=/opt/stack/data/venv/bin/cinder-rootwrap /etc/cinder/rootwrap.conf qemu-img rebase -u -b volume-ed440afd-3c64-4d95-bae6-77cc9f3c9023 -F qcow2 /opt/stack/data/cinder/mnt/5dca6cba70bfb9fa6b8136dcfbf4437e/volume-ed440afd-3c64-4d95-bae6-77cc9f3c9023.f1cb7d07-f4ac-4d3b-a02c-a0e3f4fc9061
Jun 02 00:36:07 devstack sudo[92750]: pam_unix(sudo:session): session opened for user root(uid=0) by (uid=1000)
Jun 02 00:36:07 devstack sudo[92750]: pam_unix(sudo:session): session closed for user root
Jun 02 00:36:07 devstack cinder-volume[86910]: DEBUG oslo_concurrency.processutils [None req-34494732-d5b4-494f-bc51-791ede6ecf01 tempest-GroupSnapshotsTest-2001499756 None] CMD "sudo cinder-rootwrap /etc/cinder/rootwrap.conf qemu-img rebase -u -b volume-ed440afd-3c64-4d95-bae6-77cc9f3c9023 -F qcow2 /opt/stack/data/cinder/mnt/5dca6cba70bfb9fa6b8136dcfbf4437e/volume-ed440afd-3c64-4d95-bae6-77cc9f3c9023.f1cb7d07-f4ac-4d3b-a02c-a0e3f4fc9061" returned: 0 in 0.694s {{(pid=86910) execute /opt/stack/data/venv/lib/python3.12/site-packages/oslo_concurrency/processutils.py:468}}
Jun 02 00:36:07 devstack cinder-volume[86910]: WARNING cinder.volume.drivers.remotefs [None req-34494732-d5b4-494f-bc51-791ede6ecf01 tempest-GroupSnapshotsTest-2001499756 None] /opt/stack/data/cinder/mnt/5dca6cba70bfb9fa6b8136dcfbf4437e/volume-ed440afd-3c64-4d95-bae6-77cc9f3c9023.f1cb7d07-f4ac-4d3b-a02c-a0e3f4fc9061 is being set with open permissions: ugo+rw: NotImplementedError
Jun 02 00:36:07 devstack cinder-volume[86910]: DEBUG oslo_concurrency.processutils [None req-34494732-d5b4-494f-bc51-791ede6ecf01 tempest-GroupSnapshotsTest-2001499756 None] Running cmd (subprocess): sudo cinder-rootwrap /etc/cinder/rootwrap.conf chmod ugo+rw /opt/stack/data/cinder/mnt/5dca6cba70bfb9fa6b8136dcfbf4437e/volume-ed440afd-3c64-4d95-bae6-77cc9f3c9023.f1cb7d07-f4ac-4d3b-a02c-a0e3f4fc9061 {{(pid=86910) execute /opt/stack/data/venv/lib/python3.12/site-packages/oslo_concurrency/processutils.py:440}}
Jun 02 00:36:07 devstack sudo[92755]: quobyte : PWD=/ ; USER=root ; COMMAND=/opt/stack/data/venv/bin/cinder-rootwrap /etc/cinder/rootwrap.conf chmod ugo+rw /opt/stack/data/cinder/mnt/5dca6cba70bfb9fa6b8136dcfbf4437e/volume-ed440afd-3c64-4d95-bae6-77cc9f3c9023.f1cb7d07-f4ac-4d3b-a02c-a0e3f4fc9061
Jun 02 00:36:07 devstack sudo[92755]: pam_unix(sudo:session): session opened for user root(uid=0) by (uid=1000)
Jun 02 00:36:08 devstack sudo[92755]: pam_unix(sudo:session): session closed for user root
Jun 02 00:36:08 devstack cinder-volume[86910]: DEBUG oslo_concurrency.processutils [None req-34494732-d5b4-494f-bc51-791ede6ecf01 tempest-GroupSnapshotsTest-2001499756 None] CMD "sudo cinder-rootwrap /etc/cinder/rootwrap.conf chmod ugo+rw /opt/stack/data/cinder/mnt/5dca6cba70bfb9fa6b8136dcfbf4437e/volume-ed440afd-3c64-4d95-bae6-77cc9f3c9023.f1cb7d07-f4ac-4d3b-a02c-a0e3f4fc9061" returned: 0 in 0.696s {{(pid=86910) execute /opt/stack/data/venv/lib/python3.12/site-packages/oslo_concurrency/processutils.py:468}}
Jun 02 00:36:08 devstack cinder-volume[86910]: DEBUG oslo_concurrency.processutils [None req-34494732-d5b4-494f-bc51-791ede6ecf01 tempest-GroupSnapshotsTest-2001499756 None] Running cmd (subprocess): sudo cinder-rootwrap /etc/cinder/rootwrap.conf truncate -s0 /opt/stack/data/cinder/mnt/5dca6cba70bfb9fa6b8136dcfbf4437e/volume-ed440afd-3c64-4d95-bae6-77cc9f3c9023.info {{(pid=86910) execute /opt/stack/data/venv/lib/python3.12/site-packages/oslo_concurrency/processutils.py:440}}
Jun 02 00:36:08 devstack sudo[92759]: quobyte : PWD=/ ; USER=root ; COMMAND=/opt/stack/data/venv/bin/cinder-rootwrap /etc/cinder/rootwrap.conf truncate -s0 /opt/stack/data/cinder/mnt/5dca6cba70bfb9fa6b8136dcfbf4437e/volume-ed440afd-3c64-4d95-bae6-77cc9f3c9023.info
Jun 02 00:36:08 devstack sudo[92759]: pam_unix(sudo:session): session opened for user root(uid=0) by (uid=1000)
Jun 02 00:36:09 devstack sudo[92759]: pam_unix(sudo:session): session closed for user root
Jun 02 00:36:09 devstack cinder-volume[86910]: DEBUG oslo_concurrency.processutils [None req-34494732-d5b4-494f-bc51-791ede6ecf01 tempest-GroupSnapshotsTest-2001499756 None] CMD "sudo cinder-rootwrap /etc/cinder/rootwrap.conf truncate -s0 /opt/stack/data/cinder/mnt/5dca6cba70bfb9fa6b8136dcfbf4437e/volume-ed440afd-3c64-4d95-bae6-77cc9f3c9023.info" returned: 0 in 1.071s {{(pid=86910) execute /opt/stack/data/venv/lib/python3.12/site-packages/oslo_concurrency/processutils.py:468}}
Jun 02 00:36:09 devstack cinder-volume[86910]: WARNING cinder.volume.drivers.remotefs [None req-34494732-d5b4-494f-bc51-791ede6ecf01 tempest-GroupSnapshotsTest-2001499756 None] /opt/stack/data/cinder/mnt/5dca6cba70bfb9fa6b8136dcfbf4437e/volume-ed440afd-3c64-4d95-bae6-77cc9f3c9023.info is being set with open permissions: ugo+rw: NotImplementedError
Jun 02 00:36:09 devstack cinder-volume[86910]: DEBUG oslo_concurrency.processutils [None req-34494732-d5b4-494f-bc51-791ede6ecf01 tempest-GroupSnapshotsTest-2001499756 None] Running cmd (subprocess): sudo cinder-rootwrap /etc/cinder/rootwrap.conf chmod ugo+rw /opt/stack/data/cinder/mnt/5dca6cba70bfb9fa6b8136dcfbf4437e/volume-ed440afd-3c64-4d95-bae6-77cc9f3c9023.info {{(pid=86910) execute /opt/stack/data/venv/lib/python3.12/site-packages/oslo_concurrency/processutils.py:440}}
Jun 02 00:36:09 devstack sudo[92819]: quobyte : PWD=/ ; USER=root ; COMMAND=/opt/stack/data/venv/bin/cinder-rootwrap /etc/cinder/rootwrap.conf chmod ugo+rw /opt/stack/data/cinder/mnt/5dca6cba70bfb9fa6b8136dcfbf4437e/volume-ed440afd-3c64-4d95-bae6-77cc9f3c9023.info
Jun 02 00:36:09 devstack sudo[92819]: pam_unix(sudo:session): session opened for user root(uid=0) by (uid=1000)
Jun 02 00:36:10 devstack sudo[92819]: pam_unix(sudo:session): session closed for user root
Jun 02 00:36:10 devstack cinder-volume[86910]: DEBUG oslo_concurrency.processutils [None req-34494732-d5b4-494f-bc51-791ede6ecf01 tempest-GroupSnapshotsTest-2001499756 None] CMD "sudo cinder-rootwrap /etc/cinder/rootwrap.conf chmod ugo+rw /opt/stack/data/cinder/mnt/5dca6cba70bfb9fa6b8136dcfbf4437e/volume-ed440afd-3c64-4d95-bae6-77cc9f3c9023.info" returned: 0 in 0.874s {{(pid=86910) execute /opt/stack/data/venv/lib/python3.12/site-packages/oslo_concurrency/processutils.py:468}}
Jun 02 00:36:10 devstack cinder-volume[86910]: DEBUG oslo_concurrency.lockutils [None req-34494732-d5b4-494f-bc51-791ede6ecf01 tempest-GroupSnapshotsTest-2001499756 None] Lock "quobyte" "released" by "cinder.volume.drivers.quobyte.QuobyteDriver.create_snapshot" :: held 5.231s {{(pid=86910) inner /opt/stack/data/venv/lib/python3.12/site-packages/oslo_concurrency/lockutils.py:538}}
Jun 02 00:36:10 devstack cinder-volume[86910]: DEBUG oslo_concurrency.lockutils [req-779918f5-7c82-4e86-a152-27e9e0ab850b req-8eb6314e-01f0-437e-8147-0b4863ee14a2 tempest-AttachVolumeTestJSON-475729283 None] Lock "quobyte" acquired by "cinder.volume.drivers.quobyte.QuobyteDriver.initialize_connection" :: waited 8.435s {{(pid=86910) inner /opt/stack/data/venv/lib/python3.12/site-packages/oslo_concurrency/lockutils.py:519}}
Jun 02 00:36:10 devstack cinder-volume[86910]: DEBUG oslo.privsep.daemon [-] privsep: reply[ea07efc6-2d29-4620-801a-5d1bf37d14df]: (4, 'qcow2') {{(pid=87934) _call_back /opt/stack/data/venv/lib/python3.12/site-packages/oslo_privsep/daemon.py:573}}
Jun 02 00:36:10 devstack cinder-volume[86910]: DEBUG oslo_concurrency.processutils [req-779918f5-7c82-4e86-a152-27e9e0ab850b req-8eb6314e-01f0-437e-8147-0b4863ee14a2 tempest-AttachVolumeTestJSON-475729283 None] Running cmd (subprocess): /opt/stack/data/venv/bin/python3.12 -m oslo_concurrency.prlimit --as=1073741824 --cpu=60 -- sudo cinder-rootwrap /etc/cinder/rootwrap.conf env LC_ALL=C qemu-img info -f qcow2 --output=json --force-share /opt/stack/data/cinder/mnt/5dca6cba70bfb9fa6b8136dcfbf4437e/volume-82782284-4d6f-4b8e-89b5-a29c2e562e5c {{(pid=86910) execute /opt/stack/data/venv/lib/python3.12/site-packages/oslo_concurrency/processutils.py:440}}
Jun 02 00:36:10 devstack cinder-volume[86910]: INFO cinder.volume.manager [None req-34494732-d5b4-494f-bc51-791ede6ecf01 tempest-GroupSnapshotsTest-2001499756 None] group_snapshot 67ecf136-c3ae-4921-87c5-ce050e167922: created successfully
Jun 02 00:36:10 devstack sudo[92826]: quobyte : PWD=/ ; USER=root ; COMMAND=/opt/stack/data/venv/bin/cinder-rootwrap /etc/cinder/rootwrap.conf env LC_ALL=C qemu-img info -f qcow2 --output=json --force-share /opt/stack/data/cinder/mnt/5dca6cba70bfb9fa6b8136dcfbf4437e/volume-82782284-4d6f-4b8e-89b5-a29c2e562e5c
Jun 02 00:36:10 devstack sudo[92826]: pam_unix(sudo:session): session opened for user root(uid=0) by (uid=1000)
Jun 02 00:36:11 devstack sudo[92826]: pam_unix(sudo:session): session closed for user root
Jun 02 00:36:11 devstack cinder-volume[86910]: DEBUG oslo_concurrency.processutils [req-779918f5-7c82-4e86-a152-27e9e0ab850b req-8eb6314e-01f0-437e-8147-0b4863ee14a2 tempest-AttachVolumeTestJSON-475729283 None] CMD "/opt/stack/data/venv/bin/python3.12 -m oslo_concurrency.prlimit --as=1073741824 --cpu=60 -- sudo cinder-rootwrap /etc/cinder/rootwrap.conf env LC_ALL=C qemu-img info -f qcow2 --output=json --force-share /opt/stack/data/cinder/mnt/5dca6cba70bfb9fa6b8136dcfbf4437e/volume-82782284-4d6f-4b8e-89b5-a29c2e562e5c" returned: 0 in 1.163s {{(pid=86910) execute /opt/stack/data/venv/lib/python3.12/site-packages/oslo_concurrency/processutils.py:468}}
Jun 02 00:36:11 devstack cinder-volume[86910]: DEBUG oslo_concurrency.lockutils [req-779918f5-7c82-4e86-a152-27e9e0ab850b req-8eb6314e-01f0-437e-8147-0b4863ee14a2 tempest-AttachVolumeTestJSON-475729283 None] Lock "quobyte" "released" by "cinder.volume.drivers.quobyte.QuobyteDriver.initialize_connection" :: held 1.194s {{(pid=86910) inner /opt/stack/data/venv/lib/python3.12/site-packages/oslo_concurrency/lockutils.py:538}}
Jun 02 00:36:11 devstack cinder-volume[86910]: DEBUG cinder.volume.manager [req-779918f5-7c82-4e86-a152-27e9e0ab850b req-8eb6314e-01f0-437e-8147-0b4863ee14a2 tempest-AttachVolumeTestJSON-475729283 None] Connection info returned from driver {'export': 'osci02.corp.quobyte.com/cinder-vol-389ce4f3-038e-4e86-af79-31aa07e74736', 'name': 'volume-82782284-4d6f-4b8e-89b5-a29c2e562e5c', 'options': None, 'format': 'qcow2', 'qos_specs': None, 'access_mode': 'rw', 'encrypted': False, 'cacheable': False, 'driver_volume_type': 'quobyte', 'mount_point_base': '/opt/stack/data/cinder/mnt', 'attachment_id': '47ddac59-7cb2-4f66-95d0-d2286f6c7f4f', 'enforce_multipath': True} {{(pid=86910) _connection_create /opt/stack/cinder/cinder/volume/manager.py:4924}}
Jun 02 00:36:12 devstack cinder-volume[86910]: INFO cinder.volume.manager [req-779918f5-7c82-4e86-a152-27e9e0ab850b req-8eb6314e-01f0-437e-8147-0b4863ee14a2 tempest-AttachVolumeTestJSON-475729283 None] attachment_update completed successfully.
Jun 02 00:36:12 devstack cinder-volume[86910]: INFO cinder.volume.manager [None req-fbb43b64-182d-46b7-b21b-1faae58f7483 tempest-GroupSnapshotsTest-2001499756 None] group_snapshot 67ecf136-c3ae-4921-87c5-ce050e167922: deleting
Jun 02 00:36:12 devstack cinder-volume[86910]: DEBUG cinder.volume.manager [None req-fbb43b64-182d-46b7-b21b-1faae58f7483 tempest-GroupSnapshotsTest-2001499756 None] group_snapshot 67ecf136-c3ae-4921-87c5-ce050e167922: deleting {{(pid=86910) delete_group_snapshot /opt/stack/cinder/cinder/volume/manager.py:4350}}
Jun 02 00:36:12 devstack cinder-volume[86910]: DEBUG cinder.coordination [None req-fbb43b64-182d-46b7-b21b-1faae58f7483 tempest-GroupSnapshotsTest-2001499756 None] Acquiring lock "cinder-quobyte-d0d4c9db-9229-4a09-9bb2-8bc2ee0a8a42" by "delete_snapshot" {{(pid=86910) __acquire /opt/stack/cinder/cinder/coordination.py:138}}
Jun 02 00:36:12 devstack cinder-volume[86910]: DEBUG cinder.coordination [None req-fbb43b64-182d-46b7-b21b-1faae58f7483 tempest-GroupSnapshotsTest-2001499756 None] Lock "cinder-quobyte-d0d4c9db-9229-4a09-9bb2-8bc2ee0a8a42" acquired by "delete_snapshot" :: waited 0.044s {{(pid=86910) __acquire /opt/stack/cinder/cinder/coordination.py:141}}
Jun 02 00:36:12 devstack cinder-volume[86910]: DEBUG cinder.coordination [None req-fbb43b64-182d-46b7-b21b-1faae58f7483 tempest-GroupSnapshotsTest-2001499756 None] Acquiring lock "cinder-quobyte-28eeed87-edf1-43a4-8b12-c7962c280357" by "_delete_snapshot" {{(pid=86910) __acquire /opt/stack/cinder/cinder/coordination.py:138}}
Jun 02 00:36:12 devstack cinder-volume[86910]: DEBUG cinder.coordination [None req-fbb43b64-182d-46b7-b21b-1faae58f7483 tempest-GroupSnapshotsTest-2001499756 None] Lock "cinder-quobyte-28eeed87-edf1-43a4-8b12-c7962c280357" acquired by "_delete_snapshot" :: waited 0.037s {{(pid=86910) __acquire /opt/stack/cinder/cinder/coordination.py:141}}
Jun 02 00:36:12 devstack cinder-volume[86910]: DEBUG cinder.volume.drivers.remotefs [None req-fbb43b64-182d-46b7-b21b-1faae58f7483 tempest-GroupSnapshotsTest-2001499756 None] Deleting offline snapshot 28eeed87-edf1-43a4-8b12-c7962c280357 of volume d0d4c9db-9229-4a09-9bb2-8bc2ee0a8a42 {{(pid=86910) _delete_snapshot /opt/stack/cinder/cinder/volume/drivers/remotefs.py:1288}}
Jun 02 00:36:12 devstack cinder-volume[86910]: DEBUG cinder.volume.drivers.remotefs [None req-fbb43b64-182d-46b7-b21b-1faae58f7483 tempest-GroupSnapshotsTest-2001499756 None] snapshot_file for this snap is: volume-d0d4c9db-9229-4a09-9bb2-8bc2ee0a8a42.28eeed87-edf1-43a4-8b12-c7962c280357 {{(pid=86910) _delete_snapshot /opt/stack/cinder/cinder/volume/drivers/remotefs.py:1317}}
Jun 02 00:36:12 devstack cinder-volume[86910]: DEBUG oslo.privsep.daemon [-] privsep: reply[415a880d-ce81-4a8f-956d-50d16dbc5204]: (4, 'qcow2') {{(pid=87934) _call_back /opt/stack/data/venv/lib/python3.12/site-packages/oslo_privsep/daemon.py:573}}
Jun 02 00:36:12 devstack cinder-volume[86910]: DEBUG oslo_concurrency.processutils [None req-fbb43b64-182d-46b7-b21b-1faae58f7483 tempest-GroupSnapshotsTest-2001499756 None] Running cmd (subprocess): /opt/stack/data/venv/bin/python3.12 -m oslo_concurrency.prlimit --as=1073741824 --cpu=60 -- sudo cinder-rootwrap /etc/cinder/rootwrap.conf env LC_ALL=C qemu-img info -f qcow2 --output=json --force-share /opt/stack/data/cinder/mnt/5dca6cba70bfb9fa6b8136dcfbf4437e/volume-d0d4c9db-9229-4a09-9bb2-8bc2ee0a8a42.28eeed87-edf1-43a4-8b12-c7962c280357 {{(pid=86910) execute /opt/stack/data/venv/lib/python3.12/site-packages/oslo_concurrency/processutils.py:440}}
Jun 02 00:36:12 devstack sudo[92899]: quobyte : PWD=/ ; USER=root ; COMMAND=/opt/stack/data/venv/bin/cinder-rootwrap /etc/cinder/rootwrap.conf env LC_ALL=C qemu-img info -f qcow2 --output=json --force-share /opt/stack/data/cinder/mnt/5dca6cba70bfb9fa6b8136dcfbf4437e/volume-d0d4c9db-9229-4a09-9bb2-8bc2ee0a8a42.28eeed87-edf1-43a4-8b12-c7962c280357
Jun 02 00:36:12 devstack sudo[92899]: pam_unix(sudo:session): session opened for user root(uid=0) by (uid=1000)
Jun 02 00:36:13 devstack sudo[92899]: pam_unix(sudo:session): session closed for user root
Jun 02 00:36:13 devstack cinder-volume[86910]: DEBUG oslo_concurrency.processutils [None req-fbb43b64-182d-46b7-b21b-1faae58f7483 tempest-GroupSnapshotsTest-2001499756 None] CMD "/opt/stack/data/venv/bin/python3.12 -m oslo_concurrency.prlimit --as=1073741824 --cpu=60 -- sudo cinder-rootwrap /etc/cinder/rootwrap.conf env LC_ALL=C qemu-img info -f qcow2 --output=json --force-share /opt/stack/data/cinder/mnt/5dca6cba70bfb9fa6b8136dcfbf4437e/volume-d0d4c9db-9229-4a09-9bb2-8bc2ee0a8a42.28eeed87-edf1-43a4-8b12-c7962c280357" returned: 0 in 0.986s {{(pid=86910) execute /opt/stack/data/venv/lib/python3.12/site-packages/oslo_concurrency/processutils.py:468}}
Jun 02 00:36:13 devstack cinder-volume[86910]: DEBUG cinder.volume.drivers.remotefs [None req-fbb43b64-182d-46b7-b21b-1faae58f7483 tempest-GroupSnapshotsTest-2001499756 None] Fetching qemu-img info with special backing_file_template: (/opt/stack/data/cinder/mnt/[0-9a-f]+/)?(volume-d0d4c9db-9229-4a09-9bb2-8bc2ee0a8a42(.(tmp-snap-)?[0-9a-f-]+)?|volume_from_snapshot_cache/(tmp-snap-)?[0-9a-f-]+(.(child-|parent-)[0-9a-f-]+)?)$ {{(pid=86910) _qemu_img_info_base /opt/stack/cinder/cinder/volume/drivers/remotefs.py:896}}
Jun 02 00:36:13 devstack cinder-volume[86910]: DEBUG oslo.privsep.daemon [-] privsep: reply[c1a81a36-b498-4ee3-bd0b-c1831a5c4767]: (4, 'qcow2') {{(pid=87934) _call_back /opt/stack/data/venv/lib/python3.12/site-packages/oslo_privsep/daemon.py:573}}
Jun 02 00:36:13 devstack cinder-volume[86910]: DEBUG oslo_concurrency.processutils [None req-fbb43b64-182d-46b7-b21b-1faae58f7483 tempest-GroupSnapshotsTest-2001499756 None] Running cmd (subprocess): /opt/stack/data/venv/bin/python3.12 -m oslo_concurrency.prlimit --as=1073741824 --cpu=60 -- sudo cinder-rootwrap /etc/cinder/rootwrap.conf env LC_ALL=C qemu-img info -f qcow2 --output=json --force-share /opt/stack/data/cinder/mnt/5dca6cba70bfb9fa6b8136dcfbf4437e/volume-d0d4c9db-9229-4a09-9bb2-8bc2ee0a8a42 {{(pid=86910) execute /opt/stack/data/venv/lib/python3.12/site-packages/oslo_concurrency/processutils.py:440}}
Jun 02 00:36:13 devstack sudo[93220]: quobyte : PWD=/ ; USER=root ; COMMAND=/opt/stack/data/venv/bin/cinder-rootwrap /etc/cinder/rootwrap.conf env LC_ALL=C qemu-img info -f qcow2 --output=json --force-share /opt/stack/data/cinder/mnt/5dca6cba70bfb9fa6b8136dcfbf4437e/volume-d0d4c9db-9229-4a09-9bb2-8bc2ee0a8a42
Jun 02 00:36:13 devstack sudo[93220]: pam_unix(sudo:session): session opened for user root(uid=0) by (uid=1000)
Jun 02 00:36:14 devstack sudo[93220]: pam_unix(sudo:session): session closed for user root
Jun 02 00:36:14 devstack cinder-volume[86910]: DEBUG oslo_concurrency.processutils [None req-fbb43b64-182d-46b7-b21b-1faae58f7483 tempest-GroupSnapshotsTest-2001499756 None] CMD "/opt/stack/data/venv/bin/python3.12 -m oslo_concurrency.prlimit --as=1073741824 --cpu=60 -- sudo cinder-rootwrap /etc/cinder/rootwrap.conf env LC_ALL=C qemu-img info -f qcow2 --output=json --force-share /opt/stack/data/cinder/mnt/5dca6cba70bfb9fa6b8136dcfbf4437e/volume-d0d4c9db-9229-4a09-9bb2-8bc2ee0a8a42" returned: 0 in 1.008s {{(pid=86910) execute /opt/stack/data/venv/lib/python3.12/site-packages/oslo_concurrency/processutils.py:468}}
Jun 02 00:36:14 devstack cinder-volume[86910]: DEBUG oslo_concurrency.processutils [None req-fbb43b64-182d-46b7-b21b-1faae58f7483 tempest-GroupSnapshotsTest-2001499756 None] Running cmd (subprocess): sudo cinder-rootwrap /etc/cinder/rootwrap.conf qemu-img commit -d /opt/stack/data/cinder/mnt/5dca6cba70bfb9fa6b8136dcfbf4437e/volume-d0d4c9db-9229-4a09-9bb2-8bc2ee0a8a42.28eeed87-edf1-43a4-8b12-c7962c280357 {{(pid=86910) execute /opt/stack/data/venv/lib/python3.12/site-packages/oslo_concurrency/processutils.py:440}}
Jun 02 00:36:14 devstack sudo[93229]: quobyte : PWD=/ ; USER=root ; COMMAND=/opt/stack/data/venv/bin/cinder-rootwrap /etc/cinder/rootwrap.conf qemu-img commit -d /opt/stack/data/cinder/mnt/5dca6cba70bfb9fa6b8136dcfbf4437e/volume-d0d4c9db-9229-4a09-9bb2-8bc2ee0a8a42.28eeed87-edf1-43a4-8b12-c7962c280357
Jun 02 00:36:14 devstack sudo[93229]: pam_unix(sudo:session): session opened for user root(uid=0) by (uid=1000)
Jun 02 00:36:15 devstack cinder-volume[86910]: DEBUG oslo_service.periodic_task [None req-5446ff8a-98d3-47fd-9e58-a2ece291c002 None None] Running periodic task VolumeManager.publish_service_capabilities {{(pid=86910) run_periodic_tasks /opt/stack/data/venv/lib/python3.12/site-packages/oslo_service/periodic_task.py:210}}
Jun 02 00:36:15 devstack cinder-volume[86910]: DEBUG oslo_concurrency.lockutils [None req-5446ff8a-98d3-47fd-9e58-a2ece291c002 None None] Acquiring lock "quobyte_ensure" by "cinder.volume.drivers.quobyte.QuobyteDriver._ensure_shares_mounted" {{(pid=86910) inner /opt/stack/data/venv/lib/python3.12/site-packages/oslo_concurrency/lockutils.py:506}}
Jun 02 00:36:15 devstack cinder-volume[86910]: DEBUG oslo_concurrency.lockutils [None req-5446ff8a-98d3-47fd-9e58-a2ece291c002 None None] Lock "quobyte_ensure" acquired by "cinder.volume.drivers.quobyte.QuobyteDriver._ensure_shares_mounted" :: waited 0.001s {{(pid=86910) inner /opt/stack/data/venv/lib/python3.12/site-packages/oslo_concurrency/lockutils.py:519}}
Jun 02 00:36:15 devstack cinder-volume[86910]: DEBUG cinder.volume.drivers.quobyte [None req-5446ff8a-98d3-47fd-9e58-a2ece291c002 None None] Quobyte Volume URL set to: {'osci02.corp.quobyte.com/cinder-vol-389ce4f3-038e-4e86-af79-31aa07e74736': None} {{(pid=86910) _load_shares_config /opt/stack/cinder/cinder/volume/drivers/quobyte.py:617}}
Jun 02 00:36:15 devstack cinder-volume[86910]: DEBUG cinder.volume.drivers.quobyte [None req-5446ff8a-98d3-47fd-9e58-a2ece291c002 None None] Available shares ['osci02.corp.quobyte.com/cinder-vol-389ce4f3-038e-4e86-af79-31aa07e74736'] {{(pid=86910) _ensure_shares_mounted /opt/stack/cinder/cinder/volume/drivers/quobyte.py:647}}
Jun 02 00:36:15 devstack cinder-volume[86910]: DEBUG oslo_concurrency.lockutils [None req-5446ff8a-98d3-47fd-9e58-a2ece291c002 None None] Lock "quobyte_ensure" "released" by "cinder.volume.drivers.quobyte.QuobyteDriver._ensure_shares_mounted" :: held 0.021s {{(pid=86910) inner /opt/stack/data/venv/lib/python3.12/site-packages/oslo_concurrency/lockutils.py:538}}
Jun 02 00:36:15 devstack cinder-volume[86910]: DEBUG oslo_concurrency.processutils [None req-5446ff8a-98d3-47fd-9e58-a2ece291c002 None None] Running cmd (subprocess): sudo cinder-rootwrap /etc/cinder/rootwrap.conf df --portability --block-size 1 /opt/stack/data/cinder/mnt/5dca6cba70bfb9fa6b8136dcfbf4437e {{(pid=86910) execute /opt/stack/data/venv/lib/python3.12/site-packages/oslo_concurrency/processutils.py:440}}
Jun 02 00:36:15 devstack sudo[93231]: quobyte : PWD=/ ; USER=root ; COMMAND=/opt/stack/data/venv/bin/cinder-rootwrap /etc/cinder/rootwrap.conf df --portability --block-size 1 /opt/stack/data/cinder/mnt/5dca6cba70bfb9fa6b8136dcfbf4437e
Jun 02 00:36:15 devstack sudo[93231]: pam_unix(sudo:session): session opened for user root(uid=0) by (uid=1000)
Jun 02 00:36:15 devstack sudo[93229]: pam_unix(sudo:session): session closed for user root
Jun 02 00:36:15 devstack cinder-volume[86910]: DEBUG oslo_concurrency.processutils [None req-fbb43b64-182d-46b7-b21b-1faae58f7483 tempest-GroupSnapshotsTest-2001499756 None] CMD "sudo cinder-rootwrap /etc/cinder/rootwrap.conf qemu-img commit -d /opt/stack/data/cinder/mnt/5dca6cba70bfb9fa6b8136dcfbf4437e/volume-d0d4c9db-9229-4a09-9bb2-8bc2ee0a8a42.28eeed87-edf1-43a4-8b12-c7962c280357" returned: 0 in 1.033s {{(pid=86910) execute /opt/stack/data/venv/lib/python3.12/site-packages/oslo_concurrency/processutils.py:468}}
Jun 02 00:36:15 devstack cinder-volume[86910]: DEBUG oslo_concurrency.processutils [None req-fbb43b64-182d-46b7-b21b-1faae58f7483 tempest-GroupSnapshotsTest-2001499756 None] Running cmd (subprocess): sudo cinder-rootwrap /etc/cinder/rootwrap.conf rm -f /opt/stack/data/cinder/mnt/5dca6cba70bfb9fa6b8136dcfbf4437e/volume-d0d4c9db-9229-4a09-9bb2-8bc2ee0a8a42.28eeed87-edf1-43a4-8b12-c7962c280357 {{(pid=86910) execute /opt/stack/data/venv/lib/python3.12/site-packages/oslo_concurrency/processutils.py:440}}
Jun 02 00:36:15 devstack sudo[93237]: quobyte : PWD=/ ; USER=root ; COMMAND=/opt/stack/data/venv/bin/cinder-rootwrap /etc/cinder/rootwrap.conf rm -f /opt/stack/data/cinder/mnt/5dca6cba70bfb9fa6b8136dcfbf4437e/volume-d0d4c9db-9229-4a09-9bb2-8bc2ee0a8a42.28eeed87-edf1-43a4-8b12-c7962c280357
Jun 02 00:36:15 devstack sudo[93237]: pam_unix(sudo:session): session opened for user root(uid=0) by (uid=1000)
Jun 02 00:36:16 devstack sudo[93231]: pam_unix(sudo:session): session closed for user root
Jun 02 00:36:16 devstack cinder-volume[86910]: DEBUG oslo_concurrency.processutils [None req-5446ff8a-98d3-47fd-9e58-a2ece291c002 None None] CMD "sudo cinder-rootwrap /etc/cinder/rootwrap.conf df --portability --block-size 1 /opt/stack/data/cinder/mnt/5dca6cba70bfb9fa6b8136dcfbf4437e" returned: 0 in 1.119s {{(pid=86910) execute /opt/stack/data/venv/lib/python3.12/site-packages/oslo_concurrency/processutils.py:468}}
Jun 02 00:36:16 devstack cinder-volume[86910]: DEBUG cinder.manager [None req-5446ff8a-98d3-47fd-9e58-a2ece291c002 None None] Notifying Schedulers of capabilities ... {{(pid=86910) _publish_service_capabilities /opt/stack/cinder/cinder/manager.py:202}}
Jun 02 00:36:16 devstack sudo[93237]: pam_unix(sudo:session): session closed for user root
Jun 02 00:36:16 devstack cinder-volume[86910]: DEBUG oslo_concurrency.processutils [None req-fbb43b64-182d-46b7-b21b-1faae58f7483 tempest-GroupSnapshotsTest-2001499756 None] CMD "sudo cinder-rootwrap /etc/cinder/rootwrap.conf rm -f /opt/stack/data/cinder/mnt/5dca6cba70bfb9fa6b8136dcfbf4437e/volume-d0d4c9db-9229-4a09-9bb2-8bc2ee0a8a42.28eeed87-edf1-43a4-8b12-c7962c280357" returned: 0 in 0.841s {{(pid=86910) execute /opt/stack/data/venv/lib/python3.12/site-packages/oslo_concurrency/processutils.py:468}}
Jun 02 00:36:16 devstack cinder-volume[86910]: DEBUG cinder.coordination [None req-fbb43b64-182d-46b7-b21b-1faae58f7483 tempest-GroupSnapshotsTest-2001499756 None] Lock "cinder-quobyte-28eeed87-edf1-43a4-8b12-c7962c280357" released by "_delete_snapshot" :: held 4.080s {{(pid=86910) __release /opt/stack/cinder/cinder/coordination.py:152}}
Jun 02 00:36:16 devstack cinder-volume[86910]: DEBUG cinder.coordination [None req-fbb43b64-182d-46b7-b21b-1faae58f7483 tempest-GroupSnapshotsTest-2001499756 None] Lock "cinder-quobyte-d0d4c9db-9229-4a09-9bb2-8bc2ee0a8a42" released by "delete_snapshot" :: held 4.127s {{(pid=86910) __release /opt/stack/cinder/cinder/coordination.py:152}}
Jun 02 00:36:16 devstack cinder-volume[86910]: DEBUG cinder.coordination [None req-fbb43b64-182d-46b7-b21b-1faae58f7483 tempest-GroupSnapshotsTest-2001499756 None] Acquiring lock "cinder-quobyte-ed440afd-3c64-4d95-bae6-77cc9f3c9023" by "delete_snapshot" {{(pid=86910) __acquire /opt/stack/cinder/cinder/coordination.py:138}}
Jun 02 00:36:16 devstack cinder-volume[86910]: DEBUG cinder.coordination [None req-fbb43b64-182d-46b7-b21b-1faae58f7483 tempest-GroupSnapshotsTest-2001499756 None] Lock "cinder-quobyte-ed440afd-3c64-4d95-bae6-77cc9f3c9023" acquired by "delete_snapshot" :: waited 0.017s {{(pid=86910) __acquire /opt/stack/cinder/cinder/coordination.py:141}}
Jun 02 00:36:16 devstack cinder-volume[86910]: DEBUG cinder.coordination [None req-fbb43b64-182d-46b7-b21b-1faae58f7483 tempest-GroupSnapshotsTest-2001499756 None] Acquiring lock "cinder-quobyte-f1cb7d07-f4ac-4d3b-a02c-a0e3f4fc9061" by "_delete_snapshot" {{(pid=86910) __acquire /opt/stack/cinder/cinder/coordination.py:138}}
