Jul 03 13:59:33 devstack cinder-volume[86805]: DEBUG cinder.volume.manager [None req-e73e0a3a-416d-4368-8443-6c2b9e7b0af7 tempest-VolumesCloneTest-579697320 None] Task 'cinder.volume.flows.manager.create_volume.CreateVolumeOnFinishTask;volume:create, create.end' (7ad20de3-4680-46d7-840e-b2ec1b30f9c9) transitioned into state 'RUNNING' from state 'PENDING' {{(pid=86805) _task_receiver /opt/stack/data/venv/lib/python3.12/site-packages/taskflow/listeners/logging.py:242}}
Jul 03 13:59:33 devstack cinder-volume[86805]: INFO cinder.volume.flows.manager.create_volume [None req-e73e0a3a-416d-4368-8443-6c2b9e7b0af7 tempest-VolumesCloneTest-579697320 None] Volume volume-e29b0c5b-fdc1-40a8-8268-cf9b7d62d217 (e29b0c5b-fdc1-40a8-8268-cf9b7d62d217): created successfully
Jul 03 13:59:33 devstack cinder-volume[86805]: DEBUG cinder.volume.manager [None req-e73e0a3a-416d-4368-8443-6c2b9e7b0af7 tempest-VolumesCloneTest-579697320 None] Task 'cinder.volume.flows.manager.create_volume.CreateVolumeOnFinishTask;volume:create, create.end' (7ad20de3-4680-46d7-840e-b2ec1b30f9c9) transitioned into state 'SUCCESS' from state 'RUNNING' with result 'None' {{(pid=86805) _task_receiver /opt/stack/data/venv/lib/python3.12/site-packages/taskflow/listeners/logging.py:218}}
Jul 03 13:59:33 devstack cinder-volume[86805]: DEBUG cinder.volume.manager [None req-e73e0a3a-416d-4368-8443-6c2b9e7b0af7 tempest-VolumesCloneTest-579697320 None] Flow 'volume_create_manager' (7b7c9821-fc16-4aea-b6d1-ffb3af79c4a1) transitioned into state 'SUCCESS' from state 'RUNNING' {{(pid=86805) _flow_receiver /opt/stack/data/venv/lib/python3.12/site-packages/taskflow/listeners/logging.py:160}}
Jul 03 13:59:33 devstack cinder-volume[86805]: INFO cinder.volume.manager [None req-e73e0a3a-416d-4368-8443-6c2b9e7b0af7 tempest-VolumesCloneTest-579697320 None] Created volume successfully.
Jul 03 13:59:35 devstack cinder-volume[86805]: DEBUG cinder.volume.flows.manager.create_volume [None req-68ab1cd2-c6d7-4d5f-bfe9-d4de113887ac tempest-VolumesCloneTest-579697320 None] Volume reschedule parameters: True retry: {'num_attempts': 1, 'backends': ['devstack@QuobyteHD#QuobyteHD'], 'hosts': ['devstack@QuobyteHD#QuobyteHD']} {{(pid=86805) get_flow /opt/stack/cinder/cinder/volume/flows/manager/create_volume.py:1395}}
Jul 03 13:59:35 devstack cinder-volume[86805]: DEBUG cinder.volume.manager [None req-68ab1cd2-c6d7-4d5f-bfe9-d4de113887ac tempest-VolumesCloneTest-579697320 None] Flow 'volume_create_manager' (63ce4928-81ed-4aa0-b792-e8922297dcc4) transitioned into state 'RUNNING' from state 'PENDING' {{(pid=86805) _flow_receiver /opt/stack/data/venv/lib/python3.12/site-packages/taskflow/listeners/logging.py:160}}
Jul 03 13:59:35 devstack cinder-volume[86805]: DEBUG cinder.volume.manager [None req-68ab1cd2-c6d7-4d5f-bfe9-d4de113887ac tempest-VolumesCloneTest-579697320 None] Task 'cinder.volume.flows.manager.create_volume.ExtractVolumeRefTask;volume:create' (1f184efb-5310-4a1a-9471-283fa62d733c) transitioned into state 'RUNNING' from state 'PENDING' {{(pid=86805) _task_receiver /opt/stack/data/venv/lib/python3.12/site-packages/taskflow/listeners/logging.py:242}}
Jul 03 13:59:35 devstack cinder-volume[86805]: DEBUG cinder.volume.manager [None req-68ab1cd2-c6d7-4d5f-bfe9-d4de113887ac tempest-VolumesCloneTest-579697320 None] Task 'cinder.volume.flows.manager.create_volume.ExtractVolumeRefTask;volume:create' (1f184efb-5310-4a1a-9471-283fa62d733c) transitioned into state 'SUCCESS' from state 'RUNNING' with result 'Volume(_name_id=None,admin_metadata=,attach_status='detached',availability_zone='nova',bootable=False,cluster=,cluster_name=None,consistencygroup=,consistencygroup_id=None,created_at=2026-07-03T11:59:35Z,deleted=False,deleted_at=None,display_description=None,display_name='tempest-VolumesCloneTest-Volume-1695192075',ec2_id=None,encryption_key_id=None,glance_metadata=,group=,group_id=None,host='devstack@QuobyteHD#QuobyteHD',id=8754a1f7-5bac-460b-be84-ea147cf4d35d,launched_at=None,metadata={},migration_status=None,multiattach=False,previous_status=None,project_id='0ecbe933f6854927ada6e0c05df1e910',provider_auth=None,provider_geometry=None,provider_id=None,provider_location=None,replication_driver_data=None,replication_extended_status=None,replication_status=None,scheduled_at=2026-07-03T11:59:35Z,service_uuid=None,shared_targets=True,size=2,snapshot_id=None,snapshots=,source_volid=e29b0c5b-fdc1-40a8-8268-cf9b7d62d217,status='creating',terminated_at=None,updated_at=2026-07-03T11:59:35Z,use_quota=True,user_id='6a7e7b2656014179a8a15bc00af20e01',volume_attachment=VolumeAttachmentList,volume_type=VolumeType(59e43d2e-a3ff-43c0-bc85-0ac91172236a),volume_type_id=59e43d2e-a3ff-43c0-bc85-0ac91172236a)' {{(pid=86805) _task_receiver /opt/stack/data/venv/lib/python3.12/site-packages/taskflow/listeners/logging.py:218}}
Jul 03 13:59:35 devstack cinder-volume[86805]: DEBUG cinder.volume.manager [None req-68ab1cd2-c6d7-4d5f-bfe9-d4de113887ac tempest-VolumesCloneTest-579697320 None] Task 'cinder.volume.flows.manager.create_volume.OnFailureRescheduleTask;volume:create' (b4381371-8e28-4be5-850c-8219af00cac9) transitioned into state 'RUNNING' from state 'PENDING' {{(pid=86805) _task_receiver /opt/stack/data/venv/lib/python3.12/site-packages/taskflow/listeners/logging.py:242}}
Jul 03 13:59:35 devstack cinder-volume[86805]: DEBUG cinder.volume.manager [None req-68ab1cd2-c6d7-4d5f-bfe9-d4de113887ac tempest-VolumesCloneTest-579697320 None] Task 'cinder.volume.flows.manager.create_volume.OnFailureRescheduleTask;volume:create' (b4381371-8e28-4be5-850c-8219af00cac9) transitioned into state 'SUCCESS' from state 'RUNNING' with result 'None' {{(pid=86805) _task_receiver /opt/stack/data/venv/lib/python3.12/site-packages/taskflow/listeners/logging.py:218}}
Jul 03 13:59:35 devstack cinder-volume[86805]: DEBUG cinder.volume.manager [None req-68ab1cd2-c6d7-4d5f-bfe9-d4de113887ac tempest-VolumesCloneTest-579697320 None] Task 'cinder.volume.flows.manager.create_volume.ExtractVolumeSpecTask;volume:create' (99596c7c-a7c0-447e-bd63-1ee03191dec2) transitioned into state 'RUNNING' from state 'PENDING' {{(pid=86805) _task_receiver /opt/stack/data/venv/lib/python3.12/site-packages/taskflow/listeners/logging.py:242}}
Jul 03 13:59:35 devstack cinder-volume[86805]: DEBUG cinder.volume.manager [None req-68ab1cd2-c6d7-4d5f-bfe9-d4de113887ac tempest-VolumesCloneTest-579697320 None] Task 'cinder.volume.flows.manager.create_volume.ExtractVolumeSpecTask;volume:create' (99596c7c-a7c0-447e-bd63-1ee03191dec2) transitioned into state 'SUCCESS' from state 'RUNNING' with result '{'status': 'creating', 'type': 'source_vol', 'volume_id': '8754a1f7-5bac-460b-be84-ea147cf4d35d', 'volume_name': 'volume-8754a1f7-5bac-460b-be84-ea147cf4d35d', 'volume_size': 2, 'source_volid': 'e29b0c5b-fdc1-40a8-8268-cf9b7d62d217', 'source_volstatus': 'available'}' {{(pid=86805) _task_receiver /opt/stack/data/venv/lib/python3.12/site-packages/taskflow/listeners/logging.py:218}}
Jul 03 13:59:35 devstack cinder-volume[86805]: DEBUG cinder.volume.manager [None req-68ab1cd2-c6d7-4d5f-bfe9-d4de113887ac tempest-VolumesCloneTest-579697320 None] Task 'cinder.volume.flows.manager.create_volume.NotifyVolumeActionTask;volume:create, create.start' (b646d5ab-d6bf-4ea3-ab65-17bb34a1a103) transitioned into state 'RUNNING' from state 'PENDING' {{(pid=86805) _task_receiver /opt/stack/data/venv/lib/python3.12/site-packages/taskflow/listeners/logging.py:242}}
Jul 03 13:59:35 devstack cinder-volume[86805]: DEBUG cinder.volume.manager [None req-68ab1cd2-c6d7-4d5f-bfe9-d4de113887ac tempest-VolumesCloneTest-579697320 None] Task 'cinder.volume.flows.manager.create_volume.NotifyVolumeActionTask;volume:create, create.start' (b646d5ab-d6bf-4ea3-ab65-17bb34a1a103) transitioned into state 'SUCCESS' from state 'RUNNING' with result 'None' {{(pid=86805) _task_receiver /opt/stack/data/venv/lib/python3.12/site-packages/taskflow/listeners/logging.py:218}}
Jul 03 13:59:35 devstack cinder-volume[86805]: DEBUG cinder.volume.manager [None req-68ab1cd2-c6d7-4d5f-bfe9-d4de113887ac tempest-VolumesCloneTest-579697320 None] Task 'cinder.volume.flows.manager.create_volume.CreateVolumeFromSpecTask;volume:create' (72ceb389-800d-4ff8-ad1e-135e817f183f) transitioned into state 'RUNNING' from state 'PENDING' {{(pid=86805) _task_receiver /opt/stack/data/venv/lib/python3.12/site-packages/taskflow/listeners/logging.py:242}}
Jul 03 13:59:35 devstack cinder-volume[86805]: INFO cinder.volume.flows.manager.create_volume [None req-68ab1cd2-c6d7-4d5f-bfe9-d4de113887ac tempest-VolumesCloneTest-579697320 None] Volume 8754a1f7-5bac-460b-be84-ea147cf4d35d: being created as source_vol with specification: {'status': 'creating', 'volume_name': 'volume-8754a1f7-5bac-460b-be84-ea147cf4d35d', 'volume_size': 2, 'source_volid': 'e29b0c5b-fdc1-40a8-8268-cf9b7d62d217', 'source_volstatus': 'available'}
Jul 03 13:59:35 devstack cinder-volume[86805]: DEBUG oslo_concurrency.lockutils [None req-68ab1cd2-c6d7-4d5f-bfe9-d4de113887ac tempest-VolumesCloneTest-579697320 None] Acquiring lock "quobyte" by "cinder.volume.drivers.quobyte.QuobyteDriver.create_cloned_volume" {{(pid=86805) inner /opt/stack/data/venv/lib/python3.12/site-packages/oslo_concurrency/lockutils.py:511}}
Jul 03 13:59:35 devstack cinder-volume[86805]: DEBUG oslo_concurrency.lockutils [None req-68ab1cd2-c6d7-4d5f-bfe9-d4de113887ac tempest-VolumesCloneTest-579697320 None] Lock "quobyte" acquired by "cinder.volume.drivers.quobyte.QuobyteDriver.create_cloned_volume" :: waited 0.001s {{(pid=86805) inner /opt/stack/data/venv/lib/python3.12/site-packages/oslo_concurrency/lockutils.py:524}}
Jul 03 13:59:35 devstack cinder-volume[86805]: INFO cinder.volume.drivers.remotefs [None req-68ab1cd2-c6d7-4d5f-bfe9-d4de113887ac tempest-VolumesCloneTest-579697320 None] Cloning volume e29b0c5b-fdc1-40a8-8268-cf9b7d62d217 to volume 8754a1f7-5bac-460b-be84-ea147cf4d35d
Jul 03 13:59:35 devstack cinder-volume[86805]: DEBUG cinder.volume.drivers.remotefs [None req-68ab1cd2-c6d7-4d5f-bfe9-d4de113887ac tempest-VolumesCloneTest-579697320 None] Creating offline snapshot e74ed6f3-5af7-4afc-9eff-b7e18c4d9fd5 of volume e29b0c5b-fdc1-40a8-8268-cf9b7d62d217 {{(pid=86805) _create_snapshot /opt/stack/cinder/cinder/volume/drivers/remotefs.py:1816}}
Jul 03 13:59:35 devstack cinder-volume[86805]: DEBUG oslo.privsep.daemon [-] privsep: reply[a96ba5b9-f114-4a8e-ae65-9ee7bf1e9c87]: (4, 'qcow2') {{(pid=87884) _call_back /opt/stack/data/venv/lib/python3.12/site-packages/oslo_privsep/daemon.py:580}}
Jul 03 13:59:35 devstack cinder-volume[86805]: DEBUG oslo_concurrency.processutils [None req-68ab1cd2-c6d7-4d5f-bfe9-d4de113887ac tempest-VolumesCloneTest-579697320 None] Running cmd (subprocess): /opt/stack/data/venv/bin/python3.12 -m oslo_concurrency.prlimit --as=1073741824 --cpu=60 -- sudo cinder-rootwrap /etc/cinder/rootwrap.conf env LC_ALL=C qemu-img info -f qcow2 --output=json --force-share /opt/stack/data/cinder/mnt/45bcc90e20d7560b507a87542cd2f5ce/volume-e29b0c5b-fdc1-40a8-8268-cf9b7d62d217 {{(pid=86805) execute /opt/stack/data/venv/lib/python3.12/site-packages/oslo_concurrency/processutils.py:440}}
Jul 03 13:59:35 devstack sudo[94495]: quobyte : PWD=/ ; USER=root ; COMMAND=/opt/stack/data/venv/bin/cinder-rootwrap /etc/cinder/rootwrap.conf env LC_ALL=C qemu-img info -f qcow2 --output=json --force-share /opt/stack/data/cinder/mnt/45bcc90e20d7560b507a87542cd2f5ce/volume-e29b0c5b-fdc1-40a8-8268-cf9b7d62d217
Jul 03 13:59:35 devstack sudo[94495]: pam_unix(sudo:session): session opened for user root(uid=0) by (uid=1000)
Jul 03 13:59:36 devstack sudo[94495]: pam_unix(sudo:session): session closed for user root
Jul 03 13:59:36 devstack cinder-volume[86805]: DEBUG oslo_concurrency.processutils [None req-68ab1cd2-c6d7-4d5f-bfe9-d4de113887ac tempest-VolumesCloneTest-579697320 None] CMD "/opt/stack/data/venv/bin/python3.12 -m oslo_concurrency.prlimit --as=1073741824 --cpu=60 -- sudo cinder-rootwrap /etc/cinder/rootwrap.conf env LC_ALL=C qemu-img info -f qcow2 --output=json --force-share /opt/stack/data/cinder/mnt/45bcc90e20d7560b507a87542cd2f5ce/volume-e29b0c5b-fdc1-40a8-8268-cf9b7d62d217" returned: 0 in 0.954s {{(pid=86805) execute /opt/stack/data/venv/lib/python3.12/site-packages/oslo_concurrency/processutils.py:468}}
Jul 03 13:59:36 devstack cinder-volume[86805]: DEBUG oslo_concurrency.processutils [None req-68ab1cd2-c6d7-4d5f-bfe9-d4de113887ac tempest-VolumesCloneTest-579697320 None] Running cmd (subprocess): sudo cinder-rootwrap /etc/cinder/rootwrap.conf qemu-img create -f qcow2 -o backing_file=/opt/stack/data/cinder/mnt/45bcc90e20d7560b507a87542cd2f5ce/volume-e29b0c5b-fdc1-40a8-8268-cf9b7d62d217,backing_fmt=qcow2 /opt/stack/data/cinder/mnt/45bcc90e20d7560b507a87542cd2f5ce/volume-e29b0c5b-fdc1-40a8-8268-cf9b7d62d217.e74ed6f3-5af7-4afc-9eff-b7e18c4d9fd5 1G {{(pid=86805) execute /opt/stack/data/venv/lib/python3.12/site-packages/oslo_concurrency/processutils.py:440}}
Jul 03 13:59:36 devstack sudo[94500]: quobyte : PWD=/ ; USER=root ; COMMAND=/opt/stack/data/venv/bin/cinder-rootwrap /etc/cinder/rootwrap.conf qemu-img create -f qcow2 -o backing_file=/opt/stack/data/cinder/mnt/45bcc90e20d7560b507a87542cd2f5ce/volume-e29b0c5b-fdc1-40a8-8268-cf9b7d62d217,backing_fmt=qcow2 /opt/stack/data/cinder/mnt/45bcc90e20d7560b507a87542cd2f5ce/volume-e29b0c5b-fdc1-40a8-8268-cf9b7d62d217.e74ed6f3-5af7-4afc-9eff-b7e18c4d9fd5 1G
Jul 03 13:59:36 devstack sudo[94500]: pam_unix(sudo:session): session opened for user root(uid=0) by (uid=1000)
Jul 03 13:59:37 devstack sudo[94500]: pam_unix(sudo:session): session closed for user root
Jul 03 13:59:37 devstack cinder-volume[86805]: DEBUG oslo_concurrency.processutils [None req-68ab1cd2-c6d7-4d5f-bfe9-d4de113887ac tempest-VolumesCloneTest-579697320 None] CMD "sudo cinder-rootwrap /etc/cinder/rootwrap.conf qemu-img create -f qcow2 -o backing_file=/opt/stack/data/cinder/mnt/45bcc90e20d7560b507a87542cd2f5ce/volume-e29b0c5b-fdc1-40a8-8268-cf9b7d62d217,backing_fmt=qcow2 /opt/stack/data/cinder/mnt/45bcc90e20d7560b507a87542cd2f5ce/volume-e29b0c5b-fdc1-40a8-8268-cf9b7d62d217.e74ed6f3-5af7-4afc-9eff-b7e18c4d9fd5 1G" returned: 0 in 1.174s {{(pid=86805) execute /opt/stack/data/venv/lib/python3.12/site-packages/oslo_concurrency/processutils.py:468}}
Jul 03 13:59:37 devstack cinder-volume[86805]: DEBUG oslo_concurrency.processutils [None req-68ab1cd2-c6d7-4d5f-bfe9-d4de113887ac tempest-VolumesCloneTest-579697320 None] Running cmd (subprocess): sudo cinder-rootwrap /etc/cinder/rootwrap.conf qemu-img rebase -u -b volume-e29b0c5b-fdc1-40a8-8268-cf9b7d62d217 -F qcow2 /opt/stack/data/cinder/mnt/45bcc90e20d7560b507a87542cd2f5ce/volume-e29b0c5b-fdc1-40a8-8268-cf9b7d62d217.e74ed6f3-5af7-4afc-9eff-b7e18c4d9fd5 {{(pid=86805) execute /opt/stack/data/venv/lib/python3.12/site-packages/oslo_concurrency/processutils.py:440}}
Jul 03 13:59:37 devstack sudo[94506]: quobyte : PWD=/ ; USER=root ; COMMAND=/opt/stack/data/venv/bin/cinder-rootwrap /etc/cinder/rootwrap.conf qemu-img rebase -u -b volume-e29b0c5b-fdc1-40a8-8268-cf9b7d62d217 -F qcow2 /opt/stack/data/cinder/mnt/45bcc90e20d7560b507a87542cd2f5ce/volume-e29b0c5b-fdc1-40a8-8268-cf9b7d62d217.e74ed6f3-5af7-4afc-9eff-b7e18c4d9fd5
Jul 03 13:59:37 devstack sudo[94506]: pam_unix(sudo:session): session opened for user root(uid=0) by (uid=1000)
Jul 03 13:59:38 devstack sudo[94506]: pam_unix(sudo:session): session closed for user root
Jul 03 13:59:38 devstack cinder-volume[86805]: DEBUG oslo_concurrency.processutils [None req-68ab1cd2-c6d7-4d5f-bfe9-d4de113887ac tempest-VolumesCloneTest-579697320 None] CMD "sudo cinder-rootwrap /etc/cinder/rootwrap.conf qemu-img rebase -u -b volume-e29b0c5b-fdc1-40a8-8268-cf9b7d62d217 -F qcow2 /opt/stack/data/cinder/mnt/45bcc90e20d7560b507a87542cd2f5ce/volume-e29b0c5b-fdc1-40a8-8268-cf9b7d62d217.e74ed6f3-5af7-4afc-9eff-b7e18c4d9fd5" returned: 0 in 1.182s {{(pid=86805) execute /opt/stack/data/venv/lib/python3.12/site-packages/oslo_concurrency/processutils.py:468}}
Jul 03 13:59:38 devstack cinder-volume[86805]: WARNING cinder.volume.drivers.remotefs [None req-68ab1cd2-c6d7-4d5f-bfe9-d4de113887ac tempest-VolumesCloneTest-579697320 None] /opt/stack/data/cinder/mnt/45bcc90e20d7560b507a87542cd2f5ce/volume-e29b0c5b-fdc1-40a8-8268-cf9b7d62d217.e74ed6f3-5af7-4afc-9eff-b7e18c4d9fd5 is being set with open permissions: ugo+rw
Jul 03 13:59:38 devstack cinder-volume[86805]: DEBUG oslo_concurrency.processutils [None req-68ab1cd2-c6d7-4d5f-bfe9-d4de113887ac tempest-VolumesCloneTest-579697320 None] Running cmd (subprocess): sudo cinder-rootwrap /etc/cinder/rootwrap.conf chmod ugo+rw /opt/stack/data/cinder/mnt/45bcc90e20d7560b507a87542cd2f5ce/volume-e29b0c5b-fdc1-40a8-8268-cf9b7d62d217.e74ed6f3-5af7-4afc-9eff-b7e18c4d9fd5 {{(pid=86805) execute /opt/stack/data/venv/lib/python3.12/site-packages/oslo_concurrency/processutils.py:440}}
Jul 03 13:59:38 devstack sudo[94547]: quobyte : PWD=/ ; USER=root ; COMMAND=/opt/stack/data/venv/bin/cinder-rootwrap /etc/cinder/rootwrap.conf chmod ugo+rw /opt/stack/data/cinder/mnt/45bcc90e20d7560b507a87542cd2f5ce/volume-e29b0c5b-fdc1-40a8-8268-cf9b7d62d217.e74ed6f3-5af7-4afc-9eff-b7e18c4d9fd5
Jul 03 13:59:38 devstack sudo[94547]: pam_unix(sudo:session): session opened for user root(uid=0) by (uid=1000)
Jul 03 13:59:39 devstack sudo[94547]: pam_unix(sudo:session): session closed for user root
Jul 03 13:59:39 devstack cinder-volume[86805]: DEBUG oslo_concurrency.processutils [None req-68ab1cd2-c6d7-4d5f-bfe9-d4de113887ac tempest-VolumesCloneTest-579697320 None] CMD "sudo cinder-rootwrap /etc/cinder/rootwrap.conf chmod ugo+rw /opt/stack/data/cinder/mnt/45bcc90e20d7560b507a87542cd2f5ce/volume-e29b0c5b-fdc1-40a8-8268-cf9b7d62d217.e74ed6f3-5af7-4afc-9eff-b7e18c4d9fd5" returned: 0 in 0.803s {{(pid=86805) execute /opt/stack/data/venv/lib/python3.12/site-packages/oslo_concurrency/processutils.py:468}}
Jul 03 13:59:39 devstack cinder-volume[86805]: DEBUG oslo_concurrency.processutils [None req-68ab1cd2-c6d7-4d5f-bfe9-d4de113887ac tempest-VolumesCloneTest-579697320 None] Running cmd (subprocess): sudo cinder-rootwrap /etc/cinder/rootwrap.conf truncate -s0 /opt/stack/data/cinder/mnt/45bcc90e20d7560b507a87542cd2f5ce/volume-e29b0c5b-fdc1-40a8-8268-cf9b7d62d217.info {{(pid=86805) execute /opt/stack/data/venv/lib/python3.12/site-packages/oslo_concurrency/processutils.py:440}}
Jul 03 13:59:39 devstack sudo[94560]: quobyte : PWD=/ ; USER=root ; COMMAND=/opt/stack/data/venv/bin/cinder-rootwrap /etc/cinder/rootwrap.conf truncate -s0 /opt/stack/data/cinder/mnt/45bcc90e20d7560b507a87542cd2f5ce/volume-e29b0c5b-fdc1-40a8-8268-cf9b7d62d217.info
Jul 03 13:59:39 devstack sudo[94560]: pam_unix(sudo:session): session opened for user root(uid=0) by (uid=1000)
Jul 03 13:59:40 devstack sudo[94560]: pam_unix(sudo:session): session closed for user root
Jul 03 13:59:40 devstack cinder-volume[86805]: DEBUG oslo_concurrency.processutils [None req-68ab1cd2-c6d7-4d5f-bfe9-d4de113887ac tempest-VolumesCloneTest-579697320 None] CMD "sudo cinder-rootwrap /etc/cinder/rootwrap.conf truncate -s0 /opt/stack/data/cinder/mnt/45bcc90e20d7560b507a87542cd2f5ce/volume-e29b0c5b-fdc1-40a8-8268-cf9b7d62d217.info" returned: 0 in 0.719s {{(pid=86805) execute /opt/stack/data/venv/lib/python3.12/site-packages/oslo_concurrency/processutils.py:468}}
Jul 03 13:59:40 devstack cinder-volume[86805]: WARNING cinder.volume.drivers.remotefs [None req-68ab1cd2-c6d7-4d5f-bfe9-d4de113887ac tempest-VolumesCloneTest-579697320 None] /opt/stack/data/cinder/mnt/45bcc90e20d7560b507a87542cd2f5ce/volume-e29b0c5b-fdc1-40a8-8268-cf9b7d62d217.info is being set with open permissions: ugo+rw
Jul 03 13:59:40 devstack cinder-volume[86805]: DEBUG oslo_concurrency.processutils [None req-68ab1cd2-c6d7-4d5f-bfe9-d4de113887ac tempest-VolumesCloneTest-579697320 None] Running cmd (subprocess): sudo cinder-rootwrap /etc/cinder/rootwrap.conf chmod ugo+rw /opt/stack/data/cinder/mnt/45bcc90e20d7560b507a87542cd2f5ce/volume-e29b0c5b-fdc1-40a8-8268-cf9b7d62d217.info {{(pid=86805) execute /opt/stack/data/venv/lib/python3.12/site-packages/oslo_concurrency/processutils.py:440}}
Jul 03 13:59:40 devstack sudo[94576]: quobyte : PWD=/ ; USER=root ; COMMAND=/opt/stack/data/venv/bin/cinder-rootwrap /etc/cinder/rootwrap.conf chmod ugo+rw /opt/stack/data/cinder/mnt/45bcc90e20d7560b507a87542cd2f5ce/volume-e29b0c5b-fdc1-40a8-8268-cf9b7d62d217.info
Jul 03 13:59:40 devstack sudo[94576]: pam_unix(sudo:session): session opened for user root(uid=0) by (uid=1000)
Jul 03 13:59:41 devstack sudo[94576]: pam_unix(sudo:session): session closed for user root
Jul 03 13:59:41 devstack cinder-volume[86805]: DEBUG oslo_concurrency.processutils [None req-68ab1cd2-c6d7-4d5f-bfe9-d4de113887ac tempest-VolumesCloneTest-579697320 None] CMD "sudo cinder-rootwrap /etc/cinder/rootwrap.conf chmod ugo+rw /opt/stack/data/cinder/mnt/45bcc90e20d7560b507a87542cd2f5ce/volume-e29b0c5b-fdc1-40a8-8268-cf9b7d62d217.info" returned: 0 in 0.707s {{(pid=86805) execute /opt/stack/data/venv/lib/python3.12/site-packages/oslo_concurrency/processutils.py:468}}
Jul 03 13:59:41 devstack cinder-volume[86805]: DEBUG cinder.coordination [None req-68ab1cd2-c6d7-4d5f-bfe9-d4de113887ac tempest-VolumesCloneTest-579697320 None] Acquiring lock "cinder-quobyte-8754a1f7-5bac-460b-be84-ea147cf4d35d" by "_copy_volume_from_snapshot" {{(pid=86805) __acquire /opt/stack/cinder/cinder/coordination.py:138}}
Jul 03 13:59:41 devstack cinder-volume[86805]: DEBUG cinder.coordination [None req-68ab1cd2-c6d7-4d5f-bfe9-d4de113887ac tempest-VolumesCloneTest-579697320 None] Lock "cinder-quobyte-8754a1f7-5bac-460b-be84-ea147cf4d35d" acquired by "_copy_volume_from_snapshot" :: waited 0.019s {{(pid=86805) __acquire /opt/stack/cinder/cinder/coordination.py:141}}
Jul 03 13:59:41 devstack cinder-volume[86805]: DEBUG cinder.volume.drivers.quobyte [None req-68ab1cd2-c6d7-4d5f-bfe9-d4de113887ac tempest-VolumesCloneTest-579697320 None] snapshot: e74ed6f3-5af7-4afc-9eff-b7e18c4d9fd5, volume: 8754a1f7-5bac-460b-be84-ea147cf4d35d, {{(pid=86805) _copy_volume_from_snapshot /opt/stack/cinder/cinder/volume/drivers/quobyte.py:401}}
Jul 03 13:59:41 devstack cinder-volume[86805]: DEBUG oslo_concurrency.lockutils [None req-68ab1cd2-c6d7-4d5f-bfe9-d4de113887ac tempest-VolumesCloneTest-579697320 None] Acquiring lock "quobyte_ensure" by "cinder.volume.drivers.quobyte.QuobyteDriver._ensure_shares_mounted" {{(pid=86805) inner /opt/stack/data/venv/lib/python3.12/site-packages/oslo_concurrency/lockutils.py:511}}
Jul 03 13:59:41 devstack cinder-volume[86805]: DEBUG oslo_concurrency.lockutils [None req-68ab1cd2-c6d7-4d5f-bfe9-d4de113887ac tempest-VolumesCloneTest-579697320 None] Lock "quobyte_ensure" acquired by "cinder.volume.drivers.quobyte.QuobyteDriver._ensure_shares_mounted" :: waited 0.001s {{(pid=86805) inner /opt/stack/data/venv/lib/python3.12/site-packages/oslo_concurrency/lockutils.py:524}}
Jul 03 13:59:41 devstack cinder-volume[86805]: DEBUG cinder.volume.drivers.quobyte [None req-68ab1cd2-c6d7-4d5f-bfe9-d4de113887ac tempest-VolumesCloneTest-579697320 None] Quobyte Volume URL set to: {'osci02.corp.quobyte.com/cinder-vol-9cd4efa0-e1af-4181-a277-497466994b28': None} {{(pid=86805) _load_shares_config /opt/stack/cinder/cinder/volume/drivers/quobyte.py:617}}
Jul 03 13:59:41 devstack cinder-volume[86805]: DEBUG cinder.volume.drivers.quobyte [None req-68ab1cd2-c6d7-4d5f-bfe9-d4de113887ac tempest-VolumesCloneTest-579697320 None] Available shares ['osci02.corp.quobyte.com/cinder-vol-9cd4efa0-e1af-4181-a277-497466994b28'] {{(pid=86805) _ensure_shares_mounted /opt/stack/cinder/cinder/volume/drivers/quobyte.py:647}}
Jul 03 13:59:41 devstack cinder-volume[86805]: DEBUG oslo_concurrency.lockutils [None req-68ab1cd2-c6d7-4d5f-bfe9-d4de113887ac tempest-VolumesCloneTest-579697320 None] Lock "quobyte_ensure" "released" by "cinder.volume.drivers.quobyte.QuobyteDriver._ensure_shares_mounted" :: held 0.009s {{(pid=86805) inner /opt/stack/data/venv/lib/python3.12/site-packages/oslo_concurrency/lockutils.py:543}}
Jul 03 13:59:41 devstack cinder-volume[86805]: DEBUG oslo.privsep.daemon [-] privsep: reply[8ace1b6f-4119-4be9-a46d-116de9e243bc]: (4, 'qcow2') {{(pid=87884) _call_back /opt/stack/data/venv/lib/python3.12/site-packages/oslo_privsep/daemon.py:580}}
Jul 03 13:59:41 devstack cinder-volume[86805]: DEBUG oslo_concurrency.processutils [None req-68ab1cd2-c6d7-4d5f-bfe9-d4de113887ac tempest-VolumesCloneTest-579697320 None] Running cmd (subprocess): /opt/stack/data/venv/bin/python3.12 -m oslo_concurrency.prlimit --as=1073741824 --cpu=60 -- sudo cinder-rootwrap /etc/cinder/rootwrap.conf env LC_ALL=C qemu-img info -f qcow2 --output=json --force-share /opt/stack/data/cinder/mnt/45bcc90e20d7560b507a87542cd2f5ce/volume-e29b0c5b-fdc1-40a8-8268-cf9b7d62d217.e74ed6f3-5af7-4afc-9eff-b7e18c4d9fd5 {{(pid=86805) execute /opt/stack/data/venv/lib/python3.12/site-packages/oslo_concurrency/processutils.py:440}}
Jul 03 13:59:41 devstack sudo[94587]: quobyte : PWD=/ ; USER=root ; COMMAND=/opt/stack/data/venv/bin/cinder-rootwrap /etc/cinder/rootwrap.conf env LC_ALL=C qemu-img info -f qcow2 --output=json --force-share /opt/stack/data/cinder/mnt/45bcc90e20d7560b507a87542cd2f5ce/volume-e29b0c5b-fdc1-40a8-8268-cf9b7d62d217.e74ed6f3-5af7-4afc-9eff-b7e18c4d9fd5
Jul 03 13:59:41 devstack sudo[94587]: pam_unix(sudo:session): session opened for user root(uid=0) by (uid=1000)
Jul 03 13:59:42 devstack sudo[94587]: pam_unix(sudo:session): session closed for user root
Jul 03 13:59:42 devstack cinder-volume[86805]: DEBUG oslo_concurrency.processutils [None req-68ab1cd2-c6d7-4d5f-bfe9-d4de113887ac tempest-VolumesCloneTest-579697320 None] CMD "/opt/stack/data/venv/bin/python3.12 -m oslo_concurrency.prlimit --as=1073741824 --cpu=60 -- sudo cinder-rootwrap /etc/cinder/rootwrap.conf env LC_ALL=C qemu-img info -f qcow2 --output=json --force-share /opt/stack/data/cinder/mnt/45bcc90e20d7560b507a87542cd2f5ce/volume-e29b0c5b-fdc1-40a8-8268-cf9b7d62d217.e74ed6f3-5af7-4afc-9eff-b7e18c4d9fd5" returned: 0 in 0.935s {{(pid=86805) execute /opt/stack/data/venv/lib/python3.12/site-packages/oslo_concurrency/processutils.py:468}}
Jul 03 13:59:42 devstack cinder-volume[86805]: DEBUG cinder.volume.drivers.remotefs [None req-68ab1cd2-c6d7-4d5f-bfe9-d4de113887ac tempest-VolumesCloneTest-579697320 None] Fetching qemu-img info with special backing_file_template: (/opt/stack/data/cinder/mnt/[0-9a-f]+/)?(volume-e29b0c5b-fdc1-40a8-8268-cf9b7d62d217(.(tmp-snap-)?[0-9a-f-]+)?|volume_from_snapshot_cache/(tmp-snap-)?[0-9a-f-]+(.(child-|parent-)[0-9a-f-]+)?)$ {{(pid=86805) _qemu_img_info_base /opt/stack/cinder/cinder/volume/drivers/remotefs.py:896}}
Jul 03 13:59:42 devstack cinder-volume[86805]: DEBUG cinder.volume.drivers.quobyte [None req-68ab1cd2-c6d7-4d5f-bfe9-d4de113887ac tempest-VolumesCloneTest-579697320 None] will copy from snapshot at /opt/stack/data/cinder/mnt/45bcc90e20d7560b507a87542cd2f5ce/volume-e29b0c5b-fdc1-40a8-8268-cf9b7d62d217 {{(pid=86805) _copy_volume_from_snapshot /opt/stack/cinder/cinder/volume/drivers/quobyte.py:420}}
Jul 03 13:59:42 devstack cinder-volume[86805]: DEBUG cinder.volume.drivers.quobyte [None req-68ab1cd2-c6d7-4d5f-bfe9-d4de113887ac tempest-VolumesCloneTest-579697320 None] Creating direct copy from snapshot {{(pid=86805) _copy_volume_from_snapshot /opt/stack/cinder/cinder/volume/drivers/quobyte.py:428}}
Jul 03 13:59:42 devstack cinder-volume[86805]: DEBUG oslo.privsep.daemon [-] privsep: reply[df53b595-4e06-4a7c-a5d6-94a812e615d3]: (4, 'qcow2') {{(pid=87884) _call_back /opt/stack/data/venv/lib/python3.12/site-packages/oslo_privsep/daemon.py:580}}
Jul 03 13:59:42 devstack cinder-volume[86805]: DEBUG oslo_concurrency.processutils [None req-68ab1cd2-c6d7-4d5f-bfe9-d4de113887ac tempest-VolumesCloneTest-579697320 None] Running cmd (subprocess): /opt/stack/data/venv/bin/python3.12 -m oslo_concurrency.prlimit --as=1073741824 --cpu=60 -- sudo cinder-rootwrap /etc/cinder/rootwrap.conf env LC_ALL=C qemu-img info -f qcow2 --output=json /opt/stack/data/cinder/mnt/45bcc90e20d7560b507a87542cd2f5ce/volume-e29b0c5b-fdc1-40a8-8268-cf9b7d62d217 {{(pid=86805) execute /opt/stack/data/venv/lib/python3.12/site-packages/oslo_concurrency/processutils.py:440}}
Jul 03 13:59:42 devstack sudo[94594]: quobyte : PWD=/ ; USER=root ; COMMAND=/opt/stack/data/venv/bin/cinder-rootwrap /etc/cinder/rootwrap.conf env LC_ALL=C qemu-img info -f qcow2 --output=json /opt/stack/data/cinder/mnt/45bcc90e20d7560b507a87542cd2f5ce/volume-e29b0c5b-fdc1-40a8-8268-cf9b7d62d217
Jul 03 13:59:42 devstack sudo[94594]: pam_unix(sudo:session): session opened for user root(uid=0) by (uid=1000)
Jul 03 13:59:42 devstack sudo[94594]: pam_unix(sudo:session): session closed for user root
Jul 03 13:59:42 devstack cinder-volume[86805]: DEBUG oslo_concurrency.processutils [None req-68ab1cd2-c6d7-4d5f-bfe9-d4de113887ac tempest-VolumesCloneTest-579697320 None] CMD "/opt/stack/data/venv/bin/python3.12 -m oslo_concurrency.prlimit --as=1073741824 --cpu=60 -- sudo cinder-rootwrap /etc/cinder/rootwrap.conf env LC_ALL=C qemu-img info -f qcow2 --output=json /opt/stack/data/cinder/mnt/45bcc90e20d7560b507a87542cd2f5ce/volume-e29b0c5b-fdc1-40a8-8268-cf9b7d62d217" returned: 0 in 0.834s {{(pid=86805) execute /opt/stack/data/venv/lib/python3.12/site-packages/oslo_concurrency/processutils.py:468}}
Jul 03 13:59:42 devstack cinder-volume[86805]: DEBUG cinder.utils [None req-68ab1cd2-c6d7-4d5f-bfe9-d4de113887ac tempest-VolumesCloneTest-579697320 None] Path /opt/stack/data/cinder/mnt/45bcc90e20d7560b507a87542cd2f5ce/volume-8754a1f7-5bac-460b-be84-ea147cf4d35d not found in is_blk_device check {{(pid=86805) is_blk_device /opt/stack/cinder/cinder/utils.py:602}}
Jul 03 13:59:42 devstack cinder-volume[86805]: DEBUG oslo_concurrency.processutils [None req-68ab1cd2-c6d7-4d5f-bfe9-d4de113887ac tempest-VolumesCloneTest-579697320 None] Running cmd (subprocess): sudo cinder-rootwrap /etc/cinder/rootwrap.conf qemu-img convert -O qcow2 /opt/stack/data/cinder/mnt/45bcc90e20d7560b507a87542cd2f5ce/volume-e29b0c5b-fdc1-40a8-8268-cf9b7d62d217 /opt/stack/data/cinder/mnt/45bcc90e20d7560b507a87542cd2f5ce/volume-8754a1f7-5bac-460b-be84-ea147cf4d35d {{(pid=86805) execute /opt/stack/data/venv/lib/python3.12/site-packages/oslo_concurrency/processutils.py:440}}
Jul 03 13:59:42 devstack sudo[94600]: quobyte : PWD=/ ; USER=root ; COMMAND=/opt/stack/data/venv/bin/cinder-rootwrap /etc/cinder/rootwrap.conf qemu-img convert -O qcow2 /opt/stack/data/cinder/mnt/45bcc90e20d7560b507a87542cd2f5ce/volume-e29b0c5b-fdc1-40a8-8268-cf9b7d62d217 /opt/stack/data/cinder/mnt/45bcc90e20d7560b507a87542cd2f5ce/volume-8754a1f7-5bac-460b-be84-ea147cf4d35d
Jul 03 13:59:42 devstack sudo[94600]: pam_unix(sudo:session): session opened for user root(uid=0) by (uid=1000)
Jul 03 13:59:49 devstack cinder-volume[86805]: DEBUG dbcounter [-] [86805] Writing DB stats cinder:SELECT=38,cinder:UPDATE=47,cinder:INSERT=12,cinder:DELETE=6 {{(pid=86805) stat_writer /opt/stack/data/venv/lib/python3.12/site-packages/dbcounter.py:115}}
Jul 03 13:59:49 devstack cinder-volume[86805]: DEBUG dbcounter [-] [86805] Writing DB stats cinder:UPDATE=50,cinder:DELETE=4,cinder:SELECT=33,cinder:INSERT=11 {{(pid=86805) stat_writer /opt/stack/data/venv/lib/python3.12/site-packages/dbcounter.py:115}}
Jul 03 13:59:51 devstack sudo[94600]: pam_unix(sudo:session): session closed for user root
Jul 03 13:59:51 devstack cinder-volume[86805]: DEBUG oslo_concurrency.processutils [None req-68ab1cd2-c6d7-4d5f-bfe9-d4de113887ac tempest-VolumesCloneTest-579697320 None] CMD "sudo cinder-rootwrap /etc/cinder/rootwrap.conf qemu-img convert -O qcow2 /opt/stack/data/cinder/mnt/45bcc90e20d7560b507a87542cd2f5ce/volume-e29b0c5b-fdc1-40a8-8268-cf9b7d62d217 /opt/stack/data/cinder/mnt/45bcc90e20d7560b507a87542cd2f5ce/volume-8754a1f7-5bac-460b-be84-ea147cf4d35d" returned: 0 in 8.974s {{(pid=86805) execute /opt/stack/data/venv/lib/python3.12/site-packages/oslo_concurrency/processutils.py:468}}
Jul 03 13:59:51 devstack cinder-volume[86805]: DEBUG oslo.privsep.daemon [-] privsep: reply[9356ecf4-9994-41d4-92b3-565c19d6dc20]: (4, 'qcow2') {{(pid=87884) _call_back /opt/stack/data/venv/lib/python3.12/site-packages/oslo_privsep/daemon.py:580}}
Jul 03 13:59:51 devstack cinder-volume[86805]: DEBUG oslo_concurrency.processutils [None req-68ab1cd2-c6d7-4d5f-bfe9-d4de113887ac tempest-VolumesCloneTest-579697320 None] Running cmd (subprocess): /opt/stack/data/venv/bin/python3.12 -m oslo_concurrency.prlimit --as=1073741824 --cpu=60 -- sudo cinder-rootwrap /etc/cinder/rootwrap.conf env LC_ALL=C qemu-img info -f qcow2 --output=json /opt/stack/data/cinder/mnt/45bcc90e20d7560b507a87542cd2f5ce/volume-e29b0c5b-fdc1-40a8-8268-cf9b7d62d217 {{(pid=86805) execute /opt/stack/data/venv/lib/python3.12/site-packages/oslo_concurrency/processutils.py:440}}
Jul 03 13:59:52 devstack sudo[94724]: quobyte : PWD=/ ; USER=root ; COMMAND=/opt/stack/data/venv/bin/cinder-rootwrap /etc/cinder/rootwrap.conf env LC_ALL=C qemu-img info -f qcow2 --output=json /opt/stack/data/cinder/mnt/45bcc90e20d7560b507a87542cd2f5ce/volume-e29b0c5b-fdc1-40a8-8268-cf9b7d62d217
Jul 03 13:59:52 devstack sudo[94724]: pam_unix(sudo:session): session opened for user root(uid=0) by (uid=1000)
Jul 03 13:59:53 devstack sudo[94724]: pam_unix(sudo:session): session closed for user root
Jul 03 13:59:53 devstack cinder-volume[86805]: DEBUG oslo_concurrency.processutils [None req-68ab1cd2-c6d7-4d5f-bfe9-d4de113887ac tempest-VolumesCloneTest-579697320 None] CMD "/opt/stack/data/venv/bin/python3.12 -m oslo_concurrency.prlimit --as=1073741824 --cpu=60 -- sudo cinder-rootwrap /etc/cinder/rootwrap.conf env LC_ALL=C qemu-img info -f qcow2 --output=json /opt/stack/data/cinder/mnt/45bcc90e20d7560b507a87542cd2f5ce/volume-e29b0c5b-fdc1-40a8-8268-cf9b7d62d217" returned: 0 in 1.908s {{(pid=86805) execute /opt/stack/data/venv/lib/python3.12/site-packages/oslo_concurrency/processutils.py:468}}
Jul 03 13:59:53 devstack cinder-volume[86805]: DEBUG cinder.image.image_utils [None req-68ab1cd2-c6d7-4d5f-bfe9-d4de113887ac tempest-VolumesCloneTest-579697320 None] Image conversion details: src /opt/stack/data/cinder/mnt/45bcc90e20d7560b507a87542cd2f5ce/volume-e29b0c5b-fdc1-40a8-8268-cf9b7d62d217, size 1024.00 MB, duration 8.98 sec, destination /opt/stack/data/cinder/mnt/45bcc90e20d7560b507a87542cd2f5ce/volume-8754a1f7-5bac-460b-be84-ea147cf4d35d {{(pid=86805) _convert_image /opt/stack/cinder/cinder/image/image_utils.py:533}}
Jul 03 13:59:53 devstack cinder-volume[86805]: INFO cinder.image.image_utils [None req-68ab1cd2-c6d7-4d5f-bfe9-d4de113887ac tempest-VolumesCloneTest-579697320 None] Converted 1024.00 MB image at 114.08 MB/s
Jul 03 13:59:53 devstack cinder-volume[86805]: WARNING cinder.volume.drivers.remotefs [None req-68ab1cd2-c6d7-4d5f-bfe9-d4de113887ac tempest-VolumesCloneTest-579697320 None] /opt/stack/data/cinder/mnt/45bcc90e20d7560b507a87542cd2f5ce/volume-8754a1f7-5bac-460b-be84-ea147cf4d35d is being set with open permissions: ugo+rw
Jul 03 13:59:53 devstack cinder-volume[86805]: DEBUG oslo_concurrency.processutils [None req-68ab1cd2-c6d7-4d5f-bfe9-d4de113887ac tempest-VolumesCloneTest-579697320 None] Running cmd (subprocess): sudo cinder-rootwrap /etc/cinder/rootwrap.conf chmod ugo+rw /opt/stack/data/cinder/mnt/45bcc90e20d7560b507a87542cd2f5ce/volume-8754a1f7-5bac-460b-be84-ea147cf4d35d {{(pid=86805) execute /opt/stack/data/venv/lib/python3.12/site-packages/oslo_concurrency/processutils.py:440}}
Jul 03 13:59:53 devstack sudo[94766]: quobyte : PWD=/ ; USER=root ; COMMAND=/opt/stack/data/venv/bin/cinder-rootwrap /etc/cinder/rootwrap.conf chmod ugo+rw /opt/stack/data/cinder/mnt/45bcc90e20d7560b507a87542cd2f5ce/volume-8754a1f7-5bac-460b-be84-ea147cf4d35d
Jul 03 13:59:53 devstack sudo[94766]: pam_unix(sudo:session): session opened for user root(uid=0) by (uid=1000)
Jul 03 13:59:55 devstack sudo[94766]: pam_unix(sudo:session): session closed for user root
Jul 03 13:59:55 devstack cinder-volume[86805]: DEBUG oslo_concurrency.processutils [None req-68ab1cd2-c6d7-4d5f-bfe9-d4de113887ac tempest-VolumesCloneTest-579697320 None] CMD "sudo cinder-rootwrap /etc/cinder/rootwrap.conf chmod ugo+rw /opt/stack/data/cinder/mnt/45bcc90e20d7560b507a87542cd2f5ce/volume-8754a1f7-5bac-460b-be84-ea147cf4d35d" returned: 0 in 1.435s {{(pid=86805) execute /opt/stack/data/venv/lib/python3.12/site-packages/oslo_concurrency/processutils.py:468}}
Jul 03 13:59:55 devstack cinder-volume[86805]: DEBUG cinder.coordination [None req-68ab1cd2-c6d7-4d5f-bfe9-d4de113887ac tempest-VolumesCloneTest-579697320 None] Lock "cinder-quobyte-8754a1f7-5bac-460b-be84-ea147cf4d35d" released by "_copy_volume_from_snapshot" :: held 14.244s {{(pid=86805) __release /opt/stack/cinder/cinder/coordination.py:152}}
Jul 03 13:59:55 devstack cinder-volume[86805]: DEBUG cinder.coordination [None req-68ab1cd2-c6d7-4d5f-bfe9-d4de113887ac tempest-VolumesCloneTest-579697320 None] Acquiring lock "cinder-quobyte-e74ed6f3-5af7-4afc-9eff-b7e18c4d9fd5" by "_delete_snapshot" {{(pid=86805) __acquire /opt/stack/cinder/cinder/coordination.py:138}}
Jul 03 13:59:55 devstack cinder-volume[86805]: DEBUG cinder.coordination [None req-68ab1cd2-c6d7-4d5f-bfe9-d4de113887ac tempest-VolumesCloneTest-579697320 None] Lock "cinder-quobyte-e74ed6f3-5af7-4afc-9eff-b7e18c4d9fd5" acquired by "_delete_snapshot" :: waited 0.034s {{(pid=86805) __acquire /opt/stack/cinder/cinder/coordination.py:141}}
Jul 03 13:59:55 devstack cinder-volume[86805]: DEBUG cinder.volume.drivers.remotefs [None req-68ab1cd2-c6d7-4d5f-bfe9-d4de113887ac tempest-VolumesCloneTest-579697320 None] Deleting offline snapshot e74ed6f3-5af7-4afc-9eff-b7e18c4d9fd5 of volume e29b0c5b-fdc1-40a8-8268-cf9b7d62d217 {{(pid=86805) _delete_snapshot /opt/stack/cinder/cinder/volume/drivers/remotefs.py:1288}}
Jul 03 13:59:55 devstack cinder-volume[86805]: DEBUG cinder.volume.drivers.remotefs [None req-68ab1cd2-c6d7-4d5f-bfe9-d4de113887ac tempest-VolumesCloneTest-579697320 None] snapshot_file for this snap is: volume-e29b0c5b-fdc1-40a8-8268-cf9b7d62d217.e74ed6f3-5af7-4afc-9eff-b7e18c4d9fd5 {{(pid=86805) _delete_snapshot /opt/stack/cinder/cinder/volume/drivers/remotefs.py:1317}}
Jul 03 13:59:55 devstack cinder-volume[86805]: DEBUG oslo.privsep.daemon [-] privsep: reply[54345796-565c-476f-907a-4946106ab70a]: (4, 'qcow2') {{(pid=87884) _call_back /opt/stack/data/venv/lib/python3.12/site-packages/oslo_privsep/daemon.py:580}}
Jul 03 13:59:55 devstack cinder-volume[86805]: DEBUG oslo_concurrency.processutils [None req-68ab1cd2-c6d7-4d5f-bfe9-d4de113887ac tempest-VolumesCloneTest-579697320 None] Running cmd (subprocess): /opt/stack/data/venv/bin/python3.12 -m oslo_concurrency.prlimit --as=1073741824 --cpu=60 -- sudo cinder-rootwrap /etc/cinder/rootwrap.conf env LC_ALL=C qemu-img info -f qcow2 --output=json --force-share /opt/stack/data/cinder/mnt/45bcc90e20d7560b507a87542cd2f5ce/volume-e29b0c5b-fdc1-40a8-8268-cf9b7d62d217.e74ed6f3-5af7-4afc-9eff-b7e18c4d9fd5 {{(pid=86805) execute /opt/stack/data/venv/lib/python3.12/site-packages/oslo_concurrency/processutils.py:440}}
Jul 03 13:59:55 devstack sudo[94775]: quobyte : PWD=/ ; USER=root ; COMMAND=/opt/stack/data/venv/bin/cinder-rootwrap /etc/cinder/rootwrap.conf env LC_ALL=C qemu-img info -f qcow2 --output=json --force-share /opt/stack/data/cinder/mnt/45bcc90e20d7560b507a87542cd2f5ce/volume-e29b0c5b-fdc1-40a8-8268-cf9b7d62d217.e74ed6f3-5af7-4afc-9eff-b7e18c4d9fd5
Jul 03 13:59:55 devstack sudo[94775]: pam_unix(sudo:session): session opened for user root(uid=0) by (uid=1000)
Jul 03 13:59:56 devstack sudo[94775]: pam_unix(sudo:session): session closed for user root
Jul 03 13:59:56 devstack cinder-volume[86805]: DEBUG oslo_concurrency.processutils [None req-68ab1cd2-c6d7-4d5f-bfe9-d4de113887ac tempest-VolumesCloneTest-579697320 None] CMD "/opt/stack/data/venv/bin/python3.12 -m oslo_concurrency.prlimit --as=1073741824 --cpu=60 -- sudo cinder-rootwrap /etc/cinder/rootwrap.conf env LC_ALL=C qemu-img info -f qcow2 --output=json --force-share /opt/stack/data/cinder/mnt/45bcc90e20d7560b507a87542cd2f5ce/volume-e29b0c5b-fdc1-40a8-8268-cf9b7d62d217.e74ed6f3-5af7-4afc-9eff-b7e18c4d9fd5" returned: 0 in 1.396s {{(pid=86805) execute /opt/stack/data/venv/lib/python3.12/site-packages/oslo_concurrency/processutils.py:468}}
Jul 03 13:59:56 devstack cinder-volume[86805]: DEBUG cinder.volume.drivers.remotefs [None req-68ab1cd2-c6d7-4d5f-bfe9-d4de113887ac tempest-VolumesCloneTest-579697320 None] Fetching qemu-img info with special backing_file_template: (/opt/stack/data/cinder/mnt/[0-9a-f]+/)?(volume-e29b0c5b-fdc1-40a8-8268-cf9b7d62d217(.(tmp-snap-)?[0-9a-f-]+)?|volume_from_snapshot_cache/(tmp-snap-)?[0-9a-f-]+(.(child-|parent-)[0-9a-f-]+)?)$ {{(pid=86805) _qemu_img_info_base /opt/stack/cinder/cinder/volume/drivers/remotefs.py:896}}
Jul 03 13:59:56 devstack cinder-volume[86805]: DEBUG oslo.privsep.daemon [-] privsep: reply[63e4e756-11d4-402f-92d6-ae10ff283760]: (4, 'qcow2') {{(pid=87884) _call_back /opt/stack/data/venv/lib/python3.12/site-packages/oslo_privsep/daemon.py:580}}
Jul 03 13:59:56 devstack cinder-volume[86805]: DEBUG oslo_concurrency.processutils [None req-68ab1cd2-c6d7-4d5f-bfe9-d4de113887ac tempest-VolumesCloneTest-579697320 None] Running cmd (subprocess): /opt/stack/data/venv/bin/python3.12 -m oslo_concurrency.prlimit --as=1073741824 --cpu=60 -- sudo cinder-rootwrap /etc/cinder/rootwrap.conf env LC_ALL=C qemu-img info -f qcow2 --output=json --force-share /opt/stack/data/cinder/mnt/45bcc90e20d7560b507a87542cd2f5ce/volume-e29b0c5b-fdc1-40a8-8268-cf9b7d62d217 {{(pid=86805) execute /opt/stack/data/venv/lib/python3.12/site-packages/oslo_concurrency/processutils.py:440}}
Jul 03 13:59:57 devstack sudo[94799]: quobyte : PWD=/ ; USER=root ; COMMAND=/opt/stack/data/venv/bin/cinder-rootwrap /etc/cinder/rootwrap.conf env LC_ALL=C qemu-img info -f qcow2 --output=json --force-share /opt/stack/data/cinder/mnt/45bcc90e20d7560b507a87542cd2f5ce/volume-e29b0c5b-fdc1-40a8-8268-cf9b7d62d217
Jul 03 13:59:57 devstack sudo[94799]: pam_unix(sudo:session): session opened for user root(uid=0) by (uid=1000)
Jul 03 13:59:58 devstack sudo[94799]: pam_unix(sudo:session): session closed for user root
Jul 03 13:59:58 devstack cinder-volume[86805]: DEBUG oslo_concurrency.processutils [None req-68ab1cd2-c6d7-4d5f-bfe9-d4de113887ac tempest-VolumesCloneTest-579697320 None] CMD "/opt/stack/data/venv/bin/python3.12 -m oslo_concurrency.prlimit --as=1073741824 --cpu=60 -- sudo cinder-rootwrap /etc/cinder/rootwrap.conf env LC_ALL=C qemu-img info -f qcow2 --output=json --force-share /opt/stack/data/cinder/mnt/45bcc90e20d7560b507a87542cd2f5ce/volume-e29b0c5b-fdc1-40a8-8268-cf9b7d62d217" returned: 0 in 1.155s {{(pid=86805) execute /opt/stack/data/venv/lib/python3.12/site-packages/oslo_concurrency/processutils.py:468}}
Jul 03 13:59:58 devstack cinder-volume[86805]: DEBUG oslo_concurrency.processutils [None req-68ab1cd2-c6d7-4d5f-bfe9-d4de113887ac tempest-VolumesCloneTest-579697320 None] Running cmd (subprocess): sudo cinder-rootwrap /etc/cinder/rootwrap.conf qemu-img commit -d /opt/stack/data/cinder/mnt/45bcc90e20d7560b507a87542cd2f5ce/volume-e29b0c5b-fdc1-40a8-8268-cf9b7d62d217.e74ed6f3-5af7-4afc-9eff-b7e18c4d9fd5 {{(pid=86805) execute /opt/stack/data/venv/lib/python3.12/site-packages/oslo_concurrency/processutils.py:440}}
Jul 03 13:59:58 devstack sudo[94807]: quobyte : PWD=/ ; USER=root ; COMMAND=/opt/stack/data/venv/bin/cinder-rootwrap /etc/cinder/rootwrap.conf qemu-img commit -d /opt/stack/data/cinder/mnt/45bcc90e20d7560b507a87542cd2f5ce/volume-e29b0c5b-fdc1-40a8-8268-cf9b7d62d217.e74ed6f3-5af7-4afc-9eff-b7e18c4d9fd5
Jul 03 13:59:58 devstack sudo[94807]: pam_unix(sudo:session): session opened for user root(uid=0) by (uid=1000)
Jul 03 13:59:58 devstack cinder-volume[86805]: DEBUG oslo_service.periodic_task [None req-9e518b8b-8ded-4742-9b97-9f7cf46f10e2 None None] Running periodic task VolumeManager.publish_service_capabilities {{(pid=86805) run_periodic_tasks /opt/stack/data/venv/lib/python3.12/site-packages/oslo_service/periodic_task.py:225}}
Jul 03 13:59:58 devstack cinder-volume[86805]: DEBUG oslo_concurrency.lockutils [None req-9e518b8b-8ded-4742-9b97-9f7cf46f10e2 None None] Acquiring lock "quobyte_ensure" by "cinder.volume.drivers.quobyte.QuobyteDriver._ensure_shares_mounted" {{(pid=86805) inner /opt/stack/data/venv/lib/python3.12/site-packages/oslo_concurrency/lockutils.py:511}}
Jul 03 13:59:58 devstack cinder-volume[86805]: DEBUG oslo_concurrency.lockutils [None req-9e518b8b-8ded-4742-9b97-9f7cf46f10e2 None None] Lock "quobyte_ensure" acquired by "cinder.volume.drivers.quobyte.QuobyteDriver._ensure_shares_mounted" :: waited 0.002s {{(pid=86805) inner /opt/stack/data/venv/lib/python3.12/site-packages/oslo_concurrency/lockutils.py:524}}
Jul 03 13:59:58 devstack cinder-volume[86805]: DEBUG cinder.volume.drivers.quobyte [None req-9e518b8b-8ded-4742-9b97-9f7cf46f10e2 None None] Quobyte Volume URL set to: {'osci02.corp.quobyte.com/cinder-vol-9cd4efa0-e1af-4181-a277-497466994b28': None} {{(pid=86805) _load_shares_config /opt/stack/cinder/cinder/volume/drivers/quobyte.py:617}}
Jul 03 13:59:58 devstack cinder-volume[86805]: DEBUG cinder.volume.drivers.quobyte [None req-9e518b8b-8ded-4742-9b97-9f7cf46f10e2 None None] Available shares ['osci02.corp.quobyte.com/cinder-vol-9cd4efa0-e1af-4181-a277-497466994b28'] {{(pid=86805) _ensure_shares_mounted /opt/stack/cinder/cinder/volume/drivers/quobyte.py:647}}
Jul 03 13:59:58 devstack cinder-volume[86805]: DEBUG oslo_concurrency.lockutils [None req-9e518b8b-8ded-4742-9b97-9f7cf46f10e2 None None] Lock "quobyte_ensure" "released" by "cinder.volume.drivers.quobyte.QuobyteDriver._ensure_shares_mounted" :: held 0.017s {{(pid=86805) inner /opt/stack/data/venv/lib/python3.12/site-packages/oslo_concurrency/lockutils.py:543}}
Jul 03 13:59:58 devstack cinder-volume[86805]: DEBUG oslo_concurrency.processutils [None req-9e518b8b-8ded-4742-9b97-9f7cf46f10e2 None None] Running cmd (subprocess): sudo cinder-rootwrap /etc/cinder/rootwrap.conf df --portability --block-size 1 /opt/stack/data/cinder/mnt/45bcc90e20d7560b507a87542cd2f5ce {{(pid=86805) execute /opt/stack/data/venv/lib/python3.12/site-packages/oslo_concurrency/processutils.py:440}}
Jul 03 13:59:58 devstack sudo[94809]: quobyte : PWD=/ ; USER=root ; COMMAND=/opt/stack/data/venv/bin/cinder-rootwrap /etc/cinder/rootwrap.conf df --portability --block-size 1 /opt/stack/data/cinder/mnt/45bcc90e20d7560b507a87542cd2f5ce
Jul 03 13:59:58 devstack sudo[94809]: pam_unix(sudo:session): session opened for user root(uid=0) by (uid=1000)
Jul 03 13:59:59 devstack sudo[94807]: pam_unix(sudo:session): session closed for user root
Jul 03 13:59:59 devstack cinder-volume[86805]: DEBUG oslo_concurrency.processutils [None req-68ab1cd2-c6d7-4d5f-bfe9-d4de113887ac tempest-VolumesCloneTest-579697320 None] CMD "sudo cinder-rootwrap /etc/cinder/rootwrap.conf qemu-img commit -d /opt/stack/data/cinder/mnt/45bcc90e20d7560b507a87542cd2f5ce/volume-e29b0c5b-fdc1-40a8-8268-cf9b7d62d217.e74ed6f3-5af7-4afc-9eff-b7e18c4d9fd5" returned: 0 in 1.056s {{(pid=86805) execute /opt/stack/data/venv/lib/python3.12/site-packages/oslo_concurrency/processutils.py:468}}
Jul 03 13:59:59 devstack cinder-volume[86805]: DEBUG oslo_concurrency.processutils [None req-68ab1cd2-c6d7-4d5f-bfe9-d4de113887ac tempest-VolumesCloneTest-579697320 None] Running cmd (subprocess): sudo cinder-rootwrap /etc/cinder/rootwrap.conf rm -f /opt/stack/data/cinder/mnt/45bcc90e20d7560b507a87542cd2f5ce/volume-e29b0c5b-fdc1-40a8-8268-cf9b7d62d217.e74ed6f3-5af7-4afc-9eff-b7e18c4d9fd5 {{(pid=86805) execute /opt/stack/data/venv/lib/python3.12/site-packages/oslo_concurrency/processutils.py:440}}
Jul 03 13:59:59 devstack sudo[94815]: quobyte : PWD=/ ; USER=root ; COMMAND=/opt/stack/data/venv/bin/cinder-rootwrap /etc/cinder/rootwrap.conf rm -f /opt/stack/data/cinder/mnt/45bcc90e20d7560b507a87542cd2f5ce/volume-e29b0c5b-fdc1-40a8-8268-cf9b7d62d217.e74ed6f3-5af7-4afc-9eff-b7e18c4d9fd5
Jul 03 13:59:59 devstack sudo[94815]: pam_unix(sudo:session): session opened for user root(uid=0) by (uid=1000)
Jul 03 13:59:59 devstack sudo[94809]: pam_unix(sudo:session): session closed for user root
Jul 03 13:59:59 devstack cinder-volume[86805]: DEBUG oslo_concurrency.processutils [None req-9e518b8b-8ded-4742-9b97-9f7cf46f10e2 None None] CMD "sudo cinder-rootwrap /etc/cinder/rootwrap.conf df --portability --block-size 1 /opt/stack/data/cinder/mnt/45bcc90e20d7560b507a87542cd2f5ce" returned: 0 in 1.237s {{(pid=86805) execute /opt/stack/data/venv/lib/python3.12/site-packages/oslo_concurrency/processutils.py:468}}
Jul 03 13:59:59 devstack cinder-volume[86805]: DEBUG cinder.manager [None req-9e518b8b-8ded-4742-9b97-9f7cf46f10e2 None None] Notifying Schedulers of capabilities ... {{(pid=86805) _publish_service_capabilities /opt/stack/cinder/cinder/manager.py:202}}
Jul 03 14:00:00 devstack sudo[94815]: pam_unix(sudo:session): session closed for user root
Jul 03 14:00:00 devstack cinder-volume[86805]: DEBUG oslo_concurrency.processutils [None req-68ab1cd2-c6d7-4d5f-bfe9-d4de113887ac tempest-VolumesCloneTest-579697320 None] CMD "sudo cinder-rootwrap /etc/cinder/rootwrap.conf rm -f /opt/stack/data/cinder/mnt/45bcc90e20d7560b507a87542cd2f5ce/volume-e29b0c5b-fdc1-40a8-8268-cf9b7d62d217.e74ed6f3-5af7-4afc-9eff-b7e18c4d9fd5" returned: 0 in 1.103s {{(pid=86805) execute /opt/stack/data/venv/lib/python3.12/site-packages/oslo_concurrency/processutils.py:468}}
Jul 03 14:00:00 devstack cinder-volume[86805]: DEBUG cinder.coordination [None req-68ab1cd2-c6d7-4d5f-bfe9-d4de113887ac tempest-VolumesCloneTest-579697320 None] Lock "cinder-quobyte-e74ed6f3-5af7-4afc-9eff-b7e18c4d9fd5" released by "_delete_snapshot" :: held 4.859s {{(pid=86805) __release /opt/stack/cinder/cinder/coordination.py:152}}
Jul 03 14:00:00 devstack cinder-volume[86805]: DEBUG oslo_concurrency.lockutils [None req-68ab1cd2-c6d7-4d5f-bfe9-d4de113887ac tempest-VolumesCloneTest-579697320 None] Lock "quobyte" "released" by "cinder.volume.drivers.quobyte.QuobyteDriver.create_cloned_volume" :: held 24.964s {{(pid=86805) inner /opt/stack/data/venv/lib/python3.12/site-packages/oslo_concurrency/lockutils.py:543}}
