Jul 03 13:56:33 devstack sudo[91244]: quobyte : PWD=/ ; USER=root ; COMMAND=/opt/stack/data/venv/bin/cinder-rootwrap /etc/cinder/rootwrap.conf chmod ugo+rw /opt/stack/data/cinder/mnt/45bcc90e20d7560b507a87542cd2f5ce/volume-fc49b3ab-5a0f-4eb7-89fc-4556b2a32b80.efe43dbf-8925-4a35-8750-c56d747d2906
Jul 03 13:56:33 devstack sudo[91244]: pam_unix(sudo:session): session opened for user root(uid=0) by (uid=1000)
Jul 03 13:56:34 devstack sudo[91244]: pam_unix(sudo:session): session closed for user root
Jul 03 13:56:34 devstack cinder-volume[86805]: DEBUG oslo_concurrency.processutils [None req-49825f99-de65-411c-af99-56761b3aa0c0 tempest-GroupsV314Test-1553183413 None] CMD "sudo cinder-rootwrap /etc/cinder/rootwrap.conf chmod ugo+rw /opt/stack/data/cinder/mnt/45bcc90e20d7560b507a87542cd2f5ce/volume-fc49b3ab-5a0f-4eb7-89fc-4556b2a32b80.efe43dbf-8925-4a35-8750-c56d747d2906" returned: 0 in 1.189s {{(pid=86805) execute /opt/stack/data/venv/lib/python3.12/site-packages/oslo_concurrency/processutils.py:468}}
Jul 03 13:56:34 devstack cinder-volume[86805]: DEBUG oslo_concurrency.processutils [None req-49825f99-de65-411c-af99-56761b3aa0c0 tempest-GroupsV314Test-1553183413 None] Running cmd (subprocess): sudo cinder-rootwrap /etc/cinder/rootwrap.conf truncate -s0 /opt/stack/data/cinder/mnt/45bcc90e20d7560b507a87542cd2f5ce/volume-fc49b3ab-5a0f-4eb7-89fc-4556b2a32b80.info {{(pid=86805) execute /opt/stack/data/venv/lib/python3.12/site-packages/oslo_concurrency/processutils.py:440}}
Jul 03 13:56:34 devstack sudo[91266]: quobyte : PWD=/ ; USER=root ; COMMAND=/opt/stack/data/venv/bin/cinder-rootwrap /etc/cinder/rootwrap.conf truncate -s0 /opt/stack/data/cinder/mnt/45bcc90e20d7560b507a87542cd2f5ce/volume-fc49b3ab-5a0f-4eb7-89fc-4556b2a32b80.info
Jul 03 13:56:34 devstack sudo[91266]: pam_unix(sudo:session): session opened for user root(uid=0) by (uid=1000)
Jul 03 13:56:35 devstack sudo[91266]: pam_unix(sudo:session): session closed for user root
Jul 03 13:56:35 devstack cinder-volume[86805]: DEBUG oslo_concurrency.processutils [None req-49825f99-de65-411c-af99-56761b3aa0c0 tempest-GroupsV314Test-1553183413 None] CMD "sudo cinder-rootwrap /etc/cinder/rootwrap.conf truncate -s0 /opt/stack/data/cinder/mnt/45bcc90e20d7560b507a87542cd2f5ce/volume-fc49b3ab-5a0f-4eb7-89fc-4556b2a32b80.info" returned: 0 in 0.898s {{(pid=86805) execute /opt/stack/data/venv/lib/python3.12/site-packages/oslo_concurrency/processutils.py:468}}
Jul 03 13:56:35 devstack cinder-volume[86805]: WARNING cinder.volume.drivers.remotefs [None req-49825f99-de65-411c-af99-56761b3aa0c0 tempest-GroupsV314Test-1553183413 None] /opt/stack/data/cinder/mnt/45bcc90e20d7560b507a87542cd2f5ce/volume-fc49b3ab-5a0f-4eb7-89fc-4556b2a32b80.info is being set with open permissions: ugo+rw: NotImplementedError
Jul 03 13:56:35 devstack cinder-volume[86805]: DEBUG oslo_concurrency.processutils [None req-49825f99-de65-411c-af99-56761b3aa0c0 tempest-GroupsV314Test-1553183413 None] Running cmd (subprocess): sudo cinder-rootwrap /etc/cinder/rootwrap.conf chmod ugo+rw /opt/stack/data/cinder/mnt/45bcc90e20d7560b507a87542cd2f5ce/volume-fc49b3ab-5a0f-4eb7-89fc-4556b2a32b80.info {{(pid=86805) execute /opt/stack/data/venv/lib/python3.12/site-packages/oslo_concurrency/processutils.py:440}}
Jul 03 13:56:35 devstack sudo[91275]: quobyte : PWD=/ ; USER=root ; COMMAND=/opt/stack/data/venv/bin/cinder-rootwrap /etc/cinder/rootwrap.conf chmod ugo+rw /opt/stack/data/cinder/mnt/45bcc90e20d7560b507a87542cd2f5ce/volume-fc49b3ab-5a0f-4eb7-89fc-4556b2a32b80.info
Jul 03 13:56:35 devstack sudo[91275]: pam_unix(sudo:session): session opened for user root(uid=0) by (uid=1000)
Jul 03 13:56:36 devstack sudo[91275]: pam_unix(sudo:session): session closed for user root
Jul 03 13:56:36 devstack cinder-volume[86805]: DEBUG oslo_concurrency.processutils [None req-49825f99-de65-411c-af99-56761b3aa0c0 tempest-GroupsV314Test-1553183413 None] CMD "sudo cinder-rootwrap /etc/cinder/rootwrap.conf chmod ugo+rw /opt/stack/data/cinder/mnt/45bcc90e20d7560b507a87542cd2f5ce/volume-fc49b3ab-5a0f-4eb7-89fc-4556b2a32b80.info" returned: 0 in 0.881s {{(pid=86805) execute /opt/stack/data/venv/lib/python3.12/site-packages/oslo_concurrency/processutils.py:468}}
Jul 03 13:56:36 devstack cinder-volume[86805]: DEBUG cinder.coordination [None req-49825f99-de65-411c-af99-56761b3aa0c0 tempest-GroupsV314Test-1553183413 None] Acquiring lock "cinder-quobyte-520f4de8-76eb-4536-9092-e1a6ed4ab3d7" by "_copy_volume_from_snapshot" {{(pid=86805) __acquire /opt/stack/cinder/cinder/coordination.py:138}}
Jul 03 13:56:36 devstack cinder-volume[86805]: DEBUG cinder.coordination [None req-49825f99-de65-411c-af99-56761b3aa0c0 tempest-GroupsV314Test-1553183413 None] Lock "cinder-quobyte-520f4de8-76eb-4536-9092-e1a6ed4ab3d7" acquired by "_copy_volume_from_snapshot" :: waited 0.020s {{(pid=86805) __acquire /opt/stack/cinder/cinder/coordination.py:141}}
Jul 03 13:56:36 devstack cinder-volume[86805]: DEBUG cinder.volume.drivers.quobyte [None req-49825f99-de65-411c-af99-56761b3aa0c0 tempest-GroupsV314Test-1553183413 None] snapshot: efe43dbf-8925-4a35-8750-c56d747d2906, volume: 520f4de8-76eb-4536-9092-e1a6ed4ab3d7, {{(pid=86805) _copy_volume_from_snapshot /opt/stack/cinder/cinder/volume/drivers/quobyte.py:401}}
Jul 03 13:56:36 devstack cinder-volume[86805]: DEBUG oslo_concurrency.lockutils [None req-49825f99-de65-411c-af99-56761b3aa0c0 tempest-GroupsV314Test-1553183413 None] Acquiring lock "quobyte_ensure" by "cinder.volume.drivers.quobyte.QuobyteDriver._ensure_shares_mounted" {{(pid=86805) inner /opt/stack/data/venv/lib/python3.12/site-packages/oslo_concurrency/lockutils.py:511}}
Jul 03 13:56:36 devstack cinder-volume[86805]: DEBUG oslo_concurrency.lockutils [None req-49825f99-de65-411c-af99-56761b3aa0c0 tempest-GroupsV314Test-1553183413 None] Lock "quobyte_ensure" acquired by "cinder.volume.drivers.quobyte.QuobyteDriver._ensure_shares_mounted" :: waited 0.001s {{(pid=86805) inner /opt/stack/data/venv/lib/python3.12/site-packages/oslo_concurrency/lockutils.py:524}}
Jul 03 13:56:36 devstack cinder-volume[86805]: DEBUG cinder.volume.drivers.quobyte [None req-49825f99-de65-411c-af99-56761b3aa0c0 tempest-GroupsV314Test-1553183413 None] Quobyte Volume URL set to: {'osci02.corp.quobyte.com/cinder-vol-9cd4efa0-e1af-4181-a277-497466994b28': None} {{(pid=86805) _load_shares_config /opt/stack/cinder/cinder/volume/drivers/quobyte.py:617}}
Jul 03 13:56:36 devstack cinder-volume[86805]: DEBUG cinder.volume.drivers.quobyte [None req-49825f99-de65-411c-af99-56761b3aa0c0 tempest-GroupsV314Test-1553183413 None] Available shares ['osci02.corp.quobyte.com/cinder-vol-9cd4efa0-e1af-4181-a277-497466994b28'] {{(pid=86805) _ensure_shares_mounted /opt/stack/cinder/cinder/volume/drivers/quobyte.py:647}}
Jul 03 13:56:36 devstack cinder-volume[86805]: DEBUG oslo_concurrency.lockutils [None req-49825f99-de65-411c-af99-56761b3aa0c0 tempest-GroupsV314Test-1553183413 None] Lock "quobyte_ensure" "released" by "cinder.volume.drivers.quobyte.QuobyteDriver._ensure_shares_mounted" :: held 0.011s {{(pid=86805) inner /opt/stack/data/venv/lib/python3.12/site-packages/oslo_concurrency/lockutils.py:543}}
Jul 03 13:56:36 devstack cinder-volume[86805]: DEBUG oslo.privsep.daemon [-] privsep: reply[d84adf05-160d-45f4-b854-a5edd312b81b]: (4, 'qcow2') {{(pid=87884) _call_back /opt/stack/data/venv/lib/python3.12/site-packages/oslo_privsep/daemon.py:580}}
Jul 03 13:56:36 devstack cinder-volume[86805]: DEBUG oslo_concurrency.processutils [None req-49825f99-de65-411c-af99-56761b3aa0c0 tempest-GroupsV314Test-1553183413 None] Running cmd (subprocess): /opt/stack/data/venv/bin/python3.12 -m oslo_concurrency.prlimit --as=1073741824 --cpu=60 -- sudo cinder-rootwrap /etc/cinder/rootwrap.conf env LC_ALL=C qemu-img info -f qcow2 --output=json --force-share /opt/stack/data/cinder/mnt/45bcc90e20d7560b507a87542cd2f5ce/volume-fc49b3ab-5a0f-4eb7-89fc-4556b2a32b80.efe43dbf-8925-4a35-8750-c56d747d2906 {{(pid=86805) execute /opt/stack/data/venv/lib/python3.12/site-packages/oslo_concurrency/processutils.py:440}}
Jul 03 13:56:36 devstack sudo[91292]: quobyte : PWD=/ ; USER=root ; COMMAND=/opt/stack/data/venv/bin/cinder-rootwrap /etc/cinder/rootwrap.conf env LC_ALL=C qemu-img info -f qcow2 --output=json --force-share /opt/stack/data/cinder/mnt/45bcc90e20d7560b507a87542cd2f5ce/volume-fc49b3ab-5a0f-4eb7-89fc-4556b2a32b80.efe43dbf-8925-4a35-8750-c56d747d2906
Jul 03 13:56:36 devstack sudo[91292]: pam_unix(sudo:session): session opened for user root(uid=0) by (uid=1000)
Jul 03 13:56:37 devstack sudo[91292]: pam_unix(sudo:session): session closed for user root
Jul 03 13:56:37 devstack cinder-volume[86805]: DEBUG oslo_concurrency.processutils [None req-49825f99-de65-411c-af99-56761b3aa0c0 tempest-GroupsV314Test-1553183413 None] CMD "/opt/stack/data/venv/bin/python3.12 -m oslo_concurrency.prlimit --as=1073741824 --cpu=60 -- sudo cinder-rootwrap /etc/cinder/rootwrap.conf env LC_ALL=C qemu-img info -f qcow2 --output=json --force-share /opt/stack/data/cinder/mnt/45bcc90e20d7560b507a87542cd2f5ce/volume-fc49b3ab-5a0f-4eb7-89fc-4556b2a32b80.efe43dbf-8925-4a35-8750-c56d747d2906" returned: 0 in 1.001s {{(pid=86805) execute /opt/stack/data/venv/lib/python3.12/site-packages/oslo_concurrency/processutils.py:468}}
Jul 03 13:56:37 devstack cinder-volume[86805]: DEBUG cinder.volume.drivers.remotefs [None req-49825f99-de65-411c-af99-56761b3aa0c0 tempest-GroupsV314Test-1553183413 None] Fetching qemu-img info with special backing_file_template: (/opt/stack/data/cinder/mnt/[0-9a-f]+/)?(volume-fc49b3ab-5a0f-4eb7-89fc-4556b2a32b80(.(tmp-snap-)?[0-9a-f-]+)?|volume_from_snapshot_cache/(tmp-snap-)?[0-9a-f-]+(.(child-|parent-)[0-9a-f-]+)?)$ {{(pid=86805) _qemu_img_info_base /opt/stack/cinder/cinder/volume/drivers/remotefs.py:896}}
Jul 03 13:56:37 devstack cinder-volume[86805]: DEBUG cinder.volume.drivers.quobyte [None req-49825f99-de65-411c-af99-56761b3aa0c0 tempest-GroupsV314Test-1553183413 None] will copy from snapshot at /opt/stack/data/cinder/mnt/45bcc90e20d7560b507a87542cd2f5ce/volume-fc49b3ab-5a0f-4eb7-89fc-4556b2a32b80 {{(pid=86805) _copy_volume_from_snapshot /opt/stack/cinder/cinder/volume/drivers/quobyte.py:420}}
Jul 03 13:56:37 devstack cinder-volume[86805]: DEBUG cinder.volume.drivers.quobyte [None req-49825f99-de65-411c-af99-56761b3aa0c0 tempest-GroupsV314Test-1553183413 None] Creating direct copy from snapshot {{(pid=86805) _copy_volume_from_snapshot /opt/stack/cinder/cinder/volume/drivers/quobyte.py:428}}
Jul 03 13:56:37 devstack cinder-volume[86805]: DEBUG oslo.privsep.daemon [-] privsep: reply[91b9de65-4251-4bb4-aea9-bd6b3df21c5f]: (4, 'qcow2') {{(pid=87884) _call_back /opt/stack/data/venv/lib/python3.12/site-packages/oslo_privsep/daemon.py:580}}
Jul 03 13:56:37 devstack cinder-volume[86805]: DEBUG oslo_concurrency.processutils [None req-49825f99-de65-411c-af99-56761b3aa0c0 tempest-GroupsV314Test-1553183413 None] Running cmd (subprocess): /opt/stack/data/venv/bin/python3.12 -m oslo_concurrency.prlimit --as=1073741824 --cpu=60 -- sudo cinder-rootwrap /etc/cinder/rootwrap.conf env LC_ALL=C qemu-img info -f qcow2 --output=json /opt/stack/data/cinder/mnt/45bcc90e20d7560b507a87542cd2f5ce/volume-fc49b3ab-5a0f-4eb7-89fc-4556b2a32b80 {{(pid=86805) execute /opt/stack/data/venv/lib/python3.12/site-packages/oslo_concurrency/processutils.py:440}}
Jul 03 13:56:37 devstack sudo[91306]: quobyte : PWD=/ ; USER=root ; COMMAND=/opt/stack/data/venv/bin/cinder-rootwrap /etc/cinder/rootwrap.conf env LC_ALL=C qemu-img info -f qcow2 --output=json /opt/stack/data/cinder/mnt/45bcc90e20d7560b507a87542cd2f5ce/volume-fc49b3ab-5a0f-4eb7-89fc-4556b2a32b80
Jul 03 13:56:37 devstack sudo[91306]: pam_unix(sudo:session): session opened for user root(uid=0) by (uid=1000)
Jul 03 13:56:39 devstack sudo[91306]: pam_unix(sudo:session): session closed for user root
Jul 03 13:56:39 devstack cinder-volume[86805]: DEBUG oslo_concurrency.processutils [None req-49825f99-de65-411c-af99-56761b3aa0c0 tempest-GroupsV314Test-1553183413 None] CMD "/opt/stack/data/venv/bin/python3.12 -m oslo_concurrency.prlimit --as=1073741824 --cpu=60 -- sudo cinder-rootwrap /etc/cinder/rootwrap.conf env LC_ALL=C qemu-img info -f qcow2 --output=json /opt/stack/data/cinder/mnt/45bcc90e20d7560b507a87542cd2f5ce/volume-fc49b3ab-5a0f-4eb7-89fc-4556b2a32b80" returned: 0 in 1.596s {{(pid=86805) execute /opt/stack/data/venv/lib/python3.12/site-packages/oslo_concurrency/processutils.py:468}}
Jul 03 13:56:39 devstack cinder-volume[86805]: DEBUG cinder.utils [None req-49825f99-de65-411c-af99-56761b3aa0c0 tempest-GroupsV314Test-1553183413 None] Path /opt/stack/data/cinder/mnt/45bcc90e20d7560b507a87542cd2f5ce/volume-520f4de8-76eb-4536-9092-e1a6ed4ab3d7 not found in is_blk_device check {{(pid=86805) is_blk_device /opt/stack/cinder/cinder/utils.py:602}}
Jul 03 13:56:39 devstack cinder-volume[86805]: DEBUG oslo_concurrency.processutils [None req-49825f99-de65-411c-af99-56761b3aa0c0 tempest-GroupsV314Test-1553183413 None] Running cmd (subprocess): sudo cinder-rootwrap /etc/cinder/rootwrap.conf qemu-img convert -O qcow2 /opt/stack/data/cinder/mnt/45bcc90e20d7560b507a87542cd2f5ce/volume-fc49b3ab-5a0f-4eb7-89fc-4556b2a32b80 /opt/stack/data/cinder/mnt/45bcc90e20d7560b507a87542cd2f5ce/volume-520f4de8-76eb-4536-9092-e1a6ed4ab3d7 {{(pid=86805) execute /opt/stack/data/venv/lib/python3.12/site-packages/oslo_concurrency/processutils.py:440}}
Jul 03 13:56:39 devstack sudo[91386]: quobyte : PWD=/ ; USER=root ; COMMAND=/opt/stack/data/venv/bin/cinder-rootwrap /etc/cinder/rootwrap.conf qemu-img convert -O qcow2 /opt/stack/data/cinder/mnt/45bcc90e20d7560b507a87542cd2f5ce/volume-fc49b3ab-5a0f-4eb7-89fc-4556b2a32b80 /opt/stack/data/cinder/mnt/45bcc90e20d7560b507a87542cd2f5ce/volume-520f4de8-76eb-4536-9092-e1a6ed4ab3d7
Jul 03 13:56:39 devstack sudo[91386]: pam_unix(sudo:session): session opened for user root(uid=0) by (uid=1000)
Jul 03 13:56:44 devstack cinder-volume[86805]: DEBUG dbcounter [-] [86805] Writing DB stats cinder:SELECT=10,cinder:UPDATE=3,cinder:INSERT=1,cinder:DELETE=1 {{(pid=86805) stat_writer /opt/stack/data/venv/lib/python3.12/site-packages/dbcounter.py:115}}
Jul 03 13:56:44 devstack cinder-volume[86805]: DEBUG dbcounter [-] [86805] Writing DB stats cinder:SELECT=8,cinder:UPDATE=6,cinder:INSERT=2 {{(pid=86805) stat_writer /opt/stack/data/venv/lib/python3.12/site-packages/dbcounter.py:115}}
Jul 03 13:56:52 devstack sudo[91386]: pam_unix(sudo:session): session closed for user root
Jul 03 13:56:52 devstack cinder-volume[86805]: DEBUG oslo_concurrency.processutils [None req-49825f99-de65-411c-af99-56761b3aa0c0 tempest-GroupsV314Test-1553183413 None] CMD "sudo cinder-rootwrap /etc/cinder/rootwrap.conf qemu-img convert -O qcow2 /opt/stack/data/cinder/mnt/45bcc90e20d7560b507a87542cd2f5ce/volume-fc49b3ab-5a0f-4eb7-89fc-4556b2a32b80 /opt/stack/data/cinder/mnt/45bcc90e20d7560b507a87542cd2f5ce/volume-520f4de8-76eb-4536-9092-e1a6ed4ab3d7" returned: 0 in 12.970s {{(pid=86805) execute /opt/stack/data/venv/lib/python3.12/site-packages/oslo_concurrency/processutils.py:468}}
Jul 03 13:56:52 devstack cinder-volume[86805]: DEBUG oslo.privsep.daemon [-] privsep: reply[64c31328-e1af-4b57-9472-cfef447642e4]: (4, 'qcow2') {{(pid=87884) _call_back /opt/stack/data/venv/lib/python3.12/site-packages/oslo_privsep/daemon.py:580}}
Jul 03 13:56:52 devstack cinder-volume[86805]: DEBUG oslo_concurrency.processutils [None req-49825f99-de65-411c-af99-56761b3aa0c0 tempest-GroupsV314Test-1553183413 None] Running cmd (subprocess): /opt/stack/data/venv/bin/python3.12 -m oslo_concurrency.prlimit --as=1073741824 --cpu=60 -- sudo cinder-rootwrap /etc/cinder/rootwrap.conf env LC_ALL=C qemu-img info -f qcow2 --output=json /opt/stack/data/cinder/mnt/45bcc90e20d7560b507a87542cd2f5ce/volume-fc49b3ab-5a0f-4eb7-89fc-4556b2a32b80 {{(pid=86805) execute /opt/stack/data/venv/lib/python3.12/site-packages/oslo_concurrency/processutils.py:440}}
Jul 03 13:56:52 devstack sudo[91592]: quobyte : PWD=/ ; USER=root ; COMMAND=/opt/stack/data/venv/bin/cinder-rootwrap /etc/cinder/rootwrap.conf env LC_ALL=C qemu-img info -f qcow2 --output=json /opt/stack/data/cinder/mnt/45bcc90e20d7560b507a87542cd2f5ce/volume-fc49b3ab-5a0f-4eb7-89fc-4556b2a32b80
Jul 03 13:56:52 devstack sudo[91592]: pam_unix(sudo:session): session opened for user root(uid=0) by (uid=1000)
Jul 03 13:56:54 devstack sudo[91592]: pam_unix(sudo:session): session closed for user root
Jul 03 13:56:54 devstack cinder-volume[86805]: DEBUG oslo_concurrency.processutils [None req-49825f99-de65-411c-af99-56761b3aa0c0 tempest-GroupsV314Test-1553183413 None] CMD "/opt/stack/data/venv/bin/python3.12 -m oslo_concurrency.prlimit --as=1073741824 --cpu=60 -- sudo cinder-rootwrap /etc/cinder/rootwrap.conf env LC_ALL=C qemu-img info -f qcow2 --output=json /opt/stack/data/cinder/mnt/45bcc90e20d7560b507a87542cd2f5ce/volume-fc49b3ab-5a0f-4eb7-89fc-4556b2a32b80" returned: 0 in 2.753s {{(pid=86805) execute /opt/stack/data/venv/lib/python3.12/site-packages/oslo_concurrency/processutils.py:468}}
Jul 03 13:56:54 devstack cinder-volume[86805]: DEBUG cinder.image.image_utils [None req-49825f99-de65-411c-af99-56761b3aa0c0 tempest-GroupsV314Test-1553183413 None] Image conversion details: src /opt/stack/data/cinder/mnt/45bcc90e20d7560b507a87542cd2f5ce/volume-fc49b3ab-5a0f-4eb7-89fc-4556b2a32b80, size 1024.00 MB, duration 12.97 sec, destination /opt/stack/data/cinder/mnt/45bcc90e20d7560b507a87542cd2f5ce/volume-520f4de8-76eb-4536-9092-e1a6ed4ab3d7 {{(pid=86805) _convert_image /opt/stack/cinder/cinder/image/image_utils.py:533}}
Jul 03 13:56:54 devstack cinder-volume[86805]: INFO cinder.image.image_utils [None req-49825f99-de65-411c-af99-56761b3aa0c0 tempest-GroupsV314Test-1553183413 None] Converted 1024.00 MB image at 78.94 MB/s
Jul 03 13:56:54 devstack cinder-volume[86805]: WARNING cinder.volume.drivers.remotefs [None req-49825f99-de65-411c-af99-56761b3aa0c0 tempest-GroupsV314Test-1553183413 None] /opt/stack/data/cinder/mnt/45bcc90e20d7560b507a87542cd2f5ce/volume-520f4de8-76eb-4536-9092-e1a6ed4ab3d7 is being set with open permissions: ugo+rw: NotImplementedError
Jul 03 13:56:54 devstack cinder-volume[86805]: DEBUG oslo_concurrency.processutils [None req-49825f99-de65-411c-af99-56761b3aa0c0 tempest-GroupsV314Test-1553183413 None] Running cmd (subprocess): sudo cinder-rootwrap /etc/cinder/rootwrap.conf chmod ugo+rw /opt/stack/data/cinder/mnt/45bcc90e20d7560b507a87542cd2f5ce/volume-520f4de8-76eb-4536-9092-e1a6ed4ab3d7 {{(pid=86805) execute /opt/stack/data/venv/lib/python3.12/site-packages/oslo_concurrency/processutils.py:440}}
Jul 03 13:56:55 devstack sudo[91630]: quobyte : PWD=/ ; USER=root ; COMMAND=/opt/stack/data/venv/bin/cinder-rootwrap /etc/cinder/rootwrap.conf chmod ugo+rw /opt/stack/data/cinder/mnt/45bcc90e20d7560b507a87542cd2f5ce/volume-520f4de8-76eb-4536-9092-e1a6ed4ab3d7
Jul 03 13:56:55 devstack sudo[91630]: pam_unix(sudo:session): session opened for user root(uid=0) by (uid=1000)
Jul 03 13:56:56 devstack sudo[91630]: pam_unix(sudo:session): session closed for user root
Jul 03 13:56:56 devstack cinder-volume[86805]: DEBUG oslo_concurrency.processutils [None req-49825f99-de65-411c-af99-56761b3aa0c0 tempest-GroupsV314Test-1553183413 None] CMD "sudo cinder-rootwrap /etc/cinder/rootwrap.conf chmod ugo+rw /opt/stack/data/cinder/mnt/45bcc90e20d7560b507a87542cd2f5ce/volume-520f4de8-76eb-4536-9092-e1a6ed4ab3d7" returned: 0 in 2.025s {{(pid=86805) execute /opt/stack/data/venv/lib/python3.12/site-packages/oslo_concurrency/processutils.py:468}}
Jul 03 13:56:56 devstack cinder-volume[86805]: DEBUG cinder.coordination [None req-49825f99-de65-411c-af99-56761b3aa0c0 tempest-GroupsV314Test-1553183413 None] Lock "cinder-quobyte-520f4de8-76eb-4536-9092-e1a6ed4ab3d7" released by "_copy_volume_from_snapshot" :: held 20.499s {{(pid=86805) __release /opt/stack/cinder/cinder/coordination.py:152}}
Jul 03 13:56:57 devstack cinder-volume[86805]: DEBUG cinder.coordination [None req-49825f99-de65-411c-af99-56761b3aa0c0 tempest-GroupsV314Test-1553183413 None] Acquiring lock "cinder-quobyte-efe43dbf-8925-4a35-8750-c56d747d2906" by "_delete_snapshot" {{(pid=86805) __acquire /opt/stack/cinder/cinder/coordination.py:138}}
Jul 03 13:56:57 devstack cinder-volume[86805]: DEBUG cinder.coordination [None req-49825f99-de65-411c-af99-56761b3aa0c0 tempest-GroupsV314Test-1553183413 None] Lock "cinder-quobyte-efe43dbf-8925-4a35-8750-c56d747d2906" acquired by "_delete_snapshot" :: waited 0.030s {{(pid=86805) __acquire /opt/stack/cinder/cinder/coordination.py:141}}
Jul 03 13:56:57 devstack cinder-volume[86805]: DEBUG cinder.volume.drivers.remotefs [None req-49825f99-de65-411c-af99-56761b3aa0c0 tempest-GroupsV314Test-1553183413 None] Deleting offline snapshot efe43dbf-8925-4a35-8750-c56d747d2906 of volume fc49b3ab-5a0f-4eb7-89fc-4556b2a32b80 {{(pid=86805) _delete_snapshot /opt/stack/cinder/cinder/volume/drivers/remotefs.py:1288}}
Jul 03 13:56:57 devstack cinder-volume[86805]: DEBUG cinder.volume.drivers.remotefs [None req-49825f99-de65-411c-af99-56761b3aa0c0 tempest-GroupsV314Test-1553183413 None] snapshot_file for this snap is: volume-fc49b3ab-5a0f-4eb7-89fc-4556b2a32b80.efe43dbf-8925-4a35-8750-c56d747d2906 {{(pid=86805) _delete_snapshot /opt/stack/cinder/cinder/volume/drivers/remotefs.py:1317}}
Jul 03 13:56:57 devstack cinder-volume[86805]: DEBUG oslo.privsep.daemon [-] privsep: reply[c653db6f-b9dc-4595-a409-288ce8c70d97]: (4, 'qcow2') {{(pid=87884) _call_back /opt/stack/data/venv/lib/python3.12/site-packages/oslo_privsep/daemon.py:580}}
Jul 03 13:56:57 devstack cinder-volume[86805]: DEBUG oslo_concurrency.processutils [None req-49825f99-de65-411c-af99-56761b3aa0c0 tempest-GroupsV314Test-1553183413 None] Running cmd (subprocess): /opt/stack/data/venv/bin/python3.12 -m oslo_concurrency.prlimit --as=1073741824 --cpu=60 -- sudo cinder-rootwrap /etc/cinder/rootwrap.conf env LC_ALL=C qemu-img info -f qcow2 --output=json --force-share /opt/stack/data/cinder/mnt/45bcc90e20d7560b507a87542cd2f5ce/volume-fc49b3ab-5a0f-4eb7-89fc-4556b2a32b80.efe43dbf-8925-4a35-8750-c56d747d2906 {{(pid=86805) execute /opt/stack/data/venv/lib/python3.12/site-packages/oslo_concurrency/processutils.py:440}}
Jul 03 13:56:57 devstack sudo[91672]: quobyte : PWD=/ ; USER=root ; COMMAND=/opt/stack/data/venv/bin/cinder-rootwrap /etc/cinder/rootwrap.conf env LC_ALL=C qemu-img info -f qcow2 --output=json --force-share /opt/stack/data/cinder/mnt/45bcc90e20d7560b507a87542cd2f5ce/volume-fc49b3ab-5a0f-4eb7-89fc-4556b2a32b80.efe43dbf-8925-4a35-8750-c56d747d2906
Jul 03 13:56:57 devstack sudo[91672]: pam_unix(sudo:session): session opened for user root(uid=0) by (uid=1000)
Jul 03 13:56:58 devstack cinder-volume[86805]: DEBUG oslo_service.periodic_task [None req-9e518b8b-8ded-4742-9b97-9f7cf46f10e2 None None] Running periodic task VolumeManager.publish_service_capabilities {{(pid=86805) run_periodic_tasks /opt/stack/data/venv/lib/python3.12/site-packages/oslo_service/periodic_task.py:225}}
Jul 03 13:56:58 devstack cinder-volume[86805]: DEBUG oslo_concurrency.lockutils [None req-9e518b8b-8ded-4742-9b97-9f7cf46f10e2 None None] Acquiring lock "quobyte_ensure" by "cinder.volume.drivers.quobyte.QuobyteDriver._ensure_shares_mounted" {{(pid=86805) inner /opt/stack/data/venv/lib/python3.12/site-packages/oslo_concurrency/lockutils.py:511}}
Jul 03 13:56:58 devstack cinder-volume[86805]: DEBUG oslo_concurrency.lockutils [None req-9e518b8b-8ded-4742-9b97-9f7cf46f10e2 None None] Lock "quobyte_ensure" acquired by "cinder.volume.drivers.quobyte.QuobyteDriver._ensure_shares_mounted" :: waited 0.001s {{(pid=86805) inner /opt/stack/data/venv/lib/python3.12/site-packages/oslo_concurrency/lockutils.py:524}}
Jul 03 13:56:58 devstack cinder-volume[86805]: DEBUG cinder.volume.drivers.quobyte [None req-9e518b8b-8ded-4742-9b97-9f7cf46f10e2 None None] Quobyte Volume URL set to: {'osci02.corp.quobyte.com/cinder-vol-9cd4efa0-e1af-4181-a277-497466994b28': None} {{(pid=86805) _load_shares_config /opt/stack/cinder/cinder/volume/drivers/quobyte.py:617}}
Jul 03 13:56:58 devstack cinder-volume[86805]: DEBUG cinder.volume.drivers.quobyte [None req-9e518b8b-8ded-4742-9b97-9f7cf46f10e2 None None] Available shares ['osci02.corp.quobyte.com/cinder-vol-9cd4efa0-e1af-4181-a277-497466994b28'] {{(pid=86805) _ensure_shares_mounted /opt/stack/cinder/cinder/volume/drivers/quobyte.py:647}}
Jul 03 13:56:58 devstack cinder-volume[86805]: DEBUG oslo_concurrency.lockutils [None req-9e518b8b-8ded-4742-9b97-9f7cf46f10e2 None None] Lock "quobyte_ensure" "released" by "cinder.volume.drivers.quobyte.QuobyteDriver._ensure_shares_mounted" :: held 0.021s {{(pid=86805) inner /opt/stack/data/venv/lib/python3.12/site-packages/oslo_concurrency/lockutils.py:543}}
Jul 03 13:56:58 devstack cinder-volume[86805]: DEBUG oslo_concurrency.processutils [None req-9e518b8b-8ded-4742-9b97-9f7cf46f10e2 None None] Running cmd (subprocess): sudo cinder-rootwrap /etc/cinder/rootwrap.conf df --portability --block-size 1 /opt/stack/data/cinder/mnt/45bcc90e20d7560b507a87542cd2f5ce {{(pid=86805) execute /opt/stack/data/venv/lib/python3.12/site-packages/oslo_concurrency/processutils.py:440}}
Jul 03 13:56:58 devstack sudo[91685]: quobyte : PWD=/ ; USER=root ; COMMAND=/opt/stack/data/venv/bin/cinder-rootwrap /etc/cinder/rootwrap.conf df --portability --block-size 1 /opt/stack/data/cinder/mnt/45bcc90e20d7560b507a87542cd2f5ce
Jul 03 13:56:58 devstack sudo[91685]: pam_unix(sudo:session): session opened for user root(uid=0) by (uid=1000)
Jul 03 13:56:59 devstack sudo[91672]: pam_unix(sudo:session): session closed for user root
Jul 03 13:56:59 devstack cinder-volume[86805]: DEBUG oslo_concurrency.processutils [None req-49825f99-de65-411c-af99-56761b3aa0c0 tempest-GroupsV314Test-1553183413 None] CMD "/opt/stack/data/venv/bin/python3.12 -m oslo_concurrency.prlimit --as=1073741824 --cpu=60 -- sudo cinder-rootwrap /etc/cinder/rootwrap.conf env LC_ALL=C qemu-img info -f qcow2 --output=json --force-share /opt/stack/data/cinder/mnt/45bcc90e20d7560b507a87542cd2f5ce/volume-fc49b3ab-5a0f-4eb7-89fc-4556b2a32b80.efe43dbf-8925-4a35-8750-c56d747d2906" returned: 0 in 2.106s {{(pid=86805) execute /opt/stack/data/venv/lib/python3.12/site-packages/oslo_concurrency/processutils.py:468}}
Jul 03 13:56:59 devstack cinder-volume[86805]: DEBUG cinder.volume.drivers.remotefs [None req-49825f99-de65-411c-af99-56761b3aa0c0 tempest-GroupsV314Test-1553183413 None] Fetching qemu-img info with special backing_file_template: (/opt/stack/data/cinder/mnt/[0-9a-f]+/)?(volume-fc49b3ab-5a0f-4eb7-89fc-4556b2a32b80(.(tmp-snap-)?[0-9a-f-]+)?|volume_from_snapshot_cache/(tmp-snap-)?[0-9a-f-]+(.(child-|parent-)[0-9a-f-]+)?)$ {{(pid=86805) _qemu_img_info_base /opt/stack/cinder/cinder/volume/drivers/remotefs.py:896}}
Jul 03 13:56:59 devstack cinder-volume[86805]: DEBUG oslo.privsep.daemon [-] privsep: reply[36e95df3-38bc-469e-86ba-e50e80ce1509]: (4, 'qcow2') {{(pid=87884) _call_back /opt/stack/data/venv/lib/python3.12/site-packages/oslo_privsep/daemon.py:580}}
Jul 03 13:56:59 devstack cinder-volume[86805]: DEBUG oslo_concurrency.processutils [None req-49825f99-de65-411c-af99-56761b3aa0c0 tempest-GroupsV314Test-1553183413 None] Running cmd (subprocess): /opt/stack/data/venv/bin/python3.12 -m oslo_concurrency.prlimit --as=1073741824 --cpu=60 -- sudo cinder-rootwrap /etc/cinder/rootwrap.conf env LC_ALL=C qemu-img info -f qcow2 --output=json --force-share /opt/stack/data/cinder/mnt/45bcc90e20d7560b507a87542cd2f5ce/volume-fc49b3ab-5a0f-4eb7-89fc-4556b2a32b80 {{(pid=86805) execute /opt/stack/data/venv/lib/python3.12/site-packages/oslo_concurrency/processutils.py:440}}
Jul 03 13:56:59 devstack sudo[91736]: quobyte : PWD=/ ; USER=root ; COMMAND=/opt/stack/data/venv/bin/cinder-rootwrap /etc/cinder/rootwrap.conf env LC_ALL=C qemu-img info -f qcow2 --output=json --force-share /opt/stack/data/cinder/mnt/45bcc90e20d7560b507a87542cd2f5ce/volume-fc49b3ab-5a0f-4eb7-89fc-4556b2a32b80
Jul 03 13:56:59 devstack sudo[91736]: pam_unix(sudo:session): session opened for user root(uid=0) by (uid=1000)
Jul 03 13:56:59 devstack cinder-volume[86805]: DEBUG oslo_concurrency.lockutils [req-0a0d2165-a122-4e26-a118-0141d31727db req-5b39f974-031e-4a20-9f69-8bc4991229a8 tempest-TaggedAttachmentsTest-648184428 None] Acquiring lock "quobyte" by "cinder.volume.drivers.quobyte.QuobyteDriver.initialize_connection" {{(pid=86805) inner /opt/stack/data/venv/lib/python3.12/site-packages/oslo_concurrency/lockutils.py:511}}
Jul 03 13:57:00 devstack sudo[91685]: pam_unix(sudo:session): session closed for user root
Jul 03 13:57:00 devstack cinder-volume[86805]: DEBUG oslo_concurrency.processutils [None req-9e518b8b-8ded-4742-9b97-9f7cf46f10e2 None None] CMD "sudo cinder-rootwrap /etc/cinder/rootwrap.conf df --portability --block-size 1 /opt/stack/data/cinder/mnt/45bcc90e20d7560b507a87542cd2f5ce" returned: 0 in 1.815s {{(pid=86805) execute /opt/stack/data/venv/lib/python3.12/site-packages/oslo_concurrency/processutils.py:468}}
Jul 03 13:57:00 devstack cinder-volume[86805]: DEBUG cinder.manager [None req-9e518b8b-8ded-4742-9b97-9f7cf46f10e2 None None] Notifying Schedulers of capabilities ... {{(pid=86805) _publish_service_capabilities /opt/stack/cinder/cinder/manager.py:202}}
Jul 03 13:57:00 devstack sudo[91736]: pam_unix(sudo:session): session closed for user root
Jul 03 13:57:00 devstack cinder-volume[86805]: DEBUG oslo_concurrency.processutils [None req-49825f99-de65-411c-af99-56761b3aa0c0 tempest-GroupsV314Test-1553183413 None] CMD "/opt/stack/data/venv/bin/python3.12 -m oslo_concurrency.prlimit --as=1073741824 --cpu=60 -- sudo cinder-rootwrap /etc/cinder/rootwrap.conf env LC_ALL=C qemu-img info -f qcow2 --output=json --force-share /opt/stack/data/cinder/mnt/45bcc90e20d7560b507a87542cd2f5ce/volume-fc49b3ab-5a0f-4eb7-89fc-4556b2a32b80" returned: 0 in 1.270s {{(pid=86805) execute /opt/stack/data/venv/lib/python3.12/site-packages/oslo_concurrency/processutils.py:468}}
Jul 03 13:57:00 devstack cinder-volume[86805]: DEBUG oslo_concurrency.processutils [None req-49825f99-de65-411c-af99-56761b3aa0c0 tempest-GroupsV314Test-1553183413 None] Running cmd (subprocess): sudo cinder-rootwrap /etc/cinder/rootwrap.conf qemu-img commit -d /opt/stack/data/cinder/mnt/45bcc90e20d7560b507a87542cd2f5ce/volume-fc49b3ab-5a0f-4eb7-89fc-4556b2a32b80.efe43dbf-8925-4a35-8750-c56d747d2906 {{(pid=86805) execute /opt/stack/data/venv/lib/python3.12/site-packages/oslo_concurrency/processutils.py:440}}
Jul 03 13:57:00 devstack sudo[91751]: quobyte : PWD=/ ; USER=root ; COMMAND=/opt/stack/data/venv/bin/cinder-rootwrap /etc/cinder/rootwrap.conf qemu-img commit -d /opt/stack/data/cinder/mnt/45bcc90e20d7560b507a87542cd2f5ce/volume-fc49b3ab-5a0f-4eb7-89fc-4556b2a32b80.efe43dbf-8925-4a35-8750-c56d747d2906
Jul 03 13:57:00 devstack sudo[91751]: pam_unix(sudo:session): session opened for user root(uid=0) by (uid=1000)
Jul 03 13:57:01 devstack sudo[91751]: pam_unix(sudo:session): session closed for user root
Jul 03 13:57:01 devstack cinder-volume[86805]: DEBUG oslo_concurrency.processutils [None req-49825f99-de65-411c-af99-56761b3aa0c0 tempest-GroupsV314Test-1553183413 None] CMD "sudo cinder-rootwrap /etc/cinder/rootwrap.conf qemu-img commit -d /opt/stack/data/cinder/mnt/45bcc90e20d7560b507a87542cd2f5ce/volume-fc49b3ab-5a0f-4eb7-89fc-4556b2a32b80.efe43dbf-8925-4a35-8750-c56d747d2906" returned: 0 in 0.764s {{(pid=86805) execute /opt/stack/data/venv/lib/python3.12/site-packages/oslo_concurrency/processutils.py:468}}
Jul 03 13:57:01 devstack cinder-volume[86805]: DEBUG oslo_concurrency.processutils [None req-49825f99-de65-411c-af99-56761b3aa0c0 tempest-GroupsV314Test-1553183413 None] Running cmd (subprocess): sudo cinder-rootwrap /etc/cinder/rootwrap.conf rm -f /opt/stack/data/cinder/mnt/45bcc90e20d7560b507a87542cd2f5ce/volume-fc49b3ab-5a0f-4eb7-89fc-4556b2a32b80.efe43dbf-8925-4a35-8750-c56d747d2906 {{(pid=86805) execute /opt/stack/data/venv/lib/python3.12/site-packages/oslo_concurrency/processutils.py:440}}
Jul 03 13:57:01 devstack sudo[91756]: quobyte : PWD=/ ; USER=root ; COMMAND=/opt/stack/data/venv/bin/cinder-rootwrap /etc/cinder/rootwrap.conf rm -f /opt/stack/data/cinder/mnt/45bcc90e20d7560b507a87542cd2f5ce/volume-fc49b3ab-5a0f-4eb7-89fc-4556b2a32b80.efe43dbf-8925-4a35-8750-c56d747d2906
Jul 03 13:57:01 devstack sudo[91756]: pam_unix(sudo:session): session opened for user root(uid=0) by (uid=1000)
Jul 03 13:57:01 devstack sudo[91756]: pam_unix(sudo:session): session closed for user root
Jul 03 13:57:01 devstack cinder-volume[86805]: DEBUG oslo_concurrency.processutils [None req-49825f99-de65-411c-af99-56761b3aa0c0 tempest-GroupsV314Test-1553183413 None] CMD "sudo cinder-rootwrap /etc/cinder/rootwrap.conf rm -f /opt/stack/data/cinder/mnt/45bcc90e20d7560b507a87542cd2f5ce/volume-fc49b3ab-5a0f-4eb7-89fc-4556b2a32b80.efe43dbf-8925-4a35-8750-c56d747d2906" returned: 0 in 0.683s {{(pid=86805) execute /opt/stack/data/venv/lib/python3.12/site-packages/oslo_concurrency/processutils.py:468}}
Jul 03 13:57:02 devstack cinder-volume[86805]: DEBUG cinder.coordination [None req-49825f99-de65-411c-af99-56761b3aa0c0 tempest-GroupsV314Test-1553183413 None] Lock "cinder-quobyte-efe43dbf-8925-4a35-8750-c56d747d2906" released by "_delete_snapshot" :: held 4.994s {{(pid=86805) __release /opt/stack/cinder/cinder/coordination.py:152}}
Jul 03 13:57:02 devstack cinder-volume[86805]: DEBUG oslo_concurrency.lockutils [None req-49825f99-de65-411c-af99-56761b3aa0c0 tempest-GroupsV314Test-1553183413 None] Lock "quobyte" "released" by "cinder.volume.drivers.quobyte.QuobyteDriver.create_cloned_volume" :: held 31.489s {{(pid=86805) inner /opt/stack/data/venv/lib/python3.12/site-packages/oslo_concurrency/lockutils.py:543}}
Jul 03 13:57:02 devstack cinder-volume[86805]: DEBUG oslo_concurrency.lockutils [req-0a0d2165-a122-4e26-a118-0141d31727db req-5b39f974-031e-4a20-9f69-8bc4991229a8 tempest-TaggedAttachmentsTest-648184428 None] Lock "quobyte" acquired by "cinder.volume.drivers.quobyte.QuobyteDriver.initialize_connection" :: waited 2.388s {{(pid=86805) inner /opt/stack/data/venv/lib/python3.12/site-packages/oslo_concurrency/lockutils.py:524}}
Jul 03 13:57:02 devstack cinder-volume[86805]: DEBUG oslo.privsep.daemon [-] privsep: reply[f1bec209-b2fc-40bb-b942-b725b03d8736]: (4, 'qcow2') {{(pid=87884) _call_back /opt/stack/data/venv/lib/python3.12/site-packages/oslo_privsep/daemon.py:580}}
Jul 03 13:57:02 devstack cinder-volume[86805]: DEBUG oslo_concurrency.processutils [req-0a0d2165-a122-4e26-a118-0141d31727db req-5b39f974-031e-4a20-9f69-8bc4991229a8 tempest-TaggedAttachmentsTest-648184428 None] Running cmd (subprocess): /opt/stack/data/venv/bin/python3.12 -m oslo_concurrency.prlimit --as=1073741824 --cpu=60 -- sudo cinder-rootwrap /etc/cinder/rootwrap.conf env LC_ALL=C qemu-img info -f qcow2 --output=json --force-share /opt/stack/data/cinder/mnt/45bcc90e20d7560b507a87542cd2f5ce/volume-2452abeb-e139-4a3e-927e-08240e1c1ccb {{(pid=86805) execute /opt/stack/data/venv/lib/python3.12/site-packages/oslo_concurrency/processutils.py:440}}
Jul 03 13:57:02 devstack cinder-volume[86805]: INFO cinder.volume.manager [None req-49825f99-de65-411c-af99-56761b3aa0c0 tempest-GroupsV314Test-1553183413 None] Create group from source-group-d412a8e1-9832-4607-9a5f-9e3cb807729a completed successfully.
Jul 03 13:57:02 devstack sudo[91759]: quobyte : PWD=/ ; USER=root ; COMMAND=/opt/stack/data/venv/bin/cinder-rootwrap /etc/cinder/rootwrap.conf env LC_ALL=C qemu-img info -f qcow2 --output=json --force-share /opt/stack/data/cinder/mnt/45bcc90e20d7560b507a87542cd2f5ce/volume-2452abeb-e139-4a3e-927e-08240e1c1ccb
Jul 03 13:57:02 devstack sudo[91759]: pam_unix(sudo:session): session opened for user root(uid=0) by (uid=1000)
Jul 03 13:57:02 devstack sudo[91759]: pam_unix(sudo:session): session closed for user root
Jul 03 13:57:02 devstack cinder-volume[86805]: DEBUG oslo_concurrency.processutils [req-0a0d2165-a122-4e26-a118-0141d31727db req-5b39f974-031e-4a20-9f69-8bc4991229a8 tempest-TaggedAttachmentsTest-648184428 None] CMD "/opt/stack/data/venv/bin/python3.12 -m oslo_concurrency.prlimit --as=1073741824 --cpu=60 -- sudo cinder-rootwrap /etc/cinder/rootwrap.conf env LC_ALL=C qemu-img info -f qcow2 --output=json --force-share /opt/stack/data/cinder/mnt/45bcc90e20d7560b507a87542cd2f5ce/volume-2452abeb-e139-4a3e-927e-08240e1c1ccb" returned: 0 in 0.855s {{(pid=86805) execute /opt/stack/data/venv/lib/python3.12/site-packages/oslo_concurrency/processutils.py:468}}
Jul 03 13:57:02 devstack cinder-volume[86805]: DEBUG oslo_concurrency.lockutils [req-0a0d2165-a122-4e26-a118-0141d31727db req-5b39f974-031e-4a20-9f69-8bc4991229a8 tempest-TaggedAttachmentsTest-648184428 None] Lock "quobyte" "released" by "cinder.volume.drivers.quobyte.QuobyteDriver.initialize_connection" :: held 0.891s {{(pid=86805) inner /opt/stack/data/venv/lib/python3.12/site-packages/oslo_concurrency/lockutils.py:543}}
Jul 03 13:57:02 devstack cinder-volume[86805]: DEBUG cinder.volume.manager [req-0a0d2165-a122-4e26-a118-0141d31727db req-5b39f974-031e-4a20-9f69-8bc4991229a8 tempest-TaggedAttachmentsTest-648184428 None] Connection info returned from driver {'export': 'osci02.corp.quobyte.com/cinder-vol-9cd4efa0-e1af-4181-a277-497466994b28', 'name': 'volume-2452abeb-e139-4a3e-927e-08240e1c1ccb', 'options': None, 'format': 'qcow2', 'qos_specs': None, 'access_mode': 'rw', 'encrypted': False, 'cacheable': False, 'driver_volume_type': 'quobyte', 'mount_point_base': '/opt/stack/data/cinder/mnt', 'attachment_id': 'd688c89d-08ee-4567-a8e6-b189102eaac4', 'enforce_multipath': True} {{(pid=86805) _connection_create /opt/stack/cinder/cinder/volume/manager.py:4924}}
Jul 03 13:57:03 devstack cinder-volume[86805]: INFO cinder.volume.manager [req-0a0d2165-a122-4e26-a118-0141d31727db req-5b39f974-031e-4a20-9f69-8bc4991229a8 tempest-TaggedAttachmentsTest-648184428 None] attachment_update completed successfully.
Jul 03 13:57:03 devstack cinder-volume[86805]: DEBUG cinder.coordination [None req-cd84944c-548b-4eb4-8dab-bfc17e77e32d tempest-GroupsV314Test-1553183413 None] Acquiring lock "cinder-quobyte-520f4de8-76eb-4536-9092-e1a6ed4ab3d7" by "delete_volume" {{(pid=86805) __acquire /opt/stack/cinder/cinder/coordination.py:138}}
Jul 03 13:57:03 devstack cinder-volume[86805]: DEBUG cinder.coordination [None req-cd84944c-548b-4eb4-8dab-bfc17e77e32d tempest-GroupsV314Test-1553183413 None] Lock "cinder-quobyte-520f4de8-76eb-4536-9092-e1a6ed4ab3d7" acquired by "delete_volume" :: waited 0.022s {{(pid=86805) __acquire /opt/stack/cinder/cinder/coordination.py:141}}
Jul 03 13:57:03 devstack cinder-volume[86805]: DEBUG oslo.privsep.daemon [-] privsep: reply[9f74303e-cdcf-4857-9f73-2047624d7669]: (4, 'qcow2') {{(pid=87884) _call_back /opt/stack/data/venv/lib/python3.12/site-packages/oslo_privsep/daemon.py:580}}
Jul 03 13:57:03 devstack cinder-volume[86805]: DEBUG oslo_concurrency.processutils [None req-cd84944c-548b-4eb4-8dab-bfc17e77e32d tempest-GroupsV314Test-1553183413 None] Running cmd (subprocess): /opt/stack/data/venv/bin/python3.12 -m oslo_concurrency.prlimit --as=1073741824 --cpu=60 -- sudo cinder-rootwrap /etc/cinder/rootwrap.conf env LC_ALL=C qemu-img info -f qcow2 --output=json --force-share /opt/stack/data/cinder/mnt/45bcc90e20d7560b507a87542cd2f5ce/volume-520f4de8-76eb-4536-9092-e1a6ed4ab3d7 {{(pid=86805) execute /opt/stack/data/venv/lib/python3.12/site-packages/oslo_concurrency/processutils.py:440}}
Jul 03 13:57:04 devstack sudo[91833]: quobyte : PWD=/ ; USER=root ; COMMAND=/opt/stack/data/venv/bin/cinder-rootwrap /etc/cinder/rootwrap.conf env LC_ALL=C qemu-img info -f qcow2 --output=json --force-share /opt/stack/data/cinder/mnt/45bcc90e20d7560b507a87542cd2f5ce/volume-520f4de8-76eb-4536-9092-e1a6ed4ab3d7
Jul 03 13:57:04 devstack sudo[91833]: pam_unix(sudo:session): session opened for user root(uid=0) by (uid=1000)
Jul 03 13:57:05 devstack sudo[91833]: pam_unix(sudo:session): session closed for user root
Jul 03 13:57:05 devstack cinder-volume[86805]: DEBUG oslo_concurrency.processutils [None req-cd84944c-548b-4eb4-8dab-bfc17e77e32d tempest-GroupsV314Test-1553183413 None] CMD "/opt/stack/data/venv/bin/python3.12 -m oslo_concurrency.prlimit --as=1073741824 --cpu=60 -- sudo cinder-rootwrap /etc/cinder/rootwrap.conf env LC_ALL=C qemu-img info -f qcow2 --output=json --force-share /opt/stack/data/cinder/mnt/45bcc90e20d7560b507a87542cd2f5ce/volume-520f4de8-76eb-4536-9092-e1a6ed4ab3d7" returned: 0 in 1.692s {{(pid=86805) execute /opt/stack/data/venv/lib/python3.12/site-packages/oslo_concurrency/processutils.py:468}}
Jul 03 13:57:05 devstack cinder-volume[86805]: DEBUG oslo_concurrency.processutils [None req-cd84944c-548b-4eb4-8dab-bfc17e77e32d tempest-GroupsV314Test-1553183413 None] Running cmd (subprocess): sudo cinder-rootwrap /etc/cinder/rootwrap.conf rm -f /opt/stack/data/cinder/mnt/45bcc90e20d7560b507a87542cd2f5ce/volume-520f4de8-76eb-4536-9092-e1a6ed4ab3d7 {{(pid=86805) execute /opt/stack/data/venv/lib/python3.12/site-packages/oslo_concurrency/processutils.py:440}}
Jul 03 13:57:05 devstack sudo[92194]: quobyte : PWD=/ ; USER=root ; COMMAND=/opt/stack/data/venv/bin/cinder-rootwrap /etc/cinder/rootwrap.conf rm -f /opt/stack/data/cinder/mnt/45bcc90e20d7560b507a87542cd2f5ce/volume-520f4de8-76eb-4536-9092-e1a6ed4ab3d7
Jul 03 13:57:05 devstack sudo[92194]: pam_unix(sudo:session): session opened for user root(uid=0) by (uid=1000)
Jul 03 13:57:06 devstack sudo[92194]: pam_unix(sudo:session): session closed for user root
Jul 03 13:57:06 devstack cinder-volume[86805]: DEBUG oslo_concurrency.processutils [None req-cd84944c-548b-4eb4-8dab-bfc17e77e32d tempest-GroupsV314Test-1553183413 None] CMD "sudo cinder-rootwrap /etc/cinder/rootwrap.conf rm -f /opt/stack/data/cinder/mnt/45bcc90e20d7560b507a87542cd2f5ce/volume-520f4de8-76eb-4536-9092-e1a6ed4ab3d7" returned: 0 in 1.119s {{(pid=86805) execute /opt/stack/data/venv/lib/python3.12/site-packages/oslo_concurrency/processutils.py:468}}
Jul 03 13:57:06 devstack cinder-volume[86805]: DEBUG cinder.coordination [None req-cd84944c-548b-4eb4-8dab-bfc17e77e32d tempest-GroupsV314Test-1553183413 None] Lock "cinder-quobyte-520f4de8-76eb-4536-9092-e1a6ed4ab3d7" released by "delete_volume" :: held 2.865s {{(pid=86805) __release /opt/stack/cinder/cinder/coordination.py:152}}
Jul 03 13:57:06 devstack cinder-volume[86805]: DEBUG cinder.quota [None req-cd84944c-548b-4eb4-8dab-bfc17e77e32d tempest-GroupsV314Test-1553183413 None] Created reservations ['c40bb97f-9d0d-4be6-a271-4b406187b540'] {{(pid=86805) reserve /opt/stack/cinder/cinder/quota.py:752}}
Jul 03 13:57:06 devstack cinder-volume[86805]: WARNING cinder.quota [None req-cd84944c-548b-4eb4-8dab-bfc17e77e32d tempest-GroupsV314Test-1553183413 None] Deprecated: Default quota for resource: volumes_tempest-GroupsV314Test-volume-type-1674188836 is set by the default quota flag: quota_volumes_tempest-GroupsV314Test-volume-type-1674188836, it is now deprecated. Please use the default quota class for default quota.
Jul 03 13:57:06 devstack cinder-volume[86805]: WARNING cinder.quota [None req-cd84944c-548b-4eb4-8dab-bfc17e77e32d tempest-GroupsV314Test-1553183413 None] Deprecated: Default quota for resource: gigabytes_tempest-GroupsV314Test-volume-type-1674188836 is set by the default quota flag: quota_gigabytes_tempest-GroupsV314Test-volume-type-1674188836, it is now deprecated. Please use the default quota class for default quota.
Jul 03 13:57:06 devstack cinder-volume[86805]: DEBUG cinder.quota [None req-cd84944c-548b-4eb4-8dab-bfc17e77e32d tempest-GroupsV314Test-1553183413 None] Created reservations ['98eb2c38-5faf-4ac7-bdf4-baafb5089805', 'ae483533-beb2-4599-8ca4-150bbdad8d50', 'a8c7c058-b5b6-415a-9371-ecf193ef1ba3', '6907251c-a74d-49e1-903d-8d96e3c09186'] {{(pid=86805) reserve /opt/stack/cinder/cinder/quota.py:752}}
Jul 03 13:57:06 devstack cinder-volume[86805]: DEBUG oslo_concurrency.lockutils [None req-cd84944c-548b-4eb4-8dab-bfc17e77e32d tempest-GroupsV314Test-1553183413 None] Acquiring lock "quobyte_ensure" by "cinder.volume.drivers.quobyte.QuobyteDriver._ensure_shares_mounted" {{(pid=86805) inner /opt/stack/data/venv/lib/python3.12/site-packages/oslo_concurrency/lockutils.py:511}}
Jul 03 13:57:06 devstack cinder-volume[86805]: DEBUG oslo_concurrency.lockutils [None req-cd84944c-548b-4eb4-8dab-bfc17e77e32d tempest-GroupsV314Test-1553183413 None] Lock "quobyte_ensure" acquired by "cinder.volume.drivers.quobyte.QuobyteDriver._ensure_shares_mounted" :: waited 0.001s {{(pid=86805) inner /opt/stack/data/venv/lib/python3.12/site-packages/oslo_concurrency/lockutils.py:524}}
Jul 03 13:57:06 devstack cinder-volume[86805]: DEBUG cinder.volume.drivers.quobyte [None req-cd84944c-548b-4eb4-8dab-bfc17e77e32d tempest-GroupsV314Test-1553183413 None] Quobyte Volume URL set to: {'osci02.corp.quobyte.com/cinder-vol-9cd4efa0-e1af-4181-a277-497466994b28': None} {{(pid=86805) _load_shares_config /opt/stack/cinder/cinder/volume/drivers/quobyte.py:617}}
Jul 03 13:57:06 devstack cinder-volume[86805]: DEBUG cinder.volume.drivers.quobyte [None req-cd84944c-548b-4eb4-8dab-bfc17e77e32d tempest-GroupsV314Test-1553183413 None] Available shares ['osci02.corp.quobyte.com/cinder-vol-9cd4efa0-e1af-4181-a277-497466994b28'] {{(pid=86805) _ensure_shares_mounted /opt/stack/cinder/cinder/volume/drivers/quobyte.py:647}}
Jul 03 13:57:06 devstack cinder-volume[86805]: DEBUG oslo_concurrency.lockutils [None req-cd84944c-548b-4eb4-8dab-bfc17e77e32d tempest-GroupsV314Test-1553183413 None] Lock "quobyte_ensure" "released" by "cinder.volume.drivers.quobyte.QuobyteDriver._ensure_shares_mounted" :: held 0.011s {{(pid=86805) inner /opt/stack/data/venv/lib/python3.12/site-packages/oslo_concurrency/lockutils.py:543}}
Jul 03 13:57:06 devstack cinder-volume[86805]: DEBUG oslo_concurrency.processutils [None req-cd84944c-548b-4eb4-8dab-bfc17e77e32d tempest-GroupsV314Test-1553183413 None] Running cmd (subprocess): sudo cinder-rootwrap /etc/cinder/rootwrap.conf df --portability --block-size 1 /opt/stack/data/cinder/mnt/45bcc90e20d7560b507a87542cd2f5ce {{(pid=86805) execute /opt/stack/data/venv/lib/python3.12/site-packages/oslo_concurrency/processutils.py:440}}
Jul 03 13:57:06 devstack sudo[92216]: quobyte : PWD=/ ; USER=root ; COMMAND=/opt/stack/data/venv/bin/cinder-rootwrap /etc/cinder/rootwrap.conf df --portability --block-size 1 /opt/stack/data/cinder/mnt/45bcc90e20d7560b507a87542cd2f5ce
Jul 03 13:57:06 devstack sudo[92216]: pam_unix(sudo:session): session opened for user root(uid=0) by (uid=1000)
Jul 03 13:57:07 devstack sudo[92216]: pam_unix(sudo:session): session closed for user root
Jul 03 13:57:07 devstack cinder-volume[86805]: DEBUG oslo_concurrency.processutils [None req-cd84944c-548b-4eb4-8dab-bfc17e77e32d tempest-GroupsV314Test-1553183413 None] CMD "sudo cinder-rootwrap /etc/cinder/rootwrap.conf df --portability --block-size 1 /opt/stack/data/cinder/mnt/45bcc90e20d7560b507a87542cd2f5ce" returned: 0 in 0.717s {{(pid=86805) execute /opt/stack/data/venv/lib/python3.12/site-packages/oslo_concurrency/processutils.py:468}}
Jul 03 13:57:07 devstack cinder-volume[86805]: DEBUG cinder.manager [None req-cd84944c-548b-4eb4-8dab-bfc17e77e32d tempest-GroupsV314Test-1553183413 None] Notifying Schedulers of capabilities ... {{(pid=86805) _publish_service_capabilities /opt/stack/cinder/cinder/manager.py:202}}
Jul 03 13:57:07 devstack cinder-volume[86805]: INFO cinder.volume.manager [None req-cd84944c-548b-4eb4-8dab-bfc17e77e32d tempest-GroupsV314Test-1553183413 None] Delete group completed successfully.
Jul 03 13:57:08 devstack cinder-volume[86805]: DEBUG cinder.coordination [None req-d59c92e1-36fa-46ad-aed2-ed26c0711947 tempest-GroupsV314Test-1553183413 None] Acquiring lock "cinder-quobyte-fc49b3ab-5a0f-4eb7-89fc-4556b2a32b80" by "delete_volume" {{(pid=86805) __acquire /opt/stack/cinder/cinder/coordination.py:138}}
Jul 03 13:57:08 devstack cinder-volume[86805]: DEBUG cinder.volume.flows.manager.create_volume [None req-22923f06-8136-436a-aa5e-8bd33b19aad3 tempest-ServerRescueNegativeTestJSON-298804928 None] Volume reschedule parameters: True retry: {'num_attempts': 1, 'backends': ['devstack@QuobyteHD#QuobyteHD'], 'hosts': ['devstack@QuobyteHD#QuobyteHD']} {{(pid=86805) get_flow /opt/stack/cinder/cinder/volume/flows/manager/create_volume.py:1395}}
Jul 03 13:57:08 devstack cinder-volume[86805]: DEBUG cinder.volume.manager [None req-22923f06-8136-436a-aa5e-8bd33b19aad3 tempest-ServerRescueNegativeTestJSON-298804928 None] Flow 'volume_create_manager' (735ab3c0-5b84-491b-962a-5b2b3f5533c3) transitioned into state 'RUNNING' from state 'PENDING' {{(pid=86805) _flow_receiver /opt/stack/data/venv/lib/python3.12/site-packages/taskflow/listeners/logging.py:160}}
Jul 03 13:57:08 devstack cinder-volume[86805]: DEBUG cinder.volume.manager [None req-22923f06-8136-436a-aa5e-8bd33b19aad3 tempest-ServerRescueNegativeTestJSON-298804928 None] Task 'cinder.volume.flows.manager.create_volume.ExtractVolumeRefTask;volume:create' (0c9507b9-e530-4a4b-8349-a517ae3701f7) transitioned into state 'RUNNING' from state 'PENDING' {{(pid=86805) _task_receiver /opt/stack/data/venv/lib/python3.12/site-packages/taskflow/listeners/logging.py:242}}
Jul 03 13:57:08 devstack cinder-volume[86805]: DEBUG cinder.coordination [None req-d59c92e1-36fa-46ad-aed2-ed26c0711947 tempest-GroupsV314Test-1553183413 None] Lock "cinder-quobyte-fc49b3ab-5a0f-4eb7-89fc-4556b2a32b80" acquired by "delete_volume" :: waited 0.060s {{(pid=86805) __acquire /opt/stack/cinder/cinder/coordination.py:141}}
