Feb 16 17:06:54 devstack devstack@c-api.service[80597]: DEBUG cinder.api.openstack.wsgi [None req-84ac3c29-e1bb-4803-ba84-857f9a512413 tempest-GroupSnapshotsV319Test-1760962076 tempest-GroupSnapshotsV319Test-1760962076-project-member] Empty body provided in request {{(pid=80597) get_body /opt/stack/cinder/cinder/api/openstack/wsgi.py:725}}
Feb 16 17:06:54 devstack devstack@c-api.service[80597]: DEBUG cinder.api.openstack.wsgi [None req-84ac3c29-e1bb-4803-ba84-857f9a512413 tempest-GroupSnapshotsV319Test-1760962076 tempest-GroupSnapshotsV319Test-1760962076-project-member] Calling method 'version_select' {{(pid=80597) _process_stack /opt/stack/cinder/cinder/api/openstack/wsgi.py:878}}
Feb 16 17:06:54 devstack devstack@c-api.service[80597]: DEBUG cinder.api.v3.group_snapshots [None req-84ac3c29-e1bb-4803-ba84-857f9a512413 tempest-GroupSnapshotsV319Test-1760962076 tempest-GroupSnapshotsV319Test-1760962076-project-member] show called for member 2847ef17-d862-49ce-b0aa-618af239a5b9 {{(pid=80597) show /opt/stack/cinder/cinder/api/v3/group_snapshots.py:58}}
Feb 16 17:06:54 devstack devstack@c-api.service[80597]: /opt/stack/data/venv/lib/python3.10/site-packages/oslo_context/context.py:101: DeprecationWarning: Policy enforcement is depending on the value of is_admin. This key is deprecated. Please update your policy file to use the standard policy values.
Feb 16 17:06:54 devstack devstack@c-api.service[80597]: warnings.warn(
Feb 16 17:06:54 devstack devstack@c-api.service[80597]: INFO cinder.api.openstack.wsgi [None req-84ac3c29-e1bb-4803-ba84-857f9a512413 tempest-GroupSnapshotsV319Test-1760962076 tempest-GroupSnapshotsV319Test-1760962076-project-member] http://192.168.122.181/volume/v3/group_snapshots/2847ef17-d862-49ce-b0aa-618af239a5b9 returned with HTTP 200
Feb 16 17:06:54 devstack devstack@c-api.service[80597]: [pid: 80597|app: 0|req: 108/235] 192.168.122.181 () {60 vars in 1310 bytes} [Mon Feb 16 17:06:54 2026] GET /volume/v3/group_snapshots/2847ef17-d862-49ce-b0aa-618af239a5b9 => generated 331 bytes in 21 msecs (HTTP/1.1 200) 7 headers in 286 bytes (1 switches on core 0)
Feb 16 17:06:54 devstack devstack@c-api.service[80598]: DEBUG cinder.api.middleware.request_id [None req-388a1d7e-b3bd-42f2-8498-bf340521a47e None None] RequestId filter calling following filter/app {{(pid=80598) _context_setter /opt/stack/cinder/cinder/api/middleware/request_id.py:62}}
Feb 16 17:06:54 devstack devstack@c-api.service[80598]: INFO cinder.api.openstack.wsgi [None req-388a1d7e-b3bd-42f2-8498-bf340521a47e tempest-GroupSnapshotsV319Test-1760962076 tempest-GroupSnapshotsV319Test-1760962076-project-member] DELETE http://192.168.122.181/volume/v3/group_snapshots/2847ef17-d862-49ce-b0aa-618af239a5b9
Feb 16 17:06:54 devstack devstack@c-api.service[80598]: DEBUG cinder.api.openstack.wsgi [None req-388a1d7e-b3bd-42f2-8498-bf340521a47e tempest-GroupSnapshotsV319Test-1760962076 tempest-GroupSnapshotsV319Test-1760962076-project-member] Empty body provided in request {{(pid=80598) get_body /opt/stack/cinder/cinder/api/openstack/wsgi.py:725}}
Feb 16 17:06:54 devstack devstack@c-api.service[80598]: DEBUG cinder.api.openstack.wsgi [None req-388a1d7e-b3bd-42f2-8498-bf340521a47e tempest-GroupSnapshotsV319Test-1760962076 tempest-GroupSnapshotsV319Test-1760962076-project-member] Calling method 'version_select' {{(pid=80598) _process_stack /opt/stack/cinder/cinder/api/openstack/wsgi.py:878}}
Feb 16 17:06:54 devstack devstack@c-api.service[80598]: DEBUG cinder.api.v3.group_snapshots [None req-388a1d7e-b3bd-42f2-8498-bf340521a47e tempest-GroupSnapshotsV319Test-1760962076 tempest-GroupSnapshotsV319Test-1760962076-project-member] delete called for member 2847ef17-d862-49ce-b0aa-618af239a5b9 {{(pid=80598) delete /opt/stack/cinder/cinder/api/v3/group_snapshots.py:72}}
Feb 16 17:06:54 devstack devstack@c-api.service[80598]: INFO cinder.api.v3.group_snapshots [None req-388a1d7e-b3bd-42f2-8498-bf340521a47e tempest-GroupSnapshotsV319Test-1760962076 tempest-GroupSnapshotsV319Test-1760962076-project-member] Delete group_snapshot with id: 2847ef17-d862-49ce-b0aa-618af239a5b9
Feb 16 17:06:54 devstack devstack@c-api.service[80598]: /opt/stack/data/venv/lib/python3.10/site-packages/oslo_context/context.py:101: DeprecationWarning: Policy enforcement is depending on the value of is_admin. This key is deprecated. Please update your policy file to use the standard policy values.
Feb 16 17:06:54 devstack devstack@c-api.service[80598]: warnings.warn(
Feb 16 17:06:54 devstack devstack@c-api.service[80598]: INFO cinder.api.openstack.wsgi [None req-388a1d7e-b3bd-42f2-8498-bf340521a47e tempest-GroupSnapshotsV319Test-1760962076 tempest-GroupSnapshotsV319Test-1760962076-project-member] http://192.168.122.181/volume/v3/group_snapshots/2847ef17-d862-49ce-b0aa-618af239a5b9 returned with HTTP 202
Feb 16 17:06:54 devstack devstack@c-api.service[80598]: [pid: 80598|app: 0|req: 128/236] 192.168.122.181 () {60 vars in 1313 bytes} [Mon Feb 16 17:06:54 2026] DELETE /volume/v3/group_snapshots/2847ef17-d862-49ce-b0aa-618af239a5b9 => generated 0 bytes in 62 msecs (HTTP/1.1 202) 6 headers in 234 bytes (1 switches on core 0)
Feb 16 17:06:54 devstack devstack@c-api.service[80597]: DEBUG cinder.api.middleware.request_id [None req-8f9d94d2-fb58-40b6-b061-d5097654b157 None None] RequestId filter calling following filter/app {{(pid=80597) _context_setter /opt/stack/cinder/cinder/api/middleware/request_id.py:62}}
Feb 16 17:06:54 devstack devstack@c-api.service[80597]: INFO cinder.api.openstack.wsgi [None req-8f9d94d2-fb58-40b6-b061-d5097654b157 tempest-GroupSnapshotsV319Test-1760962076 tempest-GroupSnapshotsV319Test-1760962076-project-member] GET http://192.168.122.181/volume/v3/volumes/detail
Feb 16 17:06:54 devstack devstack@c-api.service[80597]: DEBUG cinder.api.openstack.wsgi [None req-8f9d94d2-fb58-40b6-b061-d5097654b157 tempest-GroupSnapshotsV319Test-1760962076 tempest-GroupSnapshotsV319Test-1760962076-project-member] Empty body provided in request {{(pid=80597) get_body /opt/stack/cinder/cinder/api/openstack/wsgi.py:725}}
Feb 16 17:06:54 devstack devstack@c-api.service[80597]: DEBUG cinder.api.openstack.wsgi [None req-8f9d94d2-fb58-40b6-b061-d5097654b157 tempest-GroupSnapshotsV319Test-1760962076 tempest-GroupSnapshotsV319Test-1760962076-project-member] Calling method 'detail' {{(pid=80597) _process_stack /opt/stack/cinder/cinder/api/openstack/wsgi.py:878}}
Feb 16 17:06:54 devstack devstack@c-api.service[80597]: DEBUG cinder.api.api_utils [None req-8f9d94d2-fb58-40b6-b061-d5097654b157 tempest-GroupSnapshotsV319Test-1760962076 tempest-GroupSnapshotsV319Test-1760962076-project-member] Removing options '' from query. {{(pid=80597) remove_invalid_filter_options /opt/stack/cinder/cinder/api/api_utils.py:81}}
Feb 16 17:06:54 devstack devstack@c-api.service[80597]: DEBUG cinder.volume.api [None req-8f9d94d2-fb58-40b6-b061-d5097654b157 tempest-GroupSnapshotsV319Test-1760962076 tempest-GroupSnapshotsV319Test-1760962076-project-member] Searching by: MultiDict([('no_migration_targets', True)]). {{(pid=80597) get_all /opt/stack/cinder/cinder/volume/api.py:663}}
Feb 16 17:06:54 devstack devstack@c-api.service[80597]: INFO cinder.volume.api [None req-8f9d94d2-fb58-40b6-b061-d5097654b157 tempest-GroupSnapshotsV319Test-1760962076 tempest-GroupSnapshotsV319Test-1760962076-project-member] Get all volumes completed successfully.
Feb 16 17:06:54 devstack devstack@c-api.service[80597]: WARNING stevedore.named [None req-8f9d94d2-fb58-40b6-b061-d5097654b157 tempest-GroupSnapshotsV319Test-1760962076 tempest-GroupSnapshotsV319Test-1760962076-project-member] Could not load cinder.keymgr.conf_key_mgr.ConfKeyManager
Feb 16 17:06:54 devstack devstack@c-api.service[80597]: WARNING castellan.key_manager [None req-8f9d94d2-fb58-40b6-b061-d5097654b157 tempest-GroupSnapshotsV319Test-1760962076 tempest-GroupSnapshotsV319Test-1760962076-project-member] Deprecation Warning : cinder.keymgr.conf_key_mgr.ConfKeyManager is not a stevedore based driver, trying to load it as a class: stevedore.exception.NoMatches: No 'castellan.drivers' driver found, looking for 'cinder.keymgr.conf_key_mgr.ConfKeyManager'
Feb 16 17:06:55 devstack devstack@c-api.service[80597]: DEBUG oslo_db.sqlalchemy.engines [None req-8f9d94d2-fb58-40b6-b061-d5097654b157 tempest-GroupSnapshotsV319Test-1760962076 tempest-GroupSnapshotsV319Test-1760962076-project-member] MySQL server mode set to STRICT_TRANS_TABLES,STRICT_ALL_TABLES,NO_ZERO_IN_DATE,NO_ZERO_DATE,ERROR_FOR_DIVISION_BY_ZERO,TRADITIONAL,NO_ENGINE_SUBSTITUTION {{(pid=80597) _check_effective_sql_mode /opt/stack/data/venv/lib/python3.10/site-packages/oslo_db/sqlalchemy/engines.py:325}}
Feb 16 17:06:55 devstack devstack@c-api.service[80597]: /opt/stack/data/venv/lib/python3.10/site-packages/oslo_context/context.py:101: DeprecationWarning: Policy enforcement is depending on the value of is_admin. This key is deprecated. Please update your policy file to use the standard policy values.
Feb 16 17:06:55 devstack devstack@c-api.service[80597]: warnings.warn(
Feb 16 17:06:55 devstack devstack@c-api.service[80597]: INFO cinder.api.openstack.wsgi [None req-8f9d94d2-fb58-40b6-b061-d5097654b157 tempest-GroupSnapshotsV319Test-1760962076 tempest-GroupSnapshotsV319Test-1760962076-project-member] http://192.168.122.181/volume/v3/volumes/detail returned with HTTP 200
Feb 16 17:06:55 devstack devstack@c-api.service[80597]: [pid: 80597|app: 0|req: 109/237] 192.168.122.181 () {60 vars in 1196 bytes} [Mon Feb 16 17:06:54 2026] GET /volume/v3/volumes/detail => generated 930 bytes in 172 msecs (HTTP/1.1 200) 7 headers in 286 bytes (1 switches on core 0)
Feb 16 17:06:55 devstack devstack@c-api.service[80598]: DEBUG cinder.api.middleware.request_id [None req-459dae4b-4d15-496a-bee8-202906d421cb None None] RequestId filter calling following filter/app {{(pid=80598) _context_setter /opt/stack/cinder/cinder/api/middleware/request_id.py:62}}
Feb 16 17:06:55 devstack devstack@c-api.service[80598]: INFO cinder.api.openstack.wsgi [None req-459dae4b-4d15-496a-bee8-202906d421cb tempest-GroupSnapshotsV319Test-1760962076 tempest-GroupSnapshotsV319Test-1760962076-project-member] GET http://192.168.122.181/volume/v3/snapshots/detail
Feb 16 17:06:55 devstack devstack@c-api.service[80598]: DEBUG cinder.api.openstack.wsgi [None req-459dae4b-4d15-496a-bee8-202906d421cb tempest-GroupSnapshotsV319Test-1760962076 tempest-GroupSnapshotsV319Test-1760962076-project-member] Empty body provided in request {{(pid=80598) get_body /opt/stack/cinder/cinder/api/openstack/wsgi.py:725}}
Feb 16 17:06:55 devstack devstack@c-api.service[80598]: DEBUG cinder.api.openstack.wsgi [None req-459dae4b-4d15-496a-bee8-202906d421cb tempest-GroupSnapshotsV319Test-1760962076 tempest-GroupSnapshotsV319Test-1760962076-project-member] Calling method 'detail' {{(pid=80598) _process_stack /opt/stack/cinder/cinder/api/openstack/wsgi.py:878}}
Feb 16 17:06:55 devstack devstack@c-api.service[80598]: DEBUG cinder.api.api_utils [None req-459dae4b-4d15-496a-bee8-202906d421cb tempest-GroupSnapshotsV319Test-1760962076 tempest-GroupSnapshotsV319Test-1760962076-project-member] Removing options '' from query. {{(pid=80598) remove_invalid_filter_options /opt/stack/cinder/cinder/api/api_utils.py:81}}
Feb 16 17:06:55 devstack devstack@c-api.service[80598]: /opt/stack/data/venv/lib/python3.10/site-packages/oslo_context/context.py:101: DeprecationWarning: Policy enforcement is depending on the value of is_admin. This key is deprecated. Please update your policy file to use the standard policy values.
Feb 16 17:06:55 devstack devstack@c-api.service[80598]: warnings.warn(
Feb 16 17:06:55 devstack devstack@c-api.service[80598]: DEBUG cinder.db.sqlalchemy.api [None req-459dae4b-4d15-496a-bee8-202906d421cb tempest-GroupSnapshotsV319Test-1760962076 tempest-GroupSnapshotsV319Test-1760962076-project-member] Building query based on filter {{(pid=80598) _process_snaps_filters /opt/stack/cinder/cinder/db/sqlalchemy/api.py:3943}}
Feb 16 17:06:55 devstack devstack@c-api.service[80598]: INFO cinder.volume.api [None req-459dae4b-4d15-496a-bee8-202906d421cb tempest-GroupSnapshotsV319Test-1760962076 tempest-GroupSnapshotsV319Test-1760962076-project-member] Get all snapshots completed successfully.
Feb 16 17:06:55 devstack devstack@c-api.service[80598]: /opt/stack/data/venv/lib/python3.10/site-packages/oslo_context/context.py:101: DeprecationWarning: Policy enforcement is depending on the value of is_admin. This key is deprecated. Please update your policy file to use the standard policy values.
Feb 16 17:06:55 devstack devstack@c-api.service[80598]: warnings.warn(
Feb 16 17:06:55 devstack devstack@c-api.service[80598]: INFO cinder.api.openstack.wsgi [None req-459dae4b-4d15-496a-bee8-202906d421cb tempest-GroupSnapshotsV319Test-1760962076 tempest-GroupSnapshotsV319Test-1760962076-project-member] http://192.168.122.181/volume/v3/snapshots/detail returned with HTTP 200
Feb 16 17:06:55 devstack devstack@c-api.service[80598]: [pid: 80598|app: 0|req: 129/238] 192.168.122.181 () {58 vars in 1161 bytes} [Mon Feb 16 17:06:55 2026] GET /volume/v3/snapshots/detail => generated 476 bytes in 17 msecs (HTTP/1.1 200) 7 headers in 285 bytes (1 switches on core 0)
Feb 16 17:06:55 devstack devstack@c-api.service[80597]: DEBUG cinder.api.middleware.request_id [None req-44e1fde5-7ba5-411f-a3d3-abcb2075b672 None None] RequestId filter calling following filter/app {{(pid=80597) _context_setter /opt/stack/cinder/cinder/api/middleware/request_id.py:62}}
Feb 16 17:06:55 devstack devstack@c-api.service[80597]: INFO cinder.api.openstack.wsgi [None req-44e1fde5-7ba5-411f-a3d3-abcb2075b672 tempest-GroupSnapshotsV319Test-1760962076 tempest-GroupSnapshotsV319Test-1760962076-project-member] GET http://192.168.122.181/volume/v3/snapshots/102ebb31-5351-40ad-a000-25d8aa30fb61
Feb 16 17:06:55 devstack devstack@c-api.service[80597]: DEBUG cinder.api.openstack.wsgi [None req-44e1fde5-7ba5-411f-a3d3-abcb2075b672 tempest-GroupSnapshotsV319Test-1760962076 tempest-GroupSnapshotsV319Test-1760962076-project-member] Empty body provided in request {{(pid=80597) get_body /opt/stack/cinder/cinder/api/openstack/wsgi.py:725}}
Feb 16 17:06:55 devstack devstack@c-api.service[80597]: DEBUG cinder.api.openstack.wsgi [None req-44e1fde5-7ba5-411f-a3d3-abcb2075b672 tempest-GroupSnapshotsV319Test-1760962076 tempest-GroupSnapshotsV319Test-1760962076-project-member] Calling method 'show' {{(pid=80597) _process_stack /opt/stack/cinder/cinder/api/openstack/wsgi.py:878}}
Feb 16 17:06:55 devstack devstack@c-api.service[80597]: /opt/stack/data/venv/lib/python3.10/site-packages/oslo_context/context.py:101: DeprecationWarning: Policy enforcement is depending on the value of is_admin. This key is deprecated. Please update your policy file to use the standard policy values.
Feb 16 17:06:55 devstack devstack@c-api.service[80597]: warnings.warn(
Feb 16 17:06:55 devstack devstack@c-api.service[80597]: INFO cinder.volume.api [None req-44e1fde5-7ba5-411f-a3d3-abcb2075b672 tempest-GroupSnapshotsV319Test-1760962076 tempest-GroupSnapshotsV319Test-1760962076-project-member] Snapshot retrieved successfully.
Feb 16 17:06:55 devstack devstack@c-api.service[80597]: INFO cinder.api.openstack.wsgi [None req-44e1fde5-7ba5-411f-a3d3-abcb2075b672 tempest-GroupSnapshotsV319Test-1760962076 tempest-GroupSnapshotsV319Test-1760962076-project-member] http://192.168.122.181/volume/v3/snapshots/102ebb31-5351-40ad-a000-25d8aa30fb61 returned with HTTP 200
Feb 16 17:06:55 devstack devstack@c-api.service[80597]: [pid: 80597|app: 0|req: 110/239] 192.168.122.181 () {58 vars in 1251 bytes} [Mon Feb 16 17:06:55 2026] GET /volume/v3/snapshots/102ebb31-5351-40ad-a000-25d8aa30fb61 => generated 473 bytes in 16 msecs (HTTP/1.1 200) 7 headers in 285 bytes (1 switches on core 0)
Feb 16 17:06:56 devstack devstack@c-api.service[80598]: DEBUG cinder.api.middleware.request_id [None req-ff2b636e-455b-441b-bb70-8aefc4b6f004 None None] RequestId filter calling following filter/app {{(pid=80598) _context_setter /opt/stack/cinder/cinder/api/middleware/request_id.py:62}}
Feb 16 17:06:56 devstack devstack@c-api.service[80598]: INFO cinder.api.openstack.wsgi [None req-ff2b636e-455b-441b-bb70-8aefc4b6f004 tempest-GroupSnapshotsV319Test-1760962076 tempest-GroupSnapshotsV319Test-1760962076-project-member] GET http://192.168.122.181/volume/v3/snapshots/102ebb31-5351-40ad-a000-25d8aa30fb61
Feb 16 17:06:56 devstack devstack@c-api.service[80598]: DEBUG cinder.api.openstack.wsgi [None req-ff2b636e-455b-441b-bb70-8aefc4b6f004 tempest-GroupSnapshotsV319Test-1760962076 tempest-GroupSnapshotsV319Test-1760962076-project-member] Empty body provided in request {{(pid=80598) get_body /opt/stack/cinder/cinder/api/openstack/wsgi.py:725}}
Feb 16 17:06:56 devstack devstack@c-api.service[80598]: DEBUG cinder.api.openstack.wsgi [None req-ff2b636e-455b-441b-bb70-8aefc4b6f004 tempest-GroupSnapshotsV319Test-1760962076 tempest-GroupSnapshotsV319Test-1760962076-project-member] Calling method 'show' {{(pid=80598) _process_stack /opt/stack/cinder/cinder/api/openstack/wsgi.py:878}}
Feb 16 17:06:56 devstack devstack@c-api.service[80598]: /opt/stack/data/venv/lib/python3.10/site-packages/oslo_context/context.py:101: DeprecationWarning: Policy enforcement is depending on the value of is_admin. This key is deprecated. Please update your policy file to use the standard policy values.
Feb 16 17:06:56 devstack devstack@c-api.service[80598]: warnings.warn(
Feb 16 17:06:56 devstack devstack@c-api.service[80598]: INFO cinder.volume.api [None req-ff2b636e-455b-441b-bb70-8aefc4b6f004 tempest-GroupSnapshotsV319Test-1760962076 tempest-GroupSnapshotsV319Test-1760962076-project-member] Snapshot retrieved successfully.
Feb 16 17:06:56 devstack devstack@c-api.service[80598]: INFO cinder.api.openstack.wsgi [None req-ff2b636e-455b-441b-bb70-8aefc4b6f004 tempest-GroupSnapshotsV319Test-1760962076 tempest-GroupSnapshotsV319Test-1760962076-project-member] http://192.168.122.181/volume/v3/snapshots/102ebb31-5351-40ad-a000-25d8aa30fb61 returned with HTTP 200
Feb 16 17:06:56 devstack devstack@c-api.service[80598]: [pid: 80598|app: 0|req: 130/240] 192.168.122.181 () {58 vars in 1251 bytes} [Mon Feb 16 17:06:56 2026] GET /volume/v3/snapshots/102ebb31-5351-40ad-a000-25d8aa30fb61 => generated 473 bytes in 17 msecs (HTTP/1.1 200) 7 headers in 285 bytes (1 switches on core 0)
Feb 16 17:06:56 devstack devstack@c-api.service[80597]: DEBUG cinder.api.middleware.request_id [None req-b7cb8d04-3b94-4b6c-8951-64a8bfd4f319 None None] RequestId filter calling following filter/app {{(pid=80597) _context_setter /opt/stack/cinder/cinder/api/middleware/request_id.py:62}}
Feb 16 17:06:57 devstack devstack@c-api.service[80598]: DEBUG cinder.api.middleware.request_id [None req-136b2aa4-2439-4d2d-b96a-d838f42684de None None] RequestId filter calling following filter/app {{(pid=80598) _context_setter /opt/stack/cinder/cinder/api/middleware/request_id.py:62}}
Feb 16 17:06:57 devstack devstack@c-api.service[80598]: INFO cinder.api.openstack.wsgi [None req-136b2aa4-2439-4d2d-b96a-d838f42684de tempest-GroupSnapshotsV319Test-1760962076 tempest-GroupSnapshotsV319Test-1760962076-project-member] GET http://192.168.122.181/volume/v3/snapshots/102ebb31-5351-40ad-a000-25d8aa30fb61
Feb 16 17:06:57 devstack devstack@c-api.service[80598]: DEBUG cinder.api.openstack.wsgi [None req-136b2aa4-2439-4d2d-b96a-d838f42684de tempest-GroupSnapshotsV319Test-1760962076 tempest-GroupSnapshotsV319Test-1760962076-project-member] Empty body provided in request {{(pid=80598) get_body /opt/stack/cinder/cinder/api/openstack/wsgi.py:725}}
Feb 16 17:06:57 devstack devstack@c-api.service[80598]: DEBUG cinder.api.openstack.wsgi [None req-136b2aa4-2439-4d2d-b96a-d838f42684de tempest-GroupSnapshotsV319Test-1760962076 tempest-GroupSnapshotsV319Test-1760962076-project-member] Calling method 'show' {{(pid=80598) _process_stack /opt/stack/cinder/cinder/api/openstack/wsgi.py:878}}
Feb 16 17:06:57 devstack devstack@c-api.service[80597]: INFO cinder.api.openstack.wsgi [None req-b7cb8d04-3b94-4b6c-8951-64a8bfd4f319 tempest-VolumesServicesTestJSON-1281417489 tempest-VolumesServicesTestJSON-1281417489-project-admin] GET http://192.168.122.181/volume/v3/os-services
Feb 16 17:06:57 devstack devstack@c-api.service[80597]: DEBUG cinder.api.openstack.wsgi [None req-b7cb8d04-3b94-4b6c-8951-64a8bfd4f319 tempest-VolumesServicesTestJSON-1281417489 tempest-VolumesServicesTestJSON-1281417489-project-admin] Empty body provided in request {{(pid=80597) get_body /opt/stack/cinder/cinder/api/openstack/wsgi.py:725}}
Feb 16 17:06:57 devstack devstack@c-api.service[80597]: DEBUG cinder.api.openstack.wsgi [None req-b7cb8d04-3b94-4b6c-8951-64a8bfd4f319 tempest-VolumesServicesTestJSON-1281417489 tempest-VolumesServicesTestJSON-1281417489-project-admin] Calling method 'index' {{(pid=80597) _process_stack /opt/stack/cinder/cinder/api/openstack/wsgi.py:878}}
Feb 16 17:06:57 devstack devstack@c-api.service[80597]: INFO cinder.api.openstack.wsgi [None req-b7cb8d04-3b94-4b6c-8951-64a8bfd4f319 tempest-VolumesServicesTestJSON-1281417489 tempest-VolumesServicesTestJSON-1281417489-project-admin] http://192.168.122.181/volume/v3/os-services returned with HTTP 200
Feb 16 17:06:57 devstack devstack@c-api.service[80597]: [pid: 80597|app: 0|req: 111/241] 192.168.122.181 () {58 vars in 1146 bytes} [Mon Feb 16 17:06:56 2026] GET /volume/v3/os-services => generated 705 bytes in 185 msecs (HTTP/1.1 200) 7 headers in 285 bytes (1 switches on core 0)
Feb 16 17:06:57 devstack devstack@c-api.service[80598]: /opt/stack/data/venv/lib/python3.10/site-packages/oslo_context/context.py:101: DeprecationWarning: Policy enforcement is depending on the value of is_admin. This key is deprecated. Please update your policy file to use the standard policy values.
Feb 16 17:06:57 devstack devstack@c-api.service[80598]: warnings.warn(
Feb 16 17:06:57 devstack devstack@c-api.service[80598]: INFO cinder.volume.api [None req-136b2aa4-2439-4d2d-b96a-d838f42684de tempest-GroupSnapshotsV319Test-1760962076 tempest-GroupSnapshotsV319Test-1760962076-project-member] Snapshot retrieved successfully.
Feb 16 17:06:57 devstack devstack@c-api.service[80598]: INFO cinder.api.openstack.wsgi [None req-136b2aa4-2439-4d2d-b96a-d838f42684de tempest-GroupSnapshotsV319Test-1760962076 tempest-GroupSnapshotsV319Test-1760962076-project-member] http://192.168.122.181/volume/v3/snapshots/102ebb31-5351-40ad-a000-25d8aa30fb61 returned with HTTP 200
Feb 16 17:06:57 devstack devstack@c-api.service[80598]: [pid: 80598|app: 0|req: 131/242] 192.168.122.181 () {58 vars in 1251 bytes} [Mon Feb 16 17:06:57 2026] GET /volume/v3/snapshots/102ebb31-5351-40ad-a000-25d8aa30fb61 => generated 473 bytes in 28 msecs (HTTP/1.1 200) 7 headers in 285 bytes (1 switches on core 0)
Feb 16 17:06:57 devstack devstack@c-api.service[80597]: DEBUG cinder.api.middleware.request_id [None req-87684637-58b5-4714-9510-4960d1f85a77 None None] RequestId filter calling following filter/app {{(pid=80597) _context_setter /opt/stack/cinder/cinder/api/middleware/request_id.py:62}}
Feb 16 17:06:57 devstack devstack@c-api.service[80597]: INFO cinder.api.openstack.wsgi [None req-87684637-58b5-4714-9510-4960d1f85a77 tempest-VolumesServicesTestJSON-1281417489 tempest-VolumesServicesTestJSON-1281417489-project-admin] GET http://192.168.122.181/volume/v3/os-services?host=devstack
Feb 16 17:06:57 devstack devstack@c-api.service[80597]: DEBUG cinder.api.openstack.wsgi [None req-87684637-58b5-4714-9510-4960d1f85a77 tempest-VolumesServicesTestJSON-1281417489 tempest-VolumesServicesTestJSON-1281417489-project-admin] Empty body provided in request {{(pid=80597) get_body /opt/stack/cinder/cinder/api/openstack/wsgi.py:725}}
Feb 16 17:06:57 devstack devstack@c-api.service[80597]: DEBUG cinder.api.openstack.wsgi [None req-87684637-58b5-4714-9510-4960d1f85a77 tempest-VolumesServicesTestJSON-1281417489 tempest-VolumesServicesTestJSON-1281417489-project-admin] Calling method 'index' {{(pid=80597) _process_stack /opt/stack/cinder/cinder/api/openstack/wsgi.py:878}}
Feb 16 17:06:57 devstack devstack@c-api.service[80597]: INFO cinder.api.openstack.wsgi [None req-87684637-58b5-4714-9510-4960d1f85a77 tempest-VolumesServicesTestJSON-1281417489 tempest-VolumesServicesTestJSON-1281417489-project-admin] http://192.168.122.181/volume/v3/os-services?host=devstack returned with HTTP 200
Feb 16 17:06:57 devstack devstack@c-api.service[80597]: [pid: 80597|app: 0|req: 112/243] 192.168.122.181 () {58 vars in 1173 bytes} [Mon Feb 16 17:06:57 2026] GET /volume/v3/os-services?host=devstack => generated 705 bytes in 14 msecs (HTTP/1.1 200) 7 headers in 285 bytes (1 switches on core 0)
Feb 16 17:06:57 devstack devstack@c-api.service[80598]: DEBUG cinder.api.middleware.request_id [None req-8137ae4e-3d33-4b70-a38d-e8fd0dd3dcc3 None None] RequestId filter calling following filter/app {{(pid=80598) _context_setter /opt/stack/cinder/cinder/api/middleware/request_id.py:62}}
Feb 16 17:06:57 devstack devstack@c-api.service[80598]: INFO cinder.api.openstack.wsgi [None req-8137ae4e-3d33-4b70-a38d-e8fd0dd3dcc3 tempest-VolumesServicesTestJSON-1281417489 tempest-VolumesServicesTestJSON-1281417489-project-admin] GET http://192.168.122.181/volume/v3/os-services?host=devstack&binary=cinder-scheduler
Feb 16 17:06:57 devstack devstack@c-api.service[80598]: DEBUG cinder.api.openstack.wsgi [None req-8137ae4e-3d33-4b70-a38d-e8fd0dd3dcc3 tempest-VolumesServicesTestJSON-1281417489 tempest-VolumesServicesTestJSON-1281417489-project-admin] Empty body provided in request {{(pid=80598) get_body /opt/stack/cinder/cinder/api/openstack/wsgi.py:725}}
Feb 16 17:06:57 devstack devstack@c-api.service[80598]: DEBUG cinder.api.openstack.wsgi [None req-8137ae4e-3d33-4b70-a38d-e8fd0dd3dcc3 tempest-VolumesServicesTestJSON-1281417489 tempest-VolumesServicesTestJSON-1281417489-project-admin] Calling method 'index' {{(pid=80598) _process_stack /opt/stack/cinder/cinder/api/openstack/wsgi.py:878}}
Feb 16 17:06:57 devstack devstack@c-api.service[80598]: INFO cinder.api.openstack.wsgi [None req-8137ae4e-3d33-4b70-a38d-e8fd0dd3dcc3 tempest-VolumesServicesTestJSON-1281417489 tempest-VolumesServicesTestJSON-1281417489-project-admin] http://192.168.122.181/volume/v3/os-services?host=devstack&binary=cinder-scheduler returned with HTTP 200
Feb 16 17:06:57 devstack devstack@c-api.service[80598]: [pid: 80598|app: 0|req: 132/244] 192.168.122.181 () {58 vars in 1221 bytes} [Mon Feb 16 17:06:57 2026] GET /volume/v3/os-services?host=devstack&binary=cinder-scheduler => generated 187 bytes in 20 msecs (HTTP/1.1 200) 7 headers in 285 bytes (1 switches on core 0)
Feb 16 17:06:57 devstack devstack@c-api.service[80597]: DEBUG cinder.api.middleware.request_id [None req-77b02467-6685-46df-a0a8-0aa2122187c5 None None] RequestId filter calling following filter/app {{(pid=80597) _context_setter /opt/stack/cinder/cinder/api/middleware/request_id.py:62}}
Feb 16 17:06:57 devstack devstack@c-api.service[80597]: INFO cinder.api.openstack.wsgi [None req-77b02467-6685-46df-a0a8-0aa2122187c5 tempest-VolumesServicesTestJSON-1281417489 tempest-VolumesServicesTestJSON-1281417489-project-admin] GET http://192.168.122.181/volume/v3/os-services?binary=cinder-scheduler
Feb 16 17:06:57 devstack devstack@c-api.service[80597]: DEBUG cinder.api.openstack.wsgi [None req-77b02467-6685-46df-a0a8-0aa2122187c5 tempest-VolumesServicesTestJSON-1281417489 tempest-VolumesServicesTestJSON-1281417489-project-admin] Empty body provided in request {{(pid=80597) get_body /opt/stack/cinder/cinder/api/openstack/wsgi.py:725}}
Feb 16 17:06:57 devstack devstack@c-api.service[80597]: DEBUG cinder.api.openstack.wsgi [None req-77b02467-6685-46df-a0a8-0aa2122187c5 tempest-VolumesServicesTestJSON-1281417489 tempest-VolumesServicesTestJSON-1281417489-project-admin] Calling method 'index' {{(pid=80597) _process_stack /opt/stack/cinder/cinder/api/openstack/wsgi.py:878}}
Feb 16 17:06:57 devstack devstack@c-api.service[80597]: INFO cinder.api.openstack.wsgi [None req-77b02467-6685-46df-a0a8-0aa2122187c5 tempest-VolumesServicesTestJSON-1281417489 tempest-VolumesServicesTestJSON-1281417489-project-admin] http://192.168.122.181/volume/v3/os-services?binary=cinder-scheduler returned with HTTP 200
Feb 16 17:06:57 devstack devstack@c-api.service[80597]: [pid: 80597|app: 0|req: 113/245] 192.168.122.181 () {58 vars in 1193 bytes} [Mon Feb 16 17:06:57 2026] GET /volume/v3/os-services?binary=cinder-scheduler => generated 187 bytes in 11 msecs (HTTP/1.1 200) 7 headers in 285 bytes (1 switches on core 0)
Feb 16 17:06:57 devstack devstack@c-api.service[80598]: DEBUG cinder.api.middleware.request_id [None req-5f8638f3-d5e5-4b55-a047-2f2a3c755f48 None None] RequestId filter calling following filter/app {{(pid=80598) _context_setter /opt/stack/cinder/cinder/api/middleware/request_id.py:62}}
Feb 16 17:06:57 devstack devstack@c-api.service[80597]: DEBUG cinder.api.middleware.request_id [None req-d0069409-8e39-4a02-9b63-7f011be2a581 None None] RequestId filter calling following filter/app {{(pid=80597) _context_setter /opt/stack/cinder/cinder/api/middleware/request_id.py:62}}
Feb 16 17:06:57 devstack devstack@c-api.service[80597]: INFO cinder.api.openstack.wsgi [None req-d0069409-8e39-4a02-9b63-7f011be2a581 tempest-GroupSnapshotsTest-1378765051 tempest-GroupSnapshotsTest-1378765051-project-admin] POST http://192.168.122.181/volume/v3/types
Feb 16 17:06:57 devstack devstack@c-api.service[80597]: DEBUG cinder.api.openstack.wsgi [None req-d0069409-8e39-4a02-9b63-7f011be2a581 tempest-GroupSnapshotsTest-1378765051 tempest-GroupSnapshotsTest-1378765051-project-admin] Action: 'create', calling method: _create, body: {"volume_type": {"name": "tempest-GroupSnapshotsTest-volume-type-815913585"}} {{(pid=80597) _process_stack /opt/stack/cinder/cinder/api/openstack/wsgi.py:876}}
Feb 16 17:06:57 devstack devstack@c-api.service[80597]: INFO cinder.api.openstack.wsgi [None req-d0069409-8e39-4a02-9b63-7f011be2a581 tempest-GroupSnapshotsTest-1378765051 tempest-GroupSnapshotsTest-1378765051-project-admin] http://192.168.122.181/volume/v3/types returned with HTTP 200
Feb 16 17:06:57 devstack devstack@c-api.service[80597]: [pid: 80597|app: 0|req: 114/246] 192.168.122.181 () {60 vars in 1149 bytes} [Mon Feb 16 17:06:57 2026] POST /volume/v3/types => generated 223 bytes in 80 msecs (HTTP/1.1 200) 7 headers in 285 bytes (1 switches on core 0)
Feb 16 17:06:57 devstack devstack@c-api.service[80597]: DEBUG cinder.api.middleware.request_id [None req-ab4ee3b3-d49f-46d1-a408-5f302b58a3a7 None None] RequestId filter calling following filter/app {{(pid=80597) _context_setter /opt/stack/cinder/cinder/api/middleware/request_id.py:62}}
Feb 16 17:06:57 devstack devstack@c-api.service[80597]: INFO cinder.api.openstack.wsgi [None req-ab4ee3b3-d49f-46d1-a408-5f302b58a3a7 tempest-GroupSnapshotsTest-1378765051 tempest-GroupSnapshotsTest-1378765051-project-admin] POST http://192.168.122.181/volume/v3/group_types
Feb 16 17:06:57 devstack devstack@c-api.service[80597]: DEBUG cinder.api.openstack.wsgi [None req-ab4ee3b3-d49f-46d1-a408-5f302b58a3a7 tempest-GroupSnapshotsTest-1378765051 tempest-GroupSnapshotsTest-1378765051-project-admin] Action: 'create', calling method: version_select, body: {"group_type": {"name": "tempest-GroupSnapshotsTest-group-type-997500162"}} {{(pid=80597) _process_stack /opt/stack/cinder/cinder/api/openstack/wsgi.py:876}}
Feb 16 17:06:57 devstack devstack@c-api.service[80598]: INFO cinder.api.openstack.wsgi [None req-5f8638f3-d5e5-4b55-a047-2f2a3c755f48 tempest-VolumesServicesTestJSON-1071702098 tempest-VolumesServicesTestJSON-1071702098-project-member] POST http://192.168.122.181/volume/v3/volumes
Feb 16 17:06:57 devstack devstack@c-api.service[80598]: DEBUG cinder.api.openstack.wsgi [None req-5f8638f3-d5e5-4b55-a047-2f2a3c755f48 tempest-VolumesServicesTestJSON-1071702098 tempest-VolumesServicesTestJSON-1071702098-project-member] Action: 'create', calling method: create, body: {"volume": {"size": 1, "name": "tempest-VolumesServicesTestJSON-Volume-1204203245"}} {{(pid=80598) _process_stack /opt/stack/cinder/cinder/api/openstack/wsgi.py:876}}
Feb 16 17:06:57 devstack devstack@c-api.service[80598]: DEBUG cinder.api.v3.volumes [None req-5f8638f3-d5e5-4b55-a047-2f2a3c755f48 tempest-VolumesServicesTestJSON-1071702098 tempest-VolumesServicesTestJSON-1071702098-project-member] Create volume request body: {'volume': {'size': 1, 'name': 'tempest-VolumesServicesTestJSON-Volume-1204203245'}} {{(pid=80598) create /opt/stack/cinder/cinder/api/v3/volumes.py:368}}
Feb 16 17:06:57 devstack devstack@c-api.service[80598]: INFO cinder.api.v3.volumes [None req-5f8638f3-d5e5-4b55-a047-2f2a3c755f48 tempest-VolumesServicesTestJSON-1071702098 tempest-VolumesServicesTestJSON-1071702098-project-member] Create volume of 1 GB
Feb 16 17:06:57 devstack devstack@c-api.service[80598]: INFO cinder.volume.api [None req-5f8638f3-d5e5-4b55-a047-2f2a3c755f48 tempest-VolumesServicesTestJSON-1071702098 tempest-VolumesServicesTestJSON-1071702098-project-member] Availability Zones retrieved successfully.
Feb 16 17:06:57 devstack devstack@c-api.service[80598]: DEBUG cinder.volume.api [None req-5f8638f3-d5e5-4b55-a047-2f2a3c755f48 tempest-VolumesServicesTestJSON-1071702098 tempest-VolumesServicesTestJSON-1071702098-project-member] Flow 'volume_create_api' (ddde8f85-d191-4a25-b6b9-2cd7cf4de684) transitioned into state 'RUNNING' from state 'PENDING' {{(pid=80598) _flow_receiver /opt/stack/data/venv/lib/python3.10/site-packages/taskflow/listeners/logging.py:145}}
Feb 16 17:06:57 devstack devstack@c-api.service[80598]: DEBUG cinder.volume.api [None req-5f8638f3-d5e5-4b55-a047-2f2a3c755f48 tempest-VolumesServicesTestJSON-1071702098 tempest-VolumesServicesTestJSON-1071702098-project-member] Task 'cinder.volume.flows.api.create_volume.ExtractVolumeRequestTask;volume:create' (813933b7-c78b-4da2-9109-8eb65df32c62) transitioned into state 'RUNNING' from state 'PENDING' {{(pid=80598) _task_receiver /opt/stack/data/venv/lib/python3.10/site-packages/taskflow/listeners/logging.py:194}}
Feb 16 17:06:57 devstack devstack@c-api.service[80598]: DEBUG cinder.volume.flows.api.create_volume [None req-5f8638f3-d5e5-4b55-a047-2f2a3c755f48 tempest-VolumesServicesTestJSON-1071702098 tempest-VolumesServicesTestJSON-1071702098-project-member] Validating volume size '1' using validate_int {{(pid=80598) _extract_size /opt/stack/cinder/cinder/volume/flows/api/create_volume.py:226}}
Feb 16 17:06:57 devstack devstack@c-api.service[80597]: INFO cinder.api.openstack.wsgi [None req-ab4ee3b3-d49f-46d1-a408-5f302b58a3a7 tempest-GroupSnapshotsTest-1378765051 tempest-GroupSnapshotsTest-1378765051-project-admin] http://192.168.122.181/volume/v3/group_types returned with HTTP 202
Feb 16 17:06:57 devstack devstack@c-api.service[80597]: [pid: 80597|app: 0|req: 115/247] 192.168.122.181 () {62 vars in 1208 bytes} [Mon Feb 16 17:06:57 2026] POST /volume/v3/group_types => generated 180 bytes in 52 msecs (HTTP/1.1 202) 7 headers in 292 bytes (1 switches on core 0)
Feb 16 17:06:57 devstack devstack@c-api.service[80597]: DEBUG cinder.api.middleware.request_id [None req-082365ec-5865-4b35-b044-b7e78d48e9a3 None None] RequestId filter calling following filter/app {{(pid=80597) _context_setter /opt/stack/cinder/cinder/api/middleware/request_id.py:62}}
Feb 16 17:06:57 devstack devstack@c-api.service[80598]: DEBUG cinder.volume.api [None req-5f8638f3-d5e5-4b55-a047-2f2a3c755f48 tempest-VolumesServicesTestJSON-1071702098 tempest-VolumesServicesTestJSON-1071702098-project-member] Task 'cinder.volume.flows.api.create_volume.ExtractVolumeRequestTask;volume:create' (813933b7-c78b-4da2-9109-8eb65df32c62) transitioned into state 'SUCCESS' from state 'RUNNING' with result '{'size': 1, 'snapshot_id': None, 'source_volid': None, 'volume_type': VolumeType(created_at=2026-02-16T16:02:58Z,deleted=False,deleted_at=None,description=None,extra_specs={},id=118cbb81-5c47-42c4-a804-2d13bc862a88,is_public=True,name='QuobyteHD',projects=[],qos_specs=,qos_specs_id=None,updated_at=None), 'volume_type_id': '118cbb81-5c47-42c4-a804-2d13bc862a88', 'encryption_key_id': None, 'qos_specs': None, 'consistencygroup_id': None, 'cgsnapshot_id': None, 'group_id': None, 'replication_status': 'disabled', 'refresh_az': False, 'backup_id': None, 'multiattach': False, 'availability_zones': ['nova']}' {{(pid=80598) _task_receiver /opt/stack/data/venv/lib/python3.10/site-packages/taskflow/listeners/logging.py:182}}
Feb 16 17:06:57 devstack devstack@c-api.service[80598]: DEBUG cinder.volume.api [None req-5f8638f3-d5e5-4b55-a047-2f2a3c755f48 tempest-VolumesServicesTestJSON-1071702098 tempest-VolumesServicesTestJSON-1071702098-project-member] Task 'cinder.volume.flows.api.create_volume.QuotaReserveTask;volume:create' (e909f8cc-57e7-4082-8429-8d04ce518807) transitioned into state 'RUNNING' from state 'PENDING' {{(pid=80598) _task_receiver /opt/stack/data/venv/lib/python3.10/site-packages/taskflow/listeners/logging.py:194}}
Feb 16 17:06:57 devstack devstack@c-api.service[80597]: INFO cinder.api.openstack.wsgi [None req-082365ec-5865-4b35-b044-b7e78d48e9a3 tempest-GroupSnapshotsTest-1873446436 tempest-GroupSnapshotsTest-1873446436-project-member] POST http://192.168.122.181/volume/v3/groups
Feb 16 17:06:57 devstack devstack@c-api.service[80597]: DEBUG cinder.api.openstack.wsgi [None req-082365ec-5865-4b35-b044-b7e78d48e9a3 tempest-GroupSnapshotsTest-1873446436 tempest-GroupSnapshotsTest-1873446436-project-member] Action: 'create', calling method: version_select, body: {"group": {"group_type": "85224f02-077d-4342-9605-0285cb456d41", "volume_types": ["7b30cef2-d499-453b-aee4-43c47b959224"], "name": "tempest-GroupSnapshotsTest-Group-2000682320"}} {{(pid=80597) _process_stack /opt/stack/cinder/cinder/api/openstack/wsgi.py:876}}
Feb 16 17:06:57 devstack devstack@c-api.service[80597]: DEBUG cinder.api.v3.groups [None req-082365ec-5865-4b35-b044-b7e78d48e9a3 tempest-GroupSnapshotsTest-1873446436 tempest-GroupSnapshotsTest-1873446436-project-member] Creating new group {'group': {'group_type': '85224f02-077d-4342-9605-0285cb456d41', 'volume_types': ['7b30cef2-d499-453b-aee4-43c47b959224'], 'name': 'tempest-GroupSnapshotsTest-Group-2000682320'}} {{(pid=80597) create /opt/stack/cinder/cinder/api/v3/groups.py:190}}
Feb 16 17:06:57 devstack devstack@c-api.service[80597]: INFO cinder.api.v3.groups [None req-082365ec-5865-4b35-b044-b7e78d48e9a3 tempest-GroupSnapshotsTest-1873446436 tempest-GroupSnapshotsTest-1873446436-project-member] Creating group tempest-GroupSnapshotsTest-Group-2000682320.
Feb 16 17:06:57 devstack devstack@c-api.service[80598]: DEBUG cinder.quota [None req-5f8638f3-d5e5-4b55-a047-2f2a3c755f48 tempest-VolumesServicesTestJSON-1071702098 tempest-VolumesServicesTestJSON-1071702098-project-member] Created reservations ['a1582c73-3a03-4770-bb2b-296dc19bd76c', '6cb524fb-6721-4a90-b75f-7f5eb5eae2fc', 'bc4ca045-48aa-4b5c-9379-42291bde4820', '6a4f06aa-8c0b-4ce3-b811-4e2f216cdfcb'] {{(pid=80598) reserve /opt/stack/cinder/cinder/quota.py:752}}
Feb 16 17:06:57 devstack devstack@c-api.service[80598]: DEBUG cinder.volume.api [None req-5f8638f3-d5e5-4b55-a047-2f2a3c755f48 tempest-VolumesServicesTestJSON-1071702098 tempest-VolumesServicesTestJSON-1071702098-project-member] Task 'cinder.volume.flows.api.create_volume.QuotaReserveTask;volume:create' (e909f8cc-57e7-4082-8429-8d04ce518807) transitioned into state 'SUCCESS' from state 'RUNNING' with result '{'reservations': ['a1582c73-3a03-4770-bb2b-296dc19bd76c', '6cb524fb-6721-4a90-b75f-7f5eb5eae2fc', 'bc4ca045-48aa-4b5c-9379-42291bde4820', '6a4f06aa-8c0b-4ce3-b811-4e2f216cdfcb']}' {{(pid=80598) _task_receiver /opt/stack/data/venv/lib/python3.10/site-packages/taskflow/listeners/logging.py:182}}
Feb 16 17:06:57 devstack devstack@c-api.service[80598]: DEBUG cinder.volume.api [None req-5f8638f3-d5e5-4b55-a047-2f2a3c755f48 tempest-VolumesServicesTestJSON-1071702098 tempest-VolumesServicesTestJSON-1071702098-project-member] Task 'cinder.volume.flows.api.create_volume.EntryCreateTask;volume:create' (d46cd9ec-a36c-43a0-a606-afa04ba7b1fc) transitioned into state 'RUNNING' from state 'PENDING' {{(pid=80598) _task_receiver /opt/stack/data/venv/lib/python3.10/site-packages/taskflow/listeners/logging.py:194}}
Feb 16 17:06:57 devstack devstack@c-api.service[80597]: INFO cinder.volume.api [None req-082365ec-5865-4b35-b044-b7e78d48e9a3 tempest-GroupSnapshotsTest-1873446436 tempest-GroupSnapshotsTest-1873446436-project-member] Availability Zones retrieved successfully.
Feb 16 17:06:57 devstack devstack@c-api.service[80598]: DEBUG cinder.volume.api [None req-5f8638f3-d5e5-4b55-a047-2f2a3c755f48 tempest-VolumesServicesTestJSON-1071702098 tempest-VolumesServicesTestJSON-1071702098-project-member] Task 'cinder.volume.flows.api.create_volume.EntryCreateTask;volume:create' (d46cd9ec-a36c-43a0-a606-afa04ba7b1fc) transitioned into state 'SUCCESS' from state 'RUNNING' with result '{'volume_id': '4c520c2c-8bf1-489b-8bc4-d7fc9da00c77', 'volume_properties': VolumeProperties(attach_status='detached',availability_zone='nova',cgsnapshot_id=None,consistencygroup_id=None,display_description=None,display_name='tempest-VolumesServicesTestJSON-Volume-1204203245',encryption_key_id=None,group_id=None,group_type_id=,metadata={},multiattach=False,project_id='7594f34b3ae646f98d125b25d2bb6a46',qos_specs=None,replication_status=,reservations=['a1582c73-3a03-4770-bb2b-296dc19bd76c','6cb524fb-6721-4a90-b75f-7f5eb5eae2fc','bc4ca045-48aa-4b5c-9379-42291bde4820','6a4f06aa-8c0b-4ce3-b811-4e2f216cdfcb'],size=1,snapshot_id=None,source_replicaid=,source_volid=None,status='creating',user_id='081f9266036c493ea399ffe2954c4c55',volume_type_id=118cbb81-5c47-42c4-a804-2d13bc862a88), 'volume': Volume(_name_id=None,admin_metadata=,attach_status='detached',availability_zone='nova',bootable=False,cluster=,cluster_name=None,consistencygroup=,consistencygroup_id=None,created_at=2026-02-16T16:06:57Z,deleted=False,deleted_at=None,display_description=None,display_name='tempest-VolumesServicesTestJSON-Volume-1204203245',ec2_id=None,encryption_key_id=None,glance_metadata=,group=,group_id=None,host=None,id=4c520c2c-8bf1-489b-8bc4-d7fc9da00c77,launched_at=None,metadata={},migration_status=None,multiattach=False,previous_status=None,project_id='7594f34b3ae646f98d125b25d2bb6a46',provider_auth=None,provider_geometry=None,provider_id=None,provider_location=None,replication_driver_data=None,replication_extended_status=None,replication_status=None,scheduled_at=None,service_uuid=None,shared_targets=True,size=1,snapshot_id=None,snapshots=,source_volid=None,status='creating',terminated_at=None,updated_at=None,use_quota=True,user_id='081f9266036c493ea399ffe2954c4c55',volume_attachment=VolumeAttachmentList,volume_type=VolumeType(118cbb81-5c47-42c4-a804-2d13bc862a88),volume_type_id=118cbb81-5c47-42c4-a804-2d13bc862a88)}' {{(pid=80598) _task_receiver /opt/stack/data/venv/lib/python3.10/site-packages/taskflow/listeners/logging.py:182}}
Feb 16 17:06:57 devstack devstack@c-api.service[80598]: DEBUG cinder.volume.api [None req-5f8638f3-d5e5-4b55-a047-2f2a3c755f48 tempest-VolumesServicesTestJSON-1071702098 tempest-VolumesServicesTestJSON-1071702098-project-member] Task 'cinder.volume.flows.api.create_volume.QuotaCommitTask;volume:create' (07d327fb-65ad-4a48-9c6c-a69a9da2683f) transitioned into state 'RUNNING' from state 'PENDING' {{(pid=80598) _task_receiver /opt/stack/data/venv/lib/python3.10/site-packages/taskflow/listeners/logging.py:194}}
Feb 16 17:06:57 devstack devstack@c-api.service[80597]: DEBUG cinder.quota [None req-082365ec-5865-4b35-b044-b7e78d48e9a3 tempest-GroupSnapshotsTest-1873446436 tempest-GroupSnapshotsTest-1873446436-project-member] Created reservations ['176eaf5b-5a21-4858-8d02-d2c6bf4d0021'] {{(pid=80597) reserve /opt/stack/cinder/cinder/quota.py:752}}
Feb 16 17:06:57 devstack devstack@c-api.service[80598]: DEBUG cinder.volume.api [None req-5f8638f3-d5e5-4b55-a047-2f2a3c755f48 tempest-VolumesServicesTestJSON-1071702098 tempest-VolumesServicesTestJSON-1071702098-project-member] Task 'cinder.volume.flows.api.create_volume.QuotaCommitTask;volume:create' (07d327fb-65ad-4a48-9c6c-a69a9da2683f) transitioned into state 'SUCCESS' from state 'RUNNING' with result '{'volume_properties': VolumeProperties(attach_status='detached',availability_zone='nova',cgsnapshot_id=None,consistencygroup_id=None,display_description=None,display_name='tempest-VolumesServicesTestJSON-Volume-1204203245',encryption_key_id=None,group_id=None,group_type_id=,metadata={},multiattach=False,project_id='7594f34b3ae646f98d125b25d2bb6a46',qos_specs=None,replication_status=,reservations=['a1582c73-3a03-4770-bb2b-296dc19bd76c','6cb524fb-6721-4a90-b75f-7f5eb5eae2fc','bc4ca045-48aa-4b5c-9379-42291bde4820','6a4f06aa-8c0b-4ce3-b811-4e2f216cdfcb'],size=1,snapshot_id=None,source_replicaid=,source_volid=None,status='creating',user_id='081f9266036c493ea399ffe2954c4c55',volume_type_id=118cbb81-5c47-42c4-a804-2d13bc862a88)}' {{(pid=80598) _task_receiver /opt/stack/data/venv/lib/python3.10/site-packages/taskflow/listeners/logging.py:182}}
Feb 16 17:06:57 devstack devstack@c-api.service[80598]: DEBUG cinder.volume.api [None req-5f8638f3-d5e5-4b55-a047-2f2a3c755f48 tempest-VolumesServicesTestJSON-1071702098 tempest-VolumesServicesTestJSON-1071702098-project-member] Task 'cinder.volume.flows.api.create_volume.VolumeCastTask;volume:create' (955eee57-be5e-4219-bfe5-e775e1fd6a09) transitioned into state 'RUNNING' from state 'PENDING' {{(pid=80598) _task_receiver /opt/stack/data/venv/lib/python3.10/site-packages/taskflow/listeners/logging.py:194}}
Feb 16 17:06:57 devstack devstack@c-api.service[80597]: INFO cinder.api.openstack.wsgi [None req-082365ec-5865-4b35-b044-b7e78d48e9a3 tempest-GroupSnapshotsTest-1873446436 tempest-GroupSnapshotsTest-1873446436-project-member] http://192.168.122.181/volume/v3/groups returned with HTTP 202
Feb 16 17:06:57 devstack devstack@c-api.service[80597]: [pid: 80597|app: 0|req: 116/248] 192.168.122.181 () {62 vars in 1194 bytes} [Mon Feb 16 17:06:57 2026] POST /volume/v3/groups => generated 112 bytes in 165 msecs (HTTP/1.1 202) 7 headers in 292 bytes (1 switches on core 0)
Feb 16 17:06:57 devstack devstack@c-api.service[80597]: DEBUG cinder.api.middleware.request_id [None req-2f29c505-f481-4df8-83e2-385ed38e711e None None] RequestId filter calling following filter/app {{(pid=80597) _context_setter /opt/stack/cinder/cinder/api/middleware/request_id.py:62}}
Feb 16 17:06:57 devstack devstack@c-api.service[80598]: DEBUG cinder.volume.api [None req-5f8638f3-d5e5-4b55-a047-2f2a3c755f48 tempest-VolumesServicesTestJSON-1071702098 tempest-VolumesServicesTestJSON-1071702098-project-member] Task 'cinder.volume.flows.api.create_volume.VolumeCastTask;volume:create' (955eee57-be5e-4219-bfe5-e775e1fd6a09) transitioned into state 'SUCCESS' from state 'RUNNING' with result 'None' {{(pid=80598) _task_receiver /opt/stack/data/venv/lib/python3.10/site-packages/taskflow/listeners/logging.py:182}}
Feb 16 17:06:57 devstack devstack@c-api.service[80597]: INFO cinder.api.openstack.wsgi [None req-2f29c505-f481-4df8-83e2-385ed38e711e tempest-GroupSnapshotsTest-1873446436 tempest-GroupSnapshotsTest-1873446436-project-member] GET http://192.168.122.181/volume/v3/groups/4315d817-4560-4c12-901b-9b8e32870fbd
Feb 16 17:06:57 devstack devstack@c-api.service[80598]: DEBUG cinder.volume.api [None req-5f8638f3-d5e5-4b55-a047-2f2a3c755f48 tempest-VolumesServicesTestJSON-1071702098 tempest-VolumesServicesTestJSON-1071702098-project-member] Flow 'volume_create_api' (ddde8f85-d191-4a25-b6b9-2cd7cf4de684) transitioned into state 'SUCCESS' from state 'RUNNING' {{(pid=80598) _flow_receiver /opt/stack/data/venv/lib/python3.10/site-packages/taskflow/listeners/logging.py:145}}
Feb 16 17:06:57 devstack devstack@c-api.service[80597]: DEBUG cinder.api.openstack.wsgi [None req-2f29c505-f481-4df8-83e2-385ed38e711e tempest-GroupSnapshotsTest-1873446436 tempest-GroupSnapshotsTest-1873446436-project-member] Empty body provided in request {{(pid=80597) get_body /opt/stack/cinder/cinder/api/openstack/wsgi.py:725}}
Feb 16 17:06:57 devstack devstack@c-api.service[80598]: INFO cinder.volume.api [None req-5f8638f3-d5e5-4b55-a047-2f2a3c755f48 tempest-VolumesServicesTestJSON-1071702098 tempest-VolumesServicesTestJSON-1071702098-project-member] Create volume request issued successfully.
Feb 16 17:06:57 devstack devstack@c-api.service[80597]: DEBUG cinder.api.openstack.wsgi [None req-2f29c505-f481-4df8-83e2-385ed38e711e tempest-GroupSnapshotsTest-1873446436 tempest-GroupSnapshotsTest-1873446436-project-member] Calling method 'version_select' {{(pid=80597) _process_stack /opt/stack/cinder/cinder/api/openstack/wsgi.py:878}}
Feb 16 17:06:57 devstack devstack@c-api.service[80597]: DEBUG cinder.api.v3.groups [None req-2f29c505-f481-4df8-83e2-385ed38e711e tempest-GroupSnapshotsTest-1873446436 tempest-GroupSnapshotsTest-1873446436-project-member] show called for member 4315d817-4560-4c12-901b-9b8e32870fbd {{(pid=80597) show /opt/stack/cinder/cinder/api/v3/groups.py:58}}
Feb 16 17:06:57 devstack devstack@c-api.service[80598]: INFO cinder.api.openstack.wsgi [None req-5f8638f3-d5e5-4b55-a047-2f2a3c755f48 tempest-VolumesServicesTestJSON-1071702098 tempest-VolumesServicesTestJSON-1071702098-project-member] http://192.168.122.181/volume/v3/volumes returned with HTTP 202
Feb 16 17:06:57 devstack devstack@c-api.service[80598]: [pid: 80598|app: 0|req: 133/249] 192.168.122.181 () {60 vars in 1155 bytes} [Mon Feb 16 17:06:57 2026] POST /volume/v3/volumes => generated 763 bytes in 405 msecs (HTTP/1.1 202) 7 headers in 291 bytes (1 switches on core 0)
Feb 16 17:06:57 devstack devstack@c-api.service[80597]: /opt/stack/data/venv/lib/python3.10/site-packages/oslo_context/context.py:101: DeprecationWarning: Policy enforcement is depending on the value of is_admin. This key is deprecated. Please update your policy file to use the standard policy values.
Feb 16 17:06:57 devstack devstack@c-api.service[80597]: warnings.warn(
