Apr 13 17:22:19 devstack sudo[83017]: quobyte : PWD=/ ; USER=root ; COMMAND=/opt/stack/data/venv/bin/cinder-rootwrap /etc/cinder/rootwrap.conf env LC_ALL=C qemu-img info -f qcow2 --output=json --force-share /opt/stack/data/cinder/mnt/abf89dba61bd2df9e42921b6f1fb7686/volume-5ad61597-bfc6-4526-9625-90759f41f2a2
Apr 13 17:22:19 devstack sudo[83017]: pam_unix(sudo:session): session opened for user root(uid=0) by (uid=1000)
Apr 13 17:22:20 devstack sudo[83017]: pam_unix(sudo:session): session closed for user root
Apr 13 17:22:20 devstack cinder-volume[81998]: DEBUG oslo_concurrency.processutils [None req-d55446c2-a9cd-4d44-953f-3103ce3e8ca9 tempest-GroupSnapshotsTest-776228881 None] CMD "/opt/stack/data/venv/bin/python3.10 -m oslo_concurrency.prlimit --as=1073741824 --cpu=60 -- sudo cinder-rootwrap /etc/cinder/rootwrap.conf env LC_ALL=C qemu-img info -f qcow2 --output=json --force-share /opt/stack/data/cinder/mnt/abf89dba61bd2df9e42921b6f1fb7686/volume-5ad61597-bfc6-4526-9625-90759f41f2a2" returned: 0 in 0.601s {{(pid=81998) execute /opt/stack/data/venv/lib/python3.10/site-packages/oslo_concurrency/processutils.py:468}}
Apr 13 17:22:20 devstack cinder-volume[81998]: DEBUG oslo_concurrency.processutils [None req-d55446c2-a9cd-4d44-953f-3103ce3e8ca9 tempest-GroupSnapshotsTest-776228881 None] Running cmd (subprocess): sudo cinder-rootwrap /etc/cinder/rootwrap.conf qemu-img create -f qcow2 -o backing_file=/opt/stack/data/cinder/mnt/abf89dba61bd2df9e42921b6f1fb7686/volume-5ad61597-bfc6-4526-9625-90759f41f2a2,backing_fmt=qcow2 /opt/stack/data/cinder/mnt/abf89dba61bd2df9e42921b6f1fb7686/volume-5ad61597-bfc6-4526-9625-90759f41f2a2.def94614-8497-48a7-b317-8bdec9bfcdd9 1G {{(pid=81998) execute /opt/stack/data/venv/lib/python3.10/site-packages/oslo_concurrency/processutils.py:440}}
Apr 13 17:22:20 devstack sudo[83023]: quobyte : PWD=/ ; USER=root ; COMMAND=/opt/stack/data/venv/bin/cinder-rootwrap /etc/cinder/rootwrap.conf qemu-img create -f qcow2 -o backing_file=/opt/stack/data/cinder/mnt/abf89dba61bd2df9e42921b6f1fb7686/volume-5ad61597-bfc6-4526-9625-90759f41f2a2,backing_fmt=qcow2 /opt/stack/data/cinder/mnt/abf89dba61bd2df9e42921b6f1fb7686/volume-5ad61597-bfc6-4526-9625-90759f41f2a2.def94614-8497-48a7-b317-8bdec9bfcdd9 1G
Apr 13 17:22:20 devstack sudo[83023]: pam_unix(sudo:session): session opened for user root(uid=0) by (uid=1000)
Apr 13 17:22:20 devstack sudo[83023]: pam_unix(sudo:session): session closed for user root
Apr 13 17:22:20 devstack cinder-volume[81998]: DEBUG oslo_concurrency.processutils [None req-d55446c2-a9cd-4d44-953f-3103ce3e8ca9 tempest-GroupSnapshotsTest-776228881 None] CMD "sudo cinder-rootwrap /etc/cinder/rootwrap.conf qemu-img create -f qcow2 -o backing_file=/opt/stack/data/cinder/mnt/abf89dba61bd2df9e42921b6f1fb7686/volume-5ad61597-bfc6-4526-9625-90759f41f2a2,backing_fmt=qcow2 /opt/stack/data/cinder/mnt/abf89dba61bd2df9e42921b6f1fb7686/volume-5ad61597-bfc6-4526-9625-90759f41f2a2.def94614-8497-48a7-b317-8bdec9bfcdd9 1G" returned: 0 in 0.589s {{(pid=81998) execute /opt/stack/data/venv/lib/python3.10/site-packages/oslo_concurrency/processutils.py:468}}
Apr 13 17:22:20 devstack cinder-volume[81998]: DEBUG oslo_concurrency.processutils [None req-d55446c2-a9cd-4d44-953f-3103ce3e8ca9 tempest-GroupSnapshotsTest-776228881 None] Running cmd (subprocess): sudo cinder-rootwrap /etc/cinder/rootwrap.conf qemu-img rebase -u -b volume-5ad61597-bfc6-4526-9625-90759f41f2a2 -F qcow2 /opt/stack/data/cinder/mnt/abf89dba61bd2df9e42921b6f1fb7686/volume-5ad61597-bfc6-4526-9625-90759f41f2a2.def94614-8497-48a7-b317-8bdec9bfcdd9 {{(pid=81998) execute /opt/stack/data/venv/lib/python3.10/site-packages/oslo_concurrency/processutils.py:440}}
Apr 13 17:22:20 devstack sudo[83031]: quobyte : PWD=/ ; USER=root ; COMMAND=/opt/stack/data/venv/bin/cinder-rootwrap /etc/cinder/rootwrap.conf qemu-img rebase -u -b volume-5ad61597-bfc6-4526-9625-90759f41f2a2 -F qcow2 /opt/stack/data/cinder/mnt/abf89dba61bd2df9e42921b6f1fb7686/volume-5ad61597-bfc6-4526-9625-90759f41f2a2.def94614-8497-48a7-b317-8bdec9bfcdd9
Apr 13 17:22:20 devstack sudo[83031]: pam_unix(sudo:session): session opened for user root(uid=0) by (uid=1000)
Apr 13 17:22:21 devstack sudo[83031]: pam_unix(sudo:session): session closed for user root
Apr 13 17:22:21 devstack cinder-volume[81998]: DEBUG oslo_concurrency.processutils [None req-d55446c2-a9cd-4d44-953f-3103ce3e8ca9 tempest-GroupSnapshotsTest-776228881 None] CMD "sudo cinder-rootwrap /etc/cinder/rootwrap.conf qemu-img rebase -u -b volume-5ad61597-bfc6-4526-9625-90759f41f2a2 -F qcow2 /opt/stack/data/cinder/mnt/abf89dba61bd2df9e42921b6f1fb7686/volume-5ad61597-bfc6-4526-9625-90759f41f2a2.def94614-8497-48a7-b317-8bdec9bfcdd9" returned: 0 in 0.449s {{(pid=81998) execute /opt/stack/data/venv/lib/python3.10/site-packages/oslo_concurrency/processutils.py:468}}
Apr 13 17:22:21 devstack cinder-volume[81998]: WARNING cinder.volume.drivers.remotefs [None req-d55446c2-a9cd-4d44-953f-3103ce3e8ca9 tempest-GroupSnapshotsTest-776228881 None] /opt/stack/data/cinder/mnt/abf89dba61bd2df9e42921b6f1fb7686/volume-5ad61597-bfc6-4526-9625-90759f41f2a2.def94614-8497-48a7-b317-8bdec9bfcdd9 is being set with open permissions: ugo+rw: NotImplementedError
Apr 13 17:22:21 devstack cinder-volume[81998]: DEBUG oslo_concurrency.processutils [None req-d55446c2-a9cd-4d44-953f-3103ce3e8ca9 tempest-GroupSnapshotsTest-776228881 None] Running cmd (subprocess): sudo cinder-rootwrap /etc/cinder/rootwrap.conf chmod ugo+rw /opt/stack/data/cinder/mnt/abf89dba61bd2df9e42921b6f1fb7686/volume-5ad61597-bfc6-4526-9625-90759f41f2a2.def94614-8497-48a7-b317-8bdec9bfcdd9 {{(pid=81998) execute /opt/stack/data/venv/lib/python3.10/site-packages/oslo_concurrency/processutils.py:440}}
Apr 13 17:22:21 devstack sudo[83045]: quobyte : PWD=/ ; USER=root ; COMMAND=/opt/stack/data/venv/bin/cinder-rootwrap /etc/cinder/rootwrap.conf chmod ugo+rw /opt/stack/data/cinder/mnt/abf89dba61bd2df9e42921b6f1fb7686/volume-5ad61597-bfc6-4526-9625-90759f41f2a2.def94614-8497-48a7-b317-8bdec9bfcdd9
Apr 13 17:22:21 devstack sudo[83045]: pam_unix(sudo:session): session opened for user root(uid=0) by (uid=1000)
Apr 13 17:22:21 devstack cinder-volume[81998]: DEBUG oslo_concurrency.lockutils [None req-92e4d880-7436-4313-9a5b-dedb370bbaf0 tempest-GroupsV314Test-1721213561 None] Acquiring lock "quobyte" by "cinder.volume.drivers.quobyte.QuobyteDriver.create_cloned_volume" {{(pid=81998) inner /opt/stack/data/venv/lib/python3.10/site-packages/oslo_concurrency/lockutils.py:506}}
Apr 13 17:22:22 devstack sudo[83045]: pam_unix(sudo:session): session closed for user root
Apr 13 17:22:22 devstack cinder-volume[81998]: DEBUG oslo_concurrency.processutils [None req-d55446c2-a9cd-4d44-953f-3103ce3e8ca9 tempest-GroupSnapshotsTest-776228881 None] CMD "sudo cinder-rootwrap /etc/cinder/rootwrap.conf chmod ugo+rw /opt/stack/data/cinder/mnt/abf89dba61bd2df9e42921b6f1fb7686/volume-5ad61597-bfc6-4526-9625-90759f41f2a2.def94614-8497-48a7-b317-8bdec9bfcdd9" returned: 0 in 0.701s {{(pid=81998) execute /opt/stack/data/venv/lib/python3.10/site-packages/oslo_concurrency/processutils.py:468}}
Apr 13 17:22:22 devstack cinder-volume[81998]: DEBUG oslo_concurrency.processutils [None req-d55446c2-a9cd-4d44-953f-3103ce3e8ca9 tempest-GroupSnapshotsTest-776228881 None] Running cmd (subprocess): sudo cinder-rootwrap /etc/cinder/rootwrap.conf truncate -s0 /opt/stack/data/cinder/mnt/abf89dba61bd2df9e42921b6f1fb7686/volume-5ad61597-bfc6-4526-9625-90759f41f2a2.info {{(pid=81998) execute /opt/stack/data/venv/lib/python3.10/site-packages/oslo_concurrency/processutils.py:440}}
Apr 13 17:22:22 devstack sudo[83050]: quobyte : PWD=/ ; USER=root ; COMMAND=/opt/stack/data/venv/bin/cinder-rootwrap /etc/cinder/rootwrap.conf truncate -s0 /opt/stack/data/cinder/mnt/abf89dba61bd2df9e42921b6f1fb7686/volume-5ad61597-bfc6-4526-9625-90759f41f2a2.info
Apr 13 17:22:22 devstack sudo[83050]: pam_unix(sudo:session): session opened for user root(uid=0) by (uid=1000)
Apr 13 17:22:22 devstack sudo[83050]: pam_unix(sudo:session): session closed for user root
Apr 13 17:22:22 devstack cinder-volume[81998]: DEBUG oslo_concurrency.processutils [None req-d55446c2-a9cd-4d44-953f-3103ce3e8ca9 tempest-GroupSnapshotsTest-776228881 None] CMD "sudo cinder-rootwrap /etc/cinder/rootwrap.conf truncate -s0 /opt/stack/data/cinder/mnt/abf89dba61bd2df9e42921b6f1fb7686/volume-5ad61597-bfc6-4526-9625-90759f41f2a2.info" returned: 0 in 0.595s {{(pid=81998) execute /opt/stack/data/venv/lib/python3.10/site-packages/oslo_concurrency/processutils.py:468}}
Apr 13 17:22:22 devstack cinder-volume[81998]: WARNING cinder.volume.drivers.remotefs [None req-d55446c2-a9cd-4d44-953f-3103ce3e8ca9 tempest-GroupSnapshotsTest-776228881 None] /opt/stack/data/cinder/mnt/abf89dba61bd2df9e42921b6f1fb7686/volume-5ad61597-bfc6-4526-9625-90759f41f2a2.info is being set with open permissions: ugo+rw: NotImplementedError
Apr 13 17:22:22 devstack cinder-volume[81998]: DEBUG oslo_concurrency.processutils [None req-d55446c2-a9cd-4d44-953f-3103ce3e8ca9 tempest-GroupSnapshotsTest-776228881 None] Running cmd (subprocess): sudo cinder-rootwrap /etc/cinder/rootwrap.conf chmod ugo+rw /opt/stack/data/cinder/mnt/abf89dba61bd2df9e42921b6f1fb7686/volume-5ad61597-bfc6-4526-9625-90759f41f2a2.info {{(pid=81998) execute /opt/stack/data/venv/lib/python3.10/site-packages/oslo_concurrency/processutils.py:440}}
Apr 13 17:22:22 devstack sudo[83064]: quobyte : PWD=/ ; USER=root ; COMMAND=/opt/stack/data/venv/bin/cinder-rootwrap /etc/cinder/rootwrap.conf chmod ugo+rw /opt/stack/data/cinder/mnt/abf89dba61bd2df9e42921b6f1fb7686/volume-5ad61597-bfc6-4526-9625-90759f41f2a2.info
Apr 13 17:22:22 devstack sudo[83064]: pam_unix(sudo:session): session opened for user root(uid=0) by (uid=1000)
Apr 13 17:22:22 devstack cinder-volume[81998]: WARNING py.warnings [req-dd2e1343-b17d-4a24-9e19-b2648a78124e req-7d4a45d9-a651-4b79-9750-c3129a29a2e8 tempest-DeleteServersTestJSON-1011191123 None] /opt/stack/cinder/cinder/db/sqlalchemy/api.py:2470: SAWarning: SELECT statement has a cartesian product between FROM element(s) "volumes" and FROM element "volumes_1". Apply join condition(s) between each element to resolve.
Apr 13 17:22:22 devstack cinder-volume[81998]: .first()
Apr 13 17:22:22 devstack cinder-volume[81998]:
Apr 13 17:22:22 devstack cinder-volume[81998]: DEBUG oslo_concurrency.lockutils [req-dd2e1343-b17d-4a24-9e19-b2648a78124e req-7d4a45d9-a651-4b79-9750-c3129a29a2e8 tempest-DeleteServersTestJSON-1011191123 None] Acquiring lock "quobyte" by "cinder.volume.drivers.quobyte.QuobyteDriver.initialize_connection" {{(pid=81998) inner /opt/stack/data/venv/lib/python3.10/site-packages/oslo_concurrency/lockutils.py:506}}
Apr 13 17:22:23 devstack sudo[83064]: pam_unix(sudo:session): session closed for user root
Apr 13 17:22:23 devstack cinder-volume[81998]: DEBUG oslo_concurrency.processutils [None req-d55446c2-a9cd-4d44-953f-3103ce3e8ca9 tempest-GroupSnapshotsTest-776228881 None] CMD "sudo cinder-rootwrap /etc/cinder/rootwrap.conf chmod ugo+rw /opt/stack/data/cinder/mnt/abf89dba61bd2df9e42921b6f1fb7686/volume-5ad61597-bfc6-4526-9625-90759f41f2a2.info" returned: 0 in 0.525s {{(pid=81998) execute /opt/stack/data/venv/lib/python3.10/site-packages/oslo_concurrency/processutils.py:468}}
Apr 13 17:22:23 devstack cinder-volume[81998]: DEBUG oslo_concurrency.lockutils [None req-d55446c2-a9cd-4d44-953f-3103ce3e8ca9 tempest-GroupSnapshotsTest-776228881 None] Lock "quobyte" "released" by "cinder.volume.drivers.quobyte.QuobyteDriver.create_snapshot" :: held 3.546s {{(pid=81998) inner /opt/stack/data/venv/lib/python3.10/site-packages/oslo_concurrency/lockutils.py:538}}
Apr 13 17:22:23 devstack cinder-volume[81998]: DEBUG oslo_concurrency.lockutils [None req-92e4d880-7436-4313-9a5b-dedb370bbaf0 tempest-GroupsV314Test-1721213561 None] Lock "quobyte" acquired by "cinder.volume.drivers.quobyte.QuobyteDriver.create_cloned_volume" :: waited 1.379s {{(pid=81998) inner /opt/stack/data/venv/lib/python3.10/site-packages/oslo_concurrency/lockutils.py:519}}
Apr 13 17:22:23 devstack cinder-volume[81998]: INFO cinder.volume.drivers.remotefs [None req-92e4d880-7436-4313-9a5b-dedb370bbaf0 tempest-GroupsV314Test-1721213561 None] Cloning volume db87b3b8-1ce8-4d96-b4a6-57a5d032cffb to volume beb76ab6-c9ba-466a-9ea5-8ce3e8e7dd8b
Apr 13 17:22:23 devstack cinder-volume[81998]: DEBUG cinder.volume.drivers.remotefs [None req-92e4d880-7436-4313-9a5b-dedb370bbaf0 tempest-GroupsV314Test-1721213561 None] Creating offline snapshot c6b74281-9f6c-4b9d-93dc-c319e2f17748 of volume db87b3b8-1ce8-4d96-b4a6-57a5d032cffb {{(pid=81998) _create_snapshot /opt/stack/cinder/cinder/volume/drivers/remotefs.py:1815}}
Apr 13 17:22:23 devstack cinder-volume[81998]: DEBUG oslo.privsep.daemon [-] privsep: reply[68094f20-df9a-4b0f-8282-efb38ad75288]: (4, 'qcow2') {{(pid=82711) _call_back /opt/stack/data/venv/lib/python3.10/site-packages/oslo_privsep/daemon.py:573}}
Apr 13 17:22:23 devstack cinder-volume[81998]: DEBUG oslo_concurrency.processutils [None req-92e4d880-7436-4313-9a5b-dedb370bbaf0 tempest-GroupsV314Test-1721213561 None] Running cmd (subprocess): /opt/stack/data/venv/bin/python3.10 -m oslo_concurrency.prlimit --as=1073741824 --cpu=60 -- sudo cinder-rootwrap /etc/cinder/rootwrap.conf env LC_ALL=C qemu-img info -f qcow2 --output=json --force-share /opt/stack/data/cinder/mnt/abf89dba61bd2df9e42921b6f1fb7686/volume-db87b3b8-1ce8-4d96-b4a6-57a5d032cffb {{(pid=81998) execute /opt/stack/data/venv/lib/python3.10/site-packages/oslo_concurrency/processutils.py:440}}
Apr 13 17:22:23 devstack cinder-volume[81998]: INFO cinder.volume.manager [None req-d55446c2-a9cd-4d44-953f-3103ce3e8ca9 tempest-GroupSnapshotsTest-776228881 None] group_snapshot a98aabff-de91-4929-924e-a5e17bcefe25: created successfully
Apr 13 17:22:23 devstack sudo[83068]: quobyte : PWD=/ ; USER=root ; COMMAND=/opt/stack/data/venv/bin/cinder-rootwrap /etc/cinder/rootwrap.conf env LC_ALL=C qemu-img info -f qcow2 --output=json --force-share /opt/stack/data/cinder/mnt/abf89dba61bd2df9e42921b6f1fb7686/volume-db87b3b8-1ce8-4d96-b4a6-57a5d032cffb
Apr 13 17:22:23 devstack sudo[83068]: pam_unix(sudo:session): session opened for user root(uid=0) by (uid=1000)
Apr 13 17:22:23 devstack sudo[83068]: pam_unix(sudo:session): session closed for user root
Apr 13 17:22:23 devstack cinder-volume[81998]: DEBUG oslo_concurrency.processutils [None req-92e4d880-7436-4313-9a5b-dedb370bbaf0 tempest-GroupsV314Test-1721213561 None] CMD "/opt/stack/data/venv/bin/python3.10 -m oslo_concurrency.prlimit --as=1073741824 --cpu=60 -- sudo cinder-rootwrap /etc/cinder/rootwrap.conf env LC_ALL=C qemu-img info -f qcow2 --output=json --force-share /opt/stack/data/cinder/mnt/abf89dba61bd2df9e42921b6f1fb7686/volume-db87b3b8-1ce8-4d96-b4a6-57a5d032cffb" returned: 0 in 0.519s {{(pid=81998) execute /opt/stack/data/venv/lib/python3.10/site-packages/oslo_concurrency/processutils.py:468}}
Apr 13 17:22:23 devstack cinder-volume[81998]: DEBUG oslo_concurrency.processutils [None req-92e4d880-7436-4313-9a5b-dedb370bbaf0 tempest-GroupsV314Test-1721213561 None] Running cmd (subprocess): sudo cinder-rootwrap /etc/cinder/rootwrap.conf qemu-img create -f qcow2 -o backing_file=/opt/stack/data/cinder/mnt/abf89dba61bd2df9e42921b6f1fb7686/volume-db87b3b8-1ce8-4d96-b4a6-57a5d032cffb,backing_fmt=qcow2 /opt/stack/data/cinder/mnt/abf89dba61bd2df9e42921b6f1fb7686/volume-db87b3b8-1ce8-4d96-b4a6-57a5d032cffb.c6b74281-9f6c-4b9d-93dc-c319e2f17748 1G {{(pid=81998) execute /opt/stack/data/venv/lib/python3.10/site-packages/oslo_concurrency/processutils.py:440}}
Apr 13 17:22:23 devstack sudo[83074]: quobyte : PWD=/ ; USER=root ; COMMAND=/opt/stack/data/venv/bin/cinder-rootwrap /etc/cinder/rootwrap.conf qemu-img create -f qcow2 -o backing_file=/opt/stack/data/cinder/mnt/abf89dba61bd2df9e42921b6f1fb7686/volume-db87b3b8-1ce8-4d96-b4a6-57a5d032cffb,backing_fmt=qcow2 /opt/stack/data/cinder/mnt/abf89dba61bd2df9e42921b6f1fb7686/volume-db87b3b8-1ce8-4d96-b4a6-57a5d032cffb.c6b74281-9f6c-4b9d-93dc-c319e2f17748 1G
Apr 13 17:22:23 devstack sudo[83074]: pam_unix(sudo:session): session opened for user root(uid=0) by (uid=1000)
Apr 13 17:22:24 devstack sudo[83074]: pam_unix(sudo:session): session closed for user root
Apr 13 17:22:24 devstack cinder-volume[81998]: DEBUG oslo_concurrency.processutils [None req-92e4d880-7436-4313-9a5b-dedb370bbaf0 tempest-GroupsV314Test-1721213561 None] CMD "sudo cinder-rootwrap /etc/cinder/rootwrap.conf qemu-img create -f qcow2 -o backing_file=/opt/stack/data/cinder/mnt/abf89dba61bd2df9e42921b6f1fb7686/volume-db87b3b8-1ce8-4d96-b4a6-57a5d032cffb,backing_fmt=qcow2 /opt/stack/data/cinder/mnt/abf89dba61bd2df9e42921b6f1fb7686/volume-db87b3b8-1ce8-4d96-b4a6-57a5d032cffb.c6b74281-9f6c-4b9d-93dc-c319e2f17748 1G" returned: 0 in 0.547s {{(pid=81998) execute /opt/stack/data/venv/lib/python3.10/site-packages/oslo_concurrency/processutils.py:468}}
Apr 13 17:22:24 devstack cinder-volume[81998]: DEBUG oslo_concurrency.processutils [None req-92e4d880-7436-4313-9a5b-dedb370bbaf0 tempest-GroupsV314Test-1721213561 None] Running cmd (subprocess): sudo cinder-rootwrap /etc/cinder/rootwrap.conf qemu-img rebase -u -b volume-db87b3b8-1ce8-4d96-b4a6-57a5d032cffb -F qcow2 /opt/stack/data/cinder/mnt/abf89dba61bd2df9e42921b6f1fb7686/volume-db87b3b8-1ce8-4d96-b4a6-57a5d032cffb.c6b74281-9f6c-4b9d-93dc-c319e2f17748 {{(pid=81998) execute /opt/stack/data/venv/lib/python3.10/site-packages/oslo_concurrency/processutils.py:440}}
Apr 13 17:22:24 devstack sudo[83079]: quobyte : PWD=/ ; USER=root ; COMMAND=/opt/stack/data/venv/bin/cinder-rootwrap /etc/cinder/rootwrap.conf qemu-img rebase -u -b volume-db87b3b8-1ce8-4d96-b4a6-57a5d032cffb -F qcow2 /opt/stack/data/cinder/mnt/abf89dba61bd2df9e42921b6f1fb7686/volume-db87b3b8-1ce8-4d96-b4a6-57a5d032cffb.c6b74281-9f6c-4b9d-93dc-c319e2f17748
Apr 13 17:22:24 devstack sudo[83079]: pam_unix(sudo:session): session opened for user root(uid=0) by (uid=1000)
Apr 13 17:22:24 devstack cinder-volume[81998]: DEBUG oslo_concurrency.lockutils [None req-24b51e5c-5c02-4f83-b678-a34a3148f4cc tempest-GroupSnapshotsTest-776228881 None] Acquiring lock "quobyte" by "cinder.volume.drivers.quobyte.QuobyteDriver.create_volume_from_snapshot" {{(pid=81998) inner /opt/stack/data/venv/lib/python3.10/site-packages/oslo_concurrency/lockutils.py:506}}
Apr 13 17:22:24 devstack sudo[83079]: pam_unix(sudo:session): session closed for user root
Apr 13 17:22:24 devstack cinder-volume[81998]: DEBUG oslo_concurrency.processutils [None req-92e4d880-7436-4313-9a5b-dedb370bbaf0 tempest-GroupsV314Test-1721213561 None] CMD "sudo cinder-rootwrap /etc/cinder/rootwrap.conf qemu-img rebase -u -b volume-db87b3b8-1ce8-4d96-b4a6-57a5d032cffb -F qcow2 /opt/stack/data/cinder/mnt/abf89dba61bd2df9e42921b6f1fb7686/volume-db87b3b8-1ce8-4d96-b4a6-57a5d032cffb.c6b74281-9f6c-4b9d-93dc-c319e2f17748" returned: 0 in 0.515s {{(pid=81998) execute /opt/stack/data/venv/lib/python3.10/site-packages/oslo_concurrency/processutils.py:468}}
Apr 13 17:22:24 devstack cinder-volume[81998]: WARNING cinder.volume.drivers.remotefs [None req-92e4d880-7436-4313-9a5b-dedb370bbaf0 tempest-GroupsV314Test-1721213561 None] /opt/stack/data/cinder/mnt/abf89dba61bd2df9e42921b6f1fb7686/volume-db87b3b8-1ce8-4d96-b4a6-57a5d032cffb.c6b74281-9f6c-4b9d-93dc-c319e2f17748 is being set with open permissions: ugo+rw: NotImplementedError
Apr 13 17:22:24 devstack cinder-volume[81998]: DEBUG oslo_concurrency.processutils [None req-92e4d880-7436-4313-9a5b-dedb370bbaf0 tempest-GroupsV314Test-1721213561 None] Running cmd (subprocess): sudo cinder-rootwrap /etc/cinder/rootwrap.conf chmod ugo+rw /opt/stack/data/cinder/mnt/abf89dba61bd2df9e42921b6f1fb7686/volume-db87b3b8-1ce8-4d96-b4a6-57a5d032cffb.c6b74281-9f6c-4b9d-93dc-c319e2f17748 {{(pid=81998) execute /opt/stack/data/venv/lib/python3.10/site-packages/oslo_concurrency/processutils.py:440}}
Apr 13 17:22:24 devstack sudo[83084]: quobyte : PWD=/ ; USER=root ; COMMAND=/opt/stack/data/venv/bin/cinder-rootwrap /etc/cinder/rootwrap.conf chmod ugo+rw /opt/stack/data/cinder/mnt/abf89dba61bd2df9e42921b6f1fb7686/volume-db87b3b8-1ce8-4d96-b4a6-57a5d032cffb.c6b74281-9f6c-4b9d-93dc-c319e2f17748
Apr 13 17:22:24 devstack sudo[83084]: pam_unix(sudo:session): session opened for user root(uid=0) by (uid=1000)
Apr 13 17:22:25 devstack sudo[83084]: pam_unix(sudo:session): session closed for user root
Apr 13 17:22:25 devstack cinder-volume[81998]: DEBUG oslo_concurrency.processutils [None req-92e4d880-7436-4313-9a5b-dedb370bbaf0 tempest-GroupsV314Test-1721213561 None] CMD "sudo cinder-rootwrap /etc/cinder/rootwrap.conf chmod ugo+rw /opt/stack/data/cinder/mnt/abf89dba61bd2df9e42921b6f1fb7686/volume-db87b3b8-1ce8-4d96-b4a6-57a5d032cffb.c6b74281-9f6c-4b9d-93dc-c319e2f17748" returned: 0 in 0.568s {{(pid=81998) execute /opt/stack/data/venv/lib/python3.10/site-packages/oslo_concurrency/processutils.py:468}}
Apr 13 17:22:25 devstack cinder-volume[81998]: DEBUG oslo_concurrency.processutils [None req-92e4d880-7436-4313-9a5b-dedb370bbaf0 tempest-GroupsV314Test-1721213561 None] Running cmd (subprocess): sudo cinder-rootwrap /etc/cinder/rootwrap.conf truncate -s0 /opt/stack/data/cinder/mnt/abf89dba61bd2df9e42921b6f1fb7686/volume-db87b3b8-1ce8-4d96-b4a6-57a5d032cffb.info {{(pid=81998) execute /opt/stack/data/venv/lib/python3.10/site-packages/oslo_concurrency/processutils.py:440}}
Apr 13 17:22:25 devstack sudo[83088]: quobyte : PWD=/ ; USER=root ; COMMAND=/opt/stack/data/venv/bin/cinder-rootwrap /etc/cinder/rootwrap.conf truncate -s0 /opt/stack/data/cinder/mnt/abf89dba61bd2df9e42921b6f1fb7686/volume-db87b3b8-1ce8-4d96-b4a6-57a5d032cffb.info
Apr 13 17:22:25 devstack sudo[83088]: pam_unix(sudo:session): session opened for user root(uid=0) by (uid=1000)
Apr 13 17:22:26 devstack sudo[83088]: pam_unix(sudo:session): session closed for user root
Apr 13 17:22:26 devstack cinder-volume[81998]: DEBUG oslo_concurrency.processutils [None req-92e4d880-7436-4313-9a5b-dedb370bbaf0 tempest-GroupsV314Test-1721213561 None] CMD "sudo cinder-rootwrap /etc/cinder/rootwrap.conf truncate -s0 /opt/stack/data/cinder/mnt/abf89dba61bd2df9e42921b6f1fb7686/volume-db87b3b8-1ce8-4d96-b4a6-57a5d032cffb.info" returned: 0 in 0.510s {{(pid=81998) execute /opt/stack/data/venv/lib/python3.10/site-packages/oslo_concurrency/processutils.py:468}}
Apr 13 17:22:26 devstack cinder-volume[81998]: WARNING cinder.volume.drivers.remotefs [None req-92e4d880-7436-4313-9a5b-dedb370bbaf0 tempest-GroupsV314Test-1721213561 None] /opt/stack/data/cinder/mnt/abf89dba61bd2df9e42921b6f1fb7686/volume-db87b3b8-1ce8-4d96-b4a6-57a5d032cffb.info is being set with open permissions: ugo+rw: NotImplementedError
Apr 13 17:22:26 devstack cinder-volume[81998]: DEBUG oslo_concurrency.processutils [None req-92e4d880-7436-4313-9a5b-dedb370bbaf0 tempest-GroupsV314Test-1721213561 None] Running cmd (subprocess): sudo cinder-rootwrap /etc/cinder/rootwrap.conf chmod ugo+rw /opt/stack/data/cinder/mnt/abf89dba61bd2df9e42921b6f1fb7686/volume-db87b3b8-1ce8-4d96-b4a6-57a5d032cffb.info {{(pid=81998) execute /opt/stack/data/venv/lib/python3.10/site-packages/oslo_concurrency/processutils.py:440}}
Apr 13 17:22:26 devstack sudo[83091]: quobyte : PWD=/ ; USER=root ; COMMAND=/opt/stack/data/venv/bin/cinder-rootwrap /etc/cinder/rootwrap.conf chmod ugo+rw /opt/stack/data/cinder/mnt/abf89dba61bd2df9e42921b6f1fb7686/volume-db87b3b8-1ce8-4d96-b4a6-57a5d032cffb.info
Apr 13 17:22:26 devstack sudo[83091]: pam_unix(sudo:session): session opened for user root(uid=0) by (uid=1000)
Apr 13 17:22:26 devstack sudo[83091]: pam_unix(sudo:session): session closed for user root
Apr 13 17:22:26 devstack cinder-volume[81998]: DEBUG oslo_concurrency.processutils [None req-92e4d880-7436-4313-9a5b-dedb370bbaf0 tempest-GroupsV314Test-1721213561 None] CMD "sudo cinder-rootwrap /etc/cinder/rootwrap.conf chmod ugo+rw /opt/stack/data/cinder/mnt/abf89dba61bd2df9e42921b6f1fb7686/volume-db87b3b8-1ce8-4d96-b4a6-57a5d032cffb.info" returned: 0 in 0.464s {{(pid=81998) execute /opt/stack/data/venv/lib/python3.10/site-packages/oslo_concurrency/processutils.py:468}}
Apr 13 17:22:26 devstack cinder-volume[81998]: DEBUG cinder.coordination [None req-92e4d880-7436-4313-9a5b-dedb370bbaf0 tempest-GroupsV314Test-1721213561 None] Acquiring lock "cinder-quobyte-beb76ab6-c9ba-466a-9ea5-8ce3e8e7dd8b" by "_copy_volume_from_snapshot" {{(pid=81998) __acquire /opt/stack/cinder/cinder/coordination.py:138}}
Apr 13 17:22:26 devstack cinder-volume[81998]: DEBUG cinder.coordination [None req-92e4d880-7436-4313-9a5b-dedb370bbaf0 tempest-GroupsV314Test-1721213561 None] Lock "cinder-quobyte-beb76ab6-c9ba-466a-9ea5-8ce3e8e7dd8b" acquired by "_copy_volume_from_snapshot" :: waited 0.017s {{(pid=81998) __acquire /opt/stack/cinder/cinder/coordination.py:141}}
Apr 13 17:22:26 devstack cinder-volume[81998]: DEBUG cinder.volume.drivers.quobyte [None req-92e4d880-7436-4313-9a5b-dedb370bbaf0 tempest-GroupsV314Test-1721213561 None] snapshot: c6b74281-9f6c-4b9d-93dc-c319e2f17748, volume: beb76ab6-c9ba-466a-9ea5-8ce3e8e7dd8b, {{(pid=81998) _copy_volume_from_snapshot /opt/stack/cinder/cinder/volume/drivers/quobyte.py:401}}
Apr 13 17:22:26 devstack cinder-volume[81998]: DEBUG oslo_concurrency.lockutils [None req-92e4d880-7436-4313-9a5b-dedb370bbaf0 tempest-GroupsV314Test-1721213561 None] Acquiring lock "quobyte_ensure" by "cinder.volume.drivers.quobyte.QuobyteDriver._ensure_shares_mounted" {{(pid=81998) inner /opt/stack/data/venv/lib/python3.10/site-packages/oslo_concurrency/lockutils.py:506}}
Apr 13 17:22:26 devstack cinder-volume[81998]: DEBUG oslo_concurrency.lockutils [None req-92e4d880-7436-4313-9a5b-dedb370bbaf0 tempest-GroupsV314Test-1721213561 None] Lock "quobyte_ensure" acquired by "cinder.volume.drivers.quobyte.QuobyteDriver._ensure_shares_mounted" :: waited 0.000s {{(pid=81998) inner /opt/stack/data/venv/lib/python3.10/site-packages/oslo_concurrency/lockutils.py:519}}
Apr 13 17:22:26 devstack cinder-volume[81998]: DEBUG cinder.volume.drivers.quobyte [None req-92e4d880-7436-4313-9a5b-dedb370bbaf0 tempest-GroupsV314Test-1721213561 None] Quobyte Volume URL set to: {'osci02.corp.quobyte.com/cinder-vol-61e04dbf-cdc8-4d6b-9095-82c24540afe6': None} {{(pid=81998) _load_shares_config /opt/stack/cinder/cinder/volume/drivers/quobyte.py:617}}
Apr 13 17:22:26 devstack cinder-volume[81998]: DEBUG cinder.volume.drivers.quobyte [None req-92e4d880-7436-4313-9a5b-dedb370bbaf0 tempest-GroupsV314Test-1721213561 None] Available shares ['osci02.corp.quobyte.com/cinder-vol-61e04dbf-cdc8-4d6b-9095-82c24540afe6'] {{(pid=81998) _ensure_shares_mounted /opt/stack/cinder/cinder/volume/drivers/quobyte.py:647}}
Apr 13 17:22:26 devstack cinder-volume[81998]: DEBUG oslo_concurrency.lockutils [None req-92e4d880-7436-4313-9a5b-dedb370bbaf0 tempest-GroupsV314Test-1721213561 None] Lock "quobyte_ensure" "released" by "cinder.volume.drivers.quobyte.QuobyteDriver._ensure_shares_mounted" :: held 0.003s {{(pid=81998) inner /opt/stack/data/venv/lib/python3.10/site-packages/oslo_concurrency/lockutils.py:538}}
Apr 13 17:22:26 devstack cinder-volume[81998]: DEBUG oslo.privsep.daemon [-] privsep: reply[3968f246-7413-4fbd-b361-947c841c12be]: (4, 'qcow2') {{(pid=82711) _call_back /opt/stack/data/venv/lib/python3.10/site-packages/oslo_privsep/daemon.py:573}}
Apr 13 17:22:26 devstack cinder-volume[81998]: DEBUG oslo_concurrency.processutils [None req-92e4d880-7436-4313-9a5b-dedb370bbaf0 tempest-GroupsV314Test-1721213561 None] Running cmd (subprocess): /opt/stack/data/venv/bin/python3.10 -m oslo_concurrency.prlimit --as=1073741824 --cpu=60 -- sudo cinder-rootwrap /etc/cinder/rootwrap.conf env LC_ALL=C qemu-img info -f qcow2 --output=json --force-share /opt/stack/data/cinder/mnt/abf89dba61bd2df9e42921b6f1fb7686/volume-db87b3b8-1ce8-4d96-b4a6-57a5d032cffb.c6b74281-9f6c-4b9d-93dc-c319e2f17748 {{(pid=81998) execute /opt/stack/data/venv/lib/python3.10/site-packages/oslo_concurrency/processutils.py:440}}
Apr 13 17:22:26 devstack sudo[83094]: quobyte : PWD=/ ; USER=root ; COMMAND=/opt/stack/data/venv/bin/cinder-rootwrap /etc/cinder/rootwrap.conf env LC_ALL=C qemu-img info -f qcow2 --output=json --force-share /opt/stack/data/cinder/mnt/abf89dba61bd2df9e42921b6f1fb7686/volume-db87b3b8-1ce8-4d96-b4a6-57a5d032cffb.c6b74281-9f6c-4b9d-93dc-c319e2f17748
Apr 13 17:22:26 devstack sudo[83094]: pam_unix(sudo:session): session opened for user root(uid=0) by (uid=1000)
Apr 13 17:22:27 devstack sudo[83094]: pam_unix(sudo:session): session closed for user root
Apr 13 17:22:27 devstack cinder-volume[81998]: DEBUG oslo_concurrency.processutils [None req-92e4d880-7436-4313-9a5b-dedb370bbaf0 tempest-GroupsV314Test-1721213561 None] CMD "/opt/stack/data/venv/bin/python3.10 -m oslo_concurrency.prlimit --as=1073741824 --cpu=60 -- sudo cinder-rootwrap /etc/cinder/rootwrap.conf env LC_ALL=C qemu-img info -f qcow2 --output=json --force-share /opt/stack/data/cinder/mnt/abf89dba61bd2df9e42921b6f1fb7686/volume-db87b3b8-1ce8-4d96-b4a6-57a5d032cffb.c6b74281-9f6c-4b9d-93dc-c319e2f17748" returned: 0 in 0.531s {{(pid=81998) execute /opt/stack/data/venv/lib/python3.10/site-packages/oslo_concurrency/processutils.py:468}}
Apr 13 17:22:27 devstack cinder-volume[81998]: DEBUG cinder.volume.drivers.remotefs [None req-92e4d880-7436-4313-9a5b-dedb370bbaf0 tempest-GroupsV314Test-1721213561 None] Fetching qemu-img info with special backing_file_template: (/opt/stack/data/cinder/mnt/[0-9a-f]+/)?(volume-db87b3b8-1ce8-4d96-b4a6-57a5d032cffb(.(tmp-snap-)?[0-9a-f-]+)?|volume_from_snapshot_cache/(tmp-snap-)?[0-9a-f-]+(.(child-|parent-)[0-9a-f-]+)?)$ {{(pid=81998) _qemu_img_info_base /opt/stack/cinder/cinder/volume/drivers/remotefs.py:896}}
Apr 13 17:22:27 devstack cinder-volume[81998]: DEBUG cinder.volume.drivers.quobyte [None req-92e4d880-7436-4313-9a5b-dedb370bbaf0 tempest-GroupsV314Test-1721213561 None] will copy from snapshot at /opt/stack/data/cinder/mnt/abf89dba61bd2df9e42921b6f1fb7686/volume-db87b3b8-1ce8-4d96-b4a6-57a5d032cffb {{(pid=81998) _copy_volume_from_snapshot /opt/stack/cinder/cinder/volume/drivers/quobyte.py:420}}
Apr 13 17:22:27 devstack cinder-volume[81998]: DEBUG cinder.volume.drivers.quobyte [None req-92e4d880-7436-4313-9a5b-dedb370bbaf0 tempest-GroupsV314Test-1721213561 None] Creating direct copy from snapshot {{(pid=81998) _copy_volume_from_snapshot /opt/stack/cinder/cinder/volume/drivers/quobyte.py:428}}
Apr 13 17:22:27 devstack cinder-volume[81998]: DEBUG oslo.privsep.daemon [-] privsep: reply[44c13240-ba24-485a-b46a-0180d770f98f]: (4, 'qcow2') {{(pid=82711) _call_back /opt/stack/data/venv/lib/python3.10/site-packages/oslo_privsep/daemon.py:573}}
Apr 13 17:22:27 devstack cinder-volume[81998]: DEBUG oslo_concurrency.processutils [None req-92e4d880-7436-4313-9a5b-dedb370bbaf0 tempest-GroupsV314Test-1721213561 None] Running cmd (subprocess): /opt/stack/data/venv/bin/python3.10 -m oslo_concurrency.prlimit --as=1073741824 --cpu=60 -- sudo cinder-rootwrap /etc/cinder/rootwrap.conf env LC_ALL=C qemu-img info -f qcow2 --output=json /opt/stack/data/cinder/mnt/abf89dba61bd2df9e42921b6f1fb7686/volume-db87b3b8-1ce8-4d96-b4a6-57a5d032cffb {{(pid=81998) execute /opt/stack/data/venv/lib/python3.10/site-packages/oslo_concurrency/processutils.py:440}}
Apr 13 17:22:27 devstack sudo[83099]: quobyte : PWD=/ ; USER=root ; COMMAND=/opt/stack/data/venv/bin/cinder-rootwrap /etc/cinder/rootwrap.conf env LC_ALL=C qemu-img info -f qcow2 --output=json /opt/stack/data/cinder/mnt/abf89dba61bd2df9e42921b6f1fb7686/volume-db87b3b8-1ce8-4d96-b4a6-57a5d032cffb
Apr 13 17:22:27 devstack sudo[83099]: pam_unix(sudo:session): session opened for user root(uid=0) by (uid=1000)
Apr 13 17:22:27 devstack sudo[83099]: pam_unix(sudo:session): session closed for user root
Apr 13 17:22:27 devstack cinder-volume[81998]: DEBUG oslo_concurrency.processutils [None req-92e4d880-7436-4313-9a5b-dedb370bbaf0 tempest-GroupsV314Test-1721213561 None] CMD "/opt/stack/data/venv/bin/python3.10 -m oslo_concurrency.prlimit --as=1073741824 --cpu=60 -- sudo cinder-rootwrap /etc/cinder/rootwrap.conf env LC_ALL=C qemu-img info -f qcow2 --output=json /opt/stack/data/cinder/mnt/abf89dba61bd2df9e42921b6f1fb7686/volume-db87b3b8-1ce8-4d96-b4a6-57a5d032cffb" returned: 0 in 0.550s {{(pid=81998) execute /opt/stack/data/venv/lib/python3.10/site-packages/oslo_concurrency/processutils.py:468}}
Apr 13 17:22:27 devstack cinder-volume[81998]: DEBUG cinder.utils [None req-92e4d880-7436-4313-9a5b-dedb370bbaf0 tempest-GroupsV314Test-1721213561 None] Path /opt/stack/data/cinder/mnt/abf89dba61bd2df9e42921b6f1fb7686/volume-beb76ab6-c9ba-466a-9ea5-8ce3e8e7dd8b not found in is_blk_device check {{(pid=81998) is_blk_device /opt/stack/cinder/cinder/utils.py:602}}
Apr 13 17:22:27 devstack cinder-volume[81998]: DEBUG oslo_concurrency.processutils [None req-92e4d880-7436-4313-9a5b-dedb370bbaf0 tempest-GroupsV314Test-1721213561 None] Running cmd (subprocess): sudo cinder-rootwrap /etc/cinder/rootwrap.conf qemu-img convert -O qcow2 /opt/stack/data/cinder/mnt/abf89dba61bd2df9e42921b6f1fb7686/volume-db87b3b8-1ce8-4d96-b4a6-57a5d032cffb /opt/stack/data/cinder/mnt/abf89dba61bd2df9e42921b6f1fb7686/volume-beb76ab6-c9ba-466a-9ea5-8ce3e8e7dd8b {{(pid=81998) execute /opt/stack/data/venv/lib/python3.10/site-packages/oslo_concurrency/processutils.py:440}}
Apr 13 17:22:27 devstack sudo[83104]: quobyte : PWD=/ ; USER=root ; COMMAND=/opt/stack/data/venv/bin/cinder-rootwrap /etc/cinder/rootwrap.conf qemu-img convert -O qcow2 /opt/stack/data/cinder/mnt/abf89dba61bd2df9e42921b6f1fb7686/volume-db87b3b8-1ce8-4d96-b4a6-57a5d032cffb /opt/stack/data/cinder/mnt/abf89dba61bd2df9e42921b6f1fb7686/volume-beb76ab6-c9ba-466a-9ea5-8ce3e8e7dd8b
Apr 13 17:22:27 devstack sudo[83104]: pam_unix(sudo:session): session opened for user root(uid=0) by (uid=1000)
Apr 13 17:22:30 devstack sudo[83104]: pam_unix(sudo:session): session closed for user root
Apr 13 17:22:30 devstack cinder-volume[81998]: DEBUG oslo_concurrency.processutils [None req-92e4d880-7436-4313-9a5b-dedb370bbaf0 tempest-GroupsV314Test-1721213561 None] CMD "sudo cinder-rootwrap /etc/cinder/rootwrap.conf qemu-img convert -O qcow2 /opt/stack/data/cinder/mnt/abf89dba61bd2df9e42921b6f1fb7686/volume-db87b3b8-1ce8-4d96-b4a6-57a5d032cffb /opt/stack/data/cinder/mnt/abf89dba61bd2df9e42921b6f1fb7686/volume-beb76ab6-c9ba-466a-9ea5-8ce3e8e7dd8b" returned: 0 in 3.345s {{(pid=81998) execute /opt/stack/data/venv/lib/python3.10/site-packages/oslo_concurrency/processutils.py:468}}
Apr 13 17:22:30 devstack cinder-volume[81998]: DEBUG oslo.privsep.daemon [-] privsep: reply[6f956507-df86-48f2-8a40-f55db2057c98]: (4, 'qcow2') {{(pid=82711) _call_back /opt/stack/data/venv/lib/python3.10/site-packages/oslo_privsep/daemon.py:573}}
Apr 13 17:22:30 devstack cinder-volume[81998]: DEBUG oslo_concurrency.processutils [None req-92e4d880-7436-4313-9a5b-dedb370bbaf0 tempest-GroupsV314Test-1721213561 None] Running cmd (subprocess): /opt/stack/data/venv/bin/python3.10 -m oslo_concurrency.prlimit --as=1073741824 --cpu=60 -- sudo cinder-rootwrap /etc/cinder/rootwrap.conf env LC_ALL=C qemu-img info -f qcow2 --output=json /opt/stack/data/cinder/mnt/abf89dba61bd2df9e42921b6f1fb7686/volume-db87b3b8-1ce8-4d96-b4a6-57a5d032cffb {{(pid=81998) execute /opt/stack/data/venv/lib/python3.10/site-packages/oslo_concurrency/processutils.py:440}}
Apr 13 17:22:31 devstack sudo[83165]: quobyte : PWD=/ ; USER=root ; COMMAND=/opt/stack/data/venv/bin/cinder-rootwrap /etc/cinder/rootwrap.conf env LC_ALL=C qemu-img info -f qcow2 --output=json /opt/stack/data/cinder/mnt/abf89dba61bd2df9e42921b6f1fb7686/volume-db87b3b8-1ce8-4d96-b4a6-57a5d032cffb
Apr 13 17:22:31 devstack sudo[83165]: pam_unix(sudo:session): session opened for user root(uid=0) by (uid=1000)
Apr 13 17:22:31 devstack sudo[83165]: pam_unix(sudo:session): session closed for user root
Apr 13 17:22:31 devstack cinder-volume[81998]: DEBUG oslo_concurrency.processutils [None req-92e4d880-7436-4313-9a5b-dedb370bbaf0 tempest-GroupsV314Test-1721213561 None] CMD "/opt/stack/data/venv/bin/python3.10 -m oslo_concurrency.prlimit --as=1073741824 --cpu=60 -- sudo cinder-rootwrap /etc/cinder/rootwrap.conf env LC_ALL=C qemu-img info -f qcow2 --output=json /opt/stack/data/cinder/mnt/abf89dba61bd2df9e42921b6f1fb7686/volume-db87b3b8-1ce8-4d96-b4a6-57a5d032cffb" returned: 0 in 0.732s {{(pid=81998) execute /opt/stack/data/venv/lib/python3.10/site-packages/oslo_concurrency/processutils.py:468}}
Apr 13 17:22:31 devstack cinder-volume[81998]: DEBUG cinder.image.image_utils [None req-92e4d880-7436-4313-9a5b-dedb370bbaf0 tempest-GroupsV314Test-1721213561 None] Image conversion details: src /opt/stack/data/cinder/mnt/abf89dba61bd2df9e42921b6f1fb7686/volume-db87b3b8-1ce8-4d96-b4a6-57a5d032cffb, size 1024.00 MB, duration 3.35 sec, destination /opt/stack/data/cinder/mnt/abf89dba61bd2df9e42921b6f1fb7686/volume-beb76ab6-c9ba-466a-9ea5-8ce3e8e7dd8b {{(pid=81998) _convert_image /opt/stack/cinder/cinder/image/image_utils.py:533}}
Apr 13 17:22:31 devstack cinder-volume[81998]: INFO cinder.image.image_utils [None req-92e4d880-7436-4313-9a5b-dedb370bbaf0 tempest-GroupsV314Test-1721213561 None] Converted 1024.00 MB image at 305.94 MB/s
Apr 13 17:22:31 devstack cinder-volume[81998]: WARNING cinder.volume.drivers.remotefs [None req-92e4d880-7436-4313-9a5b-dedb370bbaf0 tempest-GroupsV314Test-1721213561 None] /opt/stack/data/cinder/mnt/abf89dba61bd2df9e42921b6f1fb7686/volume-beb76ab6-c9ba-466a-9ea5-8ce3e8e7dd8b is being set with open permissions: ugo+rw: NotImplementedError
Apr 13 17:22:31 devstack cinder-volume[81998]: DEBUG oslo_concurrency.processutils [None req-92e4d880-7436-4313-9a5b-dedb370bbaf0 tempest-GroupsV314Test-1721213561 None] Running cmd (subprocess): sudo cinder-rootwrap /etc/cinder/rootwrap.conf chmod ugo+rw /opt/stack/data/cinder/mnt/abf89dba61bd2df9e42921b6f1fb7686/volume-beb76ab6-c9ba-466a-9ea5-8ce3e8e7dd8b {{(pid=81998) execute /opt/stack/data/venv/lib/python3.10/site-packages/oslo_concurrency/processutils.py:440}}
Apr 13 17:22:31 devstack sudo[83170]: quobyte : PWD=/ ; USER=root ; COMMAND=/opt/stack/data/venv/bin/cinder-rootwrap /etc/cinder/rootwrap.conf chmod ugo+rw /opt/stack/data/cinder/mnt/abf89dba61bd2df9e42921b6f1fb7686/volume-beb76ab6-c9ba-466a-9ea5-8ce3e8e7dd8b
Apr 13 17:22:31 devstack sudo[83170]: pam_unix(sudo:session): session opened for user root(uid=0) by (uid=1000)
Apr 13 17:22:32 devstack sudo[83170]: pam_unix(sudo:session): session closed for user root
Apr 13 17:22:32 devstack cinder-volume[81998]: DEBUG oslo_concurrency.processutils [None req-92e4d880-7436-4313-9a5b-dedb370bbaf0 tempest-GroupsV314Test-1721213561 None] CMD "sudo cinder-rootwrap /etc/cinder/rootwrap.conf chmod ugo+rw /opt/stack/data/cinder/mnt/abf89dba61bd2df9e42921b6f1fb7686/volume-beb76ab6-c9ba-466a-9ea5-8ce3e8e7dd8b" returned: 0 in 0.487s {{(pid=81998) execute /opt/stack/data/venv/lib/python3.10/site-packages/oslo_concurrency/processutils.py:468}}
Apr 13 17:22:32 devstack cinder-volume[81998]: DEBUG cinder.coordination [None req-92e4d880-7436-4313-9a5b-dedb370bbaf0 tempest-GroupsV314Test-1721213561 None] Lock "cinder-quobyte-beb76ab6-c9ba-466a-9ea5-8ce3e8e7dd8b" released by "_copy_volume_from_snapshot" :: held 5.699s {{(pid=81998) __release /opt/stack/cinder/cinder/coordination.py:152}}
Apr 13 17:22:32 devstack cinder-volume[81998]: DEBUG cinder.coordination [None req-92e4d880-7436-4313-9a5b-dedb370bbaf0 tempest-GroupsV314Test-1721213561 None] Acquiring lock "cinder-quobyte-c6b74281-9f6c-4b9d-93dc-c319e2f17748" by "_delete_snapshot" {{(pid=81998) __acquire /opt/stack/cinder/cinder/coordination.py:138}}
Apr 13 17:22:32 devstack cinder-volume[81998]: DEBUG cinder.coordination [None req-92e4d880-7436-4313-9a5b-dedb370bbaf0 tempest-GroupsV314Test-1721213561 None] Lock "cinder-quobyte-c6b74281-9f6c-4b9d-93dc-c319e2f17748" acquired by "_delete_snapshot" :: waited 0.008s {{(pid=81998) __acquire /opt/stack/cinder/cinder/coordination.py:141}}
Apr 13 17:22:32 devstack cinder-volume[81998]: DEBUG cinder.volume.drivers.remotefs [None req-92e4d880-7436-4313-9a5b-dedb370bbaf0 tempest-GroupsV314Test-1721213561 None] Deleting offline snapshot c6b74281-9f6c-4b9d-93dc-c319e2f17748 of volume db87b3b8-1ce8-4d96-b4a6-57a5d032cffb {{(pid=81998) _delete_snapshot /opt/stack/cinder/cinder/volume/drivers/remotefs.py:1288}}
Apr 13 17:22:32 devstack cinder-volume[81998]: DEBUG cinder.volume.drivers.remotefs [None req-92e4d880-7436-4313-9a5b-dedb370bbaf0 tempest-GroupsV314Test-1721213561 None] snapshot_file for this snap is: volume-db87b3b8-1ce8-4d96-b4a6-57a5d032cffb.c6b74281-9f6c-4b9d-93dc-c319e2f17748 {{(pid=81998) _delete_snapshot /opt/stack/cinder/cinder/volume/drivers/remotefs.py:1317}}
Apr 13 17:22:32 devstack cinder-volume[81998]: DEBUG oslo.privsep.daemon [-] privsep: reply[45241708-3588-4281-8829-e1a4aacc4827]: (4, 'qcow2') {{(pid=82711) _call_back /opt/stack/data/venv/lib/python3.10/site-packages/oslo_privsep/daemon.py:573}}
Apr 13 17:22:32 devstack cinder-volume[81998]: DEBUG oslo_concurrency.processutils [None req-92e4d880-7436-4313-9a5b-dedb370bbaf0 tempest-GroupsV314Test-1721213561 None] Running cmd (subprocess): /opt/stack/data/venv/bin/python3.10 -m oslo_concurrency.prlimit --as=1073741824 --cpu=60 -- sudo cinder-rootwrap /etc/cinder/rootwrap.conf env LC_ALL=C qemu-img info -f qcow2 --output=json --force-share /opt/stack/data/cinder/mnt/abf89dba61bd2df9e42921b6f1fb7686/volume-db87b3b8-1ce8-4d96-b4a6-57a5d032cffb.c6b74281-9f6c-4b9d-93dc-c319e2f17748 {{(pid=81998) execute /opt/stack/data/venv/lib/python3.10/site-packages/oslo_concurrency/processutils.py:440}}
Apr 13 17:22:32 devstack sudo[83179]: quobyte : PWD=/ ; USER=root ; COMMAND=/opt/stack/data/venv/bin/cinder-rootwrap /etc/cinder/rootwrap.conf env LC_ALL=C qemu-img info -f qcow2 --output=json --force-share /opt/stack/data/cinder/mnt/abf89dba61bd2df9e42921b6f1fb7686/volume-db87b3b8-1ce8-4d96-b4a6-57a5d032cffb.c6b74281-9f6c-4b9d-93dc-c319e2f17748
Apr 13 17:22:32 devstack sudo[83179]: pam_unix(sudo:session): session opened for user root(uid=0) by (uid=1000)
Apr 13 17:22:32 devstack sudo[83179]: pam_unix(sudo:session): session closed for user root
Apr 13 17:22:32 devstack cinder-volume[81998]: DEBUG oslo_concurrency.processutils [None req-92e4d880-7436-4313-9a5b-dedb370bbaf0 tempest-GroupsV314Test-1721213561 None] CMD "/opt/stack/data/venv/bin/python3.10 -m oslo_concurrency.prlimit --as=1073741824 --cpu=60 -- sudo cinder-rootwrap /etc/cinder/rootwrap.conf env LC_ALL=C qemu-img info -f qcow2 --output=json --force-share /opt/stack/data/cinder/mnt/abf89dba61bd2df9e42921b6f1fb7686/volume-db87b3b8-1ce8-4d96-b4a6-57a5d032cffb.c6b74281-9f6c-4b9d-93dc-c319e2f17748" returned: 0 in 0.593s {{(pid=81998) execute /opt/stack/data/venv/lib/python3.10/site-packages/oslo_concurrency/processutils.py:468}}
Apr 13 17:22:32 devstack cinder-volume[81998]: DEBUG cinder.volume.drivers.remotefs [None req-92e4d880-7436-4313-9a5b-dedb370bbaf0 tempest-GroupsV314Test-1721213561 None] Fetching qemu-img info with special backing_file_template: (/opt/stack/data/cinder/mnt/[0-9a-f]+/)?(volume-db87b3b8-1ce8-4d96-b4a6-57a5d032cffb(.(tmp-snap-)?[0-9a-f-]+)?|volume_from_snapshot_cache/(tmp-snap-)?[0-9a-f-]+(.(child-|parent-)[0-9a-f-]+)?)$ {{(pid=81998) _qemu_img_info_base /opt/stack/cinder/cinder/volume/drivers/remotefs.py:896}}
Apr 13 17:22:32 devstack cinder-volume[81998]: DEBUG oslo.privsep.daemon [-] privsep: reply[6dca0721-4f7d-44b9-a8b9-f63f99c5b8a0]: (4, 'qcow2') {{(pid=82711) _call_back /opt/stack/data/venv/lib/python3.10/site-packages/oslo_privsep/daemon.py:573}}
Apr 13 17:22:32 devstack cinder-volume[81998]: DEBUG oslo_concurrency.processutils [None req-92e4d880-7436-4313-9a5b-dedb370bbaf0 tempest-GroupsV314Test-1721213561 None] Running cmd (subprocess): /opt/stack/data/venv/bin/python3.10 -m oslo_concurrency.prlimit --as=1073741824 --cpu=60 -- sudo cinder-rootwrap /etc/cinder/rootwrap.conf env LC_ALL=C qemu-img info -f qcow2 --output=json --force-share /opt/stack/data/cinder/mnt/abf89dba61bd2df9e42921b6f1fb7686/volume-db87b3b8-1ce8-4d96-b4a6-57a5d032cffb {{(pid=81998) execute /opt/stack/data/venv/lib/python3.10/site-packages/oslo_concurrency/processutils.py:440}}
Apr 13 17:22:32 devstack sudo[83185]: quobyte : PWD=/ ; USER=root ; COMMAND=/opt/stack/data/venv/bin/cinder-rootwrap /etc/cinder/rootwrap.conf env LC_ALL=C qemu-img info -f qcow2 --output=json --force-share /opt/stack/data/cinder/mnt/abf89dba61bd2df9e42921b6f1fb7686/volume-db87b3b8-1ce8-4d96-b4a6-57a5d032cffb
Apr 13 17:22:32 devstack sudo[83185]: pam_unix(sudo:session): session opened for user root(uid=0) by (uid=1000)
Apr 13 17:22:33 devstack cinder-volume[81998]: DEBUG oslo_service.periodic_task [None req-f6cddc4a-76f4-4316-b45c-87c80617aba7 None None] Running periodic task VolumeManager.publish_service_capabilities {{(pid=81998) run_periodic_tasks /opt/stack/data/venv/lib/python3.10/site-packages/oslo_service/periodic_task.py:210}}
Apr 13 17:22:33 devstack cinder-volume[81998]: DEBUG oslo_concurrency.lockutils [None req-f6cddc4a-76f4-4316-b45c-87c80617aba7 None None] Acquiring lock "quobyte_ensure" by "cinder.volume.drivers.quobyte.QuobyteDriver._ensure_shares_mounted" {{(pid=81998) inner /opt/stack/data/venv/lib/python3.10/site-packages/oslo_concurrency/lockutils.py:506}}
Apr 13 17:22:33 devstack cinder-volume[81998]: DEBUG oslo_concurrency.lockutils [None req-f6cddc4a-76f4-4316-b45c-87c80617aba7 None None] Lock "quobyte_ensure" acquired by "cinder.volume.drivers.quobyte.QuobyteDriver._ensure_shares_mounted" :: waited 0.001s {{(pid=81998) inner /opt/stack/data/venv/lib/python3.10/site-packages/oslo_concurrency/lockutils.py:519}}
Apr 13 17:22:33 devstack cinder-volume[81998]: DEBUG cinder.volume.drivers.quobyte [None req-f6cddc4a-76f4-4316-b45c-87c80617aba7 None None] Quobyte Volume URL set to: {'osci02.corp.quobyte.com/cinder-vol-61e04dbf-cdc8-4d6b-9095-82c24540afe6': None} {{(pid=81998) _load_shares_config /opt/stack/cinder/cinder/volume/drivers/quobyte.py:617}}
Apr 13 17:22:33 devstack cinder-volume[81998]: DEBUG cinder.volume.drivers.quobyte [None req-f6cddc4a-76f4-4316-b45c-87c80617aba7 None None] Available shares ['osci02.corp.quobyte.com/cinder-vol-61e04dbf-cdc8-4d6b-9095-82c24540afe6'] {{(pid=81998) _ensure_shares_mounted /opt/stack/cinder/cinder/volume/drivers/quobyte.py:647}}
Apr 13 17:22:33 devstack cinder-volume[81998]: DEBUG oslo_concurrency.lockutils [None req-f6cddc4a-76f4-4316-b45c-87c80617aba7 None None] Lock "quobyte_ensure" "released" by "cinder.volume.drivers.quobyte.QuobyteDriver._ensure_shares_mounted" :: held 0.006s {{(pid=81998) inner /opt/stack/data/venv/lib/python3.10/site-packages/oslo_concurrency/lockutils.py:538}}
Apr 13 17:22:33 devstack cinder-volume[81998]: DEBUG oslo_concurrency.processutils [None req-f6cddc4a-76f4-4316-b45c-87c80617aba7 None None] Running cmd (subprocess): sudo cinder-rootwrap /etc/cinder/rootwrap.conf df --portability --block-size 1 /opt/stack/data/cinder/mnt/abf89dba61bd2df9e42921b6f1fb7686 {{(pid=81998) execute /opt/stack/data/venv/lib/python3.10/site-packages/oslo_concurrency/processutils.py:440}}
Apr 13 17:22:33 devstack sudo[83191]: quobyte : PWD=/ ; USER=root ; COMMAND=/opt/stack/data/venv/bin/cinder-rootwrap /etc/cinder/rootwrap.conf df --portability --block-size 1 /opt/stack/data/cinder/mnt/abf89dba61bd2df9e42921b6f1fb7686
Apr 13 17:22:33 devstack sudo[83191]: pam_unix(sudo:session): session opened for user root(uid=0) by (uid=1000)
Apr 13 17:22:33 devstack sudo[83185]: pam_unix(sudo:session): session closed for user root
Apr 13 17:22:33 devstack cinder-volume[81998]: DEBUG oslo_concurrency.processutils [None req-92e4d880-7436-4313-9a5b-dedb370bbaf0 tempest-GroupsV314Test-1721213561 None] CMD "/opt/stack/data/venv/bin/python3.10 -m oslo_concurrency.prlimit --as=1073741824 --cpu=60 -- sudo cinder-rootwrap /etc/cinder/rootwrap.conf env LC_ALL=C qemu-img info -f qcow2 --output=json --force-share /opt/stack/data/cinder/mnt/abf89dba61bd2df9e42921b6f1fb7686/volume-db87b3b8-1ce8-4d96-b4a6-57a5d032cffb" returned: 0 in 0.768s {{(pid=81998) execute /opt/stack/data/venv/lib/python3.10/site-packages/oslo_concurrency/processutils.py:468}}
Apr 13 17:22:33 devstack cinder-volume[81998]: DEBUG oslo_concurrency.processutils [None req-92e4d880-7436-4313-9a5b-dedb370bbaf0 tempest-GroupsV314Test-1721213561 None] Running cmd (subprocess): sudo cinder-rootwrap /etc/cinder/rootwrap.conf qemu-img commit -d /opt/stack/data/cinder/mnt/abf89dba61bd2df9e42921b6f1fb7686/volume-db87b3b8-1ce8-4d96-b4a6-57a5d032cffb.c6b74281-9f6c-4b9d-93dc-c319e2f17748 {{(pid=81998) execute /opt/stack/data/venv/lib/python3.10/site-packages/oslo_concurrency/processutils.py:440}}
Apr 13 17:22:33 devstack sudo[83193]: quobyte : PWD=/ ; USER=root ; COMMAND=/opt/stack/data/venv/bin/cinder-rootwrap /etc/cinder/rootwrap.conf qemu-img commit -d /opt/stack/data/cinder/mnt/abf89dba61bd2df9e42921b6f1fb7686/volume-db87b3b8-1ce8-4d96-b4a6-57a5d032cffb.c6b74281-9f6c-4b9d-93dc-c319e2f17748
Apr 13 17:22:33 devstack sudo[83193]: pam_unix(sudo:session): session opened for user root(uid=0) by (uid=1000)
Apr 13 17:22:34 devstack sudo[83191]: pam_unix(sudo:session): session closed for user root
Apr 13 17:22:34 devstack cinder-volume[81998]: DEBUG oslo_concurrency.processutils [None req-f6cddc4a-76f4-4316-b45c-87c80617aba7 None None] CMD "sudo cinder-rootwrap /etc/cinder/rootwrap.conf df --portability --block-size 1 /opt/stack/data/cinder/mnt/abf89dba61bd2df9e42921b6f1fb7686" returned: 0 in 0.635s {{(pid=81998) execute /opt/stack/data/venv/lib/python3.10/site-packages/oslo_concurrency/processutils.py:468}}
Apr 13 17:22:34 devstack cinder-volume[81998]: DEBUG cinder.manager [None req-f6cddc4a-76f4-4316-b45c-87c80617aba7 None None] Notifying Schedulers of capabilities ... {{(pid=81998) _publish_service_capabilities /opt/stack/cinder/cinder/manager.py:202}}
Apr 13 17:22:34 devstack sudo[83193]: pam_unix(sudo:session): session closed for user root
