Jul 06 13:10:00 devstack devstack@g-api.service[76324]: DEBUG glance.common.config [None req-91bde1b4-ebdb-4210-ae6e-3cea583679cd None None] barbican_service_user.keyfile = None {{(pid=76324) log_opt_values /opt/stack/data/venv/lib/python3.12/site-packages/oslo_config/cfg.py:3253}}
Jul 06 13:10:00 devstack devstack@g-api.service[76324]: DEBUG glance.common.config [None req-91bde1b4-ebdb-4210-ae6e-3cea583679cd None None] barbican_service_user.split_loggers = False {{(pid=76324) log_opt_values /opt/stack/data/venv/lib/python3.12/site-packages/oslo_config/cfg.py:3253}}
Jul 06 13:10:00 devstack devstack@g-api.service[76324]: DEBUG glance.common.config [None req-91bde1b4-ebdb-4210-ae6e-3cea583679cd None None] barbican_service_user.timeout = None {{(pid=76324) log_opt_values /opt/stack/data/venv/lib/python3.12/site-packages/oslo_config/cfg.py:3253}}
Jul 06 13:10:00 devstack devstack@g-api.service[76324]: DEBUG glance.common.config [None req-91bde1b4-ebdb-4210-ae6e-3cea583679cd None None] database.asyncio_connection = **** {{(pid=76324) log_opt_values /opt/stack/data/venv/lib/python3.12/site-packages/oslo_config/cfg.py:3253}}
Jul 06 13:10:00 devstack devstack@g-api.service[76324]: DEBUG glance.common.config [None req-91bde1b4-ebdb-4210-ae6e-3cea583679cd None None] database.asyncio_slave_connection = **** {{(pid=76324) log_opt_values /opt/stack/data/venv/lib/python3.12/site-packages/oslo_config/cfg.py:3253}}
Jul 06 13:10:00 devstack devstack@g-api.service[76324]: DEBUG glance.common.config [None req-91bde1b4-ebdb-4210-ae6e-3cea583679cd None None] database.backend = sqlalchemy {{(pid=76324) log_opt_values /opt/stack/data/venv/lib/python3.12/site-packages/oslo_config/cfg.py:3253}}
Jul 06 13:10:00 devstack devstack@g-api.service[76324]: DEBUG glance.common.config [None req-91bde1b4-ebdb-4210-ae6e-3cea583679cd None None] database.connection = **** {{(pid=76324) log_opt_values /opt/stack/data/venv/lib/python3.12/site-packages/oslo_config/cfg.py:3253}}
Jul 06 13:10:00 devstack devstack@g-api.service[76324]: DEBUG glance.common.config [None req-91bde1b4-ebdb-4210-ae6e-3cea583679cd None None] database.connection_debug = 0 {{(pid=76324) log_opt_values /opt/stack/data/venv/lib/python3.12/site-packages/oslo_config/cfg.py:3253}}
Jul 06 13:10:00 devstack devstack@g-api.service[76324]: DEBUG glance.common.config [None req-91bde1b4-ebdb-4210-ae6e-3cea583679cd None None] database.connection_parameters = {{(pid=76324) log_opt_values /opt/stack/data/venv/lib/python3.12/site-packages/oslo_config/cfg.py:3253}}
Jul 06 13:10:00 devstack devstack@g-api.service[76324]: DEBUG glance.common.config [None req-91bde1b4-ebdb-4210-ae6e-3cea583679cd None None] database.connection_recycle_time = 3600 {{(pid=76324) log_opt_values /opt/stack/data/venv/lib/python3.12/site-packages/oslo_config/cfg.py:3253}}
Jul 06 13:10:00 devstack devstack@g-api.service[76324]: DEBUG glance.common.config [None req-91bde1b4-ebdb-4210-ae6e-3cea583679cd None None] database.connection_trace = False {{(pid=76324) log_opt_values /opt/stack/data/venv/lib/python3.12/site-packages/oslo_config/cfg.py:3253}}
Jul 06 13:10:00 devstack devstack@g-api.service[76324]: DEBUG glance.common.config [None req-91bde1b4-ebdb-4210-ae6e-3cea583679cd None None] database.db_inc_retry_interval = True {{(pid=76324) log_opt_values /opt/stack/data/venv/lib/python3.12/site-packages/oslo_config/cfg.py:3253}}
Jul 06 13:10:00 devstack devstack@g-api.service[76324]: DEBUG glance.common.config [None req-91bde1b4-ebdb-4210-ae6e-3cea583679cd None None] database.db_max_retries = 20 {{(pid=76324) log_opt_values /opt/stack/data/venv/lib/python3.12/site-packages/oslo_config/cfg.py:3253}}
Jul 06 13:10:00 devstack devstack@g-api.service[76324]: DEBUG glance.common.config [None req-91bde1b4-ebdb-4210-ae6e-3cea583679cd None None] database.db_max_retry_interval = 10 {{(pid=76324) log_opt_values /opt/stack/data/venv/lib/python3.12/site-packages/oslo_config/cfg.py:3253}}
Jul 06 13:10:00 devstack devstack@g-api.service[76324]: DEBUG glance.common.config [None req-91bde1b4-ebdb-4210-ae6e-3cea583679cd None None] database.db_retry_interval = 1 {{(pid=76324) log_opt_values /opt/stack/data/venv/lib/python3.12/site-packages/oslo_config/cfg.py:3253}}
Jul 06 13:10:00 devstack devstack@g-api.service[76324]: DEBUG glance.common.config [None req-91bde1b4-ebdb-4210-ae6e-3cea583679cd None None] database.max_overflow = 50 {{(pid=76324) log_opt_values /opt/stack/data/venv/lib/python3.12/site-packages/oslo_config/cfg.py:3253}}
Jul 06 13:10:00 devstack devstack@g-api.service[76324]: DEBUG glance.common.config [None req-91bde1b4-ebdb-4210-ae6e-3cea583679cd None None] database.max_pool_size = 5 {{(pid=76324) log_opt_values /opt/stack/data/venv/lib/python3.12/site-packages/oslo_config/cfg.py:3253}}
Jul 06 13:10:00 devstack devstack@g-api.service[76324]: DEBUG glance.common.config [None req-91bde1b4-ebdb-4210-ae6e-3cea583679cd None None] database.max_retries = 10 {{(pid=76324) log_opt_values /opt/stack/data/venv/lib/python3.12/site-packages/oslo_config/cfg.py:3253}}
Jul 06 13:10:00 devstack devstack@g-api.service[76324]: DEBUG glance.common.config [None req-91bde1b4-ebdb-4210-ae6e-3cea583679cd None None] database.mysql_sql_mode = TRADITIONAL {{(pid=76324) log_opt_values /opt/stack/data/venv/lib/python3.12/site-packages/oslo_config/cfg.py:3253}}
Jul 06 13:10:00 devstack devstack@g-api.service[76324]: DEBUG glance.common.config [None req-91bde1b4-ebdb-4210-ae6e-3cea583679cd None None] database.mysql_wsrep_sync_wait = None {{(pid=76324) log_opt_values /opt/stack/data/venv/lib/python3.12/site-packages/oslo_config/cfg.py:3253}}
Jul 06 13:10:00 devstack devstack@g-api.service[76324]: DEBUG glance.common.config [None req-91bde1b4-ebdb-4210-ae6e-3cea583679cd None None] database.pool_timeout = None {{(pid=76324) log_opt_values /opt/stack/data/venv/lib/python3.12/site-packages/oslo_config/cfg.py:3253}}
Jul 06 13:10:00 devstack devstack@g-api.service[76324]: DEBUG glance.common.config [None req-91bde1b4-ebdb-4210-ae6e-3cea583679cd None None] database.retry_interval = 10 {{(pid=76324) log_opt_values /opt/stack/data/venv/lib/python3.12/site-packages/oslo_config/cfg.py:3253}}
Jul 06 13:10:00 devstack devstack@g-api.service[76324]: DEBUG glance.common.config [None req-91bde1b4-ebdb-4210-ae6e-3cea583679cd None None] database.slave_connection = **** {{(pid=76324) log_opt_values /opt/stack/data/venv/lib/python3.12/site-packages/oslo_config/cfg.py:3253}}
Jul 06 13:10:00 devstack devstack@g-api.service[76324]: DEBUG glance.common.config [None req-91bde1b4-ebdb-4210-ae6e-3cea583679cd None None] database.sqlite_synchronous = True {{(pid=76324) log_opt_values /opt/stack/data/venv/lib/python3.12/site-packages/oslo_config/cfg.py:3253}}
Jul 06 13:10:00 devstack devstack@g-api.service[76324]: DEBUG glance.common.config [None req-91bde1b4-ebdb-4210-ae6e-3cea583679cd None None] database.synchronous_reader = True {{(pid=76324) log_opt_values /opt/stack/data/venv/lib/python3.12/site-packages/oslo_config/cfg.py:3253}}
Jul 06 13:10:00 devstack devstack@g-api.service[76324]: DEBUG glance.common.config [None req-91bde1b4-ebdb-4210-ae6e-3cea583679cd None None] database.use_db_reconnect = False {{(pid=76324) log_opt_values /opt/stack/data/venv/lib/python3.12/site-packages/oslo_config/cfg.py:3253}}
Jul 06 13:10:00 devstack devstack@g-api.service[76324]: DEBUG glance.common.config [None req-91bde1b4-ebdb-4210-ae6e-3cea583679cd None None] healthcheck.allowed_source_ranges = [] {{(pid=76324) log_opt_values /opt/stack/data/venv/lib/python3.12/site-packages/oslo_config/cfg.py:3253}}
Jul 06 13:10:00 devstack devstack@g-api.service[76324]: DEBUG glance.common.config [None req-91bde1b4-ebdb-4210-ae6e-3cea583679cd None None] healthcheck.backends = ['disable_by_file'] {{(pid=76324) log_opt_values /opt/stack/data/venv/lib/python3.12/site-packages/oslo_config/cfg.py:3253}}
Jul 06 13:10:00 devstack devstack@g-api.service[76324]: DEBUG glance.common.config [None req-91bde1b4-ebdb-4210-ae6e-3cea583679cd None None] healthcheck.detailed = False {{(pid=76324) log_opt_values /opt/stack/data/venv/lib/python3.12/site-packages/oslo_config/cfg.py:3253}}
Jul 06 13:10:00 devstack devstack@g-api.service[76324]: DEBUG glance.common.config [None req-91bde1b4-ebdb-4210-ae6e-3cea583679cd None None] healthcheck.disable_by_file_path = None {{(pid=76324) log_opt_values /opt/stack/data/venv/lib/python3.12/site-packages/oslo_config/cfg.py:3253}}
Jul 06 13:10:00 devstack devstack@g-api.service[76324]: DEBUG glance.common.config [None req-91bde1b4-ebdb-4210-ae6e-3cea583679cd None None] healthcheck.ignore_proxied_requests = False {{(pid=76324) log_opt_values /opt/stack/data/venv/lib/python3.12/site-packages/oslo_config/cfg.py:3253}}
Jul 06 13:10:00 devstack devstack@g-api.service[76324]: DEBUG glance.common.config [None req-91bde1b4-ebdb-4210-ae6e-3cea583679cd None None] ******************************************************************************** {{(pid=76324) log_opt_values /opt/stack/data/venv/lib/python3.12/site-packages/oslo_config/cfg.py:3260}}
Jul 06 13:10:00 devstack devstack@g-api.service[76324]: WSGI app 0 (mountpoint='') ready in 6 seconds on interpreter 0x73d47eea3668 pid: 76324 (default app)
Jul 06 13:10:04 devstack devstack@g-api.service[76325]: DEBUG glance.api.middleware.version_negotiation [None req-4c53efb3-8c8d-4283-be5c-08ab07d0c768 None None] Determining version of request: GET / Accept: application/json {{(pid=76325) process_request /opt/stack/glance/glance/api/middleware/version_negotiation.py:44}}
Jul 06 13:10:04 devstack devstack@g-api.service[76325]: DEBUG glance.api.middleware.version_negotiation [None req-4c53efb3-8c8d-4283-be5c-08ab07d0c768 None None] Using url versioning {{(pid=76325) process_request /opt/stack/glance/glance/api/middleware/version_negotiation.py:57}}
Jul 06 13:10:04 devstack devstack@g-api.service[76325]: DEBUG glance.api.middleware.version_negotiation [None req-4c53efb3-8c8d-4283-be5c-08ab07d0c768 None None] Unknown version. Returning version choices. {{(pid=76325) process_request /opt/stack/glance/glance/api/middleware/version_negotiation.py:64}}
Jul 06 13:10:04 devstack devstack@g-api.service[76325]: [pid: 76325|app: 0|req: 2/2] 127.0.0.1 () {34 vars in 519 bytes} [Mon Jul 6 13:10:04 2026] GET / => generated 1571 bytes in 2 msecs (HTTP/1.1 300) 3 headers in 106 bytes (1 switches on core 0)
Jul 06 13:10:04 devstack devstack@g-api.service[76324]: DEBUG glance.api.middleware.version_negotiation [None req-91bde1b4-ebdb-4210-ae6e-3cea583679cd None None] Determining version of request: POST /v2/images Accept: */* {{(pid=76324) process_request /opt/stack/glance/glance/api/middleware/version_negotiation.py:44}}
Jul 06 13:10:04 devstack devstack@g-api.service[76324]: DEBUG glance.api.middleware.version_negotiation [None req-91bde1b4-ebdb-4210-ae6e-3cea583679cd None None] Using url versioning {{(pid=76324) process_request /opt/stack/glance/glance/api/middleware/version_negotiation.py:57}}
Jul 06 13:10:04 devstack devstack@g-api.service[76324]: DEBUG glance.api.middleware.version_negotiation [None req-91bde1b4-ebdb-4210-ae6e-3cea583679cd None None] Matched version: v2 {{(pid=76324) process_request /opt/stack/glance/glance/api/middleware/version_negotiation.py:69}}
Jul 06 13:10:04 devstack devstack@g-api.service[76324]: DEBUG glance.api.middleware.version_negotiation [None req-91bde1b4-ebdb-4210-ae6e-3cea583679cd None None] new path /v2/images {{(pid=76324) process_request /opt/stack/glance/glance/api/middleware/version_negotiation.py:70}}
Jul 06 13:10:05 devstack devstack@g-api.service[76324]: [pid: 76324|app: 0|req: 1/3] 127.0.0.1 () {40 vars in 782 bytes} [Mon Jul 6 13:10:04 2026] POST /v2/images => generated 807 bytes in 1375 msecs (HTTP/1.1 201) 6 headers in 314 bytes (1 switches on core 0)
Jul 06 13:10:05 devstack devstack@g-api.service[76325]: DEBUG glance.api.middleware.version_negotiation [None req-4c53efb3-8c8d-4283-be5c-08ab07d0c768 None None] Determining version of request: PUT /v2/images/5accfc22-7cac-4370-846d-07a9c8ee1607/file Accept: {{(pid=76325) process_request /opt/stack/glance/glance/api/middleware/version_negotiation.py:44}}
Jul 06 13:10:05 devstack devstack@g-api.service[76325]: DEBUG glance.api.middleware.version_negotiation [None req-4c53efb3-8c8d-4283-be5c-08ab07d0c768 None None] Using url versioning {{(pid=76325) process_request /opt/stack/glance/glance/api/middleware/version_negotiation.py:57}}
Jul 06 13:10:05 devstack devstack@g-api.service[76325]: DEBUG glance.api.middleware.version_negotiation [None req-4c53efb3-8c8d-4283-be5c-08ab07d0c768 None None] Matched version: v2 {{(pid=76325) process_request /opt/stack/glance/glance/api/middleware/version_negotiation.py:69}}
Jul 06 13:10:05 devstack devstack@g-api.service[76325]: DEBUG glance.api.middleware.version_negotiation [None req-4c53efb3-8c8d-4283-be5c-08ab07d0c768 None None] new path /v2/images/5accfc22-7cac-4370-846d-07a9c8ee1607/file {{(pid=76325) process_request /opt/stack/glance/glance/api/middleware/version_negotiation.py:70}}
Jul 06 13:10:06 devstack devstack@g-api.service[76325]: INFO glance.api.v2.image_data [None req-3a53856d-e75f-471c-a3fb-9144bc96f0fe admin admin] Unable to create trust: no such option collect_timing in group [keystone_authtoken] Use the existing user token.
Jul 06 13:10:07 devstack devstack@g-api.service[76325]: DEBUG glance.location [None req-3a53856d-e75f-471c-a3fb-9144bc96f0fe admin admin] Enabling in-flight format inspection for qcow2 {{(pid=76325) set_data /opt/stack/glance/glance/location.py:596}}
Jul 06 13:10:07 devstack devstack@g-api.service[76325]: DEBUG oslo_utils.imageutils.format_inspector [None req-3a53856d-e75f-471c-a3fb-9144bc96f0fe admin admin] Format inspector for vmdk does not match, excluding from consideration (Signature KDMV not found: b'QFI\xfb') {{(pid=76325) _process_chunk /opt/stack/data/venv/lib/python3.12/site-packages/oslo_utils/imageutils/format_inspector.py:1758}}
Jul 06 13:10:07 devstack devstack@g-api.service[76325]: DEBUG oslo_utils.imageutils.format_inspector [None req-3a53856d-e75f-471c-a3fb-9144bc96f0fe admin admin] Format inspector for vhdx does not match, excluding from consideration (Region signature not found at 30000) {{(pid=76325) _process_chunk /opt/stack/data/venv/lib/python3.12/site-packages/oslo_utils/imageutils/format_inspector.py:1758}}
Jul 06 13:10:07 devstack devstack@g-api.service[76325]: DEBUG glance_store._drivers.filesystem [None req-3a53856d-e75f-471c-a3fb-9144bc96f0fe admin admin] Wrote 21692416 bytes to /opt/stack/data/glance/images/5accfc22-7cac-4370-846d-07a9c8ee1607 with checksum 87617e24a5e30cb3b87fda8c0764838f and multihash 9a9bce0083a00939ec17c11febbfc767aa211aaa54f51e75c5a8b271a9b5637c77205a518b7a2007cb391d23cceb01e0e4e8d64832317151bc85b734b92a7be0 {{(pid=76325) add /opt/stack/data/venv/lib/python3.12/site-packages/glance_store/_drivers/filesystem.py:899}}
Jul 06 13:10:07 devstack devstack@g-api.service[76325]: INFO glance.location [None req-3a53856d-e75f-471c-a3fb-9144bc96f0fe admin admin] Image format matched and virtual size computed: 117440512
Jul 06 13:10:07 devstack devstack@g-api.service[76325]: DEBUG glance_store.backend [None req-3a53856d-e75f-471c-a3fb-9144bc96f0fe admin admin] Skipping store.set_acls... not implemented. {{(pid=76325) set_acls /opt/stack/data/venv/lib/python3.12/site-packages/glance_store/backend.py:507}}
Jul 06 13:10:07 devstack devstack@g-api.service[76325]: [pid: 76325|app: 0|req: 3/4] 127.0.0.1 () {40 vars in 875 bytes} [Mon Jul 6 13:10:05 2026] PUT /v2/images/5accfc22-7cac-4370-846d-07a9c8ee1607/file => generated 0 bytes in 1888 msecs (HTTP/1.1 204) 4 headers in 171 bytes (1 switches on core 0)
Jul 06 13:10:07 devstack devstack@g-api.service[76324]: DEBUG glance.api.middleware.version_negotiation [None req-1c2e8e70-c124-49e2-bba3-2161837a1629 admin admin] Determining version of request: GET /v2/images/5accfc22-7cac-4370-846d-07a9c8ee1607 Accept: */* {{(pid=76324) process_request /opt/stack/glance/glance/api/middleware/version_negotiation.py:44}}
Jul 06 13:10:07 devstack devstack@g-api.service[76324]: DEBUG glance.api.middleware.version_negotiation [None req-1c2e8e70-c124-49e2-bba3-2161837a1629 admin admin] Using url versioning {{(pid=76324) process_request /opt/stack/glance/glance/api/middleware/version_negotiation.py:57}}
Jul 06 13:10:07 devstack devstack@g-api.service[76324]: DEBUG glance.api.middleware.version_negotiation [None req-1c2e8e70-c124-49e2-bba3-2161837a1629 admin admin] Matched version: v2 {{(pid=76324) process_request /opt/stack/glance/glance/api/middleware/version_negotiation.py:69}}
Jul 06 13:10:07 devstack devstack@g-api.service[76324]: DEBUG glance.api.middleware.version_negotiation [None req-1c2e8e70-c124-49e2-bba3-2161837a1629 admin admin] new path /v2/images/5accfc22-7cac-4370-846d-07a9c8ee1607 {{(pid=76324) process_request /opt/stack/glance/glance/api/middleware/version_negotiation.py:70}}
Jul 06 13:10:07 devstack devstack@g-api.service[76324]: [pid: 76324|app: 0|req: 2/5] 127.0.0.1 () {36 vars in 802 bytes} [Mon Jul 6 13:10:07 2026] GET /v2/images/5accfc22-7cac-4370-846d-07a9c8ee1607 => generated 976 bytes in 30 msecs (HTTP/1.1 200) 4 headers in 157 bytes (1 switches on core 0)
Jul 06 13:10:17 devstack devstack@g-api.service[76325]: DEBUG dbcounter [-] [76325] Writing DB stats glance:INSERT=5,glance:SELECT=16,glance:UPDATE=2 {{(pid=76325) stat_writer /opt/stack/data/venv/lib/python3.12/site-packages/dbcounter.py:115}}
Jul 06 13:10:17 devstack devstack@g-api.service[76324]: DEBUG dbcounter [-] [76324] Writing DB stats glance:INSERT=9,glance:SELECT=6 {{(pid=76324) stat_writer /opt/stack/data/venv/lib/python3.12/site-packages/dbcounter.py:115}}
Jul 06 13:10:55 devstack devstack@g-api.service[76325]: DEBUG glance.api.middleware.version_negotiation [None req-3a53856d-e75f-471c-a3fb-9144bc96f0fe admin admin] Determining version of request: GET / Accept: application/json {{(pid=76325) process_request /opt/stack/glance/glance/api/middleware/version_negotiation.py:44}}
Jul 06 13:10:55 devstack devstack@g-api.service[76325]: DEBUG glance.api.middleware.version_negotiation [None req-3a53856d-e75f-471c-a3fb-9144bc96f0fe admin admin] Using url versioning {{(pid=76325) process_request /opt/stack/glance/glance/api/middleware/version_negotiation.py:57}}
Jul 06 13:10:55 devstack devstack@g-api.service[76325]: DEBUG glance.api.middleware.version_negotiation [None req-3a53856d-e75f-471c-a3fb-9144bc96f0fe admin admin] Unknown version. Returning version choices. {{(pid=76325) process_request /opt/stack/glance/glance/api/middleware/version_negotiation.py:64}}
Jul 06 13:10:55 devstack devstack@g-api.service[76325]: [pid: 76325|app: 0|req: 4/6] 127.0.0.1 () {34 vars in 519 bytes} [Mon Jul 6 13:10:55 2026] GET / => generated 1571 bytes in 2 msecs (HTTP/1.1 300) 3 headers in 106 bytes (1 switches on core 0)
Jul 06 13:10:55 devstack devstack@g-api.service[76324]: DEBUG glance.api.middleware.version_negotiation [None req-b21c630e-bb3d-453c-80c1-49d23e8b38f9 admin admin] Determining version of request: GET /v2/images Accept: application/json {{(pid=76324) process_request /opt/stack/glance/glance/api/middleware/version_negotiation.py:44}}
Jul 06 13:10:55 devstack devstack@g-api.service[76324]: DEBUG glance.api.middleware.version_negotiation [None req-b21c630e-bb3d-453c-80c1-49d23e8b38f9 admin admin] Using url versioning {{(pid=76324) process_request /opt/stack/glance/glance/api/middleware/version_negotiation.py:57}}
Jul 06 13:10:55 devstack devstack@g-api.service[76324]: DEBUG glance.api.middleware.version_negotiation [None req-b21c630e-bb3d-453c-80c1-49d23e8b38f9 admin admin] Matched version: v2 {{(pid=76324) process_request /opt/stack/glance/glance/api/middleware/version_negotiation.py:69}}
Jul 06 13:10:55 devstack devstack@g-api.service[76324]: DEBUG glance.api.middleware.version_negotiation [None req-b21c630e-bb3d-453c-80c1-49d23e8b38f9 admin admin] new path /v2/images {{(pid=76324) process_request /opt/stack/glance/glance/api/middleware/version_negotiation.py:70}}
Jul 06 13:10:55 devstack devstack@g-api.service[76324]: [pid: 76324|app: 0|req: 3/7] 127.0.0.1 () {36 vars in 741 bytes} [Mon Jul 6 13:10:55 2026] GET /v2/images => generated 1045 bytes in 89 msecs (HTTP/1.1 200) 4 headers in 158 bytes (1 switches on core 0)
Jul 06 13:11:05 devstack devstack@g-api.service[76325]: DEBUG glance.api.middleware.version_negotiation [None req-3a53856d-e75f-471c-a3fb-9144bc96f0fe admin admin] Determining version of request: GET / Accept: application/json {{(pid=76325) process_request /opt/stack/glance/glance/api/middleware/version_negotiation.py:44}}
Jul 06 13:11:05 devstack devstack@g-api.service[76325]: DEBUG glance.api.middleware.version_negotiation [None req-3a53856d-e75f-471c-a3fb-9144bc96f0fe admin admin] Using url versioning {{(pid=76325) process_request /opt/stack/glance/glance/api/middleware/version_negotiation.py:57}}
Jul 06 13:11:05 devstack devstack@g-api.service[76325]: DEBUG glance.api.middleware.version_negotiation [None req-3a53856d-e75f-471c-a3fb-9144bc96f0fe admin admin] Unknown version. Returning version choices. {{(pid=76325) process_request /opt/stack/glance/glance/api/middleware/version_negotiation.py:64}}
Jul 06 13:11:05 devstack devstack@g-api.service[76325]: [pid: 76325|app: 0|req: 5/8] 127.0.0.1 () {34 vars in 519 bytes} [Mon Jul 6 13:11:05 2026] GET / => generated 1571 bytes in 4 msecs (HTTP/1.1 300) 3 headers in 106 bytes (1 switches on core 0)
Jul 06 13:11:05 devstack devstack@g-api.service[76324]: DEBUG glance.api.middleware.version_negotiation [None req-0605c737-eee0-4564-97c4-ac4ecfdcfb86 admin admin] Determining version of request: GET /v2/images/5accfc22-7cac-4370-846d-07a9c8ee1607 Accept: */* {{(pid=76324) process_request /opt/stack/glance/glance/api/middleware/version_negotiation.py:44}}
Jul 06 13:11:05 devstack devstack@g-api.service[76324]: DEBUG glance.api.middleware.version_negotiation [None req-0605c737-eee0-4564-97c4-ac4ecfdcfb86 admin admin] Using url versioning {{(pid=76324) process_request /opt/stack/glance/glance/api/middleware/version_negotiation.py:57}}
Jul 06 13:11:05 devstack devstack@g-api.service[76324]: DEBUG glance.api.middleware.version_negotiation [None req-0605c737-eee0-4564-97c4-ac4ecfdcfb86 admin admin] Matched version: v2 {{(pid=76324) process_request /opt/stack/glance/glance/api/middleware/version_negotiation.py:69}}
Jul 06 13:11:05 devstack devstack@g-api.service[76324]: DEBUG glance.api.middleware.version_negotiation [None req-0605c737-eee0-4564-97c4-ac4ecfdcfb86 admin admin] new path /v2/images/5accfc22-7cac-4370-846d-07a9c8ee1607 {{(pid=76324) process_request /opt/stack/glance/glance/api/middleware/version_negotiation.py:70}}
Jul 06 13:11:05 devstack devstack@g-api.service[76324]: DEBUG dbcounter [-] [76324] Writing DB stats glance:SELECT=1 {{(pid=76324) stat_writer /opt/stack/data/venv/lib/python3.12/site-packages/dbcounter.py:115}}
Jul 06 13:11:05 devstack devstack@g-api.service[76324]: [pid: 76324|app: 0|req: 4/9] 127.0.0.1 () {36 vars in 802 bytes} [Mon Jul 6 13:11:05 2026] GET /v2/images/5accfc22-7cac-4370-846d-07a9c8ee1607 => generated 976 bytes in 76 msecs (HTTP/1.1 200) 4 headers in 157 bytes (1 switches on core 0)
Jul 06 13:11:12 devstack devstack@g-api.service[76325]: DEBUG glance.api.middleware.version_negotiation [None req-3a53856d-e75f-471c-a3fb-9144bc96f0fe admin admin] Determining version of request: GET / Accept: application/json {{(pid=76325) process_request /opt/stack/glance/glance/api/middleware/version_negotiation.py:44}}
Jul 06 13:11:12 devstack devstack@g-api.service[76325]: DEBUG glance.api.middleware.version_negotiation [None req-3a53856d-e75f-471c-a3fb-9144bc96f0fe admin admin] Using url versioning {{(pid=76325) process_request /opt/stack/glance/glance/api/middleware/version_negotiation.py:57}}
Jul 06 13:11:12 devstack devstack@g-api.service[76325]: DEBUG glance.api.middleware.version_negotiation [None req-3a53856d-e75f-471c-a3fb-9144bc96f0fe admin admin] Unknown version. Returning version choices. {{(pid=76325) process_request /opt/stack/glance/glance/api/middleware/version_negotiation.py:64}}
Jul 06 13:11:12 devstack devstack@g-api.service[76325]: [pid: 76325|app: 0|req: 6/10] 127.0.0.1 () {34 vars in 519 bytes} [Mon Jul 6 13:11:12 2026] GET / => generated 1571 bytes in 4 msecs (HTTP/1.1 300) 3 headers in 106 bytes (1 switches on core 0)
Jul 06 13:11:12 devstack devstack@g-api.service[76324]: DEBUG glance.api.middleware.version_negotiation [None req-e0c59bc7-b5e9-4db9-9614-e6a2812abace admin admin] Determining version of request: GET /v2/images/5accfc22-7cac-4370-846d-07a9c8ee1607 Accept: */* {{(pid=76324) process_request /opt/stack/glance/glance/api/middleware/version_negotiation.py:44}}
Jul 06 13:11:12 devstack devstack@g-api.service[76324]: DEBUG glance.api.middleware.version_negotiation [None req-e0c59bc7-b5e9-4db9-9614-e6a2812abace admin admin] Using url versioning {{(pid=76324) process_request /opt/stack/glance/glance/api/middleware/version_negotiation.py:57}}
Jul 06 13:11:12 devstack devstack@g-api.service[76324]: DEBUG glance.api.middleware.version_negotiation [None req-e0c59bc7-b5e9-4db9-9614-e6a2812abace admin admin] Matched version: v2 {{(pid=76324) process_request /opt/stack/glance/glance/api/middleware/version_negotiation.py:69}}
Jul 06 13:11:12 devstack devstack@g-api.service[76324]: DEBUG glance.api.middleware.version_negotiation [None req-e0c59bc7-b5e9-4db9-9614-e6a2812abace admin admin] new path /v2/images/5accfc22-7cac-4370-846d-07a9c8ee1607 {{(pid=76324) process_request /opt/stack/glance/glance/api/middleware/version_negotiation.py:70}}
Jul 06 13:11:12 devstack devstack@g-api.service[76324]: [pid: 76324|app: 0|req: 5/11] 127.0.0.1 () {36 vars in 802 bytes} [Mon Jul 6 13:11:12 2026] GET /v2/images/5accfc22-7cac-4370-846d-07a9c8ee1607 => generated 976 bytes in 91 msecs (HTTP/1.1 200) 4 headers in 157 bytes (1 switches on core 0)
Jul 06 13:11:22 devstack devstack@g-api.service[76324]: DEBUG dbcounter [-] [76324] Writing DB stats glance:SELECT=4 {{(pid=76324) stat_writer /opt/stack/data/venv/lib/python3.12/site-packages/dbcounter.py:115}}
Jul 06 13:12:28 devstack devstack@g-api.service[76325]: DEBUG glance.api.middleware.version_negotiation [None req-3a53856d-e75f-471c-a3fb-9144bc96f0fe admin admin] Determining version of request: GET / Accept: application/json {{(pid=76325) process_request /opt/stack/glance/glance/api/middleware/version_negotiation.py:44}}
Jul 06 13:12:28 devstack devstack@g-api.service[76325]: DEBUG glance.api.middleware.version_negotiation [None req-3a53856d-e75f-471c-a3fb-9144bc96f0fe admin admin] Using url versioning {{(pid=76325) process_request /opt/stack/glance/glance/api/middleware/version_negotiation.py:57}}
Jul 06 13:12:28 devstack devstack@g-api.service[76325]: DEBUG glance.api.middleware.version_negotiation [None req-3a53856d-e75f-471c-a3fb-9144bc96f0fe admin admin] Unknown version. Returning version choices. {{(pid=76325) process_request /opt/stack/glance/glance/api/middleware/version_negotiation.py:64}}
Jul 06 13:12:28 devstack devstack@g-api.service[76325]: [pid: 76325|app: 0|req: 7/12] 127.0.0.1 () {36 vars in 488 bytes} [Mon Jul 6 13:12:28 2026] GET / => generated 1571 bytes in 5 msecs (HTTP/1.1 300) 3 headers in 106 bytes (1 switches on core 0)
Jul 06 13:15:21 devstack devstack@g-api.service[76324]: DEBUG glance.api.middleware.version_negotiation [None req-10f7da64-6fee-4e57-9655-49a60bce86b0 admin admin] Determining version of request: GET / Accept: application/json {{(pid=76324) process_request /opt/stack/glance/glance/api/middleware/version_negotiation.py:44}}
Jul 06 13:15:21 devstack devstack@g-api.service[76324]: DEBUG glance.api.middleware.version_negotiation [None req-10f7da64-6fee-4e57-9655-49a60bce86b0 admin admin] Using url versioning {{(pid=76324) process_request /opt/stack/glance/glance/api/middleware/version_negotiation.py:57}}
Jul 06 13:15:21 devstack devstack@g-api.service[76324]: DEBUG glance.api.middleware.version_negotiation [None req-10f7da64-6fee-4e57-9655-49a60bce86b0 admin admin] Unknown version. Returning version choices. {{(pid=76324) process_request /opt/stack/glance/glance/api/middleware/version_negotiation.py:64}}
Jul 06 13:15:21 devstack devstack@g-api.service[76324]: [pid: 76324|app: 0|req: 6/13] 127.0.0.1 () {34 vars in 505 bytes} [Mon Jul 6 13:15:21 2026] GET / => generated 1571 bytes in 3 msecs (HTTP/1.1 300) 3 headers in 106 bytes (1 switches on core 0)
Jul 06 13:15:21 devstack devstack@g-api.service[76325]: DEBUG glance.api.middleware.version_negotiation [None req-3a53856d-e75f-471c-a3fb-9144bc96f0fe admin admin] Determining version of request: GET /v2/images/5accfc22-7cac-4370-846d-07a9c8ee1607 Accept: */* {{(pid=76325) process_request /opt/stack/glance/glance/api/middleware/version_negotiation.py:44}}
Jul 06 13:15:21 devstack devstack@g-api.service[76325]: DEBUG glance.api.middleware.version_negotiation [None req-3a53856d-e75f-471c-a3fb-9144bc96f0fe admin admin] Using url versioning {{(pid=76325) process_request /opt/stack/glance/glance/api/middleware/version_negotiation.py:57}}
Jul 06 13:15:21 devstack devstack@g-api.service[76325]: DEBUG glance.api.middleware.version_negotiation [None req-3a53856d-e75f-471c-a3fb-9144bc96f0fe admin admin] Matched version: v2 {{(pid=76325) process_request /opt/stack/glance/glance/api/middleware/version_negotiation.py:69}}
Jul 06 13:15:21 devstack devstack@g-api.service[76325]: DEBUG glance.api.middleware.version_negotiation [None req-3a53856d-e75f-471c-a3fb-9144bc96f0fe admin admin] new path /v2/images/5accfc22-7cac-4370-846d-07a9c8ee1607 {{(pid=76325) process_request /opt/stack/glance/glance/api/middleware/version_negotiation.py:70}}
Jul 06 13:15:21 devstack devstack@g-api.service[76325]: [pid: 76325|app: 0|req: 8/14] 127.0.0.1 () {42 vars in 1061 bytes} [Mon Jul 6 13:15:21 2026] GET /v2/images/5accfc22-7cac-4370-846d-07a9c8ee1607 => generated 976 bytes in 76 msecs (HTTP/1.1 200) 4 headers in 157 bytes (1 switches on core 0)
Jul 06 13:15:21 devstack devstack@g-api.service[76324]: DEBUG glance.api.middleware.version_negotiation [None req-10f7da64-6fee-4e57-9655-49a60bce86b0 admin admin] Determining version of request: GET /v2/schemas/image Accept: */* {{(pid=76324) process_request /opt/stack/glance/glance/api/middleware/version_negotiation.py:44}}
Jul 06 13:15:21 devstack devstack@g-api.service[76324]: DEBUG glance.api.middleware.version_negotiation [None req-10f7da64-6fee-4e57-9655-49a60bce86b0 admin admin] Using url versioning {{(pid=76324) process_request /opt/stack/glance/glance/api/middleware/version_negotiation.py:57}}
Jul 06 13:15:21 devstack devstack@g-api.service[76324]: DEBUG glance.api.middleware.version_negotiation [None req-10f7da64-6fee-4e57-9655-49a60bce86b0 admin admin] Matched version: v2 {{(pid=76324) process_request /opt/stack/glance/glance/api/middleware/version_negotiation.py:69}}
Jul 06 13:15:21 devstack devstack@g-api.service[76324]: DEBUG glance.api.middleware.version_negotiation [None req-10f7da64-6fee-4e57-9655-49a60bce86b0 admin admin] new path /v2/schemas/image {{(pid=76324) process_request /opt/stack/glance/glance/api/middleware/version_negotiation.py:70}}
Jul 06 13:15:21 devstack devstack@g-api.service[76324]: [pid: 76324|app: 0|req: 7/15] 127.0.0.1 () {42 vars in 1001 bytes} [Mon Jul 6 13:15:21 2026] GET /v2/schemas/image => generated 6083 bytes in 9 msecs (HTTP/1.1 200) 4 headers in 158 bytes (1 switches on core 0)
Jul 06 13:15:23 devstack devstack@g-api.service[76325]: DEBUG glance.api.middleware.version_negotiation [None req-7ca6ecde-2b55-4c48-afad-fbfe17b5ea62 tempest-DeleteServersTestJSON-23064254 tempest-DeleteServersTestJSON-23064254-project-member] Determining version of request: GET / Accept: application/json {{(pid=76325) process_request /opt/stack/glance/glance/api/middleware/version_negotiation.py:44}}
Jul 06 13:15:23 devstack devstack@g-api.service[76325]: DEBUG glance.api.middleware.version_negotiation [None req-7ca6ecde-2b55-4c48-afad-fbfe17b5ea62 tempest-DeleteServersTestJSON-23064254 tempest-DeleteServersTestJSON-23064254-project-member] Using url versioning {{(pid=76325) process_request /opt/stack/glance/glance/api/middleware/version_negotiation.py:57}}
Jul 06 13:15:23 devstack devstack@g-api.service[76325]: DEBUG glance.api.middleware.version_negotiation [None req-7ca6ecde-2b55-4c48-afad-fbfe17b5ea62 tempest-DeleteServersTestJSON-23064254 tempest-DeleteServersTestJSON-23064254-project-member] Unknown version. Returning version choices. {{(pid=76325) process_request /opt/stack/glance/glance/api/middleware/version_negotiation.py:64}}
Jul 06 13:15:23 devstack devstack@g-api.service[76325]: [pid: 76325|app: 0|req: 9/16] 127.0.0.1 () {34 vars in 505 bytes} [Mon Jul 6 13:15:23 2026] GET / => generated 1571 bytes in 4 msecs (HTTP/1.1 300) 3 headers in 106 bytes (1 switches on core 0)
Jul 06 13:15:23 devstack devstack@g-api.service[76324]: DEBUG glance.api.middleware.version_negotiation [None req-7ca6ecde-2b55-4c48-afad-fbfe17b5ea62 tempest-DeleteServersTestJSON-23064254 tempest-DeleteServersTestJSON-23064254-project-member] Determining version of request: GET /v2/images/5accfc22-7cac-4370-846d-07a9c8ee1607 Accept: */* {{(pid=76324) process_request /opt/stack/glance/glance/api/middleware/version_negotiation.py:44}}
Jul 06 13:15:23 devstack devstack@g-api.service[76324]: DEBUG glance.api.middleware.version_negotiation [None req-7ca6ecde-2b55-4c48-afad-fbfe17b5ea62 tempest-DeleteServersTestJSON-23064254 tempest-DeleteServersTestJSON-23064254-project-member] Using url versioning {{(pid=76324) process_request /opt/stack/glance/glance/api/middleware/version_negotiation.py:57}}
Jul 06 13:15:23 devstack devstack@g-api.service[76324]: DEBUG glance.api.middleware.version_negotiation [None req-7ca6ecde-2b55-4c48-afad-fbfe17b5ea62 tempest-DeleteServersTestJSON-23064254 tempest-DeleteServersTestJSON-23064254-project-member] Matched version: v2 {{(pid=76324) process_request /opt/stack/glance/glance/api/middleware/version_negotiation.py:69}}
Jul 06 13:15:23 devstack devstack@g-api.service[76324]: DEBUG glance.api.middleware.version_negotiation [None req-7ca6ecde-2b55-4c48-afad-fbfe17b5ea62 tempest-DeleteServersTestJSON-23064254 tempest-DeleteServersTestJSON-23064254-project-member] new path /v2/images/5accfc22-7cac-4370-846d-07a9c8ee1607 {{(pid=76324) process_request /opt/stack/glance/glance/api/middleware/version_negotiation.py:70}}
Jul 06 13:15:23 devstack devstack@g-api.service[76324]: [pid: 76324|app: 0|req: 8/17] 127.0.0.1 () {42 vars in 1061 bytes} [Mon Jul 6 13:15:23 2026] GET /v2/images/5accfc22-7cac-4370-846d-07a9c8ee1607 => generated 976 bytes in 30 msecs (HTTP/1.1 200) 4 headers in 157 bytes (1 switches on core 0)
Jul 06 13:15:23 devstack devstack@g-api.service[76325]: DEBUG glance.api.middleware.version_negotiation [None req-7ca6ecde-2b55-4c48-afad-fbfe17b5ea62 tempest-DeleteServersTestJSON-23064254 tempest-DeleteServersTestJSON-23064254-project-member] Determining version of request: GET /v2/schemas/image Accept: */* {{(pid=76325) process_request /opt/stack/glance/glance/api/middleware/version_negotiation.py:44}}
Jul 06 13:15:23 devstack devstack@g-api.service[76325]: DEBUG glance.api.middleware.version_negotiation [None req-7ca6ecde-2b55-4c48-afad-fbfe17b5ea62 tempest-DeleteServersTestJSON-23064254 tempest-DeleteServersTestJSON-23064254-project-member] Using url versioning {{(pid=76325) process_request /opt/stack/glance/glance/api/middleware/version_negotiation.py:57}}
Jul 06 13:15:23 devstack devstack@g-api.service[76325]: DEBUG glance.api.middleware.version_negotiation [None req-7ca6ecde-2b55-4c48-afad-fbfe17b5ea62 tempest-DeleteServersTestJSON-23064254 tempest-DeleteServersTestJSON-23064254-project-member] Matched version: v2 {{(pid=76325) process_request /opt/stack/glance/glance/api/middleware/version_negotiation.py:69}}
Jul 06 13:15:23 devstack devstack@g-api.service[76325]: DEBUG glance.api.middleware.version_negotiation [None req-7ca6ecde-2b55-4c48-afad-fbfe17b5ea62 tempest-DeleteServersTestJSON-23064254 tempest-DeleteServersTestJSON-23064254-project-member] new path /v2/schemas/image {{(pid=76325) process_request /opt/stack/glance/glance/api/middleware/version_negotiation.py:70}}
Jul 06 13:15:23 devstack devstack@g-api.service[76325]: [pid: 76325|app: 0|req: 10/18] 127.0.0.1 () {42 vars in 1001 bytes} [Mon Jul 6 13:15:23 2026] GET /v2/schemas/image => generated 6083 bytes in 11 msecs (HTTP/1.1 200) 4 headers in 158 bytes (1 switches on core 0)
Jul 06 13:15:31 devstack devstack@g-api.service[76325]: DEBUG dbcounter [-] [76325] Writing DB stats glance:SELECT=2 {{(pid=76325) stat_writer /opt/stack/data/venv/lib/python3.12/site-packages/dbcounter.py:115}}
Jul 06 13:15:32 devstack devstack@g-api.service[76324]: DEBUG glance.api.middleware.version_negotiation [None req-f32e0c3b-ecea-41e6-8ebb-d5c8efae0aab tempest-ServerActionsTestOtherA-1122902164 tempest-ServerActionsTestOtherA-1122902164-project-member] Determining version of request: GET /v2/images/5accfc22-7cac-4370-846d-07a9c8ee1607 Accept: */* {{(pid=76324) process_request /opt/stack/glance/glance/api/middleware/version_negotiation.py:44}}
Jul 06 13:15:32 devstack devstack@g-api.service[76324]: DEBUG glance.api.middleware.version_negotiation [None req-f32e0c3b-ecea-41e6-8ebb-d5c8efae0aab tempest-ServerActionsTestOtherA-1122902164 tempest-ServerActionsTestOtherA-1122902164-project-member] Using url versioning {{(pid=76324) process_request /opt/stack/glance/glance/api/middleware/version_negotiation.py:57}}
Jul 06 13:15:32 devstack devstack@g-api.service[76324]: DEBUG glance.api.middleware.version_negotiation [None req-f32e0c3b-ecea-41e6-8ebb-d5c8efae0aab tempest-ServerActionsTestOtherA-1122902164 tempest-ServerActionsTestOtherA-1122902164-project-member] Matched version: v2 {{(pid=76324) process_request /opt/stack/glance/glance/api/middleware/version_negotiation.py:69}}
Jul 06 13:15:32 devstack devstack@g-api.service[76324]: DEBUG glance.api.middleware.version_negotiation [None req-f32e0c3b-ecea-41e6-8ebb-d5c8efae0aab tempest-ServerActionsTestOtherA-1122902164 tempest-ServerActionsTestOtherA-1122902164-project-member] new path /v2/images/5accfc22-7cac-4370-846d-07a9c8ee1607 {{(pid=76324) process_request /opt/stack/glance/glance/api/middleware/version_negotiation.py:70}}
Jul 06 13:15:32 devstack devstack@g-api.service[76324]: [pid: 76324|app: 0|req: 9/19] 127.0.0.1 () {42 vars in 1061 bytes} [Mon Jul 6 13:15:32 2026] GET /v2/images/5accfc22-7cac-4370-846d-07a9c8ee1607 => generated 976 bytes in 57 msecs (HTTP/1.1 200) 4 headers in 157 bytes (1 switches on core 0)
Jul 06 13:15:32 devstack devstack@g-api.service[76325]: DEBUG glance.api.middleware.version_negotiation [None req-f32e0c3b-ecea-41e6-8ebb-d5c8efae0aab tempest-ServerActionsTestOtherA-1122902164 tempest-ServerActionsTestOtherA-1122902164-project-member] Determining version of request: GET /v2/images/5accfc22-7cac-4370-846d-07a9c8ee1607/file Accept: */* {{(pid=76325) process_request /opt/stack/glance/glance/api/middleware/version_negotiation.py:44}}
Jul 06 13:15:32 devstack devstack@g-api.service[76325]: DEBUG glance.api.middleware.version_negotiation [None req-f32e0c3b-ecea-41e6-8ebb-d5c8efae0aab tempest-ServerActionsTestOtherA-1122902164 tempest-ServerActionsTestOtherA-1122902164-project-member] Using url versioning {{(pid=76325) process_request /opt/stack/glance/glance/api/middleware/version_negotiation.py:57}}
Jul 06 13:15:32 devstack devstack@g-api.service[76325]: DEBUG glance.api.middleware.version_negotiation [None req-f32e0c3b-ecea-41e6-8ebb-d5c8efae0aab tempest-ServerActionsTestOtherA-1122902164 tempest-ServerActionsTestOtherA-1122902164-project-member] Matched version: v2 {{(pid=76325) process_request /opt/stack/glance/glance/api/middleware/version_negotiation.py:69}}
Jul 06 13:15:32 devstack devstack@g-api.service[76325]: DEBUG glance.api.middleware.version_negotiation [None req-f32e0c3b-ecea-41e6-8ebb-d5c8efae0aab tempest-ServerActionsTestOtherA-1122902164 tempest-ServerActionsTestOtherA-1122902164-project-member] new path /v2/images/5accfc22-7cac-4370-846d-07a9c8ee1607/file {{(pid=76325) process_request /opt/stack/glance/glance/api/middleware/version_negotiation.py:70}}
Jul 06 13:15:32 devstack devstack@g-api.service[76325]: DEBUG glance_store._drivers.filesystem [None req-7ca6ecde-2b55-4c48-afad-fbfe17b5ea62 tempest-DeleteServersTestJSON-23064254 tempest-DeleteServersTestJSON-23064254-project-member] Found image at /opt/stack/data/glance/images/5accfc22-7cac-4370-846d-07a9c8ee1607. Returning in ChunkedFile. {{(pid=76325) get /opt/stack/data/venv/lib/python3.12/site-packages/glance_store/_drivers/filesystem.py:724}}
Jul 06 13:15:32 devstack devstack@g-api.service[76325]: DEBUG glance.image_cache [None req-7ca6ecde-2b55-4c48-afad-fbfe17b5ea62 tempest-DeleteServersTestJSON-23064254 tempest-DeleteServersTestJSON-23064254-project-member] Tee'ing image '5accfc22-7cac-4370-846d-07a9c8ee1607' into cache {{(pid=76325) get_caching_iter /opt/stack/glance/glance/image_cache/__init__.py:356}}
Jul 06 13:15:32 devstack devstack@g-api.service[76325]: DEBUG glance.image_cache.drivers.centralized_db [None req-7ca6ecde-2b55-4c48-afad-fbfe17b5ea62 tempest-DeleteServersTestJSON-23064254 tempest-DeleteServersTestJSON-23064254-project-member] Fetch finished, moving '/opt/stack/data/glance/cache/incomplete/5accfc22-7cac-4370-846d-07a9c8ee1607' to '/opt/stack/data/glance/cache/5accfc22-7cac-4370-846d-07a9c8ee1607' {{(pid=76325) commit /opt/stack/glance/glance/image_cache/drivers/centralized_db.py:243}}
Jul 06 13:15:32 devstack devstack@g-api.service[76325]: DEBUG glance.image_cache.drivers.centralized_db [None req-7ca6ecde-2b55-4c48-afad-fbfe17b5ea62 tempest-DeleteServersTestJSON-23064254 tempest-DeleteServersTestJSON-23064254-project-member] Image cached successfully. {{(pid=76325) commit /opt/stack/glance/glance/image_cache/drivers/centralized_db.py:258}}
Jul 06 13:15:32 devstack devstack@g-api.service[76325]: [pid: 76325|app: 0|req: 11/20] 127.0.0.1 () {42 vars in 1071 bytes} [Mon Jul 6 13:15:32 2026] GET /v2/images/5accfc22-7cac-4370-846d-07a9c8ee1607/file => generated 21692416 bytes in 542 msecs (HTTP/1.1 200) 4 headers in 191 bytes (337 switches on core 0)
Jul 06 13:15:32 devstack devstack@g-api.service[76324]: DEBUG glance.api.middleware.version_negotiation [None req-7ca6ecde-2b55-4c48-afad-fbfe17b5ea62 tempest-DeleteServersTestJSON-23064254 tempest-DeleteServersTestJSON-23064254-project-member] Determining version of request: GET /v2/images/5accfc22-7cac-4370-846d-07a9c8ee1607 Accept: */* {{(pid=76324) process_request /opt/stack/glance/glance/api/middleware/version_negotiation.py:44}}
Jul 06 13:15:32 devstack devstack@g-api.service[76324]: DEBUG glance.api.middleware.version_negotiation [None req-7ca6ecde-2b55-4c48-afad-fbfe17b5ea62 tempest-DeleteServersTestJSON-23064254 tempest-DeleteServersTestJSON-23064254-project-member] Using url versioning {{(pid=76324) process_request /opt/stack/glance/glance/api/middleware/version_negotiation.py:57}}
Jul 06 13:15:32 devstack devstack@g-api.service[76324]: DEBUG glance.api.middleware.version_negotiation [None req-7ca6ecde-2b55-4c48-afad-fbfe17b5ea62 tempest-DeleteServersTestJSON-23064254 tempest-DeleteServersTestJSON-23064254-project-member] Matched version: v2 {{(pid=76324) process_request /opt/stack/glance/glance/api/middleware/version_negotiation.py:69}}
Jul 06 13:15:32 devstack devstack@g-api.service[76324]: DEBUG glance.api.middleware.version_negotiation [None req-7ca6ecde-2b55-4c48-afad-fbfe17b5ea62 tempest-DeleteServersTestJSON-23064254 tempest-DeleteServersTestJSON-23064254-project-member] new path /v2/images/5accfc22-7cac-4370-846d-07a9c8ee1607 {{(pid=76324) process_request /opt/stack/glance/glance/api/middleware/version_negotiation.py:70}}
Jul 06 13:15:32 devstack devstack@g-api.service[76324]: [pid: 76324|app: 0|req: 10/21] 127.0.0.1 () {42 vars in 1061 bytes} [Mon Jul 6 13:15:32 2026] GET /v2/images/5accfc22-7cac-4370-846d-07a9c8ee1607 => generated 976 bytes in 22 msecs (HTTP/1.1 200) 4 headers in 157 bytes (1 switches on core 0)
Jul 06 13:15:32 devstack devstack@g-api.service[76325]: DEBUG glance.api.middleware.version_negotiation [None req-7ca6ecde-2b55-4c48-afad-fbfe17b5ea62 tempest-DeleteServersTestJSON-23064254 tempest-DeleteServersTestJSON-23064254-project-member] Determining version of request: GET /v2/schemas/image Accept: */* {{(pid=76325) process_request /opt/stack/glance/glance/api/middleware/version_negotiation.py:44}}
Jul 06 13:15:32 devstack devstack@g-api.service[76325]: DEBUG glance.api.middleware.version_negotiation [None req-7ca6ecde-2b55-4c48-afad-fbfe17b5ea62 tempest-DeleteServersTestJSON-23064254 tempest-DeleteServersTestJSON-23064254-project-member] Using url versioning {{(pid=76325) process_request /opt/stack/glance/glance/api/middleware/version_negotiation.py:57}}
Jul 06 13:15:32 devstack devstack@g-api.service[76325]: DEBUG glance.api.middleware.version_negotiation [None req-7ca6ecde-2b55-4c48-afad-fbfe17b5ea62 tempest-DeleteServersTestJSON-23064254 tempest-DeleteServersTestJSON-23064254-project-member] Matched version: v2 {{(pid=76325) process_request /opt/stack/glance/glance/api/middleware/version_negotiation.py:69}}
Jul 06 13:15:32 devstack devstack@g-api.service[76325]: DEBUG glance.api.middleware.version_negotiation [None req-7ca6ecde-2b55-4c48-afad-fbfe17b5ea62 tempest-DeleteServersTestJSON-23064254 tempest-DeleteServersTestJSON-23064254-project-member] new path /v2/schemas/image {{(pid=76325) process_request /opt/stack/glance/glance/api/middleware/version_negotiation.py:70}}
Jul 06 13:15:33 devstack devstack@g-api.service[76325]: [pid: 76325|app: 0|req: 12/22] 127.0.0.1 () {42 vars in 1001 bytes} [Mon Jul 6 13:15:32 2026] GET /v2/schemas/image => generated 6083 bytes in 6 msecs (HTTP/1.1 200) 4 headers in 158 bytes (1 switches on core 0)
Jul 06 13:15:42 devstack devstack@g-api.service[76325]: DEBUG dbcounter [-] [76325] Writing DB stats glance:SELECT=5,glance:INSERT=1 {{(pid=76325) stat_writer /opt/stack/data/venv/lib/python3.12/site-packages/dbcounter.py:115}}
Jul 06 13:15:42 devstack devstack@g-api.service[76324]: DEBUG dbcounter [-] [76324] Writing DB stats glance:SELECT=6 {{(pid=76324) stat_writer /opt/stack/data/venv/lib/python3.12/site-packages/dbcounter.py:115}}
Jul 06 13:16:22 devstack devstack@g-api.service[76324]: DEBUG glance.api.middleware.version_negotiation [None req-7ca6ecde-2b55-4c48-afad-fbfe17b5ea62 tempest-DeleteServersTestJSON-23064254 tempest-DeleteServersTestJSON-23064254-project-member] Determining version of request: GET /v2/images/5accfc22-7cac-4370-846d-07a9c8ee1607 Accept: */* {{(pid=76324) process_request /opt/stack/glance/glance/api/middleware/version_negotiation.py:44}}
Jul 06 13:16:22 devstack devstack@g-api.service[76324]: DEBUG glance.api.middleware.version_negotiation [None req-7ca6ecde-2b55-4c48-afad-fbfe17b5ea62 tempest-DeleteServersTestJSON-23064254 tempest-DeleteServersTestJSON-23064254-project-member] Using url versioning {{(pid=76324) process_request /opt/stack/glance/glance/api/middleware/version_negotiation.py:57}}
Jul 06 13:16:22 devstack devstack@g-api.service[76324]: DEBUG glance.api.middleware.version_negotiation [None req-7ca6ecde-2b55-4c48-afad-fbfe17b5ea62 tempest-DeleteServersTestJSON-23064254 tempest-DeleteServersTestJSON-23064254-project-member] Matched version: v2 {{(pid=76324) process_request /opt/stack/glance/glance/api/middleware/version_negotiation.py:69}}
Jul 06 13:16:22 devstack devstack@g-api.service[76324]: DEBUG glance.api.middleware.version_negotiation [None req-7ca6ecde-2b55-4c48-afad-fbfe17b5ea62 tempest-DeleteServersTestJSON-23064254 tempest-DeleteServersTestJSON-23064254-project-member] new path /v2/images/5accfc22-7cac-4370-846d-07a9c8ee1607 {{(pid=76324) process_request /opt/stack/glance/glance/api/middleware/version_negotiation.py:70}}
Jul 06 13:16:22 devstack devstack@g-api.service[76324]: [pid: 76324|app: 0|req: 11/23] 127.0.0.1 () {42 vars in 1061 bytes} [Mon Jul 6 13:16:22 2026] GET /v2/images/5accfc22-7cac-4370-846d-07a9c8ee1607 => generated 976 bytes in 55 msecs (HTTP/1.1 200) 4 headers in 157 bytes (1 switches on core 0)
Jul 06 13:16:22 devstack devstack@g-api.service[76325]: DEBUG glance.api.middleware.version_negotiation [None req-7ca6ecde-2b55-4c48-afad-fbfe17b5ea62 tempest-DeleteServersTestJSON-23064254 tempest-DeleteServersTestJSON-23064254-project-member] Determining version of request: GET /v2/schemas/image Accept: */* {{(pid=76325) process_request /opt/stack/glance/glance/api/middleware/version_negotiation.py:44}}
Jul 06 13:16:22 devstack devstack@g-api.service[76325]: DEBUG glance.api.middleware.version_negotiation [None req-7ca6ecde-2b55-4c48-afad-fbfe17b5ea62 tempest-DeleteServersTestJSON-23064254 tempest-DeleteServersTestJSON-23064254-project-member] Using url versioning {{(pid=76325) process_request /opt/stack/glance/glance/api/middleware/version_negotiation.py:57}}
Jul 06 13:16:22 devstack devstack@g-api.service[76325]: DEBUG glance.api.middleware.version_negotiation [None req-7ca6ecde-2b55-4c48-afad-fbfe17b5ea62 tempest-DeleteServersTestJSON-23064254 tempest-DeleteServersTestJSON-23064254-project-member] Matched version: v2 {{(pid=76325) process_request /opt/stack/glance/glance/api/middleware/version_negotiation.py:69}}
Jul 06 13:16:22 devstack devstack@g-api.service[76325]: DEBUG glance.api.middleware.version_negotiation [None req-7ca6ecde-2b55-4c48-afad-fbfe17b5ea62 tempest-DeleteServersTestJSON-23064254 tempest-DeleteServersTestJSON-23064254-project-member] new path /v2/schemas/image {{(pid=76325) process_request /opt/stack/glance/glance/api/middleware/version_negotiation.py:70}}
Jul 06 13:16:22 devstack devstack@g-api.service[76325]: [pid: 76325|app: 0|req: 13/24] 127.0.0.1 () {42 vars in 1001 bytes} [Mon Jul 6 13:16:22 2026] GET /v2/schemas/image => generated 6083 bytes in 14 msecs (HTTP/1.1 200) 4 headers in 158 bytes (1 switches on core 0)
