Jul 06 13:18:18 devstack cinder-volume[86698]: DEBUG cinder.volume.drivers.quobyte [None req-4d2a0dfe-e82b-488d-92a2-4406e3897f57 None None] Quobyte Volume URL set to: {'osci02.corp.quobyte.com/cinder-vol-53d580ee-2204-4194-a9bc-93951f511794': None} {{(pid=86698) _load_shares_config /opt/stack/cinder/cinder/volume/drivers/quobyte.py:617}}
Jul 06 13:18:18 devstack sudo[90003]: quobyte : PWD=/ ; USER=root ; COMMAND=/opt/stack/data/venv/bin/cinder-rootwrap /etc/cinder/rootwrap.conf qemu-img create -f qcow2 -o preallocation=metadata /opt/stack/data/cinder/mnt/a308b7fd9b8ce06cab2f94493de2a64b/volume-292d7401-8263-4e1c-9781-eecede2fbf5f 1073741824
Jul 06 13:18:18 devstack cinder-volume[86698]: DEBUG cinder.volume.drivers.quobyte [None req-4d2a0dfe-e82b-488d-92a2-4406e3897f57 None None] Available shares ['osci02.corp.quobyte.com/cinder-vol-53d580ee-2204-4194-a9bc-93951f511794'] {{(pid=86698) _ensure_shares_mounted /opt/stack/cinder/cinder/volume/drivers/quobyte.py:647}}
Jul 06 13:18:18 devstack cinder-volume[86698]: DEBUG oslo_concurrency.lockutils [None req-4d2a0dfe-e82b-488d-92a2-4406e3897f57 None None] Lock "quobyte_ensure" "released" by "cinder.volume.drivers.quobyte.QuobyteDriver._ensure_shares_mounted" :: held 0.016s {{(pid=86698) inner /opt/stack/data/venv/lib/python3.12/site-packages/oslo_concurrency/lockutils.py:543}}
Jul 06 13:18:18 devstack cinder-volume[86698]: DEBUG oslo_concurrency.processutils [None req-4d2a0dfe-e82b-488d-92a2-4406e3897f57 None None] Running cmd (subprocess): sudo cinder-rootwrap /etc/cinder/rootwrap.conf df --portability --block-size 1 /opt/stack/data/cinder/mnt/a308b7fd9b8ce06cab2f94493de2a64b {{(pid=86698) execute /opt/stack/data/venv/lib/python3.12/site-packages/oslo_concurrency/processutils.py:440}}
Jul 06 13:18:18 devstack sudo[90003]: pam_unix(sudo:session): session opened for user root(uid=0) by (uid=1000)
Jul 06 13:18:18 devstack sudo[90023]: quobyte : PWD=/ ; USER=root ; COMMAND=/opt/stack/data/venv/bin/cinder-rootwrap /etc/cinder/rootwrap.conf df --portability --block-size 1 /opt/stack/data/cinder/mnt/a308b7fd9b8ce06cab2f94493de2a64b
Jul 06 13:18:18 devstack sudo[90023]: pam_unix(sudo:session): session opened for user root(uid=0) by (uid=1000)
Jul 06 13:18:19 devstack sudo[90023]: pam_unix(sudo:session): session closed for user root
Jul 06 13:18:19 devstack cinder-volume[86698]: DEBUG oslo_concurrency.processutils [None req-4d2a0dfe-e82b-488d-92a2-4406e3897f57 None None] CMD "sudo cinder-rootwrap /etc/cinder/rootwrap.conf df --portability --block-size 1 /opt/stack/data/cinder/mnt/a308b7fd9b8ce06cab2f94493de2a64b" returned: 0 in 0.926s {{(pid=86698) execute /opt/stack/data/venv/lib/python3.12/site-packages/oslo_concurrency/processutils.py:468}}
Jul 06 13:18:19 devstack cinder-volume[86698]: DEBUG cinder.manager [None req-4d2a0dfe-e82b-488d-92a2-4406e3897f57 None None] Notifying Schedulers of capabilities ... {{(pid=86698) _publish_service_capabilities /opt/stack/cinder/cinder/manager.py:219}}
Jul 06 13:18:19 devstack cinder-volume[86698]: DEBUG oslo_service.periodic_task [None req-4d2a0dfe-e82b-488d-92a2-4406e3897f57 None None] Running periodic task VolumeManager._thread_info {{(pid=86698) run_periodic_tasks /opt/stack/data/venv/lib/python3.12/site-packages/oslo_service/periodic_task.py:225}}
Jul 06 13:18:19 devstack cinder-volume[86698]: DEBUG cinder.volume.manager [None req-4d2a0dfe-e82b-488d-92a2-4406e3897f57 None None] thread count: 8 {{(pid=86698) _thread_info /opt/stack/cinder/cinder/volume/manager.py:5472}}
Jul 06 13:18:19 devstack cinder-volume[86698]: DEBUG cinder.volume.manager [None req-4d2a0dfe-e82b-488d-92a2-4406e3897f57 None None] thread info: [<_MainThread(MainThread, started 125574652641408)>, , , , , , , ] {{(pid=86698) _thread_info /opt/stack/cinder/cinder/volume/manager.py:5473}}
Jul 06 13:18:19 devstack sudo[90003]: pam_unix(sudo:session): session closed for user root
Jul 06 13:18:19 devstack cinder-volume[86698]: DEBUG oslo_concurrency.processutils [None req-921cdd89-cc92-4d1e-9ec6-6194ccede9e4 tempest-SnapshotMetadataTestJSON-2105374670 None] CMD "sudo cinder-rootwrap /etc/cinder/rootwrap.conf qemu-img create -f qcow2 -o preallocation=metadata /opt/stack/data/cinder/mnt/a308b7fd9b8ce06cab2f94493de2a64b/volume-292d7401-8263-4e1c-9781-eecede2fbf5f 1073741824" returned: 0 in 1.167s {{(pid=86698) execute /opt/stack/data/venv/lib/python3.12/site-packages/oslo_concurrency/processutils.py:468}}
Jul 06 13:18:19 devstack cinder-volume[86698]: DEBUG oslo_concurrency.processutils [None req-921cdd89-cc92-4d1e-9ec6-6194ccede9e4 tempest-SnapshotMetadataTestJSON-2105374670 None] Running cmd (subprocess): sudo cinder-rootwrap /etc/cinder/rootwrap.conf chmod ugo+rw /opt/stack/data/cinder/mnt/a308b7fd9b8ce06cab2f94493de2a64b/volume-292d7401-8263-4e1c-9781-eecede2fbf5f {{(pid=86698) execute /opt/stack/data/venv/lib/python3.12/site-packages/oslo_concurrency/processutils.py:440}}
Jul 06 13:18:19 devstack sudo[90349]: quobyte : PWD=/ ; USER=root ; COMMAND=/opt/stack/data/venv/bin/cinder-rootwrap /etc/cinder/rootwrap.conf chmod ugo+rw /opt/stack/data/cinder/mnt/a308b7fd9b8ce06cab2f94493de2a64b/volume-292d7401-8263-4e1c-9781-eecede2fbf5f
Jul 06 13:18:19 devstack sudo[90349]: pam_unix(sudo:session): session opened for user root(uid=0) by (uid=1000)
Jul 06 13:18:19 devstack cinder-volume[86698]: DEBUG cinder.coordination [None req-360898e3-849d-4579-a05f-f3606f1d0be1 tempest-ServerActionsTestOtherA-1122902164 None] Acquiring lock "cinder-a54ef67d-57a8-4280-9c1b-cab2aed1d9f2-delete_volume" by "delete_volume" {{(pid=86698) __acquire /opt/stack/cinder/cinder/coordination.py:138}}
Jul 06 13:18:19 devstack cinder-volume[86698]: DEBUG cinder.coordination [None req-360898e3-849d-4579-a05f-f3606f1d0be1 tempest-ServerActionsTestOtherA-1122902164 None] Lock "cinder-a54ef67d-57a8-4280-9c1b-cab2aed1d9f2-delete_volume" acquired by "delete_volume" :: waited 0.027s {{(pid=86698) __acquire /opt/stack/cinder/cinder/coordination.py:141}}
Jul 06 13:18:19 devstack cinder-volume[86698]: DEBUG cinder.coordination [None req-360898e3-849d-4579-a05f-f3606f1d0be1 tempest-ServerActionsTestOtherA-1122902164 None] Acquiring lock "cinder-quobyte-a54ef67d-57a8-4280-9c1b-cab2aed1d9f2" by "delete_volume" {{(pid=86698) __acquire /opt/stack/cinder/cinder/coordination.py:138}}
Jul 06 13:18:20 devstack cinder-volume[86698]: DEBUG cinder.coordination [None req-360898e3-849d-4579-a05f-f3606f1d0be1 tempest-ServerActionsTestOtherA-1122902164 None] Lock "cinder-quobyte-a54ef67d-57a8-4280-9c1b-cab2aed1d9f2" acquired by "delete_volume" :: waited 0.016s {{(pid=86698) __acquire /opt/stack/cinder/cinder/coordination.py:141}}
Jul 06 13:18:20 devstack cinder-volume[86698]: DEBUG oslo.privsep.daemon [-] privsep: reply[e50f82d8-4a0c-47b3-afe1-c131f6a72850]: (4, 'qcow2') {{(pid=87595) _call_back /opt/stack/data/venv/lib/python3.12/site-packages/oslo_privsep/daemon.py:580}}
Jul 06 13:18:20 devstack cinder-volume[86698]: DEBUG oslo_concurrency.processutils [None req-360898e3-849d-4579-a05f-f3606f1d0be1 tempest-ServerActionsTestOtherA-1122902164 None] Running cmd (subprocess): /opt/stack/data/venv/bin/python3.12 -m oslo_concurrency.prlimit --as=1073741824 --cpu=60 -- sudo cinder-rootwrap /etc/cinder/rootwrap.conf env LC_ALL=C qemu-img info -f qcow2 --output=json --force-share /opt/stack/data/cinder/mnt/a308b7fd9b8ce06cab2f94493de2a64b/volume-a54ef67d-57a8-4280-9c1b-cab2aed1d9f2 {{(pid=86698) execute /opt/stack/data/venv/lib/python3.12/site-packages/oslo_concurrency/processutils.py:440}}
Jul 06 13:18:20 devstack sudo[90351]: quobyte : PWD=/ ; USER=root ; COMMAND=/opt/stack/data/venv/bin/cinder-rootwrap /etc/cinder/rootwrap.conf env LC_ALL=C qemu-img info -f qcow2 --output=json --force-share /opt/stack/data/cinder/mnt/a308b7fd9b8ce06cab2f94493de2a64b/volume-a54ef67d-57a8-4280-9c1b-cab2aed1d9f2
Jul 06 13:18:20 devstack sudo[90351]: pam_unix(sudo:session): session opened for user root(uid=0) by (uid=1000)
Jul 06 13:18:20 devstack sudo[90349]: pam_unix(sudo:session): session closed for user root
Jul 06 13:18:20 devstack cinder-volume[86698]: DEBUG oslo_concurrency.processutils [None req-921cdd89-cc92-4d1e-9ec6-6194ccede9e4 tempest-SnapshotMetadataTestJSON-2105374670 None] CMD "sudo cinder-rootwrap /etc/cinder/rootwrap.conf chmod ugo+rw /opt/stack/data/cinder/mnt/a308b7fd9b8ce06cab2f94493de2a64b/volume-292d7401-8263-4e1c-9781-eecede2fbf5f" returned: 0 in 0.718s {{(pid=86698) execute /opt/stack/data/venv/lib/python3.12/site-packages/oslo_concurrency/processutils.py:468}}
Jul 06 13:18:20 devstack cinder-volume[86698]: DEBUG cinder.volume.drivers.quobyte [None req-921cdd89-cc92-4d1e-9ec6-6194ccede9e4 tempest-SnapshotMetadataTestJSON-2105374670 None] <== create_volume: return (1937ms) {'provider_location': 'osci02.corp.quobyte.com/cinder-vol-53d580ee-2204-4194-a9bc-93951f511794'} {{(pid=86698) trace_logging_wrapper /opt/stack/cinder/cinder/volume/volume_utils.py:1522}}
Jul 06 13:18:20 devstack cinder-volume[86698]: DEBUG oslo_concurrency.lockutils [None req-921cdd89-cc92-4d1e-9ec6-6194ccede9e4 tempest-SnapshotMetadataTestJSON-2105374670 None] Lock "quobyte" "released" by "cinder.volume.drivers.quobyte.QuobyteDriver.create_volume" :: held 1.941s {{(pid=86698) inner /opt/stack/data/venv/lib/python3.12/site-packages/oslo_concurrency/lockutils.py:543}}
Jul 06 13:18:20 devstack cinder-volume[86698]: DEBUG cinder.volume.manager [None req-921cdd89-cc92-4d1e-9ec6-6194ccede9e4 tempest-SnapshotMetadataTestJSON-2105374670 None] Task 'cinder.volume.flows.manager.create_volume.CreateVolumeFromSpecTask;volume:create' (3a11ca1b-8fb6-420a-b83c-d4931e5516ce) transitioned into state 'SUCCESS' from state 'RUNNING' with result '{'status': 'creating', 'volume_name': 'volume-292d7401-8263-4e1c-9781-eecede2fbf5f', 'volume_size': 1}' {{(pid=86698) _task_receiver /opt/stack/data/venv/lib/python3.12/site-packages/taskflow/listeners/logging.py:218}}
Jul 06 13:18:20 devstack cinder-volume[86698]: DEBUG cinder.volume.manager [None req-921cdd89-cc92-4d1e-9ec6-6194ccede9e4 tempest-SnapshotMetadataTestJSON-2105374670 None] Task 'cinder.volume.flows.manager.create_volume.CreateVolumeOnFinishTask;volume:create, create.end' (116033b6-775f-4a25-89a2-7cacd4481a80) transitioned into state 'RUNNING' from state 'PENDING' {{(pid=86698) _task_receiver /opt/stack/data/venv/lib/python3.12/site-packages/taskflow/listeners/logging.py:242}}
Jul 06 13:18:20 devstack cinder-volume[86698]: INFO cinder.volume.flows.manager.create_volume [None req-921cdd89-cc92-4d1e-9ec6-6194ccede9e4 tempest-SnapshotMetadataTestJSON-2105374670 None] Volume volume-292d7401-8263-4e1c-9781-eecede2fbf5f (292d7401-8263-4e1c-9781-eecede2fbf5f): created successfully
Jul 06 13:18:20 devstack cinder-volume[86698]: DEBUG cinder.volume.manager [None req-921cdd89-cc92-4d1e-9ec6-6194ccede9e4 tempest-SnapshotMetadataTestJSON-2105374670 None] Task 'cinder.volume.flows.manager.create_volume.CreateVolumeOnFinishTask;volume:create, create.end' (116033b6-775f-4a25-89a2-7cacd4481a80) transitioned into state 'SUCCESS' from state 'RUNNING' with result 'None' {{(pid=86698) _task_receiver /opt/stack/data/venv/lib/python3.12/site-packages/taskflow/listeners/logging.py:218}}
Jul 06 13:18:20 devstack cinder-volume[86698]: DEBUG cinder.volume.manager [None req-921cdd89-cc92-4d1e-9ec6-6194ccede9e4 tempest-SnapshotMetadataTestJSON-2105374670 None] Flow 'volume_create_manager' (fde67ffa-d886-41d5-af3d-76339b567f86) transitioned into state 'SUCCESS' from state 'RUNNING' {{(pid=86698) _flow_receiver /opt/stack/data/venv/lib/python3.12/site-packages/taskflow/listeners/logging.py:160}}
Jul 06 13:18:20 devstack cinder-volume[86698]: INFO cinder.volume.manager [None req-921cdd89-cc92-4d1e-9ec6-6194ccede9e4 tempest-SnapshotMetadataTestJSON-2105374670 None] Created volume successfully.
Jul 06 13:18:20 devstack sudo[90351]: pam_unix(sudo:session): session closed for user root
Jul 06 13:18:20 devstack cinder-volume[86698]: DEBUG oslo_concurrency.processutils [None req-360898e3-849d-4579-a05f-f3606f1d0be1 tempest-ServerActionsTestOtherA-1122902164 None] CMD "/opt/stack/data/venv/bin/python3.12 -m oslo_concurrency.prlimit --as=1073741824 --cpu=60 -- sudo cinder-rootwrap /etc/cinder/rootwrap.conf env LC_ALL=C qemu-img info -f qcow2 --output=json --force-share /opt/stack/data/cinder/mnt/a308b7fd9b8ce06cab2f94493de2a64b/volume-a54ef67d-57a8-4280-9c1b-cab2aed1d9f2" returned: 0 in 0.796s {{(pid=86698) execute /opt/stack/data/venv/lib/python3.12/site-packages/oslo_concurrency/processutils.py:468}}
Jul 06 13:18:20 devstack cinder-volume[86698]: DEBUG oslo_concurrency.processutils [None req-360898e3-849d-4579-a05f-f3606f1d0be1 tempest-ServerActionsTestOtherA-1122902164 None] Running cmd (subprocess): sudo cinder-rootwrap /etc/cinder/rootwrap.conf rm -f /opt/stack/data/cinder/mnt/a308b7fd9b8ce06cab2f94493de2a64b/volume-a54ef67d-57a8-4280-9c1b-cab2aed1d9f2 {{(pid=86698) execute /opt/stack/data/venv/lib/python3.12/site-packages/oslo_concurrency/processutils.py:440}}
Jul 06 13:18:20 devstack sudo[90357]: quobyte : PWD=/ ; USER=root ; COMMAND=/opt/stack/data/venv/bin/cinder-rootwrap /etc/cinder/rootwrap.conf rm -f /opt/stack/data/cinder/mnt/a308b7fd9b8ce06cab2f94493de2a64b/volume-a54ef67d-57a8-4280-9c1b-cab2aed1d9f2
Jul 06 13:18:20 devstack sudo[90357]: pam_unix(sudo:session): session opened for user root(uid=0) by (uid=1000)
Jul 06 13:18:21 devstack sudo[90357]: pam_unix(sudo:session): session closed for user root
Jul 06 13:18:21 devstack cinder-volume[86698]: DEBUG oslo_concurrency.processutils [None req-360898e3-849d-4579-a05f-f3606f1d0be1 tempest-ServerActionsTestOtherA-1122902164 None] CMD "sudo cinder-rootwrap /etc/cinder/rootwrap.conf rm -f /opt/stack/data/cinder/mnt/a308b7fd9b8ce06cab2f94493de2a64b/volume-a54ef67d-57a8-4280-9c1b-cab2aed1d9f2" returned: 0 in 0.679s {{(pid=86698) execute /opt/stack/data/venv/lib/python3.12/site-packages/oslo_concurrency/processutils.py:468}}
Jul 06 13:18:21 devstack cinder-volume[86698]: DEBUG cinder.coordination [None req-360898e3-849d-4579-a05f-f3606f1d0be1 tempest-ServerActionsTestOtherA-1122902164 None] Lock "cinder-quobyte-a54ef67d-57a8-4280-9c1b-cab2aed1d9f2" released by "delete_volume" :: held 1.519s {{(pid=86698) __release /opt/stack/cinder/cinder/coordination.py:152}}
Jul 06 13:18:21 devstack cinder-volume[86698]: DEBUG cinder.quota [None req-360898e3-849d-4579-a05f-f3606f1d0be1 tempest-ServerActionsTestOtherA-1122902164 None] Created reservations ['c9abc194-4c76-4675-aa6f-2261eb30a96a', 'b04da79b-a7b2-4ec0-a9dc-d0caacce36e9', '2e782e96-f62a-4277-b67e-61307f821881', '44256cdc-d18d-466d-82da-fb499d53df07'] {{(pid=86698) reserve /opt/stack/cinder/cinder/quota.py:752}}
Jul 06 13:18:21 devstack cinder-volume[86698]: DEBUG oslo_concurrency.lockutils [None req-4ae1c526-baa3-463d-98ec-8ca45bf7e9fc tempest-SnapshotMetadataTestJSON-2105374670 None] Acquiring lock "quobyte" by "cinder.volume.drivers.quobyte.QuobyteDriver.create_snapshot" {{(pid=86698) inner /opt/stack/data/venv/lib/python3.12/site-packages/oslo_concurrency/lockutils.py:511}}
Jul 06 13:18:21 devstack cinder-volume[86698]: DEBUG oslo_concurrency.lockutils [None req-4ae1c526-baa3-463d-98ec-8ca45bf7e9fc tempest-SnapshotMetadataTestJSON-2105374670 None] Lock "quobyte" acquired by "cinder.volume.drivers.quobyte.QuobyteDriver.create_snapshot" :: waited 0.003s {{(pid=86698) inner /opt/stack/data/venv/lib/python3.12/site-packages/oslo_concurrency/lockutils.py:524}}
Jul 06 13:18:21 devstack cinder-volume[86698]: DEBUG cinder.volume.drivers.remotefs [None req-4ae1c526-baa3-463d-98ec-8ca45bf7e9fc tempest-SnapshotMetadataTestJSON-2105374670 None] Creating offline snapshot 00367119-4da5-4990-937f-246993bfff7f of volume 292d7401-8263-4e1c-9781-eecede2fbf5f {{(pid=86698) _create_snapshot /opt/stack/cinder/cinder/volume/drivers/remotefs.py:1816}}
Jul 06 13:18:21 devstack cinder-volume[86698]: DEBUG oslo.privsep.daemon [-] privsep: reply[2a2d26d9-f21d-47ad-af3b-71ae67b63767]: (4, 'qcow2') {{(pid=87595) _call_back /opt/stack/data/venv/lib/python3.12/site-packages/oslo_privsep/daemon.py:580}}
Jul 06 13:18:21 devstack cinder-volume[86698]: DEBUG oslo_concurrency.processutils [None req-4ae1c526-baa3-463d-98ec-8ca45bf7e9fc tempest-SnapshotMetadataTestJSON-2105374670 None] Running cmd (subprocess): /opt/stack/data/venv/bin/python3.12 -m oslo_concurrency.prlimit --as=1073741824 --cpu=60 -- sudo cinder-rootwrap /etc/cinder/rootwrap.conf env LC_ALL=C qemu-img info -f qcow2 --output=json --force-share /opt/stack/data/cinder/mnt/a308b7fd9b8ce06cab2f94493de2a64b/volume-292d7401-8263-4e1c-9781-eecede2fbf5f {{(pid=86698) execute /opt/stack/data/venv/lib/python3.12/site-packages/oslo_concurrency/processutils.py:440}}
Jul 06 13:18:21 devstack cinder-volume[86698]: DEBUG oslo_concurrency.lockutils [None req-360898e3-849d-4579-a05f-f3606f1d0be1 tempest-ServerActionsTestOtherA-1122902164 None] Acquiring lock "quobyte_ensure" by "cinder.volume.drivers.quobyte.QuobyteDriver._ensure_shares_mounted" {{(pid=86698) inner /opt/stack/data/venv/lib/python3.12/site-packages/oslo_concurrency/lockutils.py:511}}
Jul 06 13:18:21 devstack cinder-volume[86698]: DEBUG oslo_concurrency.lockutils [None req-360898e3-849d-4579-a05f-f3606f1d0be1 tempest-ServerActionsTestOtherA-1122902164 None] Lock "quobyte_ensure" acquired by "cinder.volume.drivers.quobyte.QuobyteDriver._ensure_shares_mounted" :: waited 0.002s {{(pid=86698) inner /opt/stack/data/venv/lib/python3.12/site-packages/oslo_concurrency/lockutils.py:524}}
Jul 06 13:18:21 devstack cinder-volume[86698]: DEBUG cinder.volume.drivers.quobyte [None req-360898e3-849d-4579-a05f-f3606f1d0be1 tempest-ServerActionsTestOtherA-1122902164 None] Quobyte Volume URL set to: {'osci02.corp.quobyte.com/cinder-vol-53d580ee-2204-4194-a9bc-93951f511794': None} {{(pid=86698) _load_shares_config /opt/stack/cinder/cinder/volume/drivers/quobyte.py:617}}
Jul 06 13:18:21 devstack cinder-volume[86698]: DEBUG cinder.volume.drivers.quobyte [None req-360898e3-849d-4579-a05f-f3606f1d0be1 tempest-ServerActionsTestOtherA-1122902164 None] Available shares ['osci02.corp.quobyte.com/cinder-vol-53d580ee-2204-4194-a9bc-93951f511794'] {{(pid=86698) _ensure_shares_mounted /opt/stack/cinder/cinder/volume/drivers/quobyte.py:647}}
Jul 06 13:18:21 devstack cinder-volume[86698]: DEBUG oslo_concurrency.lockutils [None req-360898e3-849d-4579-a05f-f3606f1d0be1 tempest-ServerActionsTestOtherA-1122902164 None] Lock "quobyte_ensure" "released" by "cinder.volume.drivers.quobyte.QuobyteDriver._ensure_shares_mounted" :: held 0.009s {{(pid=86698) inner /opt/stack/data/venv/lib/python3.12/site-packages/oslo_concurrency/lockutils.py:543}}
Jul 06 13:18:21 devstack cinder-volume[86698]: DEBUG oslo_concurrency.processutils [None req-360898e3-849d-4579-a05f-f3606f1d0be1 tempest-ServerActionsTestOtherA-1122902164 None] Running cmd (subprocess): sudo cinder-rootwrap /etc/cinder/rootwrap.conf df --portability --block-size 1 /opt/stack/data/cinder/mnt/a308b7fd9b8ce06cab2f94493de2a64b {{(pid=86698) execute /opt/stack/data/venv/lib/python3.12/site-packages/oslo_concurrency/processutils.py:440}}
Jul 06 13:18:21 devstack sudo[90362]: quobyte : PWD=/ ; USER=root ; COMMAND=/opt/stack/data/venv/bin/cinder-rootwrap /etc/cinder/rootwrap.conf df --portability --block-size 1 /opt/stack/data/cinder/mnt/a308b7fd9b8ce06cab2f94493de2a64b
Jul 06 13:18:21 devstack sudo[90362]: pam_unix(sudo:session): session opened for user root(uid=0) by (uid=1000)
Jul 06 13:18:21 devstack sudo[90361]: quobyte : PWD=/ ; USER=root ; COMMAND=/opt/stack/data/venv/bin/cinder-rootwrap /etc/cinder/rootwrap.conf env LC_ALL=C qemu-img info -f qcow2 --output=json --force-share /opt/stack/data/cinder/mnt/a308b7fd9b8ce06cab2f94493de2a64b/volume-292d7401-8263-4e1c-9781-eecede2fbf5f
Jul 06 13:18:21 devstack sudo[90361]: pam_unix(sudo:session): session opened for user root(uid=0) by (uid=1000)
Jul 06 13:18:22 devstack sudo[90362]: pam_unix(sudo:session): session closed for user root
Jul 06 13:18:22 devstack cinder-volume[86698]: DEBUG oslo_concurrency.processutils [None req-360898e3-849d-4579-a05f-f3606f1d0be1 tempest-ServerActionsTestOtherA-1122902164 None] CMD "sudo cinder-rootwrap /etc/cinder/rootwrap.conf df --portability --block-size 1 /opt/stack/data/cinder/mnt/a308b7fd9b8ce06cab2f94493de2a64b" returned: 0 in 0.730s {{(pid=86698) execute /opt/stack/data/venv/lib/python3.12/site-packages/oslo_concurrency/processutils.py:468}}
Jul 06 13:18:22 devstack cinder-volume[86698]: DEBUG cinder.manager [None req-360898e3-849d-4579-a05f-f3606f1d0be1 tempest-ServerActionsTestOtherA-1122902164 None] Notifying Schedulers of capabilities ... {{(pid=86698) _publish_service_capabilities /opt/stack/cinder/cinder/manager.py:219}}
Jul 06 13:18:22 devstack cinder-volume[86698]: INFO cinder.volume.manager [None req-360898e3-849d-4579-a05f-f3606f1d0be1 tempest-ServerActionsTestOtherA-1122902164 None] Deleted volume successfully.
Jul 06 13:18:22 devstack cinder-volume[86698]: DEBUG cinder.coordination [None req-360898e3-849d-4579-a05f-f3606f1d0be1 tempest-ServerActionsTestOtherA-1122902164 None] Lock "cinder-a54ef67d-57a8-4280-9c1b-cab2aed1d9f2-delete_volume" released by "delete_volume" :: held 2.626s {{(pid=86698) __release /opt/stack/cinder/cinder/coordination.py:152}}
Jul 06 13:18:22 devstack sudo[90361]: pam_unix(sudo:session): session closed for user root
Jul 06 13:18:22 devstack cinder-volume[86698]: DEBUG oslo_concurrency.processutils [None req-4ae1c526-baa3-463d-98ec-8ca45bf7e9fc tempest-SnapshotMetadataTestJSON-2105374670 None] CMD "/opt/stack/data/venv/bin/python3.12 -m oslo_concurrency.prlimit --as=1073741824 --cpu=60 -- sudo cinder-rootwrap /etc/cinder/rootwrap.conf env LC_ALL=C qemu-img info -f qcow2 --output=json --force-share /opt/stack/data/cinder/mnt/a308b7fd9b8ce06cab2f94493de2a64b/volume-292d7401-8263-4e1c-9781-eecede2fbf5f" returned: 0 in 0.833s {{(pid=86698) execute /opt/stack/data/venv/lib/python3.12/site-packages/oslo_concurrency/processutils.py:468}}
Jul 06 13:18:22 devstack cinder-volume[86698]: DEBUG oslo_concurrency.processutils [None req-4ae1c526-baa3-463d-98ec-8ca45bf7e9fc tempest-SnapshotMetadataTestJSON-2105374670 None] Running cmd (subprocess): sudo cinder-rootwrap /etc/cinder/rootwrap.conf qemu-img create -f qcow2 -o backing_file=/opt/stack/data/cinder/mnt/a308b7fd9b8ce06cab2f94493de2a64b/volume-292d7401-8263-4e1c-9781-eecede2fbf5f,backing_fmt=qcow2 /opt/stack/data/cinder/mnt/a308b7fd9b8ce06cab2f94493de2a64b/volume-292d7401-8263-4e1c-9781-eecede2fbf5f.00367119-4da5-4990-937f-246993bfff7f 1G {{(pid=86698) execute /opt/stack/data/venv/lib/python3.12/site-packages/oslo_concurrency/processutils.py:440}}
Jul 06 13:18:22 devstack sudo[90372]: quobyte : PWD=/ ; USER=root ; COMMAND=/opt/stack/data/venv/bin/cinder-rootwrap /etc/cinder/rootwrap.conf qemu-img create -f qcow2 -o backing_file=/opt/stack/data/cinder/mnt/a308b7fd9b8ce06cab2f94493de2a64b/volume-292d7401-8263-4e1c-9781-eecede2fbf5f,backing_fmt=qcow2 /opt/stack/data/cinder/mnt/a308b7fd9b8ce06cab2f94493de2a64b/volume-292d7401-8263-4e1c-9781-eecede2fbf5f.00367119-4da5-4990-937f-246993bfff7f 1G
Jul 06 13:18:22 devstack sudo[90372]: pam_unix(sudo:session): session opened for user root(uid=0) by (uid=1000)
Jul 06 13:18:23 devstack sudo[90372]: pam_unix(sudo:session): session closed for user root
Jul 06 13:18:23 devstack cinder-volume[86698]: DEBUG oslo_concurrency.processutils [None req-4ae1c526-baa3-463d-98ec-8ca45bf7e9fc tempest-SnapshotMetadataTestJSON-2105374670 None] CMD "sudo cinder-rootwrap /etc/cinder/rootwrap.conf qemu-img create -f qcow2 -o backing_file=/opt/stack/data/cinder/mnt/a308b7fd9b8ce06cab2f94493de2a64b/volume-292d7401-8263-4e1c-9781-eecede2fbf5f,backing_fmt=qcow2 /opt/stack/data/cinder/mnt/a308b7fd9b8ce06cab2f94493de2a64b/volume-292d7401-8263-4e1c-9781-eecede2fbf5f.00367119-4da5-4990-937f-246993bfff7f 1G" returned: 0 in 1.155s {{(pid=86698) execute /opt/stack/data/venv/lib/python3.12/site-packages/oslo_concurrency/processutils.py:468}}
Jul 06 13:18:23 devstack cinder-volume[86698]: DEBUG oslo_concurrency.processutils [None req-4ae1c526-baa3-463d-98ec-8ca45bf7e9fc tempest-SnapshotMetadataTestJSON-2105374670 None] Running cmd (subprocess): sudo cinder-rootwrap /etc/cinder/rootwrap.conf qemu-img rebase -u -b volume-292d7401-8263-4e1c-9781-eecede2fbf5f -F qcow2 /opt/stack/data/cinder/mnt/a308b7fd9b8ce06cab2f94493de2a64b/volume-292d7401-8263-4e1c-9781-eecede2fbf5f.00367119-4da5-4990-937f-246993bfff7f {{(pid=86698) execute /opt/stack/data/venv/lib/python3.12/site-packages/oslo_concurrency/processutils.py:440}}
Jul 06 13:18:23 devstack sudo[90387]: quobyte : PWD=/ ; USER=root ; COMMAND=/opt/stack/data/venv/bin/cinder-rootwrap /etc/cinder/rootwrap.conf qemu-img rebase -u -b volume-292d7401-8263-4e1c-9781-eecede2fbf5f -F qcow2 /opt/stack/data/cinder/mnt/a308b7fd9b8ce06cab2f94493de2a64b/volume-292d7401-8263-4e1c-9781-eecede2fbf5f.00367119-4da5-4990-937f-246993bfff7f
Jul 06 13:18:23 devstack sudo[90387]: pam_unix(sudo:session): session opened for user root(uid=0) by (uid=1000)
Jul 06 13:18:24 devstack sudo[90387]: pam_unix(sudo:session): session closed for user root
Jul 06 13:18:24 devstack cinder-volume[86698]: DEBUG oslo_concurrency.processutils [None req-4ae1c526-baa3-463d-98ec-8ca45bf7e9fc tempest-SnapshotMetadataTestJSON-2105374670 None] CMD "sudo cinder-rootwrap /etc/cinder/rootwrap.conf qemu-img rebase -u -b volume-292d7401-8263-4e1c-9781-eecede2fbf5f -F qcow2 /opt/stack/data/cinder/mnt/a308b7fd9b8ce06cab2f94493de2a64b/volume-292d7401-8263-4e1c-9781-eecede2fbf5f.00367119-4da5-4990-937f-246993bfff7f" returned: 0 in 1.065s {{(pid=86698) execute /opt/stack/data/venv/lib/python3.12/site-packages/oslo_concurrency/processutils.py:468}}
Jul 06 13:18:24 devstack cinder-volume[86698]: WARNING cinder.volume.drivers.remotefs [None req-4ae1c526-baa3-463d-98ec-8ca45bf7e9fc tempest-SnapshotMetadataTestJSON-2105374670 None] /opt/stack/data/cinder/mnt/a308b7fd9b8ce06cab2f94493de2a64b/volume-292d7401-8263-4e1c-9781-eecede2fbf5f.00367119-4da5-4990-937f-246993bfff7f is being set with open permissions: ugo+rw
Jul 06 13:18:24 devstack cinder-volume[86698]: DEBUG oslo_concurrency.processutils [None req-4ae1c526-baa3-463d-98ec-8ca45bf7e9fc tempest-SnapshotMetadataTestJSON-2105374670 None] Running cmd (subprocess): sudo cinder-rootwrap /etc/cinder/rootwrap.conf chmod ugo+rw /opt/stack/data/cinder/mnt/a308b7fd9b8ce06cab2f94493de2a64b/volume-292d7401-8263-4e1c-9781-eecede2fbf5f.00367119-4da5-4990-937f-246993bfff7f {{(pid=86698) execute /opt/stack/data/venv/lib/python3.12/site-packages/oslo_concurrency/processutils.py:440}}
Jul 06 13:18:24 devstack sudo[90411]: quobyte : PWD=/ ; USER=root ; COMMAND=/opt/stack/data/venv/bin/cinder-rootwrap /etc/cinder/rootwrap.conf chmod ugo+rw /opt/stack/data/cinder/mnt/a308b7fd9b8ce06cab2f94493de2a64b/volume-292d7401-8263-4e1c-9781-eecede2fbf5f.00367119-4da5-4990-937f-246993bfff7f
Jul 06 13:18:24 devstack sudo[90411]: pam_unix(sudo:session): session opened for user root(uid=0) by (uid=1000)
Jul 06 13:18:25 devstack sudo[90411]: pam_unix(sudo:session): session closed for user root
Jul 06 13:18:25 devstack cinder-volume[86698]: DEBUG oslo_concurrency.processutils [None req-4ae1c526-baa3-463d-98ec-8ca45bf7e9fc tempest-SnapshotMetadataTestJSON-2105374670 None] CMD "sudo cinder-rootwrap /etc/cinder/rootwrap.conf chmod ugo+rw /opt/stack/data/cinder/mnt/a308b7fd9b8ce06cab2f94493de2a64b/volume-292d7401-8263-4e1c-9781-eecede2fbf5f.00367119-4da5-4990-937f-246993bfff7f" returned: 0 in 0.957s {{(pid=86698) execute /opt/stack/data/venv/lib/python3.12/site-packages/oslo_concurrency/processutils.py:468}}
Jul 06 13:18:25 devstack cinder-volume[86698]: DEBUG oslo_concurrency.processutils [None req-4ae1c526-baa3-463d-98ec-8ca45bf7e9fc tempest-SnapshotMetadataTestJSON-2105374670 None] Running cmd (subprocess): sudo cinder-rootwrap /etc/cinder/rootwrap.conf truncate -s0 /opt/stack/data/cinder/mnt/a308b7fd9b8ce06cab2f94493de2a64b/volume-292d7401-8263-4e1c-9781-eecede2fbf5f.info {{(pid=86698) execute /opt/stack/data/venv/lib/python3.12/site-packages/oslo_concurrency/processutils.py:440}}
Jul 06 13:18:25 devstack sudo[90433]: quobyte : PWD=/ ; USER=root ; COMMAND=/opt/stack/data/venv/bin/cinder-rootwrap /etc/cinder/rootwrap.conf truncate -s0 /opt/stack/data/cinder/mnt/a308b7fd9b8ce06cab2f94493de2a64b/volume-292d7401-8263-4e1c-9781-eecede2fbf5f.info
Jul 06 13:18:25 devstack sudo[90433]: pam_unix(sudo:session): session opened for user root(uid=0) by (uid=1000)
Jul 06 13:18:26 devstack cinder-volume[86698]: INFO cinder.volume.manager [req-e259ff88-e495-41c4-b404-ce23162f9702 req-c4cf2517-5ca7-49f3-b28c-478861395878 tempest-TaggedAttachmentsTest-1729293523 None] Terminate volume connection completed successfully.
Jul 06 13:18:26 devstack cinder-volume[86698]: DEBUG cinder.volume.manager [req-e259ff88-e495-41c4-b404-ce23162f9702 req-c4cf2517-5ca7-49f3-b28c-478861395878 tempest-TaggedAttachmentsTest-1729293523 None] Deleting attachment 51b1f246-aa3b-48bc-a338-7d72ba732413. {{(pid=86698) attachment_delete /opt/stack/cinder/cinder/volume/manager.py:5055}}
Jul 06 13:18:26 devstack sudo[90433]: pam_unix(sudo:session): session closed for user root
Jul 06 13:18:26 devstack cinder-volume[86698]: DEBUG oslo_concurrency.processutils [None req-4ae1c526-baa3-463d-98ec-8ca45bf7e9fc tempest-SnapshotMetadataTestJSON-2105374670 None] CMD "sudo cinder-rootwrap /etc/cinder/rootwrap.conf truncate -s0 /opt/stack/data/cinder/mnt/a308b7fd9b8ce06cab2f94493de2a64b/volume-292d7401-8263-4e1c-9781-eecede2fbf5f.info" returned: 0 in 0.765s {{(pid=86698) execute /opt/stack/data/venv/lib/python3.12/site-packages/oslo_concurrency/processutils.py:468}}
Jul 06 13:18:26 devstack cinder-volume[86698]: WARNING cinder.volume.drivers.remotefs [None req-4ae1c526-baa3-463d-98ec-8ca45bf7e9fc tempest-SnapshotMetadataTestJSON-2105374670 None] /opt/stack/data/cinder/mnt/a308b7fd9b8ce06cab2f94493de2a64b/volume-292d7401-8263-4e1c-9781-eecede2fbf5f.info is being set with open permissions: ugo+rw
Jul 06 13:18:26 devstack cinder-volume[86698]: DEBUG oslo_concurrency.processutils [None req-4ae1c526-baa3-463d-98ec-8ca45bf7e9fc tempest-SnapshotMetadataTestJSON-2105374670 None] Running cmd (subprocess): sudo cinder-rootwrap /etc/cinder/rootwrap.conf chmod ugo+rw /opt/stack/data/cinder/mnt/a308b7fd9b8ce06cab2f94493de2a64b/volume-292d7401-8263-4e1c-9781-eecede2fbf5f.info {{(pid=86698) execute /opt/stack/data/venv/lib/python3.12/site-packages/oslo_concurrency/processutils.py:440}}
Jul 06 13:18:26 devstack sudo[90465]: quobyte : PWD=/ ; USER=root ; COMMAND=/opt/stack/data/venv/bin/cinder-rootwrap /etc/cinder/rootwrap.conf chmod ugo+rw /opt/stack/data/cinder/mnt/a308b7fd9b8ce06cab2f94493de2a64b/volume-292d7401-8263-4e1c-9781-eecede2fbf5f.info
Jul 06 13:18:26 devstack sudo[90465]: pam_unix(sudo:session): session opened for user root(uid=0) by (uid=1000)
Jul 06 13:18:27 devstack sudo[90465]: pam_unix(sudo:session): session closed for user root
Jul 06 13:18:27 devstack cinder-volume[86698]: DEBUG oslo_concurrency.processutils [None req-4ae1c526-baa3-463d-98ec-8ca45bf7e9fc tempest-SnapshotMetadataTestJSON-2105374670 None] CMD "sudo cinder-rootwrap /etc/cinder/rootwrap.conf chmod ugo+rw /opt/stack/data/cinder/mnt/a308b7fd9b8ce06cab2f94493de2a64b/volume-292d7401-8263-4e1c-9781-eecede2fbf5f.info" returned: 0 in 0.698s {{(pid=86698) execute /opt/stack/data/venv/lib/python3.12/site-packages/oslo_concurrency/processutils.py:468}}
Jul 06 13:18:27 devstack cinder-volume[86698]: DEBUG oslo_concurrency.lockutils [None req-4ae1c526-baa3-463d-98ec-8ca45bf7e9fc tempest-SnapshotMetadataTestJSON-2105374670 None] Lock "quobyte" "released" by "cinder.volume.drivers.quobyte.QuobyteDriver.create_snapshot" :: held 5.629s {{(pid=86698) inner /opt/stack/data/venv/lib/python3.12/site-packages/oslo_concurrency/lockutils.py:543}}
Jul 06 13:18:27 devstack cinder-volume[86698]: INFO cinder.volume.manager [None req-4ae1c526-baa3-463d-98ec-8ca45bf7e9fc tempest-SnapshotMetadataTestJSON-2105374670 None] Create snapshot completed successfully
Jul 06 13:18:28 devstack cinder-volume[86698]: DEBUG cinder.coordination [None req-9a14ac85-712b-414d-aefc-e6bb5bfbb98b tempest-SnapshotMetadataTestJSON-2105374670 None] Acquiring lock "cinder-00367119-4da5-4990-937f-246993bfff7f-delete_snapshot" by "delete_snapshot" {{(pid=86698) __acquire /opt/stack/cinder/cinder/coordination.py:138}}
Jul 06 13:18:28 devstack cinder-volume[86698]: DEBUG cinder.coordination [None req-9a14ac85-712b-414d-aefc-e6bb5bfbb98b tempest-SnapshotMetadataTestJSON-2105374670 None] Lock "cinder-00367119-4da5-4990-937f-246993bfff7f-delete_snapshot" acquired by "delete_snapshot" :: waited 0.054s {{(pid=86698) __acquire /opt/stack/cinder/cinder/coordination.py:141}}
Jul 06 13:18:28 devstack cinder-volume[86698]: DEBUG cinder.coordination [None req-9a14ac85-712b-414d-aefc-e6bb5bfbb98b tempest-SnapshotMetadataTestJSON-2105374670 None] Acquiring lock "cinder-quobyte-292d7401-8263-4e1c-9781-eecede2fbf5f" by "delete_snapshot" {{(pid=86698) __acquire /opt/stack/cinder/cinder/coordination.py:138}}
Jul 06 13:18:28 devstack cinder-volume[86698]: DEBUG cinder.coordination [None req-9a14ac85-712b-414d-aefc-e6bb5bfbb98b tempest-SnapshotMetadataTestJSON-2105374670 None] Lock "cinder-quobyte-292d7401-8263-4e1c-9781-eecede2fbf5f" acquired by "delete_snapshot" :: waited 0.038s {{(pid=86698) __acquire /opt/stack/cinder/cinder/coordination.py:141}}
Jul 06 13:18:28 devstack cinder-volume[86698]: DEBUG cinder.coordination [None req-9a14ac85-712b-414d-aefc-e6bb5bfbb98b tempest-SnapshotMetadataTestJSON-2105374670 None] Acquiring lock "cinder-quobyte-00367119-4da5-4990-937f-246993bfff7f" by "_delete_snapshot" {{(pid=86698) __acquire /opt/stack/cinder/cinder/coordination.py:138}}
Jul 06 13:18:28 devstack cinder-volume[86698]: DEBUG cinder.coordination [None req-9a14ac85-712b-414d-aefc-e6bb5bfbb98b tempest-SnapshotMetadataTestJSON-2105374670 None] Lock "cinder-quobyte-00367119-4da5-4990-937f-246993bfff7f" acquired by "_delete_snapshot" :: waited 0.031s {{(pid=86698) __acquire /opt/stack/cinder/cinder/coordination.py:141}}
Jul 06 13:18:28 devstack cinder-volume[86698]: DEBUG cinder.volume.drivers.remotefs [None req-9a14ac85-712b-414d-aefc-e6bb5bfbb98b tempest-SnapshotMetadataTestJSON-2105374670 None] Deleting offline snapshot 00367119-4da5-4990-937f-246993bfff7f of volume 292d7401-8263-4e1c-9781-eecede2fbf5f {{(pid=86698) _delete_snapshot /opt/stack/cinder/cinder/volume/drivers/remotefs.py:1288}}
Jul 06 13:18:28 devstack cinder-volume[86698]: DEBUG cinder.volume.drivers.remotefs [None req-9a14ac85-712b-414d-aefc-e6bb5bfbb98b tempest-SnapshotMetadataTestJSON-2105374670 None] snapshot_file for this snap is: volume-292d7401-8263-4e1c-9781-eecede2fbf5f.00367119-4da5-4990-937f-246993bfff7f {{(pid=86698) _delete_snapshot /opt/stack/cinder/cinder/volume/drivers/remotefs.py:1317}}
Jul 06 13:18:28 devstack cinder-volume[86698]: DEBUG oslo.privsep.daemon [-] privsep: reply[c4d65fd5-1922-4df6-8d16-34c2db5e4fe1]: (4, 'qcow2') {{(pid=87595) _call_back /opt/stack/data/venv/lib/python3.12/site-packages/oslo_privsep/daemon.py:580}}
Jul 06 13:18:28 devstack cinder-volume[86698]: DEBUG oslo_concurrency.processutils [None req-9a14ac85-712b-414d-aefc-e6bb5bfbb98b tempest-SnapshotMetadataTestJSON-2105374670 None] Running cmd (subprocess): /opt/stack/data/venv/bin/python3.12 -m oslo_concurrency.prlimit --as=1073741824 --cpu=60 -- sudo cinder-rootwrap /etc/cinder/rootwrap.conf env LC_ALL=C qemu-img info -f qcow2 --output=json --force-share /opt/stack/data/cinder/mnt/a308b7fd9b8ce06cab2f94493de2a64b/volume-292d7401-8263-4e1c-9781-eecede2fbf5f.00367119-4da5-4990-937f-246993bfff7f {{(pid=86698) execute /opt/stack/data/venv/lib/python3.12/site-packages/oslo_concurrency/processutils.py:440}}
Jul 06 13:18:29 devstack sudo[90482]: quobyte : PWD=/ ; USER=root ; COMMAND=/opt/stack/data/venv/bin/cinder-rootwrap /etc/cinder/rootwrap.conf env LC_ALL=C qemu-img info -f qcow2 --output=json --force-share /opt/stack/data/cinder/mnt/a308b7fd9b8ce06cab2f94493de2a64b/volume-292d7401-8263-4e1c-9781-eecede2fbf5f.00367119-4da5-4990-937f-246993bfff7f
Jul 06 13:18:29 devstack sudo[90482]: pam_unix(sudo:session): session opened for user root(uid=0) by (uid=1000)
Jul 06 13:18:29 devstack sudo[90482]: pam_unix(sudo:session): session closed for user root
Jul 06 13:18:29 devstack cinder-volume[86698]: DEBUG oslo_concurrency.processutils [None req-9a14ac85-712b-414d-aefc-e6bb5bfbb98b tempest-SnapshotMetadataTestJSON-2105374670 None] CMD "/opt/stack/data/venv/bin/python3.12 -m oslo_concurrency.prlimit --as=1073741824 --cpu=60 -- sudo cinder-rootwrap /etc/cinder/rootwrap.conf env LC_ALL=C qemu-img info -f qcow2 --output=json --force-share /opt/stack/data/cinder/mnt/a308b7fd9b8ce06cab2f94493de2a64b/volume-292d7401-8263-4e1c-9781-eecede2fbf5f.00367119-4da5-4990-937f-246993bfff7f" returned: 0 in 1.021s {{(pid=86698) execute /opt/stack/data/venv/lib/python3.12/site-packages/oslo_concurrency/processutils.py:468}}
Jul 06 13:18:29 devstack cinder-volume[86698]: DEBUG cinder.volume.drivers.remotefs [None req-9a14ac85-712b-414d-aefc-e6bb5bfbb98b tempest-SnapshotMetadataTestJSON-2105374670 None] Fetching qemu-img info with special backing_file_template: (/opt/stack/data/cinder/mnt/[0-9a-f]+/)?(volume-292d7401-8263-4e1c-9781-eecede2fbf5f(.(tmp-snap-)?[0-9a-f-]+)?|volume_from_snapshot_cache/(tmp-snap-)?[0-9a-f-]+(.(child-|parent-)[0-9a-f-]+)?)$ {{(pid=86698) _qemu_img_info_base /opt/stack/cinder/cinder/volume/drivers/remotefs.py:896}}
Jul 06 13:18:30 devstack cinder-volume[86698]: DEBUG oslo.privsep.daemon [-] privsep: reply[30c04646-96e9-4369-ad5c-89150539b93a]: (4, 'qcow2') {{(pid=87595) _call_back /opt/stack/data/venv/lib/python3.12/site-packages/oslo_privsep/daemon.py:580}}
Jul 06 13:18:30 devstack cinder-volume[86698]: DEBUG oslo_concurrency.processutils [None req-9a14ac85-712b-414d-aefc-e6bb5bfbb98b tempest-SnapshotMetadataTestJSON-2105374670 None] Running cmd (subprocess): /opt/stack/data/venv/bin/python3.12 -m oslo_concurrency.prlimit --as=1073741824 --cpu=60 -- sudo cinder-rootwrap /etc/cinder/rootwrap.conf env LC_ALL=C qemu-img info -f qcow2 --output=json --force-share /opt/stack/data/cinder/mnt/a308b7fd9b8ce06cab2f94493de2a64b/volume-292d7401-8263-4e1c-9781-eecede2fbf5f {{(pid=86698) execute /opt/stack/data/venv/lib/python3.12/site-packages/oslo_concurrency/processutils.py:440}}
Jul 06 13:18:30 devstack sudo[90531]: quobyte : PWD=/ ; USER=root ; COMMAND=/opt/stack/data/venv/bin/cinder-rootwrap /etc/cinder/rootwrap.conf env LC_ALL=C qemu-img info -f qcow2 --output=json --force-share /opt/stack/data/cinder/mnt/a308b7fd9b8ce06cab2f94493de2a64b/volume-292d7401-8263-4e1c-9781-eecede2fbf5f
Jul 06 13:18:30 devstack sudo[90531]: pam_unix(sudo:session): session opened for user root(uid=0) by (uid=1000)
Jul 06 13:18:30 devstack sudo[90531]: pam_unix(sudo:session): session closed for user root
Jul 06 13:18:30 devstack cinder-volume[86698]: DEBUG oslo_concurrency.processutils [None req-9a14ac85-712b-414d-aefc-e6bb5bfbb98b tempest-SnapshotMetadataTestJSON-2105374670 None] CMD "/opt/stack/data/venv/bin/python3.12 -m oslo_concurrency.prlimit --as=1073741824 --cpu=60 -- sudo cinder-rootwrap /etc/cinder/rootwrap.conf env LC_ALL=C qemu-img info -f qcow2 --output=json --force-share /opt/stack/data/cinder/mnt/a308b7fd9b8ce06cab2f94493de2a64b/volume-292d7401-8263-4e1c-9781-eecede2fbf5f" returned: 0 in 0.928s {{(pid=86698) execute /opt/stack/data/venv/lib/python3.12/site-packages/oslo_concurrency/processutils.py:468}}
Jul 06 13:18:31 devstack cinder-volume[86698]: DEBUG oslo_concurrency.processutils [None req-9a14ac85-712b-414d-aefc-e6bb5bfbb98b tempest-SnapshotMetadataTestJSON-2105374670 None] Running cmd (subprocess): sudo cinder-rootwrap /etc/cinder/rootwrap.conf qemu-img commit -d /opt/stack/data/cinder/mnt/a308b7fd9b8ce06cab2f94493de2a64b/volume-292d7401-8263-4e1c-9781-eecede2fbf5f.00367119-4da5-4990-937f-246993bfff7f {{(pid=86698) execute /opt/stack/data/venv/lib/python3.12/site-packages/oslo_concurrency/processutils.py:440}}
Jul 06 13:18:31 devstack sudo[90565]: quobyte : PWD=/ ; USER=root ; COMMAND=/opt/stack/data/venv/bin/cinder-rootwrap /etc/cinder/rootwrap.conf qemu-img commit -d /opt/stack/data/cinder/mnt/a308b7fd9b8ce06cab2f94493de2a64b/volume-292d7401-8263-4e1c-9781-eecede2fbf5f.00367119-4da5-4990-937f-246993bfff7f
Jul 06 13:18:31 devstack sudo[90565]: pam_unix(sudo:session): session opened for user root(uid=0) by (uid=1000)
Jul 06 13:18:32 devstack sudo[90565]: pam_unix(sudo:session): session closed for user root
Jul 06 13:18:32 devstack cinder-volume[86698]: DEBUG oslo_concurrency.processutils [None req-9a14ac85-712b-414d-aefc-e6bb5bfbb98b tempest-SnapshotMetadataTestJSON-2105374670 None] CMD "sudo cinder-rootwrap /etc/cinder/rootwrap.conf qemu-img commit -d /opt/stack/data/cinder/mnt/a308b7fd9b8ce06cab2f94493de2a64b/volume-292d7401-8263-4e1c-9781-eecede2fbf5f.00367119-4da5-4990-937f-246993bfff7f" returned: 0 in 1.085s {{(pid=86698) execute /opt/stack/data/venv/lib/python3.12/site-packages/oslo_concurrency/processutils.py:468}}
Jul 06 13:18:32 devstack cinder-volume[86698]: DEBUG oslo_concurrency.processutils [None req-9a14ac85-712b-414d-aefc-e6bb5bfbb98b tempest-SnapshotMetadataTestJSON-2105374670 None] Running cmd (subprocess): sudo cinder-rootwrap /etc/cinder/rootwrap.conf rm -f /opt/stack/data/cinder/mnt/a308b7fd9b8ce06cab2f94493de2a64b/volume-292d7401-8263-4e1c-9781-eecede2fbf5f.00367119-4da5-4990-937f-246993bfff7f {{(pid=86698) execute /opt/stack/data/venv/lib/python3.12/site-packages/oslo_concurrency/processutils.py:440}}
Jul 06 13:18:32 devstack sudo[90574]: quobyte : PWD=/ ; USER=root ; COMMAND=/opt/stack/data/venv/bin/cinder-rootwrap /etc/cinder/rootwrap.conf rm -f /opt/stack/data/cinder/mnt/a308b7fd9b8ce06cab2f94493de2a64b/volume-292d7401-8263-4e1c-9781-eecede2fbf5f.00367119-4da5-4990-937f-246993bfff7f
Jul 06 13:18:32 devstack sudo[90574]: pam_unix(sudo:session): session opened for user root(uid=0) by (uid=1000)
Jul 06 13:18:33 devstack sudo[90574]: pam_unix(sudo:session): session closed for user root
Jul 06 13:18:33 devstack cinder-volume[86698]: DEBUG oslo_concurrency.processutils [None req-9a14ac85-712b-414d-aefc-e6bb5bfbb98b tempest-SnapshotMetadataTestJSON-2105374670 None] CMD "sudo cinder-rootwrap /etc/cinder/rootwrap.conf rm -f /opt/stack/data/cinder/mnt/a308b7fd9b8ce06cab2f94493de2a64b/volume-292d7401-8263-4e1c-9781-eecede2fbf5f.00367119-4da5-4990-937f-246993bfff7f" returned: 0 in 0.940s {{(pid=86698) execute /opt/stack/data/venv/lib/python3.12/site-packages/oslo_concurrency/processutils.py:468}}
Jul 06 13:18:33 devstack cinder-volume[86698]: DEBUG cinder.coordination [None req-9a14ac85-712b-414d-aefc-e6bb5bfbb98b tempest-SnapshotMetadataTestJSON-2105374670 None] Lock "cinder-quobyte-00367119-4da5-4990-937f-246993bfff7f" released by "_delete_snapshot" :: held 4.247s {{(pid=86698) __release /opt/stack/cinder/cinder/coordination.py:152}}
Jul 06 13:18:33 devstack cinder-volume[86698]: DEBUG cinder.coordination [None req-9a14ac85-712b-414d-aefc-e6bb5bfbb98b tempest-SnapshotMetadataTestJSON-2105374670 None] Lock "cinder-quobyte-292d7401-8263-4e1c-9781-eecede2fbf5f" released by "delete_snapshot" :: held 4.290s {{(pid=86698) __release /opt/stack/cinder/cinder/coordination.py:152}}
Jul 06 13:18:33 devstack cinder-volume[86698]: DEBUG cinder.quota [None req-9a14ac85-712b-414d-aefc-e6bb5bfbb98b tempest-SnapshotMetadataTestJSON-2105374670 None] Created reservations ['f9fab5fd-a94c-47e2-985e-e2c3c9395409', '5cfc96f2-7023-4f07-ba35-4214eb13570e', 'a449f48d-50b5-4e8a-ba28-9e78d3c7349f', '3b5ce23e-bbf5-4a70-8174-063d76f3f0ad'] {{(pid=86698) reserve /opt/stack/cinder/cinder/quota.py:752}}
Jul 06 13:18:33 devstack cinder-volume[86698]: INFO cinder.volume.manager [None req-9a14ac85-712b-414d-aefc-e6bb5bfbb98b tempest-SnapshotMetadataTestJSON-2105374670 None] Delete snapshot completed successfully.
Jul 06 13:18:33 devstack cinder-volume[86698]: DEBUG cinder.coordination [None req-9a14ac85-712b-414d-aefc-e6bb5bfbb98b tempest-SnapshotMetadataTestJSON-2105374670 None] Lock "cinder-00367119-4da5-4990-937f-246993bfff7f-delete_snapshot" released by "delete_snapshot" :: held 4.603s {{(pid=86698) __release /opt/stack/cinder/cinder/coordination.py:152}}
Jul 06 13:18:34 devstack cinder-volume[86698]: DEBUG cinder.coordination [None req-d557690e-1729-454a-915f-e15f2413b231 tempest-SnapshotMetadataTestJSON-2105374670 None] Acquiring lock "cinder-292d7401-8263-4e1c-9781-eecede2fbf5f-delete_volume" by "delete_volume" {{(pid=86698) __acquire /opt/stack/cinder/cinder/coordination.py:138}}
Jul 06 13:18:34 devstack cinder-volume[86698]: DEBUG cinder.coordination [None req-d557690e-1729-454a-915f-e15f2413b231 tempest-SnapshotMetadataTestJSON-2105374670 None] Lock "cinder-292d7401-8263-4e1c-9781-eecede2fbf5f-delete_volume" acquired by "delete_volume" :: waited 0.036s {{(pid=86698) __acquire /opt/stack/cinder/cinder/coordination.py:141}}
Jul 06 13:18:34 devstack cinder-volume[86698]: DEBUG cinder.coordination [None req-d557690e-1729-454a-915f-e15f2413b231 tempest-SnapshotMetadataTestJSON-2105374670 None] Acquiring lock "cinder-quobyte-292d7401-8263-4e1c-9781-eecede2fbf5f" by "delete_volume" {{(pid=86698) __acquire /opt/stack/cinder/cinder/coordination.py:138}}
Jul 06 13:18:34 devstack cinder-volume[86698]: DEBUG cinder.coordination [None req-d557690e-1729-454a-915f-e15f2413b231 tempest-SnapshotMetadataTestJSON-2105374670 None] Lock "cinder-quobyte-292d7401-8263-4e1c-9781-eecede2fbf5f" acquired by "delete_volume" :: waited 0.027s {{(pid=86698) __acquire /opt/stack/cinder/cinder/coordination.py:141}}
Jul 06 13:18:34 devstack cinder-volume[86698]: DEBUG oslo.privsep.daemon [-] privsep: reply[62138127-2e72-4872-b520-9a0ad200858e]: (4, 'qcow2') {{(pid=87595) _call_back /opt/stack/data/venv/lib/python3.12/site-packages/oslo_privsep/daemon.py:580}}
Jul 06 13:18:34 devstack cinder-volume[86698]: DEBUG oslo_concurrency.processutils [None req-d557690e-1729-454a-915f-e15f2413b231 tempest-SnapshotMetadataTestJSON-2105374670 None] Running cmd (subprocess): /opt/stack/data/venv/bin/python3.12 -m oslo_concurrency.prlimit --as=1073741824 --cpu=60 -- sudo cinder-rootwrap /etc/cinder/rootwrap.conf env LC_ALL=C qemu-img info -f qcow2 --output=json --force-share /opt/stack/data/cinder/mnt/a308b7fd9b8ce06cab2f94493de2a64b/volume-292d7401-8263-4e1c-9781-eecede2fbf5f {{(pid=86698) execute /opt/stack/data/venv/lib/python3.12/site-packages/oslo_concurrency/processutils.py:440}}
Jul 06 13:18:34 devstack sudo[90578]: quobyte : PWD=/ ; USER=root ; COMMAND=/opt/stack/data/venv/bin/cinder-rootwrap /etc/cinder/rootwrap.conf env LC_ALL=C qemu-img info -f qcow2 --output=json --force-share /opt/stack/data/cinder/mnt/a308b7fd9b8ce06cab2f94493de2a64b/volume-292d7401-8263-4e1c-9781-eecede2fbf5f
Jul 06 13:18:34 devstack sudo[90578]: pam_unix(sudo:session): session opened for user root(uid=0) by (uid=1000)
Jul 06 13:18:35 devstack sudo[90578]: pam_unix(sudo:session): session closed for user root
Jul 06 13:18:35 devstack cinder-volume[86698]: DEBUG oslo_concurrency.processutils [None req-d557690e-1729-454a-915f-e15f2413b231 tempest-SnapshotMetadataTestJSON-2105374670 None] CMD "/opt/stack/data/venv/bin/python3.12 -m oslo_concurrency.prlimit --as=1073741824 --cpu=60 -- sudo cinder-rootwrap /etc/cinder/rootwrap.conf env LC_ALL=C qemu-img info -f qcow2 --output=json --force-share /opt/stack/data/cinder/mnt/a308b7fd9b8ce06cab2f94493de2a64b/volume-292d7401-8263-4e1c-9781-eecede2fbf5f" returned: 0 in 1.372s {{(pid=86698) execute /opt/stack/data/venv/lib/python3.12/site-packages/oslo_concurrency/processutils.py:468}}
Jul 06 13:18:35 devstack cinder-volume[86698]: DEBUG oslo_concurrency.processutils [None req-d557690e-1729-454a-915f-e15f2413b231 tempest-SnapshotMetadataTestJSON-2105374670 None] Running cmd (subprocess): sudo cinder-rootwrap /etc/cinder/rootwrap.conf rm -f /opt/stack/data/cinder/mnt/a308b7fd9b8ce06cab2f94493de2a64b/volume-292d7401-8263-4e1c-9781-eecede2fbf5f {{(pid=86698) execute /opt/stack/data/venv/lib/python3.12/site-packages/oslo_concurrency/processutils.py:440}}
Jul 06 13:18:35 devstack sudo[90588]: quobyte : PWD=/ ; USER=root ; COMMAND=/opt/stack/data/venv/bin/cinder-rootwrap /etc/cinder/rootwrap.conf rm -f /opt/stack/data/cinder/mnt/a308b7fd9b8ce06cab2f94493de2a64b/volume-292d7401-8263-4e1c-9781-eecede2fbf5f
Jul 06 13:18:35 devstack sudo[90588]: pam_unix(sudo:session): session opened for user root(uid=0) by (uid=1000)
Jul 06 13:18:36 devstack sudo[90588]: pam_unix(sudo:session): session closed for user root
Jul 06 13:18:36 devstack cinder-volume[86698]: DEBUG oslo_concurrency.processutils [None req-d557690e-1729-454a-915f-e15f2413b231 tempest-SnapshotMetadataTestJSON-2105374670 None] CMD "sudo cinder-rootwrap /etc/cinder/rootwrap.conf rm -f /opt/stack/data/cinder/mnt/a308b7fd9b8ce06cab2f94493de2a64b/volume-292d7401-8263-4e1c-9781-eecede2fbf5f" returned: 0 in 1.100s {{(pid=86698) execute /opt/stack/data/venv/lib/python3.12/site-packages/oslo_concurrency/processutils.py:468}}
Jul 06 13:18:36 devstack cinder-volume[86698]: DEBUG cinder.coordination [None req-d557690e-1729-454a-915f-e15f2413b231 tempest-SnapshotMetadataTestJSON-2105374670 None] Lock "cinder-quobyte-292d7401-8263-4e1c-9781-eecede2fbf5f" released by "delete_volume" :: held 2.562s {{(pid=86698) __release /opt/stack/cinder/cinder/coordination.py:152}}
Jul 06 13:18:37 devstack cinder-volume[86698]: DEBUG cinder.quota [None req-d557690e-1729-454a-915f-e15f2413b231 tempest-SnapshotMetadataTestJSON-2105374670 None] Created reservations ['784d328b-5cb9-44d7-b76b-f7422f5ca288', '4b5d31f9-64c0-4520-9b40-a64769356f3c', 'a8c04a85-168f-4eae-8072-5fc3260927f9', '9e61d3f9-6dd8-465d-b5b1-8f89a40dbec1'] {{(pid=86698) reserve /opt/stack/cinder/cinder/quota.py:752}}
