Jul 06 13:19:40 devstack sudo[91235]: quobyte : PWD=/ ; USER=root ; COMMAND=/opt/stack/data/venv/bin/cinder-rootwrap /etc/cinder/rootwrap.conf env LC_ALL=C qemu-img info -f qcow2 --output=json --force-share /opt/stack/data/cinder/mnt/a308b7fd9b8ce06cab2f94493de2a64b/volume-1ca7a2d2-b394-49bc-9275-8c0bd82aad97
Jul 06 13:19:40 devstack sudo[91235]: pam_unix(sudo:session): session opened for user root(uid=0) by (uid=1000)
Jul 06 13:19:42 devstack sudo[91235]: pam_unix(sudo:session): session closed for user root
Jul 06 13:19:42 devstack cinder-volume[86698]: DEBUG oslo_concurrency.processutils [None req-b7e8bfbb-d808-444b-afd8-cee14f85bc99 tempest-GroupSnapshotsTest-13427710 None] CMD "/opt/stack/data/venv/bin/python3.12 -m oslo_concurrency.prlimit --as=1073741824 --cpu=60 -- sudo cinder-rootwrap /etc/cinder/rootwrap.conf env LC_ALL=C qemu-img info -f qcow2 --output=json --force-share /opt/stack/data/cinder/mnt/a308b7fd9b8ce06cab2f94493de2a64b/volume-1ca7a2d2-b394-49bc-9275-8c0bd82aad97" returned: 0 in 1.314s {{(pid=86698) execute /opt/stack/data/venv/lib/python3.12/site-packages/oslo_concurrency/processutils.py:468}}
Jul 06 13:19:42 devstack cinder-volume[86698]: DEBUG oslo_concurrency.processutils [None req-b7e8bfbb-d808-444b-afd8-cee14f85bc99 tempest-GroupSnapshotsTest-13427710 None] Running cmd (subprocess): sudo cinder-rootwrap /etc/cinder/rootwrap.conf qemu-img create -f qcow2 -o backing_file=/opt/stack/data/cinder/mnt/a308b7fd9b8ce06cab2f94493de2a64b/volume-1ca7a2d2-b394-49bc-9275-8c0bd82aad97,backing_fmt=qcow2 /opt/stack/data/cinder/mnt/a308b7fd9b8ce06cab2f94493de2a64b/volume-1ca7a2d2-b394-49bc-9275-8c0bd82aad97.7794e81e-605a-4b05-bfea-c4c46f12af1a 1G {{(pid=86698) execute /opt/stack/data/venv/lib/python3.12/site-packages/oslo_concurrency/processutils.py:440}}
Jul 06 13:19:42 devstack sudo[91263]: quobyte : PWD=/ ; USER=root ; COMMAND=/opt/stack/data/venv/bin/cinder-rootwrap /etc/cinder/rootwrap.conf qemu-img create -f qcow2 -o backing_file=/opt/stack/data/cinder/mnt/a308b7fd9b8ce06cab2f94493de2a64b/volume-1ca7a2d2-b394-49bc-9275-8c0bd82aad97,backing_fmt=qcow2 /opt/stack/data/cinder/mnt/a308b7fd9b8ce06cab2f94493de2a64b/volume-1ca7a2d2-b394-49bc-9275-8c0bd82aad97.7794e81e-605a-4b05-bfea-c4c46f12af1a 1G
Jul 06 13:19:42 devstack sudo[91263]: pam_unix(sudo:session): session opened for user root(uid=0) by (uid=1000)
Jul 06 13:19:42 devstack cinder-volume[86698]: DEBUG cinder.volume.flows.manager.create_volume [None req-0b47bd75-4aa5-4d91-ac4d-ceba19911d9e tempest-VolumesCloneTest-504575888 None] Volume reschedule parameters: True retry: {'num_attempts': 1, 'backends': ['devstack@QuobyteHD#QuobyteHD'], 'hosts': ['devstack@QuobyteHD#QuobyteHD']} {{(pid=86698) get_flow /opt/stack/cinder/cinder/volume/flows/manager/create_volume.py:1397}}
Jul 06 13:19:42 devstack cinder-volume[86698]: DEBUG cinder.volume.manager [None req-0b47bd75-4aa5-4d91-ac4d-ceba19911d9e tempest-VolumesCloneTest-504575888 None] Flow 'volume_create_manager' (e2119f97-0044-4598-9192-e5e9e7fad662) transitioned into state 'RUNNING' from state 'PENDING' {{(pid=86698) _flow_receiver /opt/stack/data/venv/lib/python3.12/site-packages/taskflow/listeners/logging.py:160}}
Jul 06 13:19:42 devstack cinder-volume[86698]: DEBUG cinder.volume.manager [None req-0b47bd75-4aa5-4d91-ac4d-ceba19911d9e tempest-VolumesCloneTest-504575888 None] Task 'cinder.volume.flows.manager.create_volume.ExtractVolumeRefTask;volume:create' (634b0754-d647-4610-98e1-4d8427831494) transitioned into state 'RUNNING' from state 'PENDING' {{(pid=86698) _task_receiver /opt/stack/data/venv/lib/python3.12/site-packages/taskflow/listeners/logging.py:242}}
Jul 06 13:19:42 devstack cinder-volume[86698]: DEBUG cinder.volume.manager [None req-0b47bd75-4aa5-4d91-ac4d-ceba19911d9e tempest-VolumesCloneTest-504575888 None] Task 'cinder.volume.flows.manager.create_volume.ExtractVolumeRefTask;volume:create' (634b0754-d647-4610-98e1-4d8427831494) transitioned into state 'SUCCESS' from state 'RUNNING' with result 'Volume(_name_id=None,admin_metadata=,attach_status='detached',availability_zone='nova',bootable=False,cluster=,cluster_name=None,consistencygroup=,consistencygroup_id=None,created_at=2026-07-06T11:19:42Z,deleted=False,deleted_at=None,display_description=None,display_name='tempest-VolumesCloneTest-Volume-736317543',ec2_id=None,encryption_key_id=None,glance_metadata=,group=,group_id=None,host='devstack@QuobyteHD#QuobyteHD',id=892f2bfa-144a-4750-a22f-efb52ed0bc9b,launched_at=None,metadata={},migration_status=None,multiattach=False,previous_status=None,project_id='d24a927e787c41a894859aec728171ad',provider_auth=None,provider_geometry=None,provider_id=None,provider_location=None,replication_driver_data=None,replication_extended_status=None,replication_status=None,scheduled_at=2026-07-06T11:19:42Z,service_uuid=None,shared_targets=True,size=2,snapshot_id=None,snapshots=,source_volid=cc1b5a4c-ade1-402d-aab3-c956b2474250,status='creating',terminated_at=None,updated_at=2026-07-06T11:19:42Z,use_quota=True,user_id='306de94793564c03af64096fd42c2ec9',volume_attachment=VolumeAttachmentList,volume_type=VolumeType(3931fcd1-0494-47f5-848c-c1b98981f1b2),volume_type_id=3931fcd1-0494-47f5-848c-c1b98981f1b2)' {{(pid=86698) _task_receiver /opt/stack/data/venv/lib/python3.12/site-packages/taskflow/listeners/logging.py:218}}
Jul 06 13:19:42 devstack cinder-volume[86698]: DEBUG cinder.volume.manager [None req-0b47bd75-4aa5-4d91-ac4d-ceba19911d9e tempest-VolumesCloneTest-504575888 None] Task 'cinder.volume.flows.manager.create_volume.OnFailureRescheduleTask;volume:create' (5316f072-aebd-4e8e-9f2f-fd7ce81e2253) transitioned into state 'RUNNING' from state 'PENDING' {{(pid=86698) _task_receiver /opt/stack/data/venv/lib/python3.12/site-packages/taskflow/listeners/logging.py:242}}
Jul 06 13:19:42 devstack cinder-volume[86698]: DEBUG cinder.volume.manager [None req-0b47bd75-4aa5-4d91-ac4d-ceba19911d9e tempest-VolumesCloneTest-504575888 None] Task 'cinder.volume.flows.manager.create_volume.OnFailureRescheduleTask;volume:create' (5316f072-aebd-4e8e-9f2f-fd7ce81e2253) transitioned into state 'SUCCESS' from state 'RUNNING' with result 'None' {{(pid=86698) _task_receiver /opt/stack/data/venv/lib/python3.12/site-packages/taskflow/listeners/logging.py:218}}
Jul 06 13:19:42 devstack cinder-volume[86698]: DEBUG cinder.volume.manager [None req-0b47bd75-4aa5-4d91-ac4d-ceba19911d9e tempest-VolumesCloneTest-504575888 None] Task 'cinder.volume.flows.manager.create_volume.ExtractVolumeSpecTask;volume:create' (80ca71a3-d56d-465e-a7eb-1376b6472909) transitioned into state 'RUNNING' from state 'PENDING' {{(pid=86698) _task_receiver /opt/stack/data/venv/lib/python3.12/site-packages/taskflow/listeners/logging.py:242}}
Jul 06 13:19:42 devstack cinder-volume[86698]: DEBUG cinder.volume.manager [None req-0b47bd75-4aa5-4d91-ac4d-ceba19911d9e tempest-VolumesCloneTest-504575888 None] Task 'cinder.volume.flows.manager.create_volume.ExtractVolumeSpecTask;volume:create' (80ca71a3-d56d-465e-a7eb-1376b6472909) transitioned into state 'SUCCESS' from state 'RUNNING' with result '{'status': 'creating', 'type': 'source_vol', 'volume_id': '892f2bfa-144a-4750-a22f-efb52ed0bc9b', 'volume_name': 'volume-892f2bfa-144a-4750-a22f-efb52ed0bc9b', 'volume_size': 2, 'source_volid': 'cc1b5a4c-ade1-402d-aab3-c956b2474250', 'source_volstatus': 'available'}' {{(pid=86698) _task_receiver /opt/stack/data/venv/lib/python3.12/site-packages/taskflow/listeners/logging.py:218}}
Jul 06 13:19:42 devstack cinder-volume[86698]: DEBUG cinder.volume.manager [None req-0b47bd75-4aa5-4d91-ac4d-ceba19911d9e tempest-VolumesCloneTest-504575888 None] Task 'cinder.volume.flows.manager.create_volume.NotifyVolumeActionTask;volume:create, create.start' (20e235a1-e972-4ea1-b39d-b0cc5c104e87) transitioned into state 'RUNNING' from state 'PENDING' {{(pid=86698) _task_receiver /opt/stack/data/venv/lib/python3.12/site-packages/taskflow/listeners/logging.py:242}}
Jul 06 13:19:42 devstack cinder-volume[86698]: DEBUG cinder.volume.manager [None req-0b47bd75-4aa5-4d91-ac4d-ceba19911d9e tempest-VolumesCloneTest-504575888 None] Task 'cinder.volume.flows.manager.create_volume.NotifyVolumeActionTask;volume:create, create.start' (20e235a1-e972-4ea1-b39d-b0cc5c104e87) transitioned into state 'SUCCESS' from state 'RUNNING' with result 'None' {{(pid=86698) _task_receiver /opt/stack/data/venv/lib/python3.12/site-packages/taskflow/listeners/logging.py:218}}
Jul 06 13:19:42 devstack cinder-volume[86698]: DEBUG cinder.volume.manager [None req-0b47bd75-4aa5-4d91-ac4d-ceba19911d9e tempest-VolumesCloneTest-504575888 None] Task 'cinder.volume.flows.manager.create_volume.CreateVolumeFromSpecTask;volume:create' (e4f8b46c-65aa-4d91-b2a2-2662b7ca8510) transitioned into state 'RUNNING' from state 'PENDING' {{(pid=86698) _task_receiver /opt/stack/data/venv/lib/python3.12/site-packages/taskflow/listeners/logging.py:242}}
Jul 06 13:19:42 devstack cinder-volume[86698]: INFO cinder.volume.flows.manager.create_volume [None req-0b47bd75-4aa5-4d91-ac4d-ceba19911d9e tempest-VolumesCloneTest-504575888 None] Volume 892f2bfa-144a-4750-a22f-efb52ed0bc9b: being created as source_vol with specification: {'status': 'creating', 'volume_name': 'volume-892f2bfa-144a-4750-a22f-efb52ed0bc9b', 'volume_size': 2, 'source_volid': 'cc1b5a4c-ade1-402d-aab3-c956b2474250', 'source_volstatus': 'available'}
Jul 06 13:19:42 devstack cinder-volume[86698]: DEBUG oslo_concurrency.lockutils [None req-0b47bd75-4aa5-4d91-ac4d-ceba19911d9e tempest-VolumesCloneTest-504575888 None] Acquiring lock "quobyte" by "cinder.volume.drivers.quobyte.QuobyteDriver.create_cloned_volume" {{(pid=86698) inner /opt/stack/data/venv/lib/python3.12/site-packages/oslo_concurrency/lockutils.py:511}}
Jul 06 13:19:43 devstack sudo[91263]: pam_unix(sudo:session): session closed for user root
Jul 06 13:19:43 devstack cinder-volume[86698]: DEBUG oslo_concurrency.processutils [None req-b7e8bfbb-d808-444b-afd8-cee14f85bc99 tempest-GroupSnapshotsTest-13427710 None] CMD "sudo cinder-rootwrap /etc/cinder/rootwrap.conf qemu-img create -f qcow2 -o backing_file=/opt/stack/data/cinder/mnt/a308b7fd9b8ce06cab2f94493de2a64b/volume-1ca7a2d2-b394-49bc-9275-8c0bd82aad97,backing_fmt=qcow2 /opt/stack/data/cinder/mnt/a308b7fd9b8ce06cab2f94493de2a64b/volume-1ca7a2d2-b394-49bc-9275-8c0bd82aad97.7794e81e-605a-4b05-bfea-c4c46f12af1a 1G" returned: 0 in 1.697s {{(pid=86698) execute /opt/stack/data/venv/lib/python3.12/site-packages/oslo_concurrency/processutils.py:468}}
Jul 06 13:19:43 devstack cinder-volume[86698]: DEBUG oslo_concurrency.processutils [None req-b7e8bfbb-d808-444b-afd8-cee14f85bc99 tempest-GroupSnapshotsTest-13427710 None] Running cmd (subprocess): sudo cinder-rootwrap /etc/cinder/rootwrap.conf qemu-img rebase -u -b volume-1ca7a2d2-b394-49bc-9275-8c0bd82aad97 -F qcow2 /opt/stack/data/cinder/mnt/a308b7fd9b8ce06cab2f94493de2a64b/volume-1ca7a2d2-b394-49bc-9275-8c0bd82aad97.7794e81e-605a-4b05-bfea-c4c46f12af1a {{(pid=86698) execute /opt/stack/data/venv/lib/python3.12/site-packages/oslo_concurrency/processutils.py:440}}
Jul 06 13:19:43 devstack sudo[91275]: quobyte : PWD=/ ; USER=root ; COMMAND=/opt/stack/data/venv/bin/cinder-rootwrap /etc/cinder/rootwrap.conf qemu-img rebase -u -b volume-1ca7a2d2-b394-49bc-9275-8c0bd82aad97 -F qcow2 /opt/stack/data/cinder/mnt/a308b7fd9b8ce06cab2f94493de2a64b/volume-1ca7a2d2-b394-49bc-9275-8c0bd82aad97.7794e81e-605a-4b05-bfea-c4c46f12af1a
Jul 06 13:19:43 devstack sudo[91275]: pam_unix(sudo:session): session opened for user root(uid=0) by (uid=1000)
Jul 06 13:19:44 devstack sudo[91275]: pam_unix(sudo:session): session closed for user root
Jul 06 13:19:44 devstack cinder-volume[86698]: DEBUG oslo_concurrency.processutils [None req-b7e8bfbb-d808-444b-afd8-cee14f85bc99 tempest-GroupSnapshotsTest-13427710 None] CMD "sudo cinder-rootwrap /etc/cinder/rootwrap.conf qemu-img rebase -u -b volume-1ca7a2d2-b394-49bc-9275-8c0bd82aad97 -F qcow2 /opt/stack/data/cinder/mnt/a308b7fd9b8ce06cab2f94493de2a64b/volume-1ca7a2d2-b394-49bc-9275-8c0bd82aad97.7794e81e-605a-4b05-bfea-c4c46f12af1a" returned: 0 in 1.191s {{(pid=86698) execute /opt/stack/data/venv/lib/python3.12/site-packages/oslo_concurrency/processutils.py:468}}
Jul 06 13:19:44 devstack cinder-volume[86698]: WARNING cinder.volume.drivers.remotefs [None req-b7e8bfbb-d808-444b-afd8-cee14f85bc99 tempest-GroupSnapshotsTest-13427710 None] /opt/stack/data/cinder/mnt/a308b7fd9b8ce06cab2f94493de2a64b/volume-1ca7a2d2-b394-49bc-9275-8c0bd82aad97.7794e81e-605a-4b05-bfea-c4c46f12af1a is being set with open permissions: ugo+rw: NotImplementedError
Jul 06 13:19:44 devstack cinder-volume[86698]: DEBUG oslo_concurrency.processutils [None req-b7e8bfbb-d808-444b-afd8-cee14f85bc99 tempest-GroupSnapshotsTest-13427710 None] Running cmd (subprocess): sudo cinder-rootwrap /etc/cinder/rootwrap.conf chmod ugo+rw /opt/stack/data/cinder/mnt/a308b7fd9b8ce06cab2f94493de2a64b/volume-1ca7a2d2-b394-49bc-9275-8c0bd82aad97.7794e81e-605a-4b05-bfea-c4c46f12af1a {{(pid=86698) execute /opt/stack/data/venv/lib/python3.12/site-packages/oslo_concurrency/processutils.py:440}}
Jul 06 13:19:44 devstack sudo[91282]: quobyte : PWD=/ ; USER=root ; COMMAND=/opt/stack/data/venv/bin/cinder-rootwrap /etc/cinder/rootwrap.conf chmod ugo+rw /opt/stack/data/cinder/mnt/a308b7fd9b8ce06cab2f94493de2a64b/volume-1ca7a2d2-b394-49bc-9275-8c0bd82aad97.7794e81e-605a-4b05-bfea-c4c46f12af1a
Jul 06 13:19:44 devstack sudo[91282]: pam_unix(sudo:session): session opened for user root(uid=0) by (uid=1000)
Jul 06 13:19:45 devstack sudo[91282]: pam_unix(sudo:session): session closed for user root
Jul 06 13:19:45 devstack cinder-volume[86698]: DEBUG oslo_concurrency.processutils [None req-b7e8bfbb-d808-444b-afd8-cee14f85bc99 tempest-GroupSnapshotsTest-13427710 None] CMD "sudo cinder-rootwrap /etc/cinder/rootwrap.conf chmod ugo+rw /opt/stack/data/cinder/mnt/a308b7fd9b8ce06cab2f94493de2a64b/volume-1ca7a2d2-b394-49bc-9275-8c0bd82aad97.7794e81e-605a-4b05-bfea-c4c46f12af1a" returned: 0 in 1.062s {{(pid=86698) execute /opt/stack/data/venv/lib/python3.12/site-packages/oslo_concurrency/processutils.py:468}}
Jul 06 13:19:46 devstack cinder-volume[86698]: DEBUG oslo_concurrency.processutils [None req-b7e8bfbb-d808-444b-afd8-cee14f85bc99 tempest-GroupSnapshotsTest-13427710 None] Running cmd (subprocess): sudo cinder-rootwrap /etc/cinder/rootwrap.conf truncate -s0 /opt/stack/data/cinder/mnt/a308b7fd9b8ce06cab2f94493de2a64b/volume-1ca7a2d2-b394-49bc-9275-8c0bd82aad97.info {{(pid=86698) execute /opt/stack/data/venv/lib/python3.12/site-packages/oslo_concurrency/processutils.py:440}}
Jul 06 13:19:46 devstack sudo[91286]: quobyte : PWD=/ ; USER=root ; COMMAND=/opt/stack/data/venv/bin/cinder-rootwrap /etc/cinder/rootwrap.conf truncate -s0 /opt/stack/data/cinder/mnt/a308b7fd9b8ce06cab2f94493de2a64b/volume-1ca7a2d2-b394-49bc-9275-8c0bd82aad97.info
Jul 06 13:19:46 devstack sudo[91286]: pam_unix(sudo:session): session opened for user root(uid=0) by (uid=1000)
Jul 06 13:19:47 devstack sudo[91286]: pam_unix(sudo:session): session closed for user root
Jul 06 13:19:47 devstack cinder-volume[86698]: DEBUG oslo_concurrency.processutils [None req-b7e8bfbb-d808-444b-afd8-cee14f85bc99 tempest-GroupSnapshotsTest-13427710 None] CMD "sudo cinder-rootwrap /etc/cinder/rootwrap.conf truncate -s0 /opt/stack/data/cinder/mnt/a308b7fd9b8ce06cab2f94493de2a64b/volume-1ca7a2d2-b394-49bc-9275-8c0bd82aad97.info" returned: 0 in 1.198s {{(pid=86698) execute /opt/stack/data/venv/lib/python3.12/site-packages/oslo_concurrency/processutils.py:468}}
Jul 06 13:19:47 devstack cinder-volume[86698]: WARNING cinder.volume.drivers.remotefs [None req-b7e8bfbb-d808-444b-afd8-cee14f85bc99 tempest-GroupSnapshotsTest-13427710 None] /opt/stack/data/cinder/mnt/a308b7fd9b8ce06cab2f94493de2a64b/volume-1ca7a2d2-b394-49bc-9275-8c0bd82aad97.info is being set with open permissions: ugo+rw: NotImplementedError
Jul 06 13:19:47 devstack cinder-volume[86698]: DEBUG oslo_concurrency.processutils [None req-b7e8bfbb-d808-444b-afd8-cee14f85bc99 tempest-GroupSnapshotsTest-13427710 None] Running cmd (subprocess): sudo cinder-rootwrap /etc/cinder/rootwrap.conf chmod ugo+rw /opt/stack/data/cinder/mnt/a308b7fd9b8ce06cab2f94493de2a64b/volume-1ca7a2d2-b394-49bc-9275-8c0bd82aad97.info {{(pid=86698) execute /opt/stack/data/venv/lib/python3.12/site-packages/oslo_concurrency/processutils.py:440}}
Jul 06 13:19:47 devstack sudo[91290]: quobyte : PWD=/ ; USER=root ; COMMAND=/opt/stack/data/venv/bin/cinder-rootwrap /etc/cinder/rootwrap.conf chmod ugo+rw /opt/stack/data/cinder/mnt/a308b7fd9b8ce06cab2f94493de2a64b/volume-1ca7a2d2-b394-49bc-9275-8c0bd82aad97.info
Jul 06 13:19:47 devstack sudo[91290]: pam_unix(sudo:session): session opened for user root(uid=0) by (uid=1000)
Jul 06 13:19:48 devstack sudo[91290]: pam_unix(sudo:session): session closed for user root
Jul 06 13:19:48 devstack cinder-volume[86698]: DEBUG oslo_concurrency.processutils [None req-b7e8bfbb-d808-444b-afd8-cee14f85bc99 tempest-GroupSnapshotsTest-13427710 None] CMD "sudo cinder-rootwrap /etc/cinder/rootwrap.conf chmod ugo+rw /opt/stack/data/cinder/mnt/a308b7fd9b8ce06cab2f94493de2a64b/volume-1ca7a2d2-b394-49bc-9275-8c0bd82aad97.info" returned: 0 in 1.432s {{(pid=86698) execute /opt/stack/data/venv/lib/python3.12/site-packages/oslo_concurrency/processutils.py:468}}
Jul 06 13:19:48 devstack cinder-volume[86698]: DEBUG oslo_concurrency.lockutils [None req-b7e8bfbb-d808-444b-afd8-cee14f85bc99 tempest-GroupSnapshotsTest-13427710 None] Lock "quobyte" "released" by "cinder.volume.drivers.quobyte.QuobyteDriver.create_snapshot" :: held 8.041s {{(pid=86698) inner /opt/stack/data/venv/lib/python3.12/site-packages/oslo_concurrency/lockutils.py:543}}
Jul 06 13:19:48 devstack cinder-volume[86698]: DEBUG oslo_concurrency.lockutils [None req-b7e8bfbb-d808-444b-afd8-cee14f85bc99 tempest-GroupSnapshotsTest-13427710 None] Acquiring lock "quobyte" by "cinder.volume.drivers.quobyte.QuobyteDriver.create_snapshot" {{(pid=86698) inner /opt/stack/data/venv/lib/python3.12/site-packages/oslo_concurrency/lockutils.py:511}}
Jul 06 13:19:48 devstack cinder-volume[86698]: DEBUG oslo_concurrency.lockutils [None req-b7e8bfbb-d808-444b-afd8-cee14f85bc99 tempest-GroupSnapshotsTest-13427710 None] Lock "quobyte" acquired by "cinder.volume.drivers.quobyte.QuobyteDriver.create_snapshot" :: waited 0.000s {{(pid=86698) inner /opt/stack/data/venv/lib/python3.12/site-packages/oslo_concurrency/lockutils.py:524}}
Jul 06 13:19:48 devstack cinder-volume[86698]: DEBUG cinder.volume.drivers.remotefs [None req-b7e8bfbb-d808-444b-afd8-cee14f85bc99 tempest-GroupSnapshotsTest-13427710 None] Creating offline snapshot e1c5eedd-b5c8-466c-87a1-d152f28ba133 of volume db1a3f3b-ff93-432b-867b-067f9fb76656 {{(pid=86698) _create_snapshot /opt/stack/cinder/cinder/volume/drivers/remotefs.py:1816}}
Jul 06 13:19:48 devstack cinder-volume[86698]: DEBUG oslo.privsep.daemon [-] privsep: reply[7246afb4-bc2a-4953-9ebb-bea26c55dd30]: (4, 'qcow2') {{(pid=87595) _call_back /opt/stack/data/venv/lib/python3.12/site-packages/oslo_privsep/daemon.py:580}}
Jul 06 13:19:48 devstack cinder-volume[86698]: DEBUG oslo_concurrency.processutils [None req-b7e8bfbb-d808-444b-afd8-cee14f85bc99 tempest-GroupSnapshotsTest-13427710 None] Running cmd (subprocess): /opt/stack/data/venv/bin/python3.12 -m oslo_concurrency.prlimit --as=1073741824 --cpu=60 -- sudo cinder-rootwrap /etc/cinder/rootwrap.conf env LC_ALL=C qemu-img info -f qcow2 --output=json --force-share /opt/stack/data/cinder/mnt/a308b7fd9b8ce06cab2f94493de2a64b/volume-db1a3f3b-ff93-432b-867b-067f9fb76656 {{(pid=86698) execute /opt/stack/data/venv/lib/python3.12/site-packages/oslo_concurrency/processutils.py:440}}
Jul 06 13:19:48 devstack sudo[91293]: quobyte : PWD=/ ; USER=root ; COMMAND=/opt/stack/data/venv/bin/cinder-rootwrap /etc/cinder/rootwrap.conf env LC_ALL=C qemu-img info -f qcow2 --output=json --force-share /opt/stack/data/cinder/mnt/a308b7fd9b8ce06cab2f94493de2a64b/volume-db1a3f3b-ff93-432b-867b-067f9fb76656
Jul 06 13:19:48 devstack sudo[91293]: pam_unix(sudo:session): session opened for user root(uid=0) by (uid=1000)
Jul 06 13:19:49 devstack sudo[91293]: pam_unix(sudo:session): session closed for user root
Jul 06 13:19:50 devstack cinder-volume[86698]: DEBUG oslo_concurrency.processutils [None req-b7e8bfbb-d808-444b-afd8-cee14f85bc99 tempest-GroupSnapshotsTest-13427710 None] CMD "/opt/stack/data/venv/bin/python3.12 -m oslo_concurrency.prlimit --as=1073741824 --cpu=60 -- sudo cinder-rootwrap /etc/cinder/rootwrap.conf env LC_ALL=C qemu-img info -f qcow2 --output=json --force-share /opt/stack/data/cinder/mnt/a308b7fd9b8ce06cab2f94493de2a64b/volume-db1a3f3b-ff93-432b-867b-067f9fb76656" returned: 0 in 1.250s {{(pid=86698) execute /opt/stack/data/venv/lib/python3.12/site-packages/oslo_concurrency/processutils.py:468}}
Jul 06 13:19:50 devstack cinder-volume[86698]: DEBUG oslo_concurrency.processutils [None req-b7e8bfbb-d808-444b-afd8-cee14f85bc99 tempest-GroupSnapshotsTest-13427710 None] Running cmd (subprocess): sudo cinder-rootwrap /etc/cinder/rootwrap.conf qemu-img create -f qcow2 -o backing_file=/opt/stack/data/cinder/mnt/a308b7fd9b8ce06cab2f94493de2a64b/volume-db1a3f3b-ff93-432b-867b-067f9fb76656,backing_fmt=qcow2 /opt/stack/data/cinder/mnt/a308b7fd9b8ce06cab2f94493de2a64b/volume-db1a3f3b-ff93-432b-867b-067f9fb76656.e1c5eedd-b5c8-466c-87a1-d152f28ba133 1G {{(pid=86698) execute /opt/stack/data/venv/lib/python3.12/site-packages/oslo_concurrency/processutils.py:440}}
Jul 06 13:19:50 devstack sudo[91298]: quobyte : PWD=/ ; USER=root ; COMMAND=/opt/stack/data/venv/bin/cinder-rootwrap /etc/cinder/rootwrap.conf qemu-img create -f qcow2 -o backing_file=/opt/stack/data/cinder/mnt/a308b7fd9b8ce06cab2f94493de2a64b/volume-db1a3f3b-ff93-432b-867b-067f9fb76656,backing_fmt=qcow2 /opt/stack/data/cinder/mnt/a308b7fd9b8ce06cab2f94493de2a64b/volume-db1a3f3b-ff93-432b-867b-067f9fb76656.e1c5eedd-b5c8-466c-87a1-d152f28ba133 1G
Jul 06 13:19:50 devstack sudo[91298]: pam_unix(sudo:session): session opened for user root(uid=0) by (uid=1000)
Jul 06 13:19:51 devstack sudo[91298]: pam_unix(sudo:session): session closed for user root
Jul 06 13:19:51 devstack cinder-volume[86698]: DEBUG oslo_concurrency.processutils [None req-b7e8bfbb-d808-444b-afd8-cee14f85bc99 tempest-GroupSnapshotsTest-13427710 None] CMD "sudo cinder-rootwrap /etc/cinder/rootwrap.conf qemu-img create -f qcow2 -o backing_file=/opt/stack/data/cinder/mnt/a308b7fd9b8ce06cab2f94493de2a64b/volume-db1a3f3b-ff93-432b-867b-067f9fb76656,backing_fmt=qcow2 /opt/stack/data/cinder/mnt/a308b7fd9b8ce06cab2f94493de2a64b/volume-db1a3f3b-ff93-432b-867b-067f9fb76656.e1c5eedd-b5c8-466c-87a1-d152f28ba133 1G" returned: 0 in 1.156s {{(pid=86698) execute /opt/stack/data/venv/lib/python3.12/site-packages/oslo_concurrency/processutils.py:468}}
Jul 06 13:19:51 devstack cinder-volume[86698]: DEBUG oslo_concurrency.processutils [None req-b7e8bfbb-d808-444b-afd8-cee14f85bc99 tempest-GroupSnapshotsTest-13427710 None] Running cmd (subprocess): sudo cinder-rootwrap /etc/cinder/rootwrap.conf qemu-img rebase -u -b volume-db1a3f3b-ff93-432b-867b-067f9fb76656 -F qcow2 /opt/stack/data/cinder/mnt/a308b7fd9b8ce06cab2f94493de2a64b/volume-db1a3f3b-ff93-432b-867b-067f9fb76656.e1c5eedd-b5c8-466c-87a1-d152f28ba133 {{(pid=86698) execute /opt/stack/data/venv/lib/python3.12/site-packages/oslo_concurrency/processutils.py:440}}
Jul 06 13:19:51 devstack sudo[91309]: quobyte : PWD=/ ; USER=root ; COMMAND=/opt/stack/data/venv/bin/cinder-rootwrap /etc/cinder/rootwrap.conf qemu-img rebase -u -b volume-db1a3f3b-ff93-432b-867b-067f9fb76656 -F qcow2 /opt/stack/data/cinder/mnt/a308b7fd9b8ce06cab2f94493de2a64b/volume-db1a3f3b-ff93-432b-867b-067f9fb76656.e1c5eedd-b5c8-466c-87a1-d152f28ba133
Jul 06 13:19:51 devstack sudo[91309]: pam_unix(sudo:session): session opened for user root(uid=0) by (uid=1000)
Jul 06 13:19:51 devstack sudo[91309]: pam_unix(sudo:session): session closed for user root
Jul 06 13:19:51 devstack cinder-volume[86698]: DEBUG oslo_concurrency.processutils [None req-b7e8bfbb-d808-444b-afd8-cee14f85bc99 tempest-GroupSnapshotsTest-13427710 None] CMD "sudo cinder-rootwrap /etc/cinder/rootwrap.conf qemu-img rebase -u -b volume-db1a3f3b-ff93-432b-867b-067f9fb76656 -F qcow2 /opt/stack/data/cinder/mnt/a308b7fd9b8ce06cab2f94493de2a64b/volume-db1a3f3b-ff93-432b-867b-067f9fb76656.e1c5eedd-b5c8-466c-87a1-d152f28ba133" returned: 0 in 0.827s {{(pid=86698) execute /opt/stack/data/venv/lib/python3.12/site-packages/oslo_concurrency/processutils.py:468}}
Jul 06 13:19:51 devstack cinder-volume[86698]: WARNING cinder.volume.drivers.remotefs [None req-b7e8bfbb-d808-444b-afd8-cee14f85bc99 tempest-GroupSnapshotsTest-13427710 None] /opt/stack/data/cinder/mnt/a308b7fd9b8ce06cab2f94493de2a64b/volume-db1a3f3b-ff93-432b-867b-067f9fb76656.e1c5eedd-b5c8-466c-87a1-d152f28ba133 is being set with open permissions: ugo+rw: NotImplementedError
Jul 06 13:19:51 devstack cinder-volume[86698]: DEBUG oslo_concurrency.processutils [None req-b7e8bfbb-d808-444b-afd8-cee14f85bc99 tempest-GroupSnapshotsTest-13427710 None] Running cmd (subprocess): sudo cinder-rootwrap /etc/cinder/rootwrap.conf chmod ugo+rw /opt/stack/data/cinder/mnt/a308b7fd9b8ce06cab2f94493de2a64b/volume-db1a3f3b-ff93-432b-867b-067f9fb76656.e1c5eedd-b5c8-466c-87a1-d152f28ba133 {{(pid=86698) execute /opt/stack/data/venv/lib/python3.12/site-packages/oslo_concurrency/processutils.py:440}}
Jul 06 13:19:52 devstack sudo[91322]: quobyte : PWD=/ ; USER=root ; COMMAND=/opt/stack/data/venv/bin/cinder-rootwrap /etc/cinder/rootwrap.conf chmod ugo+rw /opt/stack/data/cinder/mnt/a308b7fd9b8ce06cab2f94493de2a64b/volume-db1a3f3b-ff93-432b-867b-067f9fb76656.e1c5eedd-b5c8-466c-87a1-d152f28ba133
Jul 06 13:19:52 devstack sudo[91322]: pam_unix(sudo:session): session opened for user root(uid=0) by (uid=1000)
Jul 06 13:19:52 devstack sudo[91322]: pam_unix(sudo:session): session closed for user root
Jul 06 13:19:52 devstack cinder-volume[86698]: DEBUG oslo_concurrency.processutils [None req-b7e8bfbb-d808-444b-afd8-cee14f85bc99 tempest-GroupSnapshotsTest-13427710 None] CMD "sudo cinder-rootwrap /etc/cinder/rootwrap.conf chmod ugo+rw /opt/stack/data/cinder/mnt/a308b7fd9b8ce06cab2f94493de2a64b/volume-db1a3f3b-ff93-432b-867b-067f9fb76656.e1c5eedd-b5c8-466c-87a1-d152f28ba133" returned: 0 in 0.913s {{(pid=86698) execute /opt/stack/data/venv/lib/python3.12/site-packages/oslo_concurrency/processutils.py:468}}
Jul 06 13:19:52 devstack cinder-volume[86698]: DEBUG dbcounter [-] [86698] Writing DB stats cinder:SELECT=88,cinder:INSERT=22,cinder:UPDATE=100,cinder:DELETE=7 {{(pid=86698) stat_writer /opt/stack/data/venv/lib/python3.12/site-packages/dbcounter.py:115}}
Jul 06 13:19:52 devstack cinder-volume[86698]: DEBUG oslo_concurrency.processutils [None req-b7e8bfbb-d808-444b-afd8-cee14f85bc99 tempest-GroupSnapshotsTest-13427710 None] Running cmd (subprocess): sudo cinder-rootwrap /etc/cinder/rootwrap.conf truncate -s0 /opt/stack/data/cinder/mnt/a308b7fd9b8ce06cab2f94493de2a64b/volume-db1a3f3b-ff93-432b-867b-067f9fb76656.info {{(pid=86698) execute /opt/stack/data/venv/lib/python3.12/site-packages/oslo_concurrency/processutils.py:440}}
Jul 06 13:19:52 devstack sudo[91327]: quobyte : PWD=/ ; USER=root ; COMMAND=/opt/stack/data/venv/bin/cinder-rootwrap /etc/cinder/rootwrap.conf truncate -s0 /opt/stack/data/cinder/mnt/a308b7fd9b8ce06cab2f94493de2a64b/volume-db1a3f3b-ff93-432b-867b-067f9fb76656.info
Jul 06 13:19:52 devstack sudo[91327]: pam_unix(sudo:session): session opened for user root(uid=0) by (uid=1000)
Jul 06 13:19:53 devstack sudo[91327]: pam_unix(sudo:session): session closed for user root
Jul 06 13:19:53 devstack cinder-volume[86698]: DEBUG oslo_concurrency.processutils [None req-b7e8bfbb-d808-444b-afd8-cee14f85bc99 tempest-GroupSnapshotsTest-13427710 None] CMD "sudo cinder-rootwrap /etc/cinder/rootwrap.conf truncate -s0 /opt/stack/data/cinder/mnt/a308b7fd9b8ce06cab2f94493de2a64b/volume-db1a3f3b-ff93-432b-867b-067f9fb76656.info" returned: 0 in 0.862s {{(pid=86698) execute /opt/stack/data/venv/lib/python3.12/site-packages/oslo_concurrency/processutils.py:468}}
Jul 06 13:19:53 devstack cinder-volume[86698]: WARNING cinder.volume.drivers.remotefs [None req-b7e8bfbb-d808-444b-afd8-cee14f85bc99 tempest-GroupSnapshotsTest-13427710 None] /opt/stack/data/cinder/mnt/a308b7fd9b8ce06cab2f94493de2a64b/volume-db1a3f3b-ff93-432b-867b-067f9fb76656.info is being set with open permissions: ugo+rw: NotImplementedError
Jul 06 13:19:53 devstack cinder-volume[86698]: DEBUG oslo_concurrency.processutils [None req-b7e8bfbb-d808-444b-afd8-cee14f85bc99 tempest-GroupSnapshotsTest-13427710 None] Running cmd (subprocess): sudo cinder-rootwrap /etc/cinder/rootwrap.conf chmod ugo+rw /opt/stack/data/cinder/mnt/a308b7fd9b8ce06cab2f94493de2a64b/volume-db1a3f3b-ff93-432b-867b-067f9fb76656.info {{(pid=86698) execute /opt/stack/data/venv/lib/python3.12/site-packages/oslo_concurrency/processutils.py:440}}
Jul 06 13:19:53 devstack sudo[91358]: quobyte : PWD=/ ; USER=root ; COMMAND=/opt/stack/data/venv/bin/cinder-rootwrap /etc/cinder/rootwrap.conf chmod ugo+rw /opt/stack/data/cinder/mnt/a308b7fd9b8ce06cab2f94493de2a64b/volume-db1a3f3b-ff93-432b-867b-067f9fb76656.info
Jul 06 13:19:53 devstack sudo[91358]: pam_unix(sudo:session): session opened for user root(uid=0) by (uid=1000)
Jul 06 13:19:54 devstack sudo[91358]: pam_unix(sudo:session): session closed for user root
Jul 06 13:19:54 devstack cinder-volume[86698]: DEBUG oslo_concurrency.processutils [None req-b7e8bfbb-d808-444b-afd8-cee14f85bc99 tempest-GroupSnapshotsTest-13427710 None] CMD "sudo cinder-rootwrap /etc/cinder/rootwrap.conf chmod ugo+rw /opt/stack/data/cinder/mnt/a308b7fd9b8ce06cab2f94493de2a64b/volume-db1a3f3b-ff93-432b-867b-067f9fb76656.info" returned: 0 in 0.910s {{(pid=86698) execute /opt/stack/data/venv/lib/python3.12/site-packages/oslo_concurrency/processutils.py:468}}
Jul 06 13:19:54 devstack cinder-volume[86698]: DEBUG oslo_concurrency.lockutils [None req-b7e8bfbb-d808-444b-afd8-cee14f85bc99 tempest-GroupSnapshotsTest-13427710 None] Lock "quobyte" "released" by "cinder.volume.drivers.quobyte.QuobyteDriver.create_snapshot" :: held 6.038s {{(pid=86698) inner /opt/stack/data/venv/lib/python3.12/site-packages/oslo_concurrency/lockutils.py:543}}
Jul 06 13:19:54 devstack cinder-volume[86698]: DEBUG oslo_concurrency.lockutils [None req-0b47bd75-4aa5-4d91-ac4d-ceba19911d9e tempest-VolumesCloneTest-504575888 None] Lock "quobyte" acquired by "cinder.volume.drivers.quobyte.QuobyteDriver.create_cloned_volume" :: waited 11.985s {{(pid=86698) inner /opt/stack/data/venv/lib/python3.12/site-packages/oslo_concurrency/lockutils.py:524}}
Jul 06 13:19:54 devstack cinder-volume[86698]: INFO cinder.volume.drivers.remotefs [None req-0b47bd75-4aa5-4d91-ac4d-ceba19911d9e tempest-VolumesCloneTest-504575888 None] Cloning volume cc1b5a4c-ade1-402d-aab3-c956b2474250 to volume 892f2bfa-144a-4750-a22f-efb52ed0bc9b
Jul 06 13:19:54 devstack cinder-volume[86698]: DEBUG cinder.volume.drivers.remotefs [None req-0b47bd75-4aa5-4d91-ac4d-ceba19911d9e tempest-VolumesCloneTest-504575888 None] Creating offline snapshot 2e7fb394-317a-4722-8da8-3802f144a50a of volume cc1b5a4c-ade1-402d-aab3-c956b2474250 {{(pid=86698) _create_snapshot /opt/stack/cinder/cinder/volume/drivers/remotefs.py:1816}}
Jul 06 13:19:54 devstack cinder-volume[86698]: DEBUG oslo.privsep.daemon [-] privsep: reply[dc128ca7-daf8-40b0-8a0a-feeb74e2d477]: (4, 'qcow2') {{(pid=87595) _call_back /opt/stack/data/venv/lib/python3.12/site-packages/oslo_privsep/daemon.py:580}}
Jul 06 13:19:54 devstack cinder-volume[86698]: DEBUG oslo_concurrency.processutils [None req-0b47bd75-4aa5-4d91-ac4d-ceba19911d9e tempest-VolumesCloneTest-504575888 None] Running cmd (subprocess): /opt/stack/data/venv/bin/python3.12 -m oslo_concurrency.prlimit --as=1073741824 --cpu=60 -- sudo cinder-rootwrap /etc/cinder/rootwrap.conf env LC_ALL=C qemu-img info -f qcow2 --output=json --force-share /opt/stack/data/cinder/mnt/a308b7fd9b8ce06cab2f94493de2a64b/volume-cc1b5a4c-ade1-402d-aab3-c956b2474250 {{(pid=86698) execute /opt/stack/data/venv/lib/python3.12/site-packages/oslo_concurrency/processutils.py:440}}
Jul 06 13:19:54 devstack cinder-volume[86698]: INFO cinder.volume.manager [None req-b7e8bfbb-d808-444b-afd8-cee14f85bc99 tempest-GroupSnapshotsTest-13427710 None] group_snapshot 80d966f7-ae2e-44e0-800f-3f77d31b08d4: created successfully
Jul 06 13:19:54 devstack sudo[91377]: quobyte : PWD=/ ; USER=root ; COMMAND=/opt/stack/data/venv/bin/cinder-rootwrap /etc/cinder/rootwrap.conf env LC_ALL=C qemu-img info -f qcow2 --output=json --force-share /opt/stack/data/cinder/mnt/a308b7fd9b8ce06cab2f94493de2a64b/volume-cc1b5a4c-ade1-402d-aab3-c956b2474250
Jul 06 13:19:54 devstack sudo[91377]: pam_unix(sudo:session): session opened for user root(uid=0) by (uid=1000)
Jul 06 13:19:56 devstack sudo[91377]: pam_unix(sudo:session): session closed for user root
Jul 06 13:19:56 devstack cinder-volume[86698]: DEBUG oslo_concurrency.processutils [None req-0b47bd75-4aa5-4d91-ac4d-ceba19911d9e tempest-VolumesCloneTest-504575888 None] CMD "/opt/stack/data/venv/bin/python3.12 -m oslo_concurrency.prlimit --as=1073741824 --cpu=60 -- sudo cinder-rootwrap /etc/cinder/rootwrap.conf env LC_ALL=C qemu-img info -f qcow2 --output=json --force-share /opt/stack/data/cinder/mnt/a308b7fd9b8ce06cab2f94493de2a64b/volume-cc1b5a4c-ade1-402d-aab3-c956b2474250" returned: 0 in 1.258s {{(pid=86698) execute /opt/stack/data/venv/lib/python3.12/site-packages/oslo_concurrency/processutils.py:468}}
Jul 06 13:19:56 devstack cinder-volume[86698]: DEBUG oslo_concurrency.processutils [None req-0b47bd75-4aa5-4d91-ac4d-ceba19911d9e tempest-VolumesCloneTest-504575888 None] Running cmd (subprocess): sudo cinder-rootwrap /etc/cinder/rootwrap.conf qemu-img create -f qcow2 -o backing_file=/opt/stack/data/cinder/mnt/a308b7fd9b8ce06cab2f94493de2a64b/volume-cc1b5a4c-ade1-402d-aab3-c956b2474250,backing_fmt=qcow2 /opt/stack/data/cinder/mnt/a308b7fd9b8ce06cab2f94493de2a64b/volume-cc1b5a4c-ade1-402d-aab3-c956b2474250.2e7fb394-317a-4722-8da8-3802f144a50a 1G {{(pid=86698) execute /opt/stack/data/venv/lib/python3.12/site-packages/oslo_concurrency/processutils.py:440}}
Jul 06 13:19:56 devstack sudo[91404]: quobyte : PWD=/ ; USER=root ; COMMAND=/opt/stack/data/venv/bin/cinder-rootwrap /etc/cinder/rootwrap.conf qemu-img create -f qcow2 -o backing_file=/opt/stack/data/cinder/mnt/a308b7fd9b8ce06cab2f94493de2a64b/volume-cc1b5a4c-ade1-402d-aab3-c956b2474250,backing_fmt=qcow2 /opt/stack/data/cinder/mnt/a308b7fd9b8ce06cab2f94493de2a64b/volume-cc1b5a4c-ade1-402d-aab3-c956b2474250.2e7fb394-317a-4722-8da8-3802f144a50a 1G
Jul 06 13:19:56 devstack sudo[91404]: pam_unix(sudo:session): session opened for user root(uid=0) by (uid=1000)
Jul 06 13:19:56 devstack cinder-volume[86698]: INFO cinder.volume.manager [None req-72994ff1-7aee-4d33-81c2-9dcbaaba58b1 tempest-GroupSnapshotsTest-13427710 None] group_snapshot 80d966f7-ae2e-44e0-800f-3f77d31b08d4: deleting
Jul 06 13:19:56 devstack cinder-volume[86698]: DEBUG cinder.volume.manager [None req-72994ff1-7aee-4d33-81c2-9dcbaaba58b1 tempest-GroupSnapshotsTest-13427710 None] group_snapshot 80d966f7-ae2e-44e0-800f-3f77d31b08d4: deleting {{(pid=86698) delete_group_snapshot /opt/stack/cinder/cinder/volume/manager.py:4350}}
Jul 06 13:19:56 devstack cinder-volume[86698]: DEBUG cinder.coordination [None req-72994ff1-7aee-4d33-81c2-9dcbaaba58b1 tempest-GroupSnapshotsTest-13427710 None] Acquiring lock "cinder-quobyte-1ca7a2d2-b394-49bc-9275-8c0bd82aad97" by "delete_snapshot" {{(pid=86698) __acquire /opt/stack/cinder/cinder/coordination.py:138}}
Jul 06 13:19:56 devstack cinder-volume[86698]: DEBUG cinder.coordination [None req-72994ff1-7aee-4d33-81c2-9dcbaaba58b1 tempest-GroupSnapshotsTest-13427710 None] Lock "cinder-quobyte-1ca7a2d2-b394-49bc-9275-8c0bd82aad97" acquired by "delete_snapshot" :: waited 0.034s {{(pid=86698) __acquire /opt/stack/cinder/cinder/coordination.py:141}}
Jul 06 13:19:56 devstack cinder-volume[86698]: DEBUG cinder.coordination [None req-72994ff1-7aee-4d33-81c2-9dcbaaba58b1 tempest-GroupSnapshotsTest-13427710 None] Acquiring lock "cinder-quobyte-7794e81e-605a-4b05-bfea-c4c46f12af1a" by "_delete_snapshot" {{(pid=86698) __acquire /opt/stack/cinder/cinder/coordination.py:138}}
Jul 06 13:19:56 devstack cinder-volume[86698]: DEBUG cinder.coordination [None req-72994ff1-7aee-4d33-81c2-9dcbaaba58b1 tempest-GroupSnapshotsTest-13427710 None] Lock "cinder-quobyte-7794e81e-605a-4b05-bfea-c4c46f12af1a" acquired by "_delete_snapshot" :: waited 0.049s {{(pid=86698) __acquire /opt/stack/cinder/cinder/coordination.py:141}}
Jul 06 13:19:56 devstack cinder-volume[86698]: DEBUG cinder.volume.drivers.remotefs [None req-72994ff1-7aee-4d33-81c2-9dcbaaba58b1 tempest-GroupSnapshotsTest-13427710 None] Deleting offline snapshot 7794e81e-605a-4b05-bfea-c4c46f12af1a of volume 1ca7a2d2-b394-49bc-9275-8c0bd82aad97 {{(pid=86698) _delete_snapshot /opt/stack/cinder/cinder/volume/drivers/remotefs.py:1288}}
Jul 06 13:19:56 devstack cinder-volume[86698]: DEBUG cinder.volume.drivers.remotefs [None req-72994ff1-7aee-4d33-81c2-9dcbaaba58b1 tempest-GroupSnapshotsTest-13427710 None] snapshot_file for this snap is: volume-1ca7a2d2-b394-49bc-9275-8c0bd82aad97.7794e81e-605a-4b05-bfea-c4c46f12af1a {{(pid=86698) _delete_snapshot /opt/stack/cinder/cinder/volume/drivers/remotefs.py:1317}}
Jul 06 13:19:56 devstack cinder-volume[86698]: DEBUG oslo.privsep.daemon [-] privsep: reply[221a3fb3-cbaf-4dba-bae0-65929256f29c]: (4, 'qcow2') {{(pid=87595) _call_back /opt/stack/data/venv/lib/python3.12/site-packages/oslo_privsep/daemon.py:580}}
Jul 06 13:19:56 devstack cinder-volume[86698]: DEBUG oslo_concurrency.processutils [None req-72994ff1-7aee-4d33-81c2-9dcbaaba58b1 tempest-GroupSnapshotsTest-13427710 None] Running cmd (subprocess): /opt/stack/data/venv/bin/python3.12 -m oslo_concurrency.prlimit --as=1073741824 --cpu=60 -- sudo cinder-rootwrap /etc/cinder/rootwrap.conf env LC_ALL=C qemu-img info -f qcow2 --output=json --force-share /opt/stack/data/cinder/mnt/a308b7fd9b8ce06cab2f94493de2a64b/volume-1ca7a2d2-b394-49bc-9275-8c0bd82aad97.7794e81e-605a-4b05-bfea-c4c46f12af1a {{(pid=86698) execute /opt/stack/data/venv/lib/python3.12/site-packages/oslo_concurrency/processutils.py:440}}
Jul 06 13:19:56 devstack sudo[91406]: quobyte : PWD=/ ; USER=root ; COMMAND=/opt/stack/data/venv/bin/cinder-rootwrap /etc/cinder/rootwrap.conf env LC_ALL=C qemu-img info -f qcow2 --output=json --force-share /opt/stack/data/cinder/mnt/a308b7fd9b8ce06cab2f94493de2a64b/volume-1ca7a2d2-b394-49bc-9275-8c0bd82aad97.7794e81e-605a-4b05-bfea-c4c46f12af1a
Jul 06 13:19:56 devstack sudo[91406]: pam_unix(sudo:session): session opened for user root(uid=0) by (uid=1000)
Jul 06 13:19:57 devstack sudo[91404]: pam_unix(sudo:session): session closed for user root
Jul 06 13:19:57 devstack cinder-volume[86698]: DEBUG oslo_concurrency.processutils [None req-0b47bd75-4aa5-4d91-ac4d-ceba19911d9e tempest-VolumesCloneTest-504575888 None] CMD "sudo cinder-rootwrap /etc/cinder/rootwrap.conf qemu-img create -f qcow2 -o backing_file=/opt/stack/data/cinder/mnt/a308b7fd9b8ce06cab2f94493de2a64b/volume-cc1b5a4c-ade1-402d-aab3-c956b2474250,backing_fmt=qcow2 /opt/stack/data/cinder/mnt/a308b7fd9b8ce06cab2f94493de2a64b/volume-cc1b5a4c-ade1-402d-aab3-c956b2474250.2e7fb394-317a-4722-8da8-3802f144a50a 1G" returned: 0 in 1.542s {{(pid=86698) execute /opt/stack/data/venv/lib/python3.12/site-packages/oslo_concurrency/processutils.py:468}}
Jul 06 13:19:57 devstack cinder-volume[86698]: DEBUG oslo_concurrency.processutils [None req-0b47bd75-4aa5-4d91-ac4d-ceba19911d9e tempest-VolumesCloneTest-504575888 None] Running cmd (subprocess): sudo cinder-rootwrap /etc/cinder/rootwrap.conf qemu-img rebase -u -b volume-cc1b5a4c-ade1-402d-aab3-c956b2474250 -F qcow2 /opt/stack/data/cinder/mnt/a308b7fd9b8ce06cab2f94493de2a64b/volume-cc1b5a4c-ade1-402d-aab3-c956b2474250.2e7fb394-317a-4722-8da8-3802f144a50a {{(pid=86698) execute /opt/stack/data/venv/lib/python3.12/site-packages/oslo_concurrency/processutils.py:440}}
Jul 06 13:19:57 devstack sudo[91417]: quobyte : PWD=/ ; USER=root ; COMMAND=/opt/stack/data/venv/bin/cinder-rootwrap /etc/cinder/rootwrap.conf qemu-img rebase -u -b volume-cc1b5a4c-ade1-402d-aab3-c956b2474250 -F qcow2 /opt/stack/data/cinder/mnt/a308b7fd9b8ce06cab2f94493de2a64b/volume-cc1b5a4c-ade1-402d-aab3-c956b2474250.2e7fb394-317a-4722-8da8-3802f144a50a
Jul 06 13:19:57 devstack sudo[91417]: pam_unix(sudo:session): session opened for user root(uid=0) by (uid=1000)
Jul 06 13:19:57 devstack sudo[91406]: pam_unix(sudo:session): session closed for user root
Jul 06 13:19:57 devstack cinder-volume[86698]: DEBUG oslo_concurrency.processutils [None req-72994ff1-7aee-4d33-81c2-9dcbaaba58b1 tempest-GroupSnapshotsTest-13427710 None] CMD "/opt/stack/data/venv/bin/python3.12 -m oslo_concurrency.prlimit --as=1073741824 --cpu=60 -- sudo cinder-rootwrap /etc/cinder/rootwrap.conf env LC_ALL=C qemu-img info -f qcow2 --output=json --force-share /opt/stack/data/cinder/mnt/a308b7fd9b8ce06cab2f94493de2a64b/volume-1ca7a2d2-b394-49bc-9275-8c0bd82aad97.7794e81e-605a-4b05-bfea-c4c46f12af1a" returned: 0 in 1.368s {{(pid=86698) execute /opt/stack/data/venv/lib/python3.12/site-packages/oslo_concurrency/processutils.py:468}}
Jul 06 13:19:57 devstack cinder-volume[86698]: DEBUG cinder.volume.drivers.remotefs [None req-72994ff1-7aee-4d33-81c2-9dcbaaba58b1 tempest-GroupSnapshotsTest-13427710 None] Fetching qemu-img info with special backing_file_template: (/opt/stack/data/cinder/mnt/[0-9a-f]+/)?(volume-1ca7a2d2-b394-49bc-9275-8c0bd82aad97(.(tmp-snap-)?[0-9a-f-]+)?|volume_from_snapshot_cache/(tmp-snap-)?[0-9a-f-]+(.(child-|parent-)[0-9a-f-]+)?)$ {{(pid=86698) _qemu_img_info_base /opt/stack/cinder/cinder/volume/drivers/remotefs.py:896}}
Jul 06 13:19:57 devstack cinder-volume[86698]: DEBUG oslo.privsep.daemon [-] privsep: reply[33ec40bf-05db-4ccc-9e75-49cc173347cb]: (4, 'qcow2') {{(pid=87595) _call_back /opt/stack/data/venv/lib/python3.12/site-packages/oslo_privsep/daemon.py:580}}
Jul 06 13:19:57 devstack cinder-volume[86698]: DEBUG oslo_concurrency.processutils [None req-72994ff1-7aee-4d33-81c2-9dcbaaba58b1 tempest-GroupSnapshotsTest-13427710 None] Running cmd (subprocess): /opt/stack/data/venv/bin/python3.12 -m oslo_concurrency.prlimit --as=1073741824 --cpu=60 -- sudo cinder-rootwrap /etc/cinder/rootwrap.conf env LC_ALL=C qemu-img info -f qcow2 --output=json --force-share /opt/stack/data/cinder/mnt/a308b7fd9b8ce06cab2f94493de2a64b/volume-1ca7a2d2-b394-49bc-9275-8c0bd82aad97 {{(pid=86698) execute /opt/stack/data/venv/lib/python3.12/site-packages/oslo_concurrency/processutils.py:440}}
Jul 06 13:19:58 devstack sudo[91453]: quobyte : PWD=/ ; USER=root ; COMMAND=/opt/stack/data/venv/bin/cinder-rootwrap /etc/cinder/rootwrap.conf env LC_ALL=C qemu-img info -f qcow2 --output=json --force-share /opt/stack/data/cinder/mnt/a308b7fd9b8ce06cab2f94493de2a64b/volume-1ca7a2d2-b394-49bc-9275-8c0bd82aad97
Jul 06 13:19:58 devstack sudo[91453]: pam_unix(sudo:session): session opened for user root(uid=0) by (uid=1000)
Jul 06 13:19:59 devstack sudo[91417]: pam_unix(sudo:session): session closed for user root
Jul 06 13:19:59 devstack cinder-volume[86698]: DEBUG oslo_concurrency.processutils [None req-0b47bd75-4aa5-4d91-ac4d-ceba19911d9e tempest-VolumesCloneTest-504575888 None] CMD "sudo cinder-rootwrap /etc/cinder/rootwrap.conf qemu-img rebase -u -b volume-cc1b5a4c-ade1-402d-aab3-c956b2474250 -F qcow2 /opt/stack/data/cinder/mnt/a308b7fd9b8ce06cab2f94493de2a64b/volume-cc1b5a4c-ade1-402d-aab3-c956b2474250.2e7fb394-317a-4722-8da8-3802f144a50a" returned: 0 in 1.393s {{(pid=86698) execute /opt/stack/data/venv/lib/python3.12/site-packages/oslo_concurrency/processutils.py:468}}
Jul 06 13:19:59 devstack cinder-volume[86698]: WARNING cinder.volume.drivers.remotefs [None req-0b47bd75-4aa5-4d91-ac4d-ceba19911d9e tempest-VolumesCloneTest-504575888 None] /opt/stack/data/cinder/mnt/a308b7fd9b8ce06cab2f94493de2a64b/volume-cc1b5a4c-ade1-402d-aab3-c956b2474250.2e7fb394-317a-4722-8da8-3802f144a50a is being set with open permissions: ugo+rw
Jul 06 13:19:59 devstack cinder-volume[86698]: DEBUG oslo_concurrency.processutils [None req-0b47bd75-4aa5-4d91-ac4d-ceba19911d9e tempest-VolumesCloneTest-504575888 None] Running cmd (subprocess): sudo cinder-rootwrap /etc/cinder/rootwrap.conf chmod ugo+rw /opt/stack/data/cinder/mnt/a308b7fd9b8ce06cab2f94493de2a64b/volume-cc1b5a4c-ade1-402d-aab3-c956b2474250.2e7fb394-317a-4722-8da8-3802f144a50a {{(pid=86698) execute /opt/stack/data/venv/lib/python3.12/site-packages/oslo_concurrency/processutils.py:440}}
Jul 06 13:19:59 devstack sudo[91461]: quobyte : PWD=/ ; USER=root ; COMMAND=/opt/stack/data/venv/bin/cinder-rootwrap /etc/cinder/rootwrap.conf chmod ugo+rw /opt/stack/data/cinder/mnt/a308b7fd9b8ce06cab2f94493de2a64b/volume-cc1b5a4c-ade1-402d-aab3-c956b2474250.2e7fb394-317a-4722-8da8-3802f144a50a
Jul 06 13:19:59 devstack sudo[91461]: pam_unix(sudo:session): session opened for user root(uid=0) by (uid=1000)
Jul 06 13:19:59 devstack sudo[91453]: pam_unix(sudo:session): session closed for user root
Jul 06 13:19:59 devstack cinder-volume[86698]: DEBUG oslo_concurrency.processutils [None req-72994ff1-7aee-4d33-81c2-9dcbaaba58b1 tempest-GroupSnapshotsTest-13427710 None] CMD "/opt/stack/data/venv/bin/python3.12 -m oslo_concurrency.prlimit --as=1073741824 --cpu=60 -- sudo cinder-rootwrap /etc/cinder/rootwrap.conf env LC_ALL=C qemu-img info -f qcow2 --output=json --force-share /opt/stack/data/cinder/mnt/a308b7fd9b8ce06cab2f94493de2a64b/volume-1ca7a2d2-b394-49bc-9275-8c0bd82aad97" returned: 0 in 1.625s {{(pid=86698) execute /opt/stack/data/venv/lib/python3.12/site-packages/oslo_concurrency/processutils.py:468}}
Jul 06 13:19:59 devstack cinder-volume[86698]: DEBUG oslo_concurrency.processutils [None req-72994ff1-7aee-4d33-81c2-9dcbaaba58b1 tempest-GroupSnapshotsTest-13427710 None] Running cmd (subprocess): sudo cinder-rootwrap /etc/cinder/rootwrap.conf qemu-img commit -d /opt/stack/data/cinder/mnt/a308b7fd9b8ce06cab2f94493de2a64b/volume-1ca7a2d2-b394-49bc-9275-8c0bd82aad97.7794e81e-605a-4b05-bfea-c4c46f12af1a {{(pid=86698) execute /opt/stack/data/venv/lib/python3.12/site-packages/oslo_concurrency/processutils.py:440}}
Jul 06 13:19:59 devstack sudo[91466]: quobyte : PWD=/ ; USER=root ; COMMAND=/opt/stack/data/venv/bin/cinder-rootwrap /etc/cinder/rootwrap.conf qemu-img commit -d /opt/stack/data/cinder/mnt/a308b7fd9b8ce06cab2f94493de2a64b/volume-1ca7a2d2-b394-49bc-9275-8c0bd82aad97.7794e81e-605a-4b05-bfea-c4c46f12af1a
Jul 06 13:19:59 devstack sudo[91466]: pam_unix(sudo:session): session opened for user root(uid=0) by (uid=1000)
Jul 06 13:20:00 devstack sudo[91461]: pam_unix(sudo:session): session closed for user root
Jul 06 13:20:00 devstack cinder-volume[86698]: DEBUG oslo_concurrency.processutils [None req-0b47bd75-4aa5-4d91-ac4d-ceba19911d9e tempest-VolumesCloneTest-504575888 None] CMD "sudo cinder-rootwrap /etc/cinder/rootwrap.conf chmod ugo+rw /opt/stack/data/cinder/mnt/a308b7fd9b8ce06cab2f94493de2a64b/volume-cc1b5a4c-ade1-402d-aab3-c956b2474250.2e7fb394-317a-4722-8da8-3802f144a50a" returned: 0 in 1.285s {{(pid=86698) execute /opt/stack/data/venv/lib/python3.12/site-packages/oslo_concurrency/processutils.py:468}}
Jul 06 13:20:00 devstack cinder-volume[86698]: DEBUG dbcounter [-] [86698] Writing DB stats cinder:UPDATE=92,cinder:SELECT=87,cinder:INSERT=22,cinder:DELETE=5 {{(pid=86698) stat_writer /opt/stack/data/venv/lib/python3.12/site-packages/dbcounter.py:115}}
Jul 06 13:20:00 devstack cinder-volume[86698]: DEBUG oslo_concurrency.processutils [None req-0b47bd75-4aa5-4d91-ac4d-ceba19911d9e tempest-VolumesCloneTest-504575888 None] Running cmd (subprocess): sudo cinder-rootwrap /etc/cinder/rootwrap.conf truncate -s0 /opt/stack/data/cinder/mnt/a308b7fd9b8ce06cab2f94493de2a64b/volume-cc1b5a4c-ade1-402d-aab3-c956b2474250.info {{(pid=86698) execute /opt/stack/data/venv/lib/python3.12/site-packages/oslo_concurrency/processutils.py:440}}
Jul 06 13:20:00 devstack sudo[91469]: quobyte : PWD=/ ; USER=root ; COMMAND=/opt/stack/data/venv/bin/cinder-rootwrap /etc/cinder/rootwrap.conf truncate -s0 /opt/stack/data/cinder/mnt/a308b7fd9b8ce06cab2f94493de2a64b/volume-cc1b5a4c-ade1-402d-aab3-c956b2474250.info
Jul 06 13:20:00 devstack sudo[91469]: pam_unix(sudo:session): session opened for user root(uid=0) by (uid=1000)
Jul 06 13:20:00 devstack cinder-volume[86698]: DEBUG cinder.volume.flows.manager.create_volume [None req-8ab1c518-c9c7-4b1a-ba32-d3015d6abf53 tempest-ServerRescueNegativeTestJSON-1448513389 None] Volume reschedule parameters: True retry: {'num_attempts': 1, 'backends': ['devstack@QuobyteHD#QuobyteHD'], 'hosts': ['devstack@QuobyteHD#QuobyteHD']} {{(pid=86698) get_flow /opt/stack/cinder/cinder/volume/flows/manager/create_volume.py:1397}}
Jul 06 13:20:00 devstack cinder-volume[86698]: DEBUG cinder.volume.manager [None req-8ab1c518-c9c7-4b1a-ba32-d3015d6abf53 tempest-ServerRescueNegativeTestJSON-1448513389 None] Flow 'volume_create_manager' (b4e4db50-2718-46f2-ace5-bae5128f8c14) transitioned into state 'RUNNING' from state 'PENDING' {{(pid=86698) _flow_receiver /opt/stack/data/venv/lib/python3.12/site-packages/taskflow/listeners/logging.py:160}}
Jul 06 13:20:00 devstack cinder-volume[86698]: DEBUG cinder.volume.manager [None req-8ab1c518-c9c7-4b1a-ba32-d3015d6abf53 tempest-ServerRescueNegativeTestJSON-1448513389 None] Task 'cinder.volume.flows.manager.create_volume.ExtractVolumeRefTask;volume:create' (e0b187b2-4fc4-45a7-932b-7b7864f611a1) transitioned into state 'RUNNING' from state 'PENDING' {{(pid=86698) _task_receiver /opt/stack/data/venv/lib/python3.12/site-packages/taskflow/listeners/logging.py:242}}
