Jul 06 13:16:21 devstack sudo[88123]: quobyte : PWD=/ ; USER=root ; COMMAND=/opt/stack/data/venv/bin/cinder-rootwrap /etc/cinder/rootwrap.conf chmod ugo+rw /opt/stack/data/cinder/mnt/a308b7fd9b8ce06cab2f94493de2a64b/volume-d2d10746-84a0-4c78-999e-49044e25bfee
Jul 06 13:16:21 devstack sudo[88123]: pam_unix(sudo:session): session opened for user root(uid=0) by (uid=1000)
Jul 06 13:16:22 devstack cinder-volume[86698]: DEBUG cinder.coordination [None req-6275a330-36dc-4b24-bad2-c4953e619c49 tempest-DeleteServersTestJSON-23064254 None] Acquiring lock "cinder-790895f6-87f5-461d-b681-54b9de048321-delete_volume" by "delete_volume" {{(pid=86698) __acquire /opt/stack/cinder/cinder/coordination.py:138}}
Jul 06 13:16:22 devstack sudo[88123]: pam_unix(sudo:session): session closed for user root
Jul 06 13:16:22 devstack cinder-volume[86698]: DEBUG oslo_concurrency.processutils [None req-8256fab9-e6d0-4182-964d-2122c77974f3 tempest-GroupSnapshotsV319Test-1104413497 None] CMD "sudo cinder-rootwrap /etc/cinder/rootwrap.conf chmod ugo+rw /opt/stack/data/cinder/mnt/a308b7fd9b8ce06cab2f94493de2a64b/volume-d2d10746-84a0-4c78-999e-49044e25bfee" returned: 0 in 0.891s {{(pid=86698) execute /opt/stack/data/venv/lib/python3.12/site-packages/oslo_concurrency/processutils.py:468}}
Jul 06 13:16:22 devstack cinder-volume[86698]: DEBUG cinder.volume.drivers.quobyte [None req-8256fab9-e6d0-4182-964d-2122c77974f3 tempest-GroupSnapshotsV319Test-1104413497 None] <== create_volume: return (2152ms) {'provider_location': 'osci02.corp.quobyte.com/cinder-vol-53d580ee-2204-4194-a9bc-93951f511794'} {{(pid=86698) trace_logging_wrapper /opt/stack/cinder/cinder/volume/volume_utils.py:1522}}
Jul 06 13:16:22 devstack cinder-volume[86698]: DEBUG oslo_concurrency.lockutils [None req-8256fab9-e6d0-4182-964d-2122c77974f3 tempest-GroupSnapshotsV319Test-1104413497 None] Lock "quobyte" "released" by "cinder.volume.drivers.quobyte.QuobyteDriver.create_volume" :: held 2.154s {{(pid=86698) inner /opt/stack/data/venv/lib/python3.12/site-packages/oslo_concurrency/lockutils.py:543}}
Jul 06 13:16:22 devstack cinder-volume[86698]: DEBUG oslo_concurrency.lockutils [None req-265f4096-5c90-4c1b-a240-c833793bf1dc tempest-ServerActionsTestOtherA-1122902164 None] Lock "quobyte" acquired by "cinder.volume.drivers.quobyte.QuobyteDriver.create_volume" :: waited 2.002s {{(pid=86698) inner /opt/stack/data/venv/lib/python3.12/site-packages/oslo_concurrency/lockutils.py:524}}
Jul 06 13:16:22 devstack cinder-volume[86698]: DEBUG cinder.volume.drivers.quobyte [None req-265f4096-5c90-4c1b-a240-c833793bf1dc tempest-ServerActionsTestOtherA-1122902164 None] ==> create_volume: call "{'self': , 'volume': Volume(_name_id=None,admin_metadata=,attach_status='detached',availability_zone='nova',bootable=False,cluster=,cluster_name=None,consistencygroup=,consistencygroup_id=None,created_at=2026-07-06T11:16:19Z,deleted=False,deleted_at=None,display_description=None,display_name='tempest-ServerActionsTestOtherA-volume-1266588395',ec2_id=None,encryption_key_id=None,glance_metadata=,group=,group_id=None,host='devstack@QuobyteHD#QuobyteHD',id=a54ef67d-57a8-4280-9c1b-cab2aed1d9f2,launched_at=None,metadata={},migration_status=None,multiattach=False,previous_status=None,project_id='0e7fea6a74194eb0832d3ef20d841d6a',provider_auth=None,provider_geometry=None,provider_id=None,provider_location=None,replication_driver_data=None,replication_extended_status=None,replication_status=None,scheduled_at=2026-07-06T11:16:20Z,service_uuid=None,shared_targets=True,size=1,snapshot_id=None,snapshots=,source_volid=None,status='creating',terminated_at=None,updated_at=2026-07-06T11:16:20Z,use_quota=True,user_id='1075925d5e884cbb8b1d070da193812d',volume_attachment=VolumeAttachmentList,volume_type=VolumeType(3931fcd1-0494-47f5-848c-c1b98981f1b2),volume_type_id=3931fcd1-0494-47f5-848c-c1b98981f1b2)}" {{(pid=86698) trace_logging_wrapper /opt/stack/cinder/cinder/volume/volume_utils.py:1497}}
Jul 06 13:16:22 devstack cinder-volume[86698]: DEBUG cinder.volume.drivers.remotefs [None req-265f4096-5c90-4c1b-a240-c833793bf1dc tempest-ServerActionsTestOtherA-1122902164 None] Creating volume a54ef67d-57a8-4280-9c1b-cab2aed1d9f2 {{(pid=86698) create_volume /opt/stack/cinder/cinder/volume/drivers/remotefs.py:292}}
Jul 06 13:16:22 devstack cinder-volume[86698]: DEBUG oslo_concurrency.lockutils [None req-265f4096-5c90-4c1b-a240-c833793bf1dc tempest-ServerActionsTestOtherA-1122902164 None] Acquiring lock "quobyte_ensure" by "cinder.volume.drivers.quobyte.QuobyteDriver._ensure_shares_mounted" {{(pid=86698) inner /opt/stack/data/venv/lib/python3.12/site-packages/oslo_concurrency/lockutils.py:511}}
Jul 06 13:16:22 devstack cinder-volume[86698]: DEBUG oslo_concurrency.lockutils [None req-265f4096-5c90-4c1b-a240-c833793bf1dc tempest-ServerActionsTestOtherA-1122902164 None] Lock "quobyte_ensure" acquired by "cinder.volume.drivers.quobyte.QuobyteDriver._ensure_shares_mounted" :: waited 0.002s {{(pid=86698) inner /opt/stack/data/venv/lib/python3.12/site-packages/oslo_concurrency/lockutils.py:524}}
Jul 06 13:16:22 devstack cinder-volume[86698]: DEBUG cinder.volume.drivers.quobyte [None req-265f4096-5c90-4c1b-a240-c833793bf1dc tempest-ServerActionsTestOtherA-1122902164 None] Quobyte Volume URL set to: {'osci02.corp.quobyte.com/cinder-vol-53d580ee-2204-4194-a9bc-93951f511794': None} {{(pid=86698) _load_shares_config /opt/stack/cinder/cinder/volume/drivers/quobyte.py:617}}
Jul 06 13:16:22 devstack cinder-volume[86698]: DEBUG cinder.volume.drivers.quobyte [None req-265f4096-5c90-4c1b-a240-c833793bf1dc tempest-ServerActionsTestOtherA-1122902164 None] Available shares ['osci02.corp.quobyte.com/cinder-vol-53d580ee-2204-4194-a9bc-93951f511794'] {{(pid=86698) _ensure_shares_mounted /opt/stack/cinder/cinder/volume/drivers/quobyte.py:647}}
Jul 06 13:16:22 devstack cinder-volume[86698]: DEBUG oslo_concurrency.lockutils [None req-265f4096-5c90-4c1b-a240-c833793bf1dc tempest-ServerActionsTestOtherA-1122902164 None] Lock "quobyte_ensure" "released" by "cinder.volume.drivers.quobyte.QuobyteDriver._ensure_shares_mounted" :: held 0.008s {{(pid=86698) inner /opt/stack/data/venv/lib/python3.12/site-packages/oslo_concurrency/lockutils.py:543}}
Jul 06 13:16:22 devstack cinder-volume[86698]: DEBUG cinder.volume.drivers.quobyte [None req-265f4096-5c90-4c1b-a240-c833793bf1dc tempest-ServerActionsTestOtherA-1122902164 None] Selected osci02.corp.quobyte.com/cinder-vol-53d580ee-2204-4194-a9bc-93951f511794 as target Quobyte volume. {{(pid=86698) _find_share /opt/stack/cinder/cinder/volume/drivers/quobyte.py:668}}
Jul 06 13:16:22 devstack cinder-volume[86698]: INFO cinder.volume.drivers.remotefs [None req-265f4096-5c90-4c1b-a240-c833793bf1dc tempest-ServerActionsTestOtherA-1122902164 None] casted to osci02.corp.quobyte.com/cinder-vol-53d580ee-2204-4194-a9bc-93951f511794
Jul 06 13:16:22 devstack cinder-volume[86698]: DEBUG oslo_concurrency.processutils [None req-265f4096-5c90-4c1b-a240-c833793bf1dc tempest-ServerActionsTestOtherA-1122902164 None] Running cmd (subprocess): sudo cinder-rootwrap /etc/cinder/rootwrap.conf qemu-img create -f qcow2 -o preallocation=metadata /opt/stack/data/cinder/mnt/a308b7fd9b8ce06cab2f94493de2a64b/volume-a54ef67d-57a8-4280-9c1b-cab2aed1d9f2 1073741824 {{(pid=86698) execute /opt/stack/data/venv/lib/python3.12/site-packages/oslo_concurrency/processutils.py:440}}
Jul 06 13:16:22 devstack cinder-volume[86698]: DEBUG cinder.coordination [None req-6275a330-36dc-4b24-bad2-c4953e619c49 tempest-DeleteServersTestJSON-23064254 None] Lock "cinder-790895f6-87f5-461d-b681-54b9de048321-delete_volume" acquired by "delete_volume" :: waited 0.071s {{(pid=86698) __acquire /opt/stack/cinder/cinder/coordination.py:141}}
Jul 06 13:16:22 devstack sudo[88127]: quobyte : PWD=/ ; USER=root ; COMMAND=/opt/stack/data/venv/bin/cinder-rootwrap /etc/cinder/rootwrap.conf qemu-img create -f qcow2 -o preallocation=metadata /opt/stack/data/cinder/mnt/a308b7fd9b8ce06cab2f94493de2a64b/volume-a54ef67d-57a8-4280-9c1b-cab2aed1d9f2 1073741824
Jul 06 13:16:22 devstack sudo[88127]: pam_unix(sudo:session): session opened for user root(uid=0) by (uid=1000)
Jul 06 13:16:22 devstack cinder-volume[86698]: DEBUG cinder.volume.manager [None req-8256fab9-e6d0-4182-964d-2122c77974f3 tempest-GroupSnapshotsV319Test-1104413497 None] Task 'cinder.volume.flows.manager.create_volume.CreateVolumeFromSpecTask;volume:create' (6a860ccc-8cb6-4dcb-9836-17080d8207ce) transitioned into state 'SUCCESS' from state 'RUNNING' with result '{'status': 'creating', 'volume_name': 'volume-d2d10746-84a0-4c78-999e-49044e25bfee', 'volume_size': 1}' {{(pid=86698) _task_receiver /opt/stack/data/venv/lib/python3.12/site-packages/taskflow/listeners/logging.py:218}}
Jul 06 13:16:22 devstack cinder-volume[86698]: DEBUG cinder.volume.manager [None req-8256fab9-e6d0-4182-964d-2122c77974f3 tempest-GroupSnapshotsV319Test-1104413497 None] Task 'cinder.volume.flows.manager.create_volume.CreateVolumeOnFinishTask;volume:create, create.end' (9dd6578b-2dbd-493a-82f6-f2d06ee9ec6e) transitioned into state 'RUNNING' from state 'PENDING' {{(pid=86698) _task_receiver /opt/stack/data/venv/lib/python3.12/site-packages/taskflow/listeners/logging.py:242}}
Jul 06 13:16:22 devstack cinder-volume[86698]: INFO cinder.volume.flows.manager.create_volume [None req-8256fab9-e6d0-4182-964d-2122c77974f3 tempest-GroupSnapshotsV319Test-1104413497 None] Volume volume-d2d10746-84a0-4c78-999e-49044e25bfee (d2d10746-84a0-4c78-999e-49044e25bfee): created successfully
Jul 06 13:16:22 devstack cinder-volume[86698]: DEBUG cinder.volume.manager [None req-8256fab9-e6d0-4182-964d-2122c77974f3 tempest-GroupSnapshotsV319Test-1104413497 None] Task 'cinder.volume.flows.manager.create_volume.CreateVolumeOnFinishTask;volume:create, create.end' (9dd6578b-2dbd-493a-82f6-f2d06ee9ec6e) transitioned into state 'SUCCESS' from state 'RUNNING' with result 'None' {{(pid=86698) _task_receiver /opt/stack/data/venv/lib/python3.12/site-packages/taskflow/listeners/logging.py:218}}
Jul 06 13:16:22 devstack cinder-volume[86698]: DEBUG cinder.volume.manager [None req-8256fab9-e6d0-4182-964d-2122c77974f3 tempest-GroupSnapshotsV319Test-1104413497 None] Flow 'volume_create_manager' (3b5094e6-6e2e-40b0-98d0-f5e95eba8562) transitioned into state 'SUCCESS' from state 'RUNNING' {{(pid=86698) _flow_receiver /opt/stack/data/venv/lib/python3.12/site-packages/taskflow/listeners/logging.py:160}}
Jul 06 13:16:22 devstack cinder-volume[86698]: DEBUG cinder.coordination [None req-6275a330-36dc-4b24-bad2-c4953e619c49 tempest-DeleteServersTestJSON-23064254 None] Acquiring lock "cinder-quobyte-790895f6-87f5-461d-b681-54b9de048321" by "delete_volume" {{(pid=86698) __acquire /opt/stack/cinder/cinder/coordination.py:138}}
Jul 06 13:16:22 devstack cinder-volume[86698]: INFO cinder.volume.manager [None req-8256fab9-e6d0-4182-964d-2122c77974f3 tempest-GroupSnapshotsV319Test-1104413497 None] Created volume successfully.
Jul 06 13:16:22 devstack cinder-volume[86698]: DEBUG cinder.coordination [None req-6275a330-36dc-4b24-bad2-c4953e619c49 tempest-DeleteServersTestJSON-23064254 None] Lock "cinder-quobyte-790895f6-87f5-461d-b681-54b9de048321" acquired by "delete_volume" :: waited 0.029s {{(pid=86698) __acquire /opt/stack/cinder/cinder/coordination.py:141}}
Jul 06 13:16:22 devstack cinder-volume[86698]: DEBUG oslo.privsep.daemon [-] privsep: reply[3fbebb56-693d-421c-8944-564f8b364757]: (4, 'qcow2') {{(pid=87595) _call_back /opt/stack/data/venv/lib/python3.12/site-packages/oslo_privsep/daemon.py:580}}
Jul 06 13:16:22 devstack cinder-volume[86698]: DEBUG oslo_concurrency.processutils [None req-6275a330-36dc-4b24-bad2-c4953e619c49 tempest-DeleteServersTestJSON-23064254 None] Running cmd (subprocess): /opt/stack/data/venv/bin/python3.12 -m oslo_concurrency.prlimit --as=1073741824 --cpu=60 -- sudo cinder-rootwrap /etc/cinder/rootwrap.conf env LC_ALL=C qemu-img info -f qcow2 --output=json --force-share /opt/stack/data/cinder/mnt/a308b7fd9b8ce06cab2f94493de2a64b/volume-790895f6-87f5-461d-b681-54b9de048321 {{(pid=86698) execute /opt/stack/data/venv/lib/python3.12/site-packages/oslo_concurrency/processutils.py:440}}
Jul 06 13:16:22 devstack sudo[88129]: quobyte : PWD=/ ; USER=root ; COMMAND=/opt/stack/data/venv/bin/cinder-rootwrap /etc/cinder/rootwrap.conf env LC_ALL=C qemu-img info -f qcow2 --output=json --force-share /opt/stack/data/cinder/mnt/a308b7fd9b8ce06cab2f94493de2a64b/volume-790895f6-87f5-461d-b681-54b9de048321
Jul 06 13:16:22 devstack sudo[88129]: pam_unix(sudo:session): session opened for user root(uid=0) by (uid=1000)
Jul 06 13:16:23 devstack sudo[88129]: pam_unix(sudo:session): session closed for user root
Jul 06 13:16:23 devstack cinder-volume[86698]: DEBUG oslo_concurrency.processutils [None req-6275a330-36dc-4b24-bad2-c4953e619c49 tempest-DeleteServersTestJSON-23064254 None] CMD "/opt/stack/data/venv/bin/python3.12 -m oslo_concurrency.prlimit --as=1073741824 --cpu=60 -- sudo cinder-rootwrap /etc/cinder/rootwrap.conf env LC_ALL=C qemu-img info -f qcow2 --output=json --force-share /opt/stack/data/cinder/mnt/a308b7fd9b8ce06cab2f94493de2a64b/volume-790895f6-87f5-461d-b681-54b9de048321" returned: 0 in 1.104s {{(pid=86698) execute /opt/stack/data/venv/lib/python3.12/site-packages/oslo_concurrency/processutils.py:468}}
Jul 06 13:16:23 devstack cinder-volume[86698]: DEBUG oslo_concurrency.processutils [None req-6275a330-36dc-4b24-bad2-c4953e619c49 tempest-DeleteServersTestJSON-23064254 None] Running cmd (subprocess): sudo cinder-rootwrap /etc/cinder/rootwrap.conf rm -f /opt/stack/data/cinder/mnt/a308b7fd9b8ce06cab2f94493de2a64b/volume-790895f6-87f5-461d-b681-54b9de048321 {{(pid=86698) execute /opt/stack/data/venv/lib/python3.12/site-packages/oslo_concurrency/processutils.py:440}}
Jul 06 13:16:23 devstack sudo[88141]: quobyte : PWD=/ ; USER=root ; COMMAND=/opt/stack/data/venv/bin/cinder-rootwrap /etc/cinder/rootwrap.conf rm -f /opt/stack/data/cinder/mnt/a308b7fd9b8ce06cab2f94493de2a64b/volume-790895f6-87f5-461d-b681-54b9de048321
Jul 06 13:16:23 devstack sudo[88141]: pam_unix(sudo:session): session opened for user root(uid=0) by (uid=1000)
Jul 06 13:16:23 devstack sudo[88127]: pam_unix(sudo:session): session closed for user root
Jul 06 13:16:23 devstack cinder-volume[86698]: DEBUG oslo_concurrency.processutils [None req-265f4096-5c90-4c1b-a240-c833793bf1dc tempest-ServerActionsTestOtherA-1122902164 None] CMD "sudo cinder-rootwrap /etc/cinder/rootwrap.conf qemu-img create -f qcow2 -o preallocation=metadata /opt/stack/data/cinder/mnt/a308b7fd9b8ce06cab2f94493de2a64b/volume-a54ef67d-57a8-4280-9c1b-cab2aed1d9f2 1073741824" returned: 0 in 1.373s {{(pid=86698) execute /opt/stack/data/venv/lib/python3.12/site-packages/oslo_concurrency/processutils.py:468}}
Jul 06 13:16:24 devstack cinder-volume[86698]: DEBUG oslo_concurrency.processutils [None req-265f4096-5c90-4c1b-a240-c833793bf1dc tempest-ServerActionsTestOtherA-1122902164 None] Running cmd (subprocess): sudo cinder-rootwrap /etc/cinder/rootwrap.conf chmod ugo+rw /opt/stack/data/cinder/mnt/a308b7fd9b8ce06cab2f94493de2a64b/volume-a54ef67d-57a8-4280-9c1b-cab2aed1d9f2 {{(pid=86698) execute /opt/stack/data/venv/lib/python3.12/site-packages/oslo_concurrency/processutils.py:440}}
Jul 06 13:16:24 devstack sudo[88143]: quobyte : PWD=/ ; USER=root ; COMMAND=/opt/stack/data/venv/bin/cinder-rootwrap /etc/cinder/rootwrap.conf chmod ugo+rw /opt/stack/data/cinder/mnt/a308b7fd9b8ce06cab2f94493de2a64b/volume-a54ef67d-57a8-4280-9c1b-cab2aed1d9f2
Jul 06 13:16:24 devstack sudo[88143]: pam_unix(sudo:session): session opened for user root(uid=0) by (uid=1000)
Jul 06 13:16:24 devstack cinder-volume[86698]: INFO cinder.volume.manager [None req-6cba106c-2aca-4d1d-a32e-bf67c5148b55 tempest-GroupSnapshotsV319Test-1104413497 None] GroupSnapshot 8b681250-6645-4278-b3b0-0625fa2600d4: creating.
Jul 06 13:16:24 devstack cinder-volume[86698]: DEBUG cinder.volume.manager [None req-6cba106c-2aca-4d1d-a32e-bf67c5148b55 tempest-GroupSnapshotsV319Test-1104413497 None] Group snapshot 8b681250-6645-4278-b3b0-0625fa2600d4: creating. {{(pid=86698) create_group_snapshot /opt/stack/cinder/cinder/volume/manager.py:4175}}
Jul 06 13:16:24 devstack cinder-volume[86698]: DEBUG oslo_concurrency.lockutils [None req-6cba106c-2aca-4d1d-a32e-bf67c5148b55 tempest-GroupSnapshotsV319Test-1104413497 None] Acquiring lock "quobyte" by "cinder.volume.drivers.quobyte.QuobyteDriver.create_snapshot" {{(pid=86698) inner /opt/stack/data/venv/lib/python3.12/site-packages/oslo_concurrency/lockutils.py:511}}
Jul 06 13:16:24 devstack sudo[88141]: pam_unix(sudo:session): session closed for user root
Jul 06 13:16:24 devstack cinder-volume[86698]: DEBUG oslo_concurrency.processutils [None req-6275a330-36dc-4b24-bad2-c4953e619c49 tempest-DeleteServersTestJSON-23064254 None] CMD "sudo cinder-rootwrap /etc/cinder/rootwrap.conf rm -f /opt/stack/data/cinder/mnt/a308b7fd9b8ce06cab2f94493de2a64b/volume-790895f6-87f5-461d-b681-54b9de048321" returned: 0 in 1.011s {{(pid=86698) execute /opt/stack/data/venv/lib/python3.12/site-packages/oslo_concurrency/processutils.py:468}}
Jul 06 13:16:24 devstack cinder-volume[86698]: DEBUG cinder.coordination [None req-6275a330-36dc-4b24-bad2-c4953e619c49 tempest-DeleteServersTestJSON-23064254 None] Lock "cinder-quobyte-790895f6-87f5-461d-b681-54b9de048321" released by "delete_volume" :: held 2.171s {{(pid=86698) __release /opt/stack/cinder/cinder/coordination.py:152}}
Jul 06 13:16:25 devstack cinder-volume[86698]: DEBUG cinder.quota [None req-6275a330-36dc-4b24-bad2-c4953e619c49 tempest-DeleteServersTestJSON-23064254 None] Created reservations ['c66d4b1a-339d-4d63-be38-5c786b9c01f0', 'e2d645f6-b601-4201-aad2-4b291f422a77', '41bc861f-ad95-4efe-9028-9ea683bf6254', '96b5ea9a-890e-47c6-b38a-887aedfe3663'] {{(pid=86698) reserve /opt/stack/cinder/cinder/quota.py:752}}
Jul 06 13:16:25 devstack sudo[88143]: pam_unix(sudo:session): session closed for user root
Jul 06 13:16:25 devstack cinder-volume[86698]: DEBUG oslo_concurrency.processutils [None req-265f4096-5c90-4c1b-a240-c833793bf1dc tempest-ServerActionsTestOtherA-1122902164 None] CMD "sudo cinder-rootwrap /etc/cinder/rootwrap.conf chmod ugo+rw /opt/stack/data/cinder/mnt/a308b7fd9b8ce06cab2f94493de2a64b/volume-a54ef67d-57a8-4280-9c1b-cab2aed1d9f2" returned: 0 in 0.998s {{(pid=86698) execute /opt/stack/data/venv/lib/python3.12/site-packages/oslo_concurrency/processutils.py:468}}
Jul 06 13:16:25 devstack cinder-volume[86698]: DEBUG cinder.volume.drivers.quobyte [None req-265f4096-5c90-4c1b-a240-c833793bf1dc tempest-ServerActionsTestOtherA-1122902164 None] <== create_volume: return (2433ms) {'provider_location': 'osci02.corp.quobyte.com/cinder-vol-53d580ee-2204-4194-a9bc-93951f511794'} {{(pid=86698) trace_logging_wrapper /opt/stack/cinder/cinder/volume/volume_utils.py:1522}}
Jul 06 13:16:25 devstack cinder-volume[86698]: DEBUG oslo_concurrency.lockutils [None req-265f4096-5c90-4c1b-a240-c833793bf1dc tempest-ServerActionsTestOtherA-1122902164 None] Lock "quobyte" "released" by "cinder.volume.drivers.quobyte.QuobyteDriver.create_volume" :: held 2.435s {{(pid=86698) inner /opt/stack/data/venv/lib/python3.12/site-packages/oslo_concurrency/lockutils.py:543}}
Jul 06 13:16:25 devstack cinder-volume[86698]: DEBUG oslo_concurrency.lockutils [None req-6cba106c-2aca-4d1d-a32e-bf67c5148b55 tempest-GroupSnapshotsV319Test-1104413497 None] Lock "quobyte" acquired by "cinder.volume.drivers.quobyte.QuobyteDriver.create_snapshot" :: waited 0.698s {{(pid=86698) inner /opt/stack/data/venv/lib/python3.12/site-packages/oslo_concurrency/lockutils.py:524}}
Jul 06 13:16:25 devstack cinder-volume[86698]: DEBUG cinder.volume.manager [None req-265f4096-5c90-4c1b-a240-c833793bf1dc tempest-ServerActionsTestOtherA-1122902164 None] Task 'cinder.volume.flows.manager.create_volume.CreateVolumeFromSpecTask;volume:create' (9a266e85-6d55-45d6-b25c-f3c7c6d3e76b) transitioned into state 'SUCCESS' from state 'RUNNING' with result '{'status': 'creating', 'volume_name': 'volume-a54ef67d-57a8-4280-9c1b-cab2aed1d9f2', 'volume_size': 1}' {{(pid=86698) _task_receiver /opt/stack/data/venv/lib/python3.12/site-packages/taskflow/listeners/logging.py:218}}
Jul 06 13:16:25 devstack cinder-volume[86698]: DEBUG cinder.volume.manager [None req-265f4096-5c90-4c1b-a240-c833793bf1dc tempest-ServerActionsTestOtherA-1122902164 None] Task 'cinder.volume.flows.manager.create_volume.CreateVolumeOnFinishTask;volume:create, create.end' (94553b8f-b162-4a1c-9186-bf0d759dd2b3) transitioned into state 'RUNNING' from state 'PENDING' {{(pid=86698) _task_receiver /opt/stack/data/venv/lib/python3.12/site-packages/taskflow/listeners/logging.py:242}}
Jul 06 13:16:25 devstack cinder-volume[86698]: DEBUG cinder.volume.drivers.remotefs [None req-6cba106c-2aca-4d1d-a32e-bf67c5148b55 tempest-GroupSnapshotsV319Test-1104413497 None] Creating offline snapshot b44f2d41-ca38-4a02-b5ff-b518c030c072 of volume d2d10746-84a0-4c78-999e-49044e25bfee {{(pid=86698) _create_snapshot /opt/stack/cinder/cinder/volume/drivers/remotefs.py:1816}}
Jul 06 13:16:25 devstack cinder-volume[86698]: INFO cinder.volume.flows.manager.create_volume [None req-265f4096-5c90-4c1b-a240-c833793bf1dc tempest-ServerActionsTestOtherA-1122902164 None] Volume volume-a54ef67d-57a8-4280-9c1b-cab2aed1d9f2 (a54ef67d-57a8-4280-9c1b-cab2aed1d9f2): created successfully
Jul 06 13:16:25 devstack cinder-volume[86698]: DEBUG cinder.volume.manager [None req-265f4096-5c90-4c1b-a240-c833793bf1dc tempest-ServerActionsTestOtherA-1122902164 None] Task 'cinder.volume.flows.manager.create_volume.CreateVolumeOnFinishTask;volume:create, create.end' (94553b8f-b162-4a1c-9186-bf0d759dd2b3) transitioned into state 'SUCCESS' from state 'RUNNING' with result 'None' {{(pid=86698) _task_receiver /opt/stack/data/venv/lib/python3.12/site-packages/taskflow/listeners/logging.py:218}}
Jul 06 13:16:25 devstack cinder-volume[86698]: DEBUG cinder.volume.manager [None req-265f4096-5c90-4c1b-a240-c833793bf1dc tempest-ServerActionsTestOtherA-1122902164 None] Flow 'volume_create_manager' (c9f955a6-07c0-47af-892d-4d67430eaf1f) transitioned into state 'SUCCESS' from state 'RUNNING' {{(pid=86698) _flow_receiver /opt/stack/data/venv/lib/python3.12/site-packages/taskflow/listeners/logging.py:160}}
Jul 06 13:16:25 devstack cinder-volume[86698]: DEBUG oslo.privsep.daemon [-] privsep: reply[7c106cda-d0e0-4a72-848b-dcd9f77206be]: (4, 'qcow2') {{(pid=87595) _call_back /opt/stack/data/venv/lib/python3.12/site-packages/oslo_privsep/daemon.py:580}}
Jul 06 13:16:25 devstack cinder-volume[86698]: DEBUG oslo_concurrency.processutils [None req-6cba106c-2aca-4d1d-a32e-bf67c5148b55 tempest-GroupSnapshotsV319Test-1104413497 None] Running cmd (subprocess): /opt/stack/data/venv/bin/python3.12 -m oslo_concurrency.prlimit --as=1073741824 --cpu=60 -- sudo cinder-rootwrap /etc/cinder/rootwrap.conf env LC_ALL=C qemu-img info -f qcow2 --output=json --force-share /opt/stack/data/cinder/mnt/a308b7fd9b8ce06cab2f94493de2a64b/volume-d2d10746-84a0-4c78-999e-49044e25bfee {{(pid=86698) execute /opt/stack/data/venv/lib/python3.12/site-packages/oslo_concurrency/processutils.py:440}}
Jul 06 13:16:25 devstack cinder-volume[86698]: INFO cinder.volume.manager [None req-265f4096-5c90-4c1b-a240-c833793bf1dc tempest-ServerActionsTestOtherA-1122902164 None] Created volume successfully.
Jul 06 13:16:25 devstack cinder-volume[86698]: DEBUG oslo_concurrency.lockutils [None req-6275a330-36dc-4b24-bad2-c4953e619c49 tempest-DeleteServersTestJSON-23064254 None] Acquiring lock "quobyte_ensure" by "cinder.volume.drivers.quobyte.QuobyteDriver._ensure_shares_mounted" {{(pid=86698) inner /opt/stack/data/venv/lib/python3.12/site-packages/oslo_concurrency/lockutils.py:511}}
Jul 06 13:16:25 devstack cinder-volume[86698]: DEBUG oslo_concurrency.lockutils [None req-6275a330-36dc-4b24-bad2-c4953e619c49 tempest-DeleteServersTestJSON-23064254 None] Lock "quobyte_ensure" acquired by "cinder.volume.drivers.quobyte.QuobyteDriver._ensure_shares_mounted" :: waited 0.001s {{(pid=86698) inner /opt/stack/data/venv/lib/python3.12/site-packages/oslo_concurrency/lockutils.py:524}}
Jul 06 13:16:25 devstack cinder-volume[86698]: DEBUG cinder.volume.drivers.quobyte [None req-6275a330-36dc-4b24-bad2-c4953e619c49 tempest-DeleteServersTestJSON-23064254 None] Quobyte Volume URL set to: {'osci02.corp.quobyte.com/cinder-vol-53d580ee-2204-4194-a9bc-93951f511794': None} {{(pid=86698) _load_shares_config /opt/stack/cinder/cinder/volume/drivers/quobyte.py:617}}
Jul 06 13:16:25 devstack cinder-volume[86698]: DEBUG cinder.volume.drivers.quobyte [None req-6275a330-36dc-4b24-bad2-c4953e619c49 tempest-DeleteServersTestJSON-23064254 None] Available shares ['osci02.corp.quobyte.com/cinder-vol-53d580ee-2204-4194-a9bc-93951f511794'] {{(pid=86698) _ensure_shares_mounted /opt/stack/cinder/cinder/volume/drivers/quobyte.py:647}}
Jul 06 13:16:25 devstack cinder-volume[86698]: DEBUG oslo_concurrency.lockutils [None req-6275a330-36dc-4b24-bad2-c4953e619c49 tempest-DeleteServersTestJSON-23064254 None] Lock "quobyte_ensure" "released" by "cinder.volume.drivers.quobyte.QuobyteDriver._ensure_shares_mounted" :: held 0.015s {{(pid=86698) inner /opt/stack/data/venv/lib/python3.12/site-packages/oslo_concurrency/lockutils.py:543}}
Jul 06 13:16:25 devstack cinder-volume[86698]: DEBUG oslo_concurrency.processutils [None req-6275a330-36dc-4b24-bad2-c4953e619c49 tempest-DeleteServersTestJSON-23064254 None] Running cmd (subprocess): sudo cinder-rootwrap /etc/cinder/rootwrap.conf df --portability --block-size 1 /opt/stack/data/cinder/mnt/a308b7fd9b8ce06cab2f94493de2a64b {{(pid=86698) execute /opt/stack/data/venv/lib/python3.12/site-packages/oslo_concurrency/processutils.py:440}}
Jul 06 13:16:25 devstack sudo[88152]: quobyte : PWD=/ ; USER=root ; COMMAND=/opt/stack/data/venv/bin/cinder-rootwrap /etc/cinder/rootwrap.conf df --portability --block-size 1 /opt/stack/data/cinder/mnt/a308b7fd9b8ce06cab2f94493de2a64b
Jul 06 13:16:25 devstack sudo[88152]: pam_unix(sudo:session): session opened for user root(uid=0) by (uid=1000)
Jul 06 13:16:25 devstack sudo[88151]: quobyte : PWD=/ ; USER=root ; COMMAND=/opt/stack/data/venv/bin/cinder-rootwrap /etc/cinder/rootwrap.conf env LC_ALL=C qemu-img info -f qcow2 --output=json --force-share /opt/stack/data/cinder/mnt/a308b7fd9b8ce06cab2f94493de2a64b/volume-d2d10746-84a0-4c78-999e-49044e25bfee
Jul 06 13:16:25 devstack sudo[88151]: pam_unix(sudo:session): session opened for user root(uid=0) by (uid=1000)
Jul 06 13:16:26 devstack sudo[88152]: pam_unix(sudo:session): session closed for user root
Jul 06 13:16:26 devstack cinder-volume[86698]: DEBUG oslo_concurrency.processutils [None req-6275a330-36dc-4b24-bad2-c4953e619c49 tempest-DeleteServersTestJSON-23064254 None] CMD "sudo cinder-rootwrap /etc/cinder/rootwrap.conf df --portability --block-size 1 /opt/stack/data/cinder/mnt/a308b7fd9b8ce06cab2f94493de2a64b" returned: 0 in 0.778s {{(pid=86698) execute /opt/stack/data/venv/lib/python3.12/site-packages/oslo_concurrency/processutils.py:468}}
Jul 06 13:16:26 devstack cinder-volume[86698]: DEBUG cinder.manager [None req-6275a330-36dc-4b24-bad2-c4953e619c49 tempest-DeleteServersTestJSON-23064254 None] Notifying Schedulers of capabilities ... {{(pid=86698) _publish_service_capabilities /opt/stack/cinder/cinder/manager.py:219}}
Jul 06 13:16:26 devstack cinder-volume[86698]: INFO cinder.volume.manager [None req-6275a330-36dc-4b24-bad2-c4953e619c49 tempest-DeleteServersTestJSON-23064254 None] Deleted volume successfully.
Jul 06 13:16:26 devstack cinder-volume[86698]: DEBUG cinder.coordination [None req-6275a330-36dc-4b24-bad2-c4953e619c49 tempest-DeleteServersTestJSON-23064254 None] Lock "cinder-790895f6-87f5-461d-b681-54b9de048321-delete_volume" released by "delete_volume" :: held 3.420s {{(pid=86698) __release /opt/stack/cinder/cinder/coordination.py:152}}
Jul 06 13:16:26 devstack sudo[88151]: pam_unix(sudo:session): session closed for user root
Jul 06 13:16:26 devstack cinder-volume[86698]: DEBUG oslo_concurrency.processutils [None req-6cba106c-2aca-4d1d-a32e-bf67c5148b55 tempest-GroupSnapshotsV319Test-1104413497 None] CMD "/opt/stack/data/venv/bin/python3.12 -m oslo_concurrency.prlimit --as=1073741824 --cpu=60 -- sudo cinder-rootwrap /etc/cinder/rootwrap.conf env LC_ALL=C qemu-img info -f qcow2 --output=json --force-share /opt/stack/data/cinder/mnt/a308b7fd9b8ce06cab2f94493de2a64b/volume-d2d10746-84a0-4c78-999e-49044e25bfee" returned: 0 in 0.935s {{(pid=86698) execute /opt/stack/data/venv/lib/python3.12/site-packages/oslo_concurrency/processutils.py:468}}
Jul 06 13:16:26 devstack cinder-volume[86698]: DEBUG oslo_concurrency.processutils [None req-6cba106c-2aca-4d1d-a32e-bf67c5148b55 tempest-GroupSnapshotsV319Test-1104413497 None] Running cmd (subprocess): sudo cinder-rootwrap /etc/cinder/rootwrap.conf qemu-img create -f qcow2 -o backing_file=/opt/stack/data/cinder/mnt/a308b7fd9b8ce06cab2f94493de2a64b/volume-d2d10746-84a0-4c78-999e-49044e25bfee,backing_fmt=qcow2 /opt/stack/data/cinder/mnt/a308b7fd9b8ce06cab2f94493de2a64b/volume-d2d10746-84a0-4c78-999e-49044e25bfee.b44f2d41-ca38-4a02-b5ff-b518c030c072 1G {{(pid=86698) execute /opt/stack/data/venv/lib/python3.12/site-packages/oslo_concurrency/processutils.py:440}}
Jul 06 13:16:26 devstack sudo[88159]: quobyte : PWD=/ ; USER=root ; COMMAND=/opt/stack/data/venv/bin/cinder-rootwrap /etc/cinder/rootwrap.conf qemu-img create -f qcow2 -o backing_file=/opt/stack/data/cinder/mnt/a308b7fd9b8ce06cab2f94493de2a64b/volume-d2d10746-84a0-4c78-999e-49044e25bfee,backing_fmt=qcow2 /opt/stack/data/cinder/mnt/a308b7fd9b8ce06cab2f94493de2a64b/volume-d2d10746-84a0-4c78-999e-49044e25bfee.b44f2d41-ca38-4a02-b5ff-b518c030c072 1G
Jul 06 13:16:26 devstack sudo[88159]: pam_unix(sudo:session): session opened for user root(uid=0) by (uid=1000)
Jul 06 13:16:27 devstack sudo[88159]: pam_unix(sudo:session): session closed for user root
Jul 06 13:16:27 devstack cinder-volume[86698]: DEBUG oslo_concurrency.processutils [None req-6cba106c-2aca-4d1d-a32e-bf67c5148b55 tempest-GroupSnapshotsV319Test-1104413497 None] CMD "sudo cinder-rootwrap /etc/cinder/rootwrap.conf qemu-img create -f qcow2 -o backing_file=/opt/stack/data/cinder/mnt/a308b7fd9b8ce06cab2f94493de2a64b/volume-d2d10746-84a0-4c78-999e-49044e25bfee,backing_fmt=qcow2 /opt/stack/data/cinder/mnt/a308b7fd9b8ce06cab2f94493de2a64b/volume-d2d10746-84a0-4c78-999e-49044e25bfee.b44f2d41-ca38-4a02-b5ff-b518c030c072 1G" returned: 0 in 1.053s {{(pid=86698) execute /opt/stack/data/venv/lib/python3.12/site-packages/oslo_concurrency/processutils.py:468}}
Jul 06 13:16:27 devstack cinder-volume[86698]: DEBUG oslo_concurrency.processutils [None req-6cba106c-2aca-4d1d-a32e-bf67c5148b55 tempest-GroupSnapshotsV319Test-1104413497 None] Running cmd (subprocess): sudo cinder-rootwrap /etc/cinder/rootwrap.conf qemu-img rebase -u -b volume-d2d10746-84a0-4c78-999e-49044e25bfee -F qcow2 /opt/stack/data/cinder/mnt/a308b7fd9b8ce06cab2f94493de2a64b/volume-d2d10746-84a0-4c78-999e-49044e25bfee.b44f2d41-ca38-4a02-b5ff-b518c030c072 {{(pid=86698) execute /opt/stack/data/venv/lib/python3.12/site-packages/oslo_concurrency/processutils.py:440}}
Jul 06 13:16:27 devstack sudo[88165]: quobyte : PWD=/ ; USER=root ; COMMAND=/opt/stack/data/venv/bin/cinder-rootwrap /etc/cinder/rootwrap.conf qemu-img rebase -u -b volume-d2d10746-84a0-4c78-999e-49044e25bfee -F qcow2 /opt/stack/data/cinder/mnt/a308b7fd9b8ce06cab2f94493de2a64b/volume-d2d10746-84a0-4c78-999e-49044e25bfee.b44f2d41-ca38-4a02-b5ff-b518c030c072
Jul 06 13:16:27 devstack sudo[88165]: pam_unix(sudo:session): session opened for user root(uid=0) by (uid=1000)
Jul 06 13:16:28 devstack sudo[88165]: pam_unix(sudo:session): session closed for user root
Jul 06 13:16:28 devstack cinder-volume[86698]: DEBUG oslo_concurrency.processutils [None req-6cba106c-2aca-4d1d-a32e-bf67c5148b55 tempest-GroupSnapshotsV319Test-1104413497 None] CMD "sudo cinder-rootwrap /etc/cinder/rootwrap.conf qemu-img rebase -u -b volume-d2d10746-84a0-4c78-999e-49044e25bfee -F qcow2 /opt/stack/data/cinder/mnt/a308b7fd9b8ce06cab2f94493de2a64b/volume-d2d10746-84a0-4c78-999e-49044e25bfee.b44f2d41-ca38-4a02-b5ff-b518c030c072" returned: 0 in 0.865s {{(pid=86698) execute /opt/stack/data/venv/lib/python3.12/site-packages/oslo_concurrency/processutils.py:468}}
Jul 06 13:16:28 devstack cinder-volume[86698]: WARNING cinder.volume.drivers.remotefs [None req-6cba106c-2aca-4d1d-a32e-bf67c5148b55 tempest-GroupSnapshotsV319Test-1104413497 None] /opt/stack/data/cinder/mnt/a308b7fd9b8ce06cab2f94493de2a64b/volume-d2d10746-84a0-4c78-999e-49044e25bfee.b44f2d41-ca38-4a02-b5ff-b518c030c072 is being set with open permissions: ugo+rw: NotImplementedError
Jul 06 13:16:28 devstack cinder-volume[86698]: DEBUG oslo_concurrency.processutils [None req-6cba106c-2aca-4d1d-a32e-bf67c5148b55 tempest-GroupSnapshotsV319Test-1104413497 None] Running cmd (subprocess): sudo cinder-rootwrap /etc/cinder/rootwrap.conf chmod ugo+rw /opt/stack/data/cinder/mnt/a308b7fd9b8ce06cab2f94493de2a64b/volume-d2d10746-84a0-4c78-999e-49044e25bfee.b44f2d41-ca38-4a02-b5ff-b518c030c072 {{(pid=86698) execute /opt/stack/data/venv/lib/python3.12/site-packages/oslo_concurrency/processutils.py:440}}
Jul 06 13:16:28 devstack sudo[88172]: quobyte : PWD=/ ; USER=root ; COMMAND=/opt/stack/data/venv/bin/cinder-rootwrap /etc/cinder/rootwrap.conf chmod ugo+rw /opt/stack/data/cinder/mnt/a308b7fd9b8ce06cab2f94493de2a64b/volume-d2d10746-84a0-4c78-999e-49044e25bfee.b44f2d41-ca38-4a02-b5ff-b518c030c072
Jul 06 13:16:28 devstack sudo[88172]: pam_unix(sudo:session): session opened for user root(uid=0) by (uid=1000)
Jul 06 13:16:28 devstack sudo[88172]: pam_unix(sudo:session): session closed for user root
Jul 06 13:16:28 devstack cinder-volume[86698]: DEBUG oslo_concurrency.processutils [None req-6cba106c-2aca-4d1d-a32e-bf67c5148b55 tempest-GroupSnapshotsV319Test-1104413497 None] CMD "sudo cinder-rootwrap /etc/cinder/rootwrap.conf chmod ugo+rw /opt/stack/data/cinder/mnt/a308b7fd9b8ce06cab2f94493de2a64b/volume-d2d10746-84a0-4c78-999e-49044e25bfee.b44f2d41-ca38-4a02-b5ff-b518c030c072" returned: 0 in 0.788s {{(pid=86698) execute /opt/stack/data/venv/lib/python3.12/site-packages/oslo_concurrency/processutils.py:468}}
Jul 06 13:16:28 devstack cinder-volume[86698]: DEBUG oslo_concurrency.processutils [None req-6cba106c-2aca-4d1d-a32e-bf67c5148b55 tempest-GroupSnapshotsV319Test-1104413497 None] Running cmd (subprocess): sudo cinder-rootwrap /etc/cinder/rootwrap.conf truncate -s0 /opt/stack/data/cinder/mnt/a308b7fd9b8ce06cab2f94493de2a64b/volume-d2d10746-84a0-4c78-999e-49044e25bfee.info {{(pid=86698) execute /opt/stack/data/venv/lib/python3.12/site-packages/oslo_concurrency/processutils.py:440}}
Jul 06 13:16:28 devstack sudo[88176]: quobyte : PWD=/ ; USER=root ; COMMAND=/opt/stack/data/venv/bin/cinder-rootwrap /etc/cinder/rootwrap.conf truncate -s0 /opt/stack/data/cinder/mnt/a308b7fd9b8ce06cab2f94493de2a64b/volume-d2d10746-84a0-4c78-999e-49044e25bfee.info
Jul 06 13:16:28 devstack sudo[88176]: pam_unix(sudo:session): session opened for user root(uid=0) by (uid=1000)
Jul 06 13:16:29 devstack sudo[88176]: pam_unix(sudo:session): session closed for user root
Jul 06 13:16:29 devstack cinder-volume[86698]: DEBUG oslo_concurrency.processutils [None req-6cba106c-2aca-4d1d-a32e-bf67c5148b55 tempest-GroupSnapshotsV319Test-1104413497 None] CMD "sudo cinder-rootwrap /etc/cinder/rootwrap.conf truncate -s0 /opt/stack/data/cinder/mnt/a308b7fd9b8ce06cab2f94493de2a64b/volume-d2d10746-84a0-4c78-999e-49044e25bfee.info" returned: 0 in 0.821s {{(pid=86698) execute /opt/stack/data/venv/lib/python3.12/site-packages/oslo_concurrency/processutils.py:468}}
Jul 06 13:16:29 devstack cinder-volume[86698]: WARNING cinder.volume.drivers.remotefs [None req-6cba106c-2aca-4d1d-a32e-bf67c5148b55 tempest-GroupSnapshotsV319Test-1104413497 None] /opt/stack/data/cinder/mnt/a308b7fd9b8ce06cab2f94493de2a64b/volume-d2d10746-84a0-4c78-999e-49044e25bfee.info is being set with open permissions: ugo+rw: NotImplementedError
Jul 06 13:16:29 devstack cinder-volume[86698]: DEBUG oslo_concurrency.processutils [None req-6cba106c-2aca-4d1d-a32e-bf67c5148b55 tempest-GroupSnapshotsV319Test-1104413497 None] Running cmd (subprocess): sudo cinder-rootwrap /etc/cinder/rootwrap.conf chmod ugo+rw /opt/stack/data/cinder/mnt/a308b7fd9b8ce06cab2f94493de2a64b/volume-d2d10746-84a0-4c78-999e-49044e25bfee.info {{(pid=86698) execute /opt/stack/data/venv/lib/python3.12/site-packages/oslo_concurrency/processutils.py:440}}
Jul 06 13:16:29 devstack sudo[88180]: quobyte : PWD=/ ; USER=root ; COMMAND=/opt/stack/data/venv/bin/cinder-rootwrap /etc/cinder/rootwrap.conf chmod ugo+rw /opt/stack/data/cinder/mnt/a308b7fd9b8ce06cab2f94493de2a64b/volume-d2d10746-84a0-4c78-999e-49044e25bfee.info
Jul 06 13:16:29 devstack sudo[88180]: pam_unix(sudo:session): session opened for user root(uid=0) by (uid=1000)
Jul 06 13:16:30 devstack sudo[88180]: pam_unix(sudo:session): session closed for user root
Jul 06 13:16:30 devstack cinder-volume[86698]: DEBUG oslo_concurrency.processutils [None req-6cba106c-2aca-4d1d-a32e-bf67c5148b55 tempest-GroupSnapshotsV319Test-1104413497 None] CMD "sudo cinder-rootwrap /etc/cinder/rootwrap.conf chmod ugo+rw /opt/stack/data/cinder/mnt/a308b7fd9b8ce06cab2f94493de2a64b/volume-d2d10746-84a0-4c78-999e-49044e25bfee.info" returned: 0 in 0.775s {{(pid=86698) execute /opt/stack/data/venv/lib/python3.12/site-packages/oslo_concurrency/processutils.py:468}}
Jul 06 13:16:30 devstack cinder-volume[86698]: DEBUG oslo_concurrency.lockutils [None req-6cba106c-2aca-4d1d-a32e-bf67c5148b55 tempest-GroupSnapshotsV319Test-1104413497 None] Lock "quobyte" "released" by "cinder.volume.drivers.quobyte.QuobyteDriver.create_snapshot" :: held 5.455s {{(pid=86698) inner /opt/stack/data/venv/lib/python3.12/site-packages/oslo_concurrency/lockutils.py:543}}
Jul 06 13:16:30 devstack cinder-volume[86698]: INFO cinder.volume.manager [None req-6cba106c-2aca-4d1d-a32e-bf67c5148b55 tempest-GroupSnapshotsV319Test-1104413497 None] group_snapshot 8b681250-6645-4278-b3b0-0625fa2600d4: created successfully
Jul 06 13:16:31 devstack cinder-volume[86698]: INFO cinder.volume.manager [None req-2939666f-e23d-4953-8d03-e1b893f29066 tempest-GroupSnapshotsV319Test-1104413497 None] group_snapshot 8b681250-6645-4278-b3b0-0625fa2600d4: deleting
Jul 06 13:16:31 devstack cinder-volume[86698]: DEBUG cinder.volume.manager [None req-2939666f-e23d-4953-8d03-e1b893f29066 tempest-GroupSnapshotsV319Test-1104413497 None] group_snapshot 8b681250-6645-4278-b3b0-0625fa2600d4: deleting {{(pid=86698) delete_group_snapshot /opt/stack/cinder/cinder/volume/manager.py:4350}}
Jul 06 13:16:31 devstack cinder-volume[86698]: DEBUG cinder.coordination [None req-2939666f-e23d-4953-8d03-e1b893f29066 tempest-GroupSnapshotsV319Test-1104413497 None] Acquiring lock "cinder-quobyte-d2d10746-84a0-4c78-999e-49044e25bfee" by "delete_snapshot" {{(pid=86698) __acquire /opt/stack/cinder/cinder/coordination.py:138}}
Jul 06 13:16:31 devstack cinder-volume[86698]: DEBUG cinder.coordination [None req-2939666f-e23d-4953-8d03-e1b893f29066 tempest-GroupSnapshotsV319Test-1104413497 None] Lock "cinder-quobyte-d2d10746-84a0-4c78-999e-49044e25bfee" acquired by "delete_snapshot" :: waited 0.033s {{(pid=86698) __acquire /opt/stack/cinder/cinder/coordination.py:141}}
Jul 06 13:16:31 devstack cinder-volume[86698]: DEBUG cinder.coordination [None req-2939666f-e23d-4953-8d03-e1b893f29066 tempest-GroupSnapshotsV319Test-1104413497 None] Acquiring lock "cinder-quobyte-b44f2d41-ca38-4a02-b5ff-b518c030c072" by "_delete_snapshot" {{(pid=86698) __acquire /opt/stack/cinder/cinder/coordination.py:138}}
Jul 06 13:16:31 devstack cinder-volume[86698]: DEBUG cinder.coordination [None req-2939666f-e23d-4953-8d03-e1b893f29066 tempest-GroupSnapshotsV319Test-1104413497 None] Lock "cinder-quobyte-b44f2d41-ca38-4a02-b5ff-b518c030c072" acquired by "_delete_snapshot" :: waited 0.030s {{(pid=86698) __acquire /opt/stack/cinder/cinder/coordination.py:141}}
Jul 06 13:16:31 devstack cinder-volume[86698]: DEBUG cinder.volume.drivers.remotefs [None req-2939666f-e23d-4953-8d03-e1b893f29066 tempest-GroupSnapshotsV319Test-1104413497 None] Deleting offline snapshot b44f2d41-ca38-4a02-b5ff-b518c030c072 of volume d2d10746-84a0-4c78-999e-49044e25bfee {{(pid=86698) _delete_snapshot /opt/stack/cinder/cinder/volume/drivers/remotefs.py:1288}}
Jul 06 13:16:31 devstack cinder-volume[86698]: DEBUG cinder.volume.drivers.remotefs [None req-2939666f-e23d-4953-8d03-e1b893f29066 tempest-GroupSnapshotsV319Test-1104413497 None] snapshot_file for this snap is: volume-d2d10746-84a0-4c78-999e-49044e25bfee.b44f2d41-ca38-4a02-b5ff-b518c030c072 {{(pid=86698) _delete_snapshot /opt/stack/cinder/cinder/volume/drivers/remotefs.py:1317}}
Jul 06 13:16:31 devstack cinder-volume[86698]: DEBUG oslo.privsep.daemon [-] privsep: reply[4b153c58-b9bb-4106-b1e7-e54c79469abb]: (4, 'qcow2') {{(pid=87595) _call_back /opt/stack/data/venv/lib/python3.12/site-packages/oslo_privsep/daemon.py:580}}
Jul 06 13:16:31 devstack cinder-volume[86698]: DEBUG oslo_concurrency.processutils [None req-2939666f-e23d-4953-8d03-e1b893f29066 tempest-GroupSnapshotsV319Test-1104413497 None] Running cmd (subprocess): /opt/stack/data/venv/bin/python3.12 -m oslo_concurrency.prlimit --as=1073741824 --cpu=60 -- sudo cinder-rootwrap /etc/cinder/rootwrap.conf env LC_ALL=C qemu-img info -f qcow2 --output=json --force-share /opt/stack/data/cinder/mnt/a308b7fd9b8ce06cab2f94493de2a64b/volume-d2d10746-84a0-4c78-999e-49044e25bfee.b44f2d41-ca38-4a02-b5ff-b518c030c072 {{(pid=86698) execute /opt/stack/data/venv/lib/python3.12/site-packages/oslo_concurrency/processutils.py:440}}
Jul 06 13:16:31 devstack sudo[88203]: quobyte : PWD=/ ; USER=root ; COMMAND=/opt/stack/data/venv/bin/cinder-rootwrap /etc/cinder/rootwrap.conf env LC_ALL=C qemu-img info -f qcow2 --output=json --force-share /opt/stack/data/cinder/mnt/a308b7fd9b8ce06cab2f94493de2a64b/volume-d2d10746-84a0-4c78-999e-49044e25bfee.b44f2d41-ca38-4a02-b5ff-b518c030c072
Jul 06 13:16:31 devstack sudo[88203]: pam_unix(sudo:session): session opened for user root(uid=0) by (uid=1000)
Jul 06 13:16:32 devstack sudo[88203]: pam_unix(sudo:session): session closed for user root
Jul 06 13:16:32 devstack cinder-volume[86698]: DEBUG oslo_concurrency.processutils [None req-2939666f-e23d-4953-8d03-e1b893f29066 tempest-GroupSnapshotsV319Test-1104413497 None] CMD "/opt/stack/data/venv/bin/python3.12 -m oslo_concurrency.prlimit --as=1073741824 --cpu=60 -- sudo cinder-rootwrap /etc/cinder/rootwrap.conf env LC_ALL=C qemu-img info -f qcow2 --output=json --force-share /opt/stack/data/cinder/mnt/a308b7fd9b8ce06cab2f94493de2a64b/volume-d2d10746-84a0-4c78-999e-49044e25bfee.b44f2d41-ca38-4a02-b5ff-b518c030c072" returned: 0 in 0.913s {{(pid=86698) execute /opt/stack/data/venv/lib/python3.12/site-packages/oslo_concurrency/processutils.py:468}}
Jul 06 13:16:32 devstack cinder-volume[86698]: DEBUG cinder.volume.drivers.remotefs [None req-2939666f-e23d-4953-8d03-e1b893f29066 tempest-GroupSnapshotsV319Test-1104413497 None] Fetching qemu-img info with special backing_file_template: (/opt/stack/data/cinder/mnt/[0-9a-f]+/)?(volume-d2d10746-84a0-4c78-999e-49044e25bfee(.(tmp-snap-)?[0-9a-f-]+)?|volume_from_snapshot_cache/(tmp-snap-)?[0-9a-f-]+(.(child-|parent-)[0-9a-f-]+)?)$ {{(pid=86698) _qemu_img_info_base /opt/stack/cinder/cinder/volume/drivers/remotefs.py:896}}
Jul 06 13:16:32 devstack cinder-volume[86698]: DEBUG oslo.privsep.daemon [-] privsep: reply[f690e84e-df39-41dd-b750-1cf191be4394]: (4, 'qcow2') {{(pid=87595) _call_back /opt/stack/data/venv/lib/python3.12/site-packages/oslo_privsep/daemon.py:580}}
Jul 06 13:16:32 devstack cinder-volume[86698]: DEBUG oslo_concurrency.processutils [None req-2939666f-e23d-4953-8d03-e1b893f29066 tempest-GroupSnapshotsV319Test-1104413497 None] Running cmd (subprocess): /opt/stack/data/venv/bin/python3.12 -m oslo_concurrency.prlimit --as=1073741824 --cpu=60 -- sudo cinder-rootwrap /etc/cinder/rootwrap.conf env LC_ALL=C qemu-img info -f qcow2 --output=json --force-share /opt/stack/data/cinder/mnt/a308b7fd9b8ce06cab2f94493de2a64b/volume-d2d10746-84a0-4c78-999e-49044e25bfee {{(pid=86698) execute /opt/stack/data/venv/lib/python3.12/site-packages/oslo_concurrency/processutils.py:440}}
Jul 06 13:16:32 devstack sudo[88209]: quobyte : PWD=/ ; USER=root ; COMMAND=/opt/stack/data/venv/bin/cinder-rootwrap /etc/cinder/rootwrap.conf env LC_ALL=C qemu-img info -f qcow2 --output=json --force-share /opt/stack/data/cinder/mnt/a308b7fd9b8ce06cab2f94493de2a64b/volume-d2d10746-84a0-4c78-999e-49044e25bfee
Jul 06 13:16:32 devstack sudo[88209]: pam_unix(sudo:session): session opened for user root(uid=0) by (uid=1000)
Jul 06 13:16:33 devstack sudo[88209]: pam_unix(sudo:session): session closed for user root
Jul 06 13:16:33 devstack cinder-volume[86698]: DEBUG oslo_concurrency.processutils [None req-2939666f-e23d-4953-8d03-e1b893f29066 tempest-GroupSnapshotsV319Test-1104413497 None] CMD "/opt/stack/data/venv/bin/python3.12 -m oslo_concurrency.prlimit --as=1073741824 --cpu=60 -- sudo cinder-rootwrap /etc/cinder/rootwrap.conf env LC_ALL=C qemu-img info -f qcow2 --output=json --force-share /opt/stack/data/cinder/mnt/a308b7fd9b8ce06cab2f94493de2a64b/volume-d2d10746-84a0-4c78-999e-49044e25bfee" returned: 0 in 1.196s {{(pid=86698) execute /opt/stack/data/venv/lib/python3.12/site-packages/oslo_concurrency/processutils.py:468}}
Jul 06 13:16:33 devstack cinder-volume[86698]: DEBUG oslo_concurrency.processutils [None req-2939666f-e23d-4953-8d03-e1b893f29066 tempest-GroupSnapshotsV319Test-1104413497 None] Running cmd (subprocess): sudo cinder-rootwrap /etc/cinder/rootwrap.conf qemu-img commit -d /opt/stack/data/cinder/mnt/a308b7fd9b8ce06cab2f94493de2a64b/volume-d2d10746-84a0-4c78-999e-49044e25bfee.b44f2d41-ca38-4a02-b5ff-b518c030c072 {{(pid=86698) execute /opt/stack/data/venv/lib/python3.12/site-packages/oslo_concurrency/processutils.py:440}}
Jul 06 13:16:33 devstack sudo[88218]: quobyte : PWD=/ ; USER=root ; COMMAND=/opt/stack/data/venv/bin/cinder-rootwrap /etc/cinder/rootwrap.conf qemu-img commit -d /opt/stack/data/cinder/mnt/a308b7fd9b8ce06cab2f94493de2a64b/volume-d2d10746-84a0-4c78-999e-49044e25bfee.b44f2d41-ca38-4a02-b5ff-b518c030c072
Jul 06 13:16:33 devstack sudo[88218]: pam_unix(sudo:session): session opened for user root(uid=0) by (uid=1000)
Jul 06 13:16:34 devstack sudo[88218]: pam_unix(sudo:session): session closed for user root
Jul 06 13:16:34 devstack cinder-volume[86698]: DEBUG oslo_concurrency.processutils [None req-2939666f-e23d-4953-8d03-e1b893f29066 tempest-GroupSnapshotsV319Test-1104413497 None] CMD "sudo cinder-rootwrap /etc/cinder/rootwrap.conf qemu-img commit -d /opt/stack/data/cinder/mnt/a308b7fd9b8ce06cab2f94493de2a64b/volume-d2d10746-84a0-4c78-999e-49044e25bfee.b44f2d41-ca38-4a02-b5ff-b518c030c072" returned: 0 in 1.031s {{(pid=86698) execute /opt/stack/data/venv/lib/python3.12/site-packages/oslo_concurrency/processutils.py:468}}
Jul 06 13:16:34 devstack cinder-volume[86698]: DEBUG oslo_concurrency.processutils [None req-2939666f-e23d-4953-8d03-e1b893f29066 tempest-GroupSnapshotsV319Test-1104413497 None] Running cmd (subprocess): sudo cinder-rootwrap /etc/cinder/rootwrap.conf rm -f /opt/stack/data/cinder/mnt/a308b7fd9b8ce06cab2f94493de2a64b/volume-d2d10746-84a0-4c78-999e-49044e25bfee.b44f2d41-ca38-4a02-b5ff-b518c030c072 {{(pid=86698) execute /opt/stack/data/venv/lib/python3.12/site-packages/oslo_concurrency/processutils.py:440}}
Jul 06 13:16:34 devstack sudo[88223]: quobyte : PWD=/ ; USER=root ; COMMAND=/opt/stack/data/venv/bin/cinder-rootwrap /etc/cinder/rootwrap.conf rm -f /opt/stack/data/cinder/mnt/a308b7fd9b8ce06cab2f94493de2a64b/volume-d2d10746-84a0-4c78-999e-49044e25bfee.b44f2d41-ca38-4a02-b5ff-b518c030c072
Jul 06 13:16:34 devstack sudo[88223]: pam_unix(sudo:session): session opened for user root(uid=0) by (uid=1000)
Jul 06 13:16:35 devstack sudo[88223]: pam_unix(sudo:session): session closed for user root
Jul 06 13:16:35 devstack cinder-volume[86698]: DEBUG oslo_concurrency.processutils [None req-2939666f-e23d-4953-8d03-e1b893f29066 tempest-GroupSnapshotsV319Test-1104413497 None] CMD "sudo cinder-rootwrap /etc/cinder/rootwrap.conf rm -f /opt/stack/data/cinder/mnt/a308b7fd9b8ce06cab2f94493de2a64b/volume-d2d10746-84a0-4c78-999e-49044e25bfee.b44f2d41-ca38-4a02-b5ff-b518c030c072" returned: 0 in 1.000s {{(pid=86698) execute /opt/stack/data/venv/lib/python3.12/site-packages/oslo_concurrency/processutils.py:468}}
Jul 06 13:16:35 devstack cinder-volume[86698]: DEBUG cinder.coordination [None req-2939666f-e23d-4953-8d03-e1b893f29066 tempest-GroupSnapshotsV319Test-1104413497 None] Lock "cinder-quobyte-b44f2d41-ca38-4a02-b5ff-b518c030c072" released by "_delete_snapshot" :: held 4.353s {{(pid=86698) __release /opt/stack/cinder/cinder/coordination.py:152}}
Jul 06 13:16:35 devstack cinder-volume[86698]: DEBUG cinder.coordination [None req-2939666f-e23d-4953-8d03-e1b893f29066 tempest-GroupSnapshotsV319Test-1104413497 None] Lock "cinder-quobyte-d2d10746-84a0-4c78-999e-49044e25bfee" released by "delete_snapshot" :: held 4.399s {{(pid=86698) __release /opt/stack/cinder/cinder/coordination.py:152}}
Jul 06 13:16:35 devstack cinder-volume[86698]: WARNING cinder.quota [None req-2939666f-e23d-4953-8d03-e1b893f29066 tempest-GroupSnapshotsV319Test-1104413497 None] Deprecated: Default quota for resource: gigabytes_tempest-GroupSnapshotsV319Test-volume-type-215699372 is set by the default quota flag: quota_gigabytes_tempest-GroupSnapshotsV319Test-volume-type-215699372, it is now deprecated. Please use the default quota class for default quota.
Jul 06 13:16:35 devstack cinder-volume[86698]: WARNING cinder.quota [None req-2939666f-e23d-4953-8d03-e1b893f29066 tempest-GroupSnapshotsV319Test-1104413497 None] Deprecated: Default quota for resource: snapshots_tempest-GroupSnapshotsV319Test-volume-type-215699372 is set by the default quota flag: quota_snapshots_tempest-GroupSnapshotsV319Test-volume-type-215699372, it is now deprecated. Please use the default quota class for default quota.
