Jul 31 12:16:27 devstack devstack@c-api.service[88825]: DEBUG cinder.api.openstack.wsgi [None req-e06c70d4-ab3e-4d60-9199-22e570b3238b tempest-VolumeTypesTest-2108579606 tempest-VolumeTypesTest-2108579606-project-admin] Empty body provided in request {{(pid=88825) get_body /opt/stack/cinder/cinder/api/openstack/wsgi.py:725}}
Jul 31 12:16:27 devstack devstack@c-api.service[88825]: DEBUG cinder.api.openstack.wsgi [None req-e06c70d4-ab3e-4d60-9199-22e570b3238b tempest-VolumeTypesTest-2108579606 tempest-VolumeTypesTest-2108579606-project-admin] Calling method 'show' {{(pid=88825) _process_stack /opt/stack/cinder/cinder/api/openstack/wsgi.py:878}}
Jul 31 12:16:27 devstack devstack@c-api.service[88825]: INFO cinder.api.openstack.wsgi [None req-e06c70d4-ab3e-4d60-9199-22e570b3238b tempest-VolumeTypesTest-2108579606 tempest-VolumeTypesTest-2108579606-project-admin] http://192.168.122.21/volume/v3/types/2c4cdb25-ff4e-40d4-8411-b9926c132055/encryption/cipher returned with HTTP 200
Jul 31 12:16:27 devstack devstack@c-api.service[88825]: [pid: 88825|app: 0|req: 145/296] 192.168.122.21 () {58 vars in 1275 bytes} [Fri Jul 31 12:16:27 2026] GET /volume/v3/types/2c4cdb25-ff4e-40d4-8411-b9926c132055/encryption/cipher => generated 29 bytes in 61 msecs (HTTP/1.1 200) 7 headers in 284 bytes (1 switches on core 0)
Jul 31 12:16:27 devstack devstack@c-api.service[88826]: DEBUG cinder.api.middleware.request_id [None req-ef5f9663-6db1-47b6-9839-ff8ac792c216 None None] RequestId filter calling following filter/app {{(pid=88826) _context_setter /opt/stack/cinder/cinder/api/middleware/request_id.py:62}}
Jul 31 12:16:27 devstack devstack@c-api.service[88825]: DEBUG cinder.api.middleware.request_id [None req-287387bd-3b4c-4aef-93f3-e2f08e943f14 None None] RequestId filter calling following filter/app {{(pid=88825) _context_setter /opt/stack/cinder/cinder/api/middleware/request_id.py:62}}
Jul 31 12:16:27 devstack devstack@c-api.service[88826]: INFO cinder.api.openstack.wsgi [None req-ef5f9663-6db1-47b6-9839-ff8ac792c216 tempest-ServerActionsTestOtherA-721546481 tempest-ServerActionsTestOtherA-721546481-project-member] GET http://192.168.122.21/volume/v3/volumes/885fab30-9c14-41a8-8e74-9847acb8523d
Jul 31 12:16:27 devstack devstack@c-api.service[88826]: DEBUG cinder.api.openstack.wsgi [None req-ef5f9663-6db1-47b6-9839-ff8ac792c216 tempest-ServerActionsTestOtherA-721546481 tempest-ServerActionsTestOtherA-721546481-project-member] Empty body provided in request {{(pid=88826) get_body /opt/stack/cinder/cinder/api/openstack/wsgi.py:725}}
Jul 31 12:16:27 devstack devstack@c-api.service[88826]: DEBUG cinder.api.openstack.wsgi [None req-ef5f9663-6db1-47b6-9839-ff8ac792c216 tempest-ServerActionsTestOtherA-721546481 tempest-ServerActionsTestOtherA-721546481-project-member] Calling method 'show' {{(pid=88826) _process_stack /opt/stack/cinder/cinder/api/openstack/wsgi.py:878}}
Jul 31 12:16:27 devstack devstack@c-api.service[88825]: INFO cinder.api.openstack.wsgi [None req-287387bd-3b4c-4aef-93f3-e2f08e943f14 tempest-VolumeTypesTest-2108579606 tempest-VolumeTypesTest-2108579606-project-admin] DELETE http://192.168.122.21/volume/v3/types/2c4cdb25-ff4e-40d4-8411-b9926c132055/encryption/c3733aa9-24d2-477a-ae58-71b935c0ebbe
Jul 31 12:16:27 devstack devstack@c-api.service[88825]: DEBUG cinder.api.openstack.wsgi [None req-287387bd-3b4c-4aef-93f3-e2f08e943f14 tempest-VolumeTypesTest-2108579606 tempest-VolumeTypesTest-2108579606-project-admin] Empty body provided in request {{(pid=88825) get_body /opt/stack/cinder/cinder/api/openstack/wsgi.py:725}}
Jul 31 12:16:27 devstack devstack@c-api.service[88825]: DEBUG cinder.api.openstack.wsgi [None req-287387bd-3b4c-4aef-93f3-e2f08e943f14 tempest-VolumeTypesTest-2108579606 tempest-VolumeTypesTest-2108579606-project-admin] Calling method 'delete' {{(pid=88825) _process_stack /opt/stack/cinder/cinder/api/openstack/wsgi.py:878}}
Jul 31 12:16:27 devstack devstack@c-api.service[88826]: /opt/stack/data/venv/lib/python3.12/site-packages/oslo_context/context.py:102: DeprecationWarning: Policy enforcement is depending on the value of is_admin. This key is deprecated. Please update your policy file to use the standard policy values.
Jul 31 12:16:27 devstack devstack@c-api.service[88826]: warnings.warn(
Jul 31 12:16:27 devstack devstack@c-api.service[88825]: INFO cinder.api.openstack.wsgi [None req-287387bd-3b4c-4aef-93f3-e2f08e943f14 tempest-VolumeTypesTest-2108579606 tempest-VolumeTypesTest-2108579606-project-admin] http://192.168.122.21/volume/v3/types/2c4cdb25-ff4e-40d4-8411-b9926c132055/encryption/c3733aa9-24d2-477a-ae58-71b935c0ebbe returned with HTTP 202
Jul 31 12:16:27 devstack devstack@c-api.service[88826]: INFO cinder.volume.api [None req-ef5f9663-6db1-47b6-9839-ff8ac792c216 tempest-ServerActionsTestOtherA-721546481 tempest-ServerActionsTestOtherA-721546481-project-member] Volume info retrieved successfully.
Jul 31 12:16:27 devstack devstack@c-api.service[88825]: [pid: 88825|app: 0|req: 146/297] 192.168.122.21 () {58 vars in 1368 bytes} [Fri Jul 31 12:16:27 2026] DELETE /volume/v3/types/2c4cdb25-ff4e-40d4-8411-b9926c132055/encryption/c3733aa9-24d2-477a-ae58-71b935c0ebbe => generated 0 bytes in 67 msecs (HTTP/1.1 202) 6 headers in 233 bytes (1 switches on core 0)
Jul 31 12:16:27 devstack devstack@c-api.service[88825]: DEBUG cinder.api.middleware.request_id [None req-cb325a8b-4d02-4387-80c0-c9eb672ed767 None None] RequestId filter calling following filter/app {{(pid=88825) _context_setter /opt/stack/cinder/cinder/api/middleware/request_id.py:62}}
Jul 31 12:16:27 devstack devstack@c-api.service[88826]: INFO cinder.api.openstack.wsgi [None req-ef5f9663-6db1-47b6-9839-ff8ac792c216 tempest-ServerActionsTestOtherA-721546481 tempest-ServerActionsTestOtherA-721546481-project-member] http://192.168.122.21/volume/v3/volumes/885fab30-9c14-41a8-8e74-9847acb8523d returned with HTTP 200
Jul 31 12:16:27 devstack devstack@c-api.service[88826]: [pid: 88826|app: 0|req: 152/298] 192.168.122.21 () {58 vars in 1227 bytes} [Fri Jul 31 12:16:27 2026] GET /volume/v3/volumes/885fab30-9c14-41a8-8e74-9847acb8523d => generated 1331 bytes in 89 msecs (HTTP/1.1 200) 7 headers in 286 bytes (1 switches on core 0)
Jul 31 12:16:27 devstack devstack@c-api.service[88825]: INFO cinder.api.openstack.wsgi [None req-cb325a8b-4d02-4387-80c0-c9eb672ed767 tempest-VolumeTypesTest-2108579606 tempest-VolumeTypesTest-2108579606-project-admin] GET http://192.168.122.21/volume/v3/types/2c4cdb25-ff4e-40d4-8411-b9926c132055/encryption
Jul 31 12:16:27 devstack devstack@c-api.service[88825]: DEBUG cinder.api.openstack.wsgi [None req-cb325a8b-4d02-4387-80c0-c9eb672ed767 tempest-VolumeTypesTest-2108579606 tempest-VolumeTypesTest-2108579606-project-admin] Empty body provided in request {{(pid=88825) get_body /opt/stack/cinder/cinder/api/openstack/wsgi.py:725}}
Jul 31 12:16:27 devstack devstack@c-api.service[88825]: DEBUG cinder.api.openstack.wsgi [None req-cb325a8b-4d02-4387-80c0-c9eb672ed767 tempest-VolumeTypesTest-2108579606 tempest-VolumeTypesTest-2108579606-project-admin] Calling method 'index' {{(pid=88825) _process_stack /opt/stack/cinder/cinder/api/openstack/wsgi.py:878}}
Jul 31 12:16:27 devstack devstack@c-api.service[88825]: INFO cinder.api.openstack.wsgi [None req-cb325a8b-4d02-4387-80c0-c9eb672ed767 tempest-VolumeTypesTest-2108579606 tempest-VolumeTypesTest-2108579606-project-admin] http://192.168.122.21/volume/v3/types/2c4cdb25-ff4e-40d4-8411-b9926c132055/encryption returned with HTTP 200
Jul 31 12:16:27 devstack devstack@c-api.service[88825]: [pid: 88825|app: 0|req: 147/299] 192.168.122.21 () {58 vars in 1254 bytes} [Fri Jul 31 12:16:27 2026] GET /volume/v3/types/2c4cdb25-ff4e-40d4-8411-b9926c132055/encryption => generated 2 bytes in 41 msecs (HTTP/1.1 200) 7 headers in 283 bytes (1 switches on core 0)
Jul 31 12:16:28 devstack devstack@c-api.service[88826]: DEBUG cinder.api.middleware.request_id [None req-ef1000b1-0389-491b-b9f3-159ebb5c50d8 None None] RequestId filter calling following filter/app {{(pid=88826) _context_setter /opt/stack/cinder/cinder/api/middleware/request_id.py:62}}
Jul 31 12:16:28 devstack devstack@c-api.service[88825]: DEBUG cinder.api.middleware.request_id [None req-1684ea01-b853-467b-b95d-e12fed70024f None None] RequestId filter calling following filter/app {{(pid=88825) _context_setter /opt/stack/cinder/cinder/api/middleware/request_id.py:62}}
Jul 31 12:16:28 devstack devstack@c-api.service[88826]: INFO cinder.api.openstack.wsgi [None req-ef1000b1-0389-491b-b9f3-159ebb5c50d8 tempest-VolumeTypesTest-2108579606 tempest-VolumeTypesTest-2108579606-project-admin] GET http://192.168.122.21/volume/v3/types/2c4cdb25-ff4e-40d4-8411-b9926c132055/encryption
Jul 31 12:16:28 devstack devstack@c-api.service[88826]: DEBUG cinder.api.openstack.wsgi [None req-ef1000b1-0389-491b-b9f3-159ebb5c50d8 tempest-VolumeTypesTest-2108579606 tempest-VolumeTypesTest-2108579606-project-admin] Empty body provided in request {{(pid=88826) get_body /opt/stack/cinder/cinder/api/openstack/wsgi.py:725}}
Jul 31 12:16:28 devstack devstack@c-api.service[88826]: DEBUG cinder.api.openstack.wsgi [None req-ef1000b1-0389-491b-b9f3-159ebb5c50d8 tempest-VolumeTypesTest-2108579606 tempest-VolumeTypesTest-2108579606-project-admin] Calling method 'index' {{(pid=88826) _process_stack /opt/stack/cinder/cinder/api/openstack/wsgi.py:878}}
Jul 31 12:16:28 devstack devstack@c-api.service[88826]: INFO cinder.api.openstack.wsgi [None req-ef1000b1-0389-491b-b9f3-159ebb5c50d8 tempest-VolumeTypesTest-2108579606 tempest-VolumeTypesTest-2108579606-project-admin] http://192.168.122.21/volume/v3/types/2c4cdb25-ff4e-40d4-8411-b9926c132055/encryption returned with HTTP 200
Jul 31 12:16:28 devstack devstack@c-api.service[88826]: [pid: 88826|app: 0|req: 153/300] 192.168.122.21 () {58 vars in 1254 bytes} [Fri Jul 31 12:16:28 2026] GET /volume/v3/types/2c4cdb25-ff4e-40d4-8411-b9926c132055/encryption => generated 2 bytes in 39 msecs (HTTP/1.1 200) 7 headers in 283 bytes (1 switches on core 0)
Jul 31 12:16:28 devstack devstack@c-api.service[88826]: DEBUG cinder.api.middleware.request_id [req-63e1a176-ca53-45b0-92db-fc72e83e1419 req-df7974c6-7258-4f0c-803a-b5cb5ffbdb2c None None] RequestId filter calling following filter/app {{(pid=88826) _context_setter /opt/stack/cinder/cinder/api/middleware/request_id.py:62}}
Jul 31 12:16:28 devstack devstack@c-api.service[88826]: INFO cinder.api.openstack.wsgi [req-63e1a176-ca53-45b0-92db-fc72e83e1419 req-df7974c6-7258-4f0c-803a-b5cb5ffbdb2c tempest-ServerActionsTestOtherA-721546481 tempest-ServerActionsTestOtherA-721546481-project-member] GET http://192.168.122.21/volume/v3/volumes/885fab30-9c14-41a8-8e74-9847acb8523d
Jul 31 12:16:28 devstack devstack@c-api.service[88826]: DEBUG cinder.api.openstack.wsgi [req-63e1a176-ca53-45b0-92db-fc72e83e1419 req-df7974c6-7258-4f0c-803a-b5cb5ffbdb2c tempest-ServerActionsTestOtherA-721546481 tempest-ServerActionsTestOtherA-721546481-project-member] Empty body provided in request {{(pid=88826) get_body /opt/stack/cinder/cinder/api/openstack/wsgi.py:725}}
Jul 31 12:16:28 devstack devstack@c-api.service[88826]: DEBUG cinder.api.openstack.wsgi [req-63e1a176-ca53-45b0-92db-fc72e83e1419 req-df7974c6-7258-4f0c-803a-b5cb5ffbdb2c tempest-ServerActionsTestOtherA-721546481 tempest-ServerActionsTestOtherA-721546481-project-member] Calling method 'show' {{(pid=88826) _process_stack /opt/stack/cinder/cinder/api/openstack/wsgi.py:878}}
Jul 31 12:16:28 devstack devstack@c-api.service[88826]: /opt/stack/data/venv/lib/python3.12/site-packages/oslo_context/context.py:102: DeprecationWarning: Policy enforcement is depending on the value of is_admin. This key is deprecated. Please update your policy file to use the standard policy values.
Jul 31 12:16:28 devstack devstack@c-api.service[88826]: warnings.warn(
Jul 31 12:16:28 devstack devstack@c-api.service[88826]: INFO cinder.volume.api [req-63e1a176-ca53-45b0-92db-fc72e83e1419 req-df7974c6-7258-4f0c-803a-b5cb5ffbdb2c tempest-ServerActionsTestOtherA-721546481 tempest-ServerActionsTestOtherA-721546481-project-member] Volume info retrieved successfully.
Jul 31 12:16:28 devstack devstack@c-api.service[88826]: INFO cinder.api.openstack.wsgi [req-63e1a176-ca53-45b0-92db-fc72e83e1419 req-df7974c6-7258-4f0c-803a-b5cb5ffbdb2c tempest-ServerActionsTestOtherA-721546481 tempest-ServerActionsTestOtherA-721546481-project-member] http://192.168.122.21/volume/v3/volumes/885fab30-9c14-41a8-8e74-9847acb8523d returned with HTTP 200
Jul 31 12:16:28 devstack devstack@c-api.service[88826]: [pid: 88826|app: 0|req: 154/301] 192.168.122.21 () {60 vars in 1482 bytes} [Fri Jul 31 12:16:28 2026] GET /volume/v3/volumes/885fab30-9c14-41a8-8e74-9847acb8523d => generated 1331 bytes in 56 msecs (HTTP/1.1 200) 7 headers in 286 bytes (1 switches on core 0)
Jul 31 12:16:28 devstack devstack@c-api.service[88826]: DEBUG cinder.api.middleware.request_id [None req-38f44556-56b1-456e-a9b6-237af7351ed1 None None] RequestId filter calling following filter/app {{(pid=88826) _context_setter /opt/stack/cinder/cinder/api/middleware/request_id.py:62}}
Jul 31 12:16:28 devstack devstack@c-api.service[88826]: INFO cinder.api.openstack.wsgi [None req-38f44556-56b1-456e-a9b6-237af7351ed1 tempest-VolumeTypesTest-2108579606 tempest-VolumeTypesTest-2108579606-project-admin] DELETE http://192.168.122.21/volume/v3/types/2c4cdb25-ff4e-40d4-8411-b9926c132055
Jul 31 12:16:28 devstack devstack@c-api.service[88826]: DEBUG cinder.api.openstack.wsgi [None req-38f44556-56b1-456e-a9b6-237af7351ed1 tempest-VolumeTypesTest-2108579606 tempest-VolumeTypesTest-2108579606-project-admin] Empty body provided in request {{(pid=88826) get_body /opt/stack/cinder/cinder/api/openstack/wsgi.py:725}}
Jul 31 12:16:28 devstack devstack@c-api.service[88826]: DEBUG cinder.api.openstack.wsgi [None req-38f44556-56b1-456e-a9b6-237af7351ed1 tempest-VolumeTypesTest-2108579606 tempest-VolumeTypesTest-2108579606-project-admin] Calling method '_delete' {{(pid=88826) _process_stack /opt/stack/cinder/cinder/api/openstack/wsgi.py:878}}
Jul 31 12:16:28 devstack devstack@c-api.service[88826]: INFO cinder.api.openstack.wsgi [None req-38f44556-56b1-456e-a9b6-237af7351ed1 tempest-VolumeTypesTest-2108579606 tempest-VolumeTypesTest-2108579606-project-admin] http://192.168.122.21/volume/v3/types/2c4cdb25-ff4e-40d4-8411-b9926c132055 returned with HTTP 202
Jul 31 12:16:28 devstack devstack@c-api.service[88826]: [pid: 88826|app: 0|req: 155/302] 192.168.122.21 () {58 vars in 1224 bytes} [Fri Jul 31 12:16:28 2026] DELETE /volume/v3/types/2c4cdb25-ff4e-40d4-8411-b9926c132055 => generated 0 bytes in 77 msecs (HTTP/1.1 202) 6 headers in 233 bytes (1 switches on core 0)
Jul 31 12:16:28 devstack devstack@c-api.service[88826]: DEBUG cinder.api.middleware.request_id [None req-ad80da79-7392-400e-992f-efa6ceae8d78 None None] RequestId filter calling following filter/app {{(pid=88826) _context_setter /opt/stack/cinder/cinder/api/middleware/request_id.py:62}}
Jul 31 12:16:28 devstack devstack@c-api.service[88826]: INFO cinder.api.openstack.wsgi [None req-ad80da79-7392-400e-992f-efa6ceae8d78 tempest-VolumeTypesTest-2108579606 tempest-VolumeTypesTest-2108579606-project-admin] GET http://192.168.122.21/volume/v3/types/2c4cdb25-ff4e-40d4-8411-b9926c132055
Jul 31 12:16:28 devstack devstack@c-api.service[88826]: DEBUG cinder.api.openstack.wsgi [None req-ad80da79-7392-400e-992f-efa6ceae8d78 tempest-VolumeTypesTest-2108579606 tempest-VolumeTypesTest-2108579606-project-admin] Empty body provided in request {{(pid=88826) get_body /opt/stack/cinder/cinder/api/openstack/wsgi.py:725}}
Jul 31 12:16:28 devstack devstack@c-api.service[88826]: DEBUG cinder.api.openstack.wsgi [None req-ad80da79-7392-400e-992f-efa6ceae8d78 tempest-VolumeTypesTest-2108579606 tempest-VolumeTypesTest-2108579606-project-admin] Calling method 'show' {{(pid=88826) _process_stack /opt/stack/cinder/cinder/api/openstack/wsgi.py:878}}
Jul 31 12:16:28 devstack devstack@c-api.service[88826]: INFO cinder.api.openstack.wsgi [None req-ad80da79-7392-400e-992f-efa6ceae8d78 tempest-VolumeTypesTest-2108579606 tempest-VolumeTypesTest-2108579606-project-admin] http://192.168.122.21/volume/v3/types/2c4cdb25-ff4e-40d4-8411-b9926c132055 returned with HTTP 404
Jul 31 12:16:28 devstack devstack@c-api.service[88826]: [pid: 88826|app: 0|req: 156/303] 192.168.122.21 () {58 vars in 1221 bytes} [Fri Jul 31 12:16:28 2026] GET /volume/v3/types/2c4cdb25-ff4e-40d4-8411-b9926c132055 => generated 114 bytes in 22 msecs (HTTP/1.1 404) 7 headers in 292 bytes (1 switches on core 0)
Jul 31 12:16:28 devstack devstack@c-api.service[88826]: DEBUG cinder.api.middleware.request_id [None req-ae59cec9-c423-4324-b60b-bd822e432e05 None None] RequestId filter calling following filter/app {{(pid=88826) _context_setter /opt/stack/cinder/cinder/api/middleware/request_id.py:62}}
Jul 31 12:16:28 devstack devstack@c-api.service[88826]: INFO cinder.api.openstack.wsgi [None req-ae59cec9-c423-4324-b60b-bd822e432e05 tempest-VolumeTypesTest-2108579606 tempest-VolumeTypesTest-2108579606-project-admin] GET http://192.168.122.21/volume/v3/types
Jul 31 12:16:28 devstack devstack@c-api.service[88826]: DEBUG cinder.api.openstack.wsgi [None req-ae59cec9-c423-4324-b60b-bd822e432e05 tempest-VolumeTypesTest-2108579606 tempest-VolumeTypesTest-2108579606-project-admin] Empty body provided in request {{(pid=88826) get_body /opt/stack/cinder/cinder/api/openstack/wsgi.py:725}}
Jul 31 12:16:28 devstack devstack@c-api.service[88826]: DEBUG cinder.api.openstack.wsgi [None req-ae59cec9-c423-4324-b60b-bd822e432e05 tempest-VolumeTypesTest-2108579606 tempest-VolumeTypesTest-2108579606-project-admin] Calling method 'index' {{(pid=88826) _process_stack /opt/stack/cinder/cinder/api/openstack/wsgi.py:878}}
Jul 31 12:16:28 devstack devstack@c-api.service[88826]: INFO cinder.api.openstack.wsgi [None req-ae59cec9-c423-4324-b60b-bd822e432e05 tempest-VolumeTypesTest-2108579606 tempest-VolumeTypesTest-2108579606-project-admin] http://192.168.122.21/volume/v3/types returned with HTTP 200
Jul 31 12:16:28 devstack devstack@c-api.service[88826]: [pid: 88826|app: 0|req: 157/304] 192.168.122.21 () {58 vars in 1110 bytes} [Fri Jul 31 12:16:28 2026] GET /volume/v3/types => generated 648 bytes in 36 msecs (HTTP/1.1 200) 7 headers in 285 bytes (1 switches on core 0)
Jul 31 12:16:28 devstack devstack@c-api.service[88826]: DEBUG cinder.api.middleware.request_id [None req-bcc46f27-bc7a-495c-88c6-7cfb9aaf99ab None None] RequestId filter calling following filter/app {{(pid=88826) _context_setter /opt/stack/cinder/cinder/api/middleware/request_id.py:62}}
Jul 31 12:16:28 devstack devstack@c-api.service[88826]: INFO cinder.api.openstack.wsgi [None req-bcc46f27-bc7a-495c-88c6-7cfb9aaf99ab tempest-VolumeTypesTest-2108579606 tempest-VolumeTypesTest-2108579606-project-admin] POST http://192.168.122.21/volume/v3/types
Jul 31 12:16:28 devstack devstack@c-api.service[88826]: DEBUG cinder.api.openstack.wsgi [None req-bcc46f27-bc7a-495c-88c6-7cfb9aaf99ab tempest-VolumeTypesTest-2108579606 tempest-VolumeTypesTest-2108579606-project-admin] Action: 'create', calling method: _create, body: {"volume_type": {"name": "tempest-VolumeTypesTest-volume-type-6413713"}} {{(pid=88826) _process_stack /opt/stack/cinder/cinder/api/openstack/wsgi.py:876}}
Jul 31 12:16:28 devstack devstack@c-api.service[88825]: INFO cinder.api.openstack.wsgi [None req-1684ea01-b853-467b-b95d-e12fed70024f tempest-GroupsTest-912998970 tempest-GroupsTest-912998970-project-admin] POST http://192.168.122.21/volume/v3/types
Jul 31 12:16:28 devstack devstack@c-api.service[88825]: DEBUG cinder.api.openstack.wsgi [None req-1684ea01-b853-467b-b95d-e12fed70024f tempest-GroupsTest-912998970 tempest-GroupsTest-912998970-project-admin] Action: 'create', calling method: _create, body: {"volume_type": {"name": "tempest-GroupsTest-volume-type-1162762637"}} {{(pid=88825) _process_stack /opt/stack/cinder/cinder/api/openstack/wsgi.py:876}}
Jul 31 12:16:28 devstack devstack@c-api.service[88826]: INFO cinder.api.openstack.wsgi [None req-bcc46f27-bc7a-495c-88c6-7cfb9aaf99ab tempest-VolumeTypesTest-2108579606 tempest-VolumeTypesTest-2108579606-project-admin] http://192.168.122.21/volume/v3/types returned with HTTP 200
Jul 31 12:16:28 devstack devstack@c-api.service[88826]: [pid: 88826|app: 0|req: 158/305] 192.168.122.21 () {60 vars in 1131 bytes} [Fri Jul 31 12:16:28 2026] POST /volume/v3/types => generated 218 bytes in 54 msecs (HTTP/1.1 200) 7 headers in 285 bytes (1 switches on core 0)
Jul 31 12:16:28 devstack devstack@c-api.service[88826]: DEBUG cinder.api.middleware.request_id [None req-d8259a03-80a5-4379-be23-f6e739d2313c None None] RequestId filter calling following filter/app {{(pid=88826) _context_setter /opt/stack/cinder/cinder/api/middleware/request_id.py:62}}
Jul 31 12:16:28 devstack devstack@c-api.service[88826]: INFO cinder.api.openstack.wsgi [None req-d8259a03-80a5-4379-be23-f6e739d2313c tempest-VolumeTypesTest-2108579606 tempest-VolumeTypesTest-2108579606-project-admin] PUT http://192.168.122.21/volume/v3/types/8ffef3d3-9c4f-4d15-8ced-edd32aacef34
Jul 31 12:16:28 devstack devstack@c-api.service[88826]: DEBUG cinder.api.openstack.wsgi [None req-d8259a03-80a5-4379-be23-f6e739d2313c tempest-VolumeTypesTest-2108579606 tempest-VolumeTypesTest-2108579606-project-admin] Action: 'update', calling method: _update, body: {"volume_type": {"name": "tempest-volume-type-1802222148", "description": "tempest-volume-type-description-1981829635", "is_public": false}} {{(pid=88826) _process_stack /opt/stack/cinder/cinder/api/openstack/wsgi.py:876}}
Jul 31 12:16:28 devstack devstack@c-api.service[88825]: INFO cinder.api.openstack.wsgi [None req-1684ea01-b853-467b-b95d-e12fed70024f tempest-GroupsTest-912998970 tempest-GroupsTest-912998970-project-admin] http://192.168.122.21/volume/v3/types returned with HTTP 200
Jul 31 12:16:28 devstack devstack@c-api.service[88825]: [pid: 88825|app: 0|req: 148/306] 192.168.122.21 () {60 vars in 1131 bytes} [Fri Jul 31 12:16:28 2026] POST /volume/v3/types => generated 216 bytes in 348 msecs (HTTP/1.1 200) 7 headers in 285 bytes (1 switches on core 0)
Jul 31 12:16:28 devstack devstack@c-api.service[88825]: DEBUG cinder.api.middleware.request_id [None req-b5e94e39-acef-4499-83a1-3957d14e1141 None None] RequestId filter calling following filter/app {{(pid=88825) _context_setter /opt/stack/cinder/cinder/api/middleware/request_id.py:62}}
Jul 31 12:16:28 devstack devstack@c-api.service[88825]: INFO cinder.api.openstack.wsgi [None req-b5e94e39-acef-4499-83a1-3957d14e1141 tempest-GroupsTest-912998970 tempest-GroupsTest-912998970-project-admin] POST http://192.168.122.21/volume/v3/group_types
Jul 31 12:16:28 devstack devstack@c-api.service[88825]: DEBUG cinder.api.openstack.wsgi [None req-b5e94e39-acef-4499-83a1-3957d14e1141 tempest-GroupsTest-912998970 tempest-GroupsTest-912998970-project-admin] Action: 'create', calling method: version_select, body: {"group_type": {"name": "tempest-GroupsTest-group-type-112555104"}} {{(pid=88825) _process_stack /opt/stack/cinder/cinder/api/openstack/wsgi.py:876}}
Jul 31 12:16:28 devstack devstack@c-api.service[88825]: INFO cinder.api.openstack.wsgi [None req-b5e94e39-acef-4499-83a1-3957d14e1141 tempest-GroupsTest-912998970 tempest-GroupsTest-912998970-project-admin] http://192.168.122.21/volume/v3/group_types returned with HTTP 202
Jul 31 12:16:28 devstack devstack@c-api.service[88825]: [pid: 88825|app: 0|req: 149/307] 192.168.122.21 () {62 vars in 1190 bytes} [Fri Jul 31 12:16:28 2026] POST /volume/v3/group_types => generated 172 bytes in 58 msecs (HTTP/1.1 202) 7 headers in 292 bytes (1 switches on core 0)
Jul 31 12:16:28 devstack devstack@c-api.service[88825]: DEBUG cinder.api.middleware.request_id [None req-d8091382-0a54-48c8-9ad8-b16cf2e5f1e8 None None] RequestId filter calling following filter/app {{(pid=88825) _context_setter /opt/stack/cinder/cinder/api/middleware/request_id.py:62}}
Jul 31 12:16:28 devstack devstack@c-api.service[88826]: INFO cinder.api.openstack.wsgi [None req-d8259a03-80a5-4379-be23-f6e739d2313c tempest-VolumeTypesTest-2108579606 tempest-VolumeTypesTest-2108579606-project-admin] http://192.168.122.21/volume/v3/types/8ffef3d3-9c4f-4d15-8ced-edd32aacef34 returned with HTTP 200
Jul 31 12:16:28 devstack devstack@c-api.service[88826]: [pid: 88826|app: 0|req: 159/308] 192.168.122.21 () {60 vars in 1242 bytes} [Fri Jul 31 12:16:28 2026] PUT /volume/v3/types/8ffef3d3-9c4f-4d15-8ced-edd32aacef34 => generated 205 bytes in 179 msecs (HTTP/1.1 200) 7 headers in 285 bytes (1 switches on core 0)
Jul 31 12:16:28 devstack devstack@c-api.service[88826]: DEBUG cinder.api.middleware.request_id [None req-6048010c-0a99-43f1-98a3-d5d07d314114 None None] RequestId filter calling following filter/app {{(pid=88826) _context_setter /opt/stack/cinder/cinder/api/middleware/request_id.py:62}}
Jul 31 12:16:28 devstack devstack@c-api.service[88826]: INFO cinder.api.openstack.wsgi [None req-6048010c-0a99-43f1-98a3-d5d07d314114 tempest-VolumeTypesTest-2108579606 tempest-VolumeTypesTest-2108579606-project-admin] GET http://192.168.122.21/volume/v3/types/8ffef3d3-9c4f-4d15-8ced-edd32aacef34
Jul 31 12:16:28 devstack devstack@c-api.service[88826]: DEBUG cinder.api.openstack.wsgi [None req-6048010c-0a99-43f1-98a3-d5d07d314114 tempest-VolumeTypesTest-2108579606 tempest-VolumeTypesTest-2108579606-project-admin] Empty body provided in request {{(pid=88826) get_body /opt/stack/cinder/cinder/api/openstack/wsgi.py:725}}
Jul 31 12:16:28 devstack devstack@c-api.service[88826]: DEBUG cinder.api.openstack.wsgi [None req-6048010c-0a99-43f1-98a3-d5d07d314114 tempest-VolumeTypesTest-2108579606 tempest-VolumeTypesTest-2108579606-project-admin] Calling method 'show' {{(pid=88826) _process_stack /opt/stack/cinder/cinder/api/openstack/wsgi.py:878}}
Jul 31 12:16:28 devstack devstack@c-api.service[88826]: INFO cinder.api.openstack.wsgi [None req-6048010c-0a99-43f1-98a3-d5d07d314114 tempest-VolumeTypesTest-2108579606 tempest-VolumeTypesTest-2108579606-project-admin] http://192.168.122.21/volume/v3/types/8ffef3d3-9c4f-4d15-8ced-edd32aacef34 returned with HTTP 200
Jul 31 12:16:28 devstack devstack@c-api.service[88826]: [pid: 88826|app: 0|req: 160/309] 192.168.122.21 () {58 vars in 1221 bytes} [Fri Jul 31 12:16:28 2026] GET /volume/v3/types/8ffef3d3-9c4f-4d15-8ced-edd32aacef34 => generated 269 bytes in 37 msecs (HTTP/1.1 200) 7 headers in 285 bytes (1 switches on core 0)
Jul 31 12:16:28 devstack devstack@c-api.service[88826]: DEBUG cinder.api.middleware.request_id [None req-18f54dce-681a-40f4-b727-f3119078148e None None] RequestId filter calling following filter/app {{(pid=88826) _context_setter /opt/stack/cinder/cinder/api/middleware/request_id.py:62}}
Jul 31 12:16:28 devstack devstack@c-api.service[88826]: INFO cinder.api.openstack.wsgi [None req-18f54dce-681a-40f4-b727-f3119078148e tempest-VolumeTypesTest-2108579606 tempest-VolumeTypesTest-2108579606-project-admin] DELETE http://192.168.122.21/volume/v3/types/8ffef3d3-9c4f-4d15-8ced-edd32aacef34
Jul 31 12:16:28 devstack devstack@c-api.service[88826]: DEBUG cinder.api.openstack.wsgi [None req-18f54dce-681a-40f4-b727-f3119078148e tempest-VolumeTypesTest-2108579606 tempest-VolumeTypesTest-2108579606-project-admin] Empty body provided in request {{(pid=88826) get_body /opt/stack/cinder/cinder/api/openstack/wsgi.py:725}}
Jul 31 12:16:28 devstack devstack@c-api.service[88826]: DEBUG cinder.api.openstack.wsgi [None req-18f54dce-681a-40f4-b727-f3119078148e tempest-VolumeTypesTest-2108579606 tempest-VolumeTypesTest-2108579606-project-admin] Calling method '_delete' {{(pid=88826) _process_stack /opt/stack/cinder/cinder/api/openstack/wsgi.py:878}}
Jul 31 12:16:28 devstack devstack@c-api.service[88825]: INFO cinder.api.openstack.wsgi [None req-d8091382-0a54-48c8-9ad8-b16cf2e5f1e8 tempest-GroupsTest-2022448916 tempest-GroupsTest-2022448916-project-member] POST http://192.168.122.21/volume/v3/groups
Jul 31 12:16:28 devstack devstack@c-api.service[88825]: DEBUG cinder.api.openstack.wsgi [None req-d8091382-0a54-48c8-9ad8-b16cf2e5f1e8 tempest-GroupsTest-2022448916 tempest-GroupsTest-2022448916-project-member] Action: 'create', calling method: version_select, body: {"group": {"group_type": "1c72a549-9f5d-4287-8d9d-08552ffe3822", "volume_types": ["bc31c290-9872-4aa8-b8db-bda56bddc6b6"], "name": "tempest-Group1-803728180"}} {{(pid=88825) _process_stack /opt/stack/cinder/cinder/api/openstack/wsgi.py:876}}
Jul 31 12:16:28 devstack devstack@c-api.service[88825]: DEBUG cinder.api.v3.groups [None req-d8091382-0a54-48c8-9ad8-b16cf2e5f1e8 tempest-GroupsTest-2022448916 tempest-GroupsTest-2022448916-project-member] Creating new group {'group': {'group_type': '1c72a549-9f5d-4287-8d9d-08552ffe3822', 'volume_types': ['bc31c290-9872-4aa8-b8db-bda56bddc6b6'], 'name': 'tempest-Group1-803728180'}} {{(pid=88825) create /opt/stack/cinder/cinder/api/v3/groups.py:190}}
Jul 31 12:16:28 devstack devstack@c-api.service[88825]: INFO cinder.api.v3.groups [None req-d8091382-0a54-48c8-9ad8-b16cf2e5f1e8 tempest-GroupsTest-2022448916 tempest-GroupsTest-2022448916-project-member] Creating group tempest-Group1-803728180.
Jul 31 12:16:28 devstack devstack@c-api.service[88825]: INFO cinder.volume.api [None req-d8091382-0a54-48c8-9ad8-b16cf2e5f1e8 tempest-GroupsTest-2022448916 tempest-GroupsTest-2022448916-project-member] Availability Zones retrieved successfully.
Jul 31 12:16:28 devstack devstack@c-api.service[88826]: INFO cinder.api.openstack.wsgi [None req-18f54dce-681a-40f4-b727-f3119078148e tempest-VolumeTypesTest-2108579606 tempest-VolumeTypesTest-2108579606-project-admin] http://192.168.122.21/volume/v3/types/8ffef3d3-9c4f-4d15-8ced-edd32aacef34 returned with HTTP 202
Jul 31 12:16:28 devstack devstack@c-api.service[88826]: [pid: 88826|app: 0|req: 161/310] 192.168.122.21 () {58 vars in 1224 bytes} [Fri Jul 31 12:16:28 2026] DELETE /volume/v3/types/8ffef3d3-9c4f-4d15-8ced-edd32aacef34 => generated 0 bytes in 109 msecs (HTTP/1.1 202) 6 headers in 233 bytes (1 switches on core 0)
Jul 31 12:16:28 devstack devstack@c-api.service[88826]: DEBUG cinder.api.middleware.request_id [None req-bf21c1cf-cf92-4ea7-b88c-9eecd8118ae7 None None] RequestId filter calling following filter/app {{(pid=88826) _context_setter /opt/stack/cinder/cinder/api/middleware/request_id.py:62}}
Jul 31 12:16:28 devstack devstack@c-api.service[88826]: INFO cinder.api.openstack.wsgi [None req-bf21c1cf-cf92-4ea7-b88c-9eecd8118ae7 tempest-VolumeTypesTest-2108579606 tempest-VolumeTypesTest-2108579606-project-admin] GET http://192.168.122.21/volume/v3/types/8ffef3d3-9c4f-4d15-8ced-edd32aacef34
Jul 31 12:16:28 devstack devstack@c-api.service[88826]: DEBUG cinder.api.openstack.wsgi [None req-bf21c1cf-cf92-4ea7-b88c-9eecd8118ae7 tempest-VolumeTypesTest-2108579606 tempest-VolumeTypesTest-2108579606-project-admin] Empty body provided in request {{(pid=88826) get_body /opt/stack/cinder/cinder/api/openstack/wsgi.py:725}}
Jul 31 12:16:28 devstack devstack@c-api.service[88826]: DEBUG cinder.api.openstack.wsgi [None req-bf21c1cf-cf92-4ea7-b88c-9eecd8118ae7 tempest-VolumeTypesTest-2108579606 tempest-VolumeTypesTest-2108579606-project-admin] Calling method 'show' {{(pid=88826) _process_stack /opt/stack/cinder/cinder/api/openstack/wsgi.py:878}}
Jul 31 12:16:28 devstack devstack@c-api.service[88826]: INFO cinder.api.openstack.wsgi [None req-bf21c1cf-cf92-4ea7-b88c-9eecd8118ae7 tempest-VolumeTypesTest-2108579606 tempest-VolumeTypesTest-2108579606-project-admin] http://192.168.122.21/volume/v3/types/8ffef3d3-9c4f-4d15-8ced-edd32aacef34 returned with HTTP 404
Jul 31 12:16:28 devstack devstack@c-api.service[88826]: [pid: 88826|app: 0|req: 162/311] 192.168.122.21 () {58 vars in 1221 bytes} [Fri Jul 31 12:16:28 2026] GET /volume/v3/types/8ffef3d3-9c4f-4d15-8ced-edd32aacef34 => generated 114 bytes in 22 msecs (HTTP/1.1 404) 7 headers in 292 bytes (1 switches on core 0)
Jul 31 12:16:28 devstack devstack@c-api.service[88825]: DEBUG cinder.quota [None req-d8091382-0a54-48c8-9ad8-b16cf2e5f1e8 tempest-GroupsTest-2022448916 tempest-GroupsTest-2022448916-project-member] Created reservations ['f94b4694-c8f1-438d-8c27-621102ab8ada'] {{(pid=88825) reserve /opt/stack/cinder/cinder/quota.py:752}}
Jul 31 12:16:28 devstack devstack@c-api.service[88825]: INFO cinder.api.openstack.wsgi [None req-d8091382-0a54-48c8-9ad8-b16cf2e5f1e8 tempest-GroupsTest-2022448916 tempest-GroupsTest-2022448916-project-member] http://192.168.122.21/volume/v3/groups returned with HTTP 202
Jul 31 12:16:28 devstack devstack@c-api.service[88825]: [pid: 88825|app: 0|req: 150/312] 192.168.122.21 () {62 vars in 1176 bytes} [Fri Jul 31 12:16:28 2026] POST /volume/v3/groups => generated 93 bytes in 394 msecs (HTTP/1.1 202) 7 headers in 291 bytes (1 switches on core 0)
Jul 31 12:16:28 devstack devstack@c-api.service[88826]: DEBUG cinder.api.middleware.request_id [None req-ce7c4192-f9fa-4716-9011-58451c97cd49 None None] RequestId filter calling following filter/app {{(pid=88826) _context_setter /opt/stack/cinder/cinder/api/middleware/request_id.py:62}}
Jul 31 12:16:28 devstack devstack@c-api.service[88826]: INFO cinder.api.openstack.wsgi [None req-ce7c4192-f9fa-4716-9011-58451c97cd49 tempest-GroupsTest-2022448916 tempest-GroupsTest-2022448916-project-member] GET http://192.168.122.21/volume/v3/groups/cdaa038a-5842-4829-bccb-e9d720afb5cd
Jul 31 12:16:28 devstack devstack@c-api.service[88826]: DEBUG cinder.api.openstack.wsgi [None req-ce7c4192-f9fa-4716-9011-58451c97cd49 tempest-GroupsTest-2022448916 tempest-GroupsTest-2022448916-project-member] Empty body provided in request {{(pid=88826) get_body /opt/stack/cinder/cinder/api/openstack/wsgi.py:725}}
Jul 31 12:16:28 devstack devstack@c-api.service[88826]: DEBUG cinder.api.openstack.wsgi [None req-ce7c4192-f9fa-4716-9011-58451c97cd49 tempest-GroupsTest-2022448916 tempest-GroupsTest-2022448916-project-member] Calling method 'version_select' {{(pid=88826) _process_stack /opt/stack/cinder/cinder/api/openstack/wsgi.py:878}}
Jul 31 12:16:28 devstack devstack@c-api.service[88826]: DEBUG cinder.api.v3.groups [None req-ce7c4192-f9fa-4716-9011-58451c97cd49 tempest-GroupsTest-2022448916 tempest-GroupsTest-2022448916-project-member] show called for member cdaa038a-5842-4829-bccb-e9d720afb5cd {{(pid=88826) show /opt/stack/cinder/cinder/api/v3/groups.py:58}}
Jul 31 12:16:28 devstack devstack@c-api.service[88826]: /opt/stack/data/venv/lib/python3.12/site-packages/oslo_context/context.py:102: DeprecationWarning: Policy enforcement is depending on the value of is_admin. This key is deprecated. Please update your policy file to use the standard policy values.
Jul 31 12:16:28 devstack devstack@c-api.service[88826]: warnings.warn(
Jul 31 12:16:28 devstack devstack@c-api.service[88826]: INFO cinder.api.openstack.wsgi [None req-ce7c4192-f9fa-4716-9011-58451c97cd49 tempest-GroupsTest-2022448916 tempest-GroupsTest-2022448916-project-member] http://192.168.122.21/volume/v3/groups/cdaa038a-5842-4829-bccb-e9d720afb5cd returned with HTTP 200
Jul 31 12:16:28 devstack devstack@c-api.service[88826]: [pid: 88826|app: 0|req: 163/313] 192.168.122.21 () {60 vars in 1265 bytes} [Fri Jul 31 12:16:28 2026] GET /volume/v3/groups/cdaa038a-5842-4829-bccb-e9d720afb5cd => generated 321 bytes in 70 msecs (HTTP/1.1 200) 7 headers in 286 bytes (2 switches on core 0)
Jul 31 12:16:29 devstack devstack@c-api.service[88825]: DEBUG cinder.api.middleware.request_id [req-63e1a176-ca53-45b0-92db-fc72e83e1419 req-8e1f327d-25e0-41ce-b265-cbba52d5d779 None None] RequestId filter calling following filter/app {{(pid=88825) _context_setter /opt/stack/cinder/cinder/api/middleware/request_id.py:62}}
Jul 31 12:16:29 devstack devstack@c-api.service[88825]: INFO cinder.api.openstack.wsgi [req-63e1a176-ca53-45b0-92db-fc72e83e1419 req-8e1f327d-25e0-41ce-b265-cbba52d5d779 tempest-ServerActionsTestOtherA-721546481 tempest-ServerActionsTestOtherA-721546481-project-member] GET http://192.168.122.21/volume/v3/volumes/885fab30-9c14-41a8-8e74-9847acb8523d
Jul 31 12:16:29 devstack devstack@c-api.service[88825]: DEBUG cinder.api.openstack.wsgi [req-63e1a176-ca53-45b0-92db-fc72e83e1419 req-8e1f327d-25e0-41ce-b265-cbba52d5d779 tempest-ServerActionsTestOtherA-721546481 tempest-ServerActionsTestOtherA-721546481-project-member] Empty body provided in request {{(pid=88825) get_body /opt/stack/cinder/cinder/api/openstack/wsgi.py:725}}
Jul 31 12:16:29 devstack devstack@c-api.service[88825]: DEBUG cinder.api.openstack.wsgi [req-63e1a176-ca53-45b0-92db-fc72e83e1419 req-8e1f327d-25e0-41ce-b265-cbba52d5d779 tempest-ServerActionsTestOtherA-721546481 tempest-ServerActionsTestOtherA-721546481-project-member] Calling method 'show' {{(pid=88825) _process_stack /opt/stack/cinder/cinder/api/openstack/wsgi.py:878}}
Jul 31 12:16:29 devstack devstack@c-api.service[88825]: /opt/stack/data/venv/lib/python3.12/site-packages/oslo_context/context.py:102: DeprecationWarning: Policy enforcement is depending on the value of is_admin. This key is deprecated. Please update your policy file to use the standard policy values.
Jul 31 12:16:29 devstack devstack@c-api.service[88825]: warnings.warn(
Jul 31 12:16:29 devstack devstack@c-api.service[88825]: INFO cinder.volume.api [req-63e1a176-ca53-45b0-92db-fc72e83e1419 req-8e1f327d-25e0-41ce-b265-cbba52d5d779 tempest-ServerActionsTestOtherA-721546481 tempest-ServerActionsTestOtherA-721546481-project-member] Volume info retrieved successfully.
Jul 31 12:16:29 devstack devstack@c-api.service[88825]: INFO cinder.api.openstack.wsgi [req-63e1a176-ca53-45b0-92db-fc72e83e1419 req-8e1f327d-25e0-41ce-b265-cbba52d5d779 tempest-ServerActionsTestOtherA-721546481 tempest-ServerActionsTestOtherA-721546481-project-member] http://192.168.122.21/volume/v3/volumes/885fab30-9c14-41a8-8e74-9847acb8523d returned with HTTP 200
Jul 31 12:16:29 devstack devstack@c-api.service[88825]: [pid: 88825|app: 0|req: 151/314] 192.168.122.21 () {60 vars in 1482 bytes} [Fri Jul 31 12:16:29 2026] GET /volume/v3/volumes/885fab30-9c14-41a8-8e74-9847acb8523d => generated 1331 bytes in 94 msecs (HTTP/1.1 200) 7 headers in 286 bytes (1 switches on core 0)
Jul 31 12:16:29 devstack devstack@c-api.service[88826]: DEBUG cinder.api.middleware.request_id [None req-a0685a38-29ae-4c5b-be24-8c5a4b8cbbce None None] RequestId filter calling following filter/app {{(pid=88826) _context_setter /opt/stack/cinder/cinder/api/middleware/request_id.py:62}}
Jul 31 12:16:29 devstack devstack@c-api.service[88826]: INFO cinder.api.openstack.wsgi [None req-a0685a38-29ae-4c5b-be24-8c5a4b8cbbce None None] GET http://192.168.122.21/volume//
Jul 31 12:16:29 devstack devstack@c-api.service[88826]: DEBUG cinder.api.openstack.wsgi [None req-a0685a38-29ae-4c5b-be24-8c5a4b8cbbce None None] Empty body provided in request {{(pid=88826) get_body /opt/stack/cinder/cinder/api/openstack/wsgi.py:725}}
Jul 31 12:16:29 devstack devstack@c-api.service[88826]: DEBUG cinder.api.openstack.wsgi [None req-a0685a38-29ae-4c5b-be24-8c5a4b8cbbce None None] Calling method 'all' {{(pid=88826) _process_stack /opt/stack/cinder/cinder/api/openstack/wsgi.py:878}}
Jul 31 12:16:29 devstack devstack@c-api.service[88826]: INFO cinder.api.openstack.wsgi [None req-a0685a38-29ae-4c5b-be24-8c5a4b8cbbce None None] http://192.168.122.21/volume// returned with HTTP 300
Jul 31 12:16:29 devstack devstack@c-api.service[88826]: [pid: 88826|app: 0|req: 164/315] 192.168.122.21 () {58 vars in 1303 bytes} [Fri Jul 31 12:16:29 2026] GET /volume/ => generated 389 bytes in 13 msecs (HTTP/1.1 300) 7 headers in 299 bytes (1 switches on core 0)
Jul 31 12:16:29 devstack devstack@c-api.service[88825]: DEBUG cinder.api.middleware.request_id [req-63e1a176-ca53-45b0-92db-fc72e83e1419 req-0a09bbea-0fcc-40ba-ac11-19f93c8857aa None None] RequestId filter calling following filter/app {{(pid=88825) _context_setter /opt/stack/cinder/cinder/api/middleware/request_id.py:62}}
Jul 31 12:16:29 devstack devstack@c-api.service[88825]: INFO cinder.api.openstack.wsgi [req-63e1a176-ca53-45b0-92db-fc72e83e1419 req-0a09bbea-0fcc-40ba-ac11-19f93c8857aa tempest-ServerActionsTestOtherA-721546481 tempest-ServerActionsTestOtherA-721546481-project-member] POST http://192.168.122.21/volume/v3/attachments
Jul 31 12:16:29 devstack devstack@c-api.service[88825]: DEBUG cinder.api.openstack.wsgi [req-63e1a176-ca53-45b0-92db-fc72e83e1419 req-0a09bbea-0fcc-40ba-ac11-19f93c8857aa tempest-ServerActionsTestOtherA-721546481 tempest-ServerActionsTestOtherA-721546481-project-member] Action: 'create', calling method: version_select, body: {"attachment": {"volume_uuid": "885fab30-9c14-41a8-8e74-9847acb8523d", "connector": null, "instance_uuid": "64cc2a26-fb98-4aca-a8a1-48305d0e227f"}} {{(pid=88825) _process_stack /opt/stack/cinder/cinder/api/openstack/wsgi.py:876}}
Jul 31 12:16:29 devstack devstack@c-api.service[88825]: /opt/stack/data/venv/lib/python3.12/site-packages/oslo_context/context.py:102: DeprecationWarning: Policy enforcement is depending on the value of is_admin. This key is deprecated. Please update your policy file to use the standard policy values.
Jul 31 12:16:29 devstack devstack@c-api.service[88825]: warnings.warn(
Jul 31 12:16:29 devstack devstack@c-api.service[88825]: INFO cinder.api.openstack.wsgi [req-63e1a176-ca53-45b0-92db-fc72e83e1419 req-0a09bbea-0fcc-40ba-ac11-19f93c8857aa tempest-ServerActionsTestOtherA-721546481 tempest-ServerActionsTestOtherA-721546481-project-member] http://192.168.122.21/volume/v3/attachments returned with HTTP 200
Jul 31 12:16:29 devstack devstack@c-api.service[88825]: [pid: 88825|app: 0|req: 152/316] 192.168.122.21 () {66 vars in 1478 bytes} [Fri Jul 31 12:16:29 2026] POST /volume/v3/attachments => generated 273 bytes in 136 msecs (HTTP/1.1 200) 7 headers in 286 bytes (1 switches on core 0)
Jul 31 12:16:29 devstack devstack@c-api.service[88826]: DEBUG cinder.api.middleware.request_id [None req-ad25d669-0115-484e-91ee-bc5dde3d754b None None] RequestId filter calling following filter/app {{(pid=88826) _context_setter /opt/stack/cinder/cinder/api/middleware/request_id.py:62}}
Jul 31 12:16:29 devstack devstack@c-api.service[88826]: INFO cinder.api.openstack.wsgi [None req-ad25d669-0115-484e-91ee-bc5dde3d754b tempest-GroupsTest-2022448916 tempest-GroupsTest-2022448916-project-member] GET http://192.168.122.21/volume/v3/groups/cdaa038a-5842-4829-bccb-e9d720afb5cd
Jul 31 12:16:29 devstack devstack@c-api.service[88826]: DEBUG cinder.api.openstack.wsgi [None req-ad25d669-0115-484e-91ee-bc5dde3d754b tempest-GroupsTest-2022448916 tempest-GroupsTest-2022448916-project-member] Empty body provided in request {{(pid=88826) get_body /opt/stack/cinder/cinder/api/openstack/wsgi.py:725}}
Jul 31 12:16:29 devstack devstack@c-api.service[88826]: DEBUG cinder.api.openstack.wsgi [None req-ad25d669-0115-484e-91ee-bc5dde3d754b tempest-GroupsTest-2022448916 tempest-GroupsTest-2022448916-project-member] Calling method 'version_select' {{(pid=88826) _process_stack /opt/stack/cinder/cinder/api/openstack/wsgi.py:878}}
Jul 31 12:16:29 devstack devstack@c-api.service[88826]: DEBUG cinder.api.v3.groups [None req-ad25d669-0115-484e-91ee-bc5dde3d754b tempest-GroupsTest-2022448916 tempest-GroupsTest-2022448916-project-member] show called for member cdaa038a-5842-4829-bccb-e9d720afb5cd {{(pid=88826) show /opt/stack/cinder/cinder/api/v3/groups.py:58}}
Jul 31 12:16:29 devstack devstack@c-api.service[88826]: /opt/stack/data/venv/lib/python3.12/site-packages/oslo_context/context.py:102: DeprecationWarning: Policy enforcement is depending on the value of is_admin. This key is deprecated. Please update your policy file to use the standard policy values.
Jul 31 12:16:29 devstack devstack@c-api.service[88826]: warnings.warn(
Jul 31 12:16:29 devstack devstack@c-api.service[88826]: INFO cinder.api.openstack.wsgi [None req-ad25d669-0115-484e-91ee-bc5dde3d754b tempest-GroupsTest-2022448916 tempest-GroupsTest-2022448916-project-member] http://192.168.122.21/volume/v3/groups/cdaa038a-5842-4829-bccb-e9d720afb5cd returned with HTTP 200
Jul 31 12:16:29 devstack devstack@c-api.service[88826]: [pid: 88826|app: 0|req: 165/317] 192.168.122.21 () {60 vars in 1265 bytes} [Fri Jul 31 12:16:29 2026] GET /volume/v3/groups/cdaa038a-5842-4829-bccb-e9d720afb5cd => generated 322 bytes in 45 msecs (HTTP/1.1 200) 7 headers in 286 bytes (1 switches on core 0)
Jul 31 12:16:29 devstack devstack@c-api.service[88825]: DEBUG cinder.api.middleware.request_id [None req-9667c455-8f31-4969-8069-490f7a05895b None None] RequestId filter calling following filter/app {{(pid=88825) _context_setter /opt/stack/cinder/cinder/api/middleware/request_id.py:62}}
Jul 31 12:16:29 devstack devstack@c-api.service[88825]: INFO cinder.api.openstack.wsgi [None req-9667c455-8f31-4969-8069-490f7a05895b tempest-GroupsTest-2022448916 tempest-GroupsTest-2022448916-project-member] POST http://192.168.122.21/volume/v3/groups
Jul 31 12:16:30 devstack devstack@c-api.service[88825]: DEBUG cinder.api.openstack.wsgi [None req-9667c455-8f31-4969-8069-490f7a05895b tempest-GroupsTest-2022448916 tempest-GroupsTest-2022448916-project-member] Action: 'create', calling method: version_select, body: {"group": {"group_type": "1c72a549-9f5d-4287-8d9d-08552ffe3822", "volume_types": ["bc31c290-9872-4aa8-b8db-bda56bddc6b6"], "name": "tempest-Group2-827491620"}} {{(pid=88825) _process_stack /opt/stack/cinder/cinder/api/openstack/wsgi.py:876}}
Jul 31 12:16:30 devstack devstack@c-api.service[88825]: DEBUG cinder.api.v3.groups [None req-9667c455-8f31-4969-8069-490f7a05895b tempest-GroupsTest-2022448916 tempest-GroupsTest-2022448916-project-member] Creating new group {'group': {'group_type': '1c72a549-9f5d-4287-8d9d-08552ffe3822', 'volume_types': ['bc31c290-9872-4aa8-b8db-bda56bddc6b6'], 'name': 'tempest-Group2-827491620'}} {{(pid=88825) create /opt/stack/cinder/cinder/api/v3/groups.py:190}}
Jul 31 12:16:30 devstack devstack@c-api.service[88825]: INFO cinder.api.v3.groups [None req-9667c455-8f31-4969-8069-490f7a05895b tempest-GroupsTest-2022448916 tempest-GroupsTest-2022448916-project-member] Creating group tempest-Group2-827491620.
Jul 31 12:16:30 devstack devstack@c-api.service[88825]: /opt/stack/data/venv/lib/python3.12/site-packages/oslo_context/context.py:102: DeprecationWarning: Policy enforcement is depending on the value of is_admin. This key is deprecated. Please update your policy file to use the standard policy values.
Jul 31 12:16:30 devstack devstack@c-api.service[88825]: warnings.warn(
Jul 31 12:16:30 devstack devstack@c-api.service[88825]: INFO cinder.volume.api [None req-9667c455-8f31-4969-8069-490f7a05895b tempest-GroupsTest-2022448916 tempest-GroupsTest-2022448916-project-member] Availability Zones retrieved successfully.
Jul 31 12:16:30 devstack devstack@c-api.service[88825]: DEBUG cinder.quota [None req-9667c455-8f31-4969-8069-490f7a05895b tempest-GroupsTest-2022448916 tempest-GroupsTest-2022448916-project-member] Created reservations ['a9b6e089-a296-4784-ae95-e7bfd21d5a0a'] {{(pid=88825) reserve /opt/stack/cinder/cinder/quota.py:752}}
Jul 31 12:16:30 devstack devstack@c-api.service[88825]: INFO cinder.api.openstack.wsgi [None req-9667c455-8f31-4969-8069-490f7a05895b tempest-GroupsTest-2022448916 tempest-GroupsTest-2022448916-project-member] http://192.168.122.21/volume/v3/groups returned with HTTP 202
Jul 31 12:16:30 devstack devstack@c-api.service[88825]: [pid: 88825|app: 0|req: 153/318] 192.168.122.21 () {62 vars in 1176 bytes} [Fri Jul 31 12:16:29 2026] POST /volume/v3/groups => generated 93 bytes in 158 msecs (HTTP/1.1 202) 7 headers in 291 bytes (1 switches on core 0)
Jul 31 12:16:30 devstack devstack@c-api.service[88826]: DEBUG cinder.api.middleware.request_id [None req-24c9f28e-287b-43c8-9cea-2a408ce08a76 None None] RequestId filter calling following filter/app {{(pid=88826) _context_setter /opt/stack/cinder/cinder/api/middleware/request_id.py:62}}
Jul 31 12:16:30 devstack devstack@c-api.service[88826]: INFO cinder.api.openstack.wsgi [None req-24c9f28e-287b-43c8-9cea-2a408ce08a76 tempest-GroupsTest-2022448916 tempest-GroupsTest-2022448916-project-member] GET http://192.168.122.21/volume/v3/groups/ea1b3c9d-2ebf-445e-88f5-c3e02277a6aa
Jul 31 12:16:30 devstack devstack@c-api.service[88826]: DEBUG cinder.api.openstack.wsgi [None req-24c9f28e-287b-43c8-9cea-2a408ce08a76 tempest-GroupsTest-2022448916 tempest-GroupsTest-2022448916-project-member] Empty body provided in request {{(pid=88826) get_body /opt/stack/cinder/cinder/api/openstack/wsgi.py:725}}
Jul 31 12:16:30 devstack devstack@c-api.service[88826]: DEBUG cinder.api.openstack.wsgi [None req-24c9f28e-287b-43c8-9cea-2a408ce08a76 tempest-GroupsTest-2022448916 tempest-GroupsTest-2022448916-project-member] Calling method 'version_select' {{(pid=88826) _process_stack /opt/stack/cinder/cinder/api/openstack/wsgi.py:878}}
Jul 31 12:16:30 devstack devstack@c-api.service[88826]: DEBUG cinder.api.v3.groups [None req-24c9f28e-287b-43c8-9cea-2a408ce08a76 tempest-GroupsTest-2022448916 tempest-GroupsTest-2022448916-project-member] show called for member ea1b3c9d-2ebf-445e-88f5-c3e02277a6aa {{(pid=88826) show /opt/stack/cinder/cinder/api/v3/groups.py:58}}
Jul 31 12:16:30 devstack devstack@c-api.service[88826]: /opt/stack/data/venv/lib/python3.12/site-packages/oslo_context/context.py:102: DeprecationWarning: Policy enforcement is depending on the value of is_admin. This key is deprecated. Please update your policy file to use the standard policy values.
Jul 31 12:16:30 devstack devstack@c-api.service[88826]: warnings.warn(
Jul 31 12:16:30 devstack devstack@c-api.service[88826]: INFO cinder.api.openstack.wsgi [None req-24c9f28e-287b-43c8-9cea-2a408ce08a76 tempest-GroupsTest-2022448916 tempest-GroupsTest-2022448916-project-member] http://192.168.122.21/volume/v3/groups/ea1b3c9d-2ebf-445e-88f5-c3e02277a6aa returned with HTTP 200
Jul 31 12:16:30 devstack devstack@c-api.service[88826]: [pid: 88826|app: 0|req: 166/319] 192.168.122.21 () {60 vars in 1265 bytes} [Fri Jul 31 12:16:30 2026] GET /volume/v3/groups/ea1b3c9d-2ebf-445e-88f5-c3e02277a6aa => generated 321 bytes in 52 msecs (HTTP/1.1 200) 7 headers in 286 bytes (1 switches on core 0)
