Jun 30 11:16:15 devstack cinder-volume[93768]: DEBUG cinder.volume.drivers.remotefs [None req-66eb9dc2-6830-4479-ba0a-3e4fcc349347 tempest-SnapshotsActionsTest-161975847 None] Fetching qemu-img info with special backing_file_template: (/opt/stack/data/cinder/mnt/[0-9a-f]+/)?(volume-50189de2-c23b-452b-a4e2-54d9ef1e1640(.(tmp-snap-)?[0-9a-f-]+)?|volume_from_snapshot_cache/(tmp-snap-)?[0-9a-f-]+(.(child-|parent-)[0-9a-f-]+)?)$ {{(pid=93768) _qemu_img_info_base /opt/stack/cinder/cinder/volume/drivers/remotefs.py:896}}
Jun 30 11:16:15 devstack cinder-volume[93768]: DEBUG oslo_concurrency.processutils [None req-66eb9dc2-6830-4479-ba0a-3e4fcc349347 tempest-SnapshotsActionsTest-161975847 None] Running cmd (subprocess): sudo cinder-rootwrap /etc/cinder/rootwrap.conf qemu-img commit -d /opt/stack/data/cinder/mnt/875c09e2ecbcf9b51b38cb2aad3fa128/volume-50189de2-c23b-452b-a4e2-54d9ef1e1640.3dc902c1-2dc5-4dca-873d-fb4eb7cf586f {{(pid=93768) execute /opt/stack/data/venv/lib/python3.12/site-packages/oslo_concurrency/processutils.py:440}}
Jun 30 11:16:15 devstack sudo[97592]: quobyte : PWD=/ ; USER=root ; COMMAND=/opt/stack/data/venv/bin/cinder-rootwrap /etc/cinder/rootwrap.conf qemu-img commit -d /opt/stack/data/cinder/mnt/875c09e2ecbcf9b51b38cb2aad3fa128/volume-50189de2-c23b-452b-a4e2-54d9ef1e1640.3dc902c1-2dc5-4dca-873d-fb4eb7cf586f
Jun 30 11:16:15 devstack sudo[97592]: pam_unix(sudo:session): session opened for user root(uid=0) by (uid=1000)
Jun 30 11:16:15 devstack sudo[97592]: pam_unix(sudo:session): session closed for user root
Jun 30 11:16:16 devstack cinder-volume[93768]: DEBUG oslo_concurrency.processutils [None req-66eb9dc2-6830-4479-ba0a-3e4fcc349347 tempest-SnapshotsActionsTest-161975847 None] CMD "sudo cinder-rootwrap /etc/cinder/rootwrap.conf qemu-img commit -d /opt/stack/data/cinder/mnt/875c09e2ecbcf9b51b38cb2aad3fa128/volume-50189de2-c23b-452b-a4e2-54d9ef1e1640.3dc902c1-2dc5-4dca-873d-fb4eb7cf586f" returned: 0 in 0.953s {{(pid=93768) execute /opt/stack/data/venv/lib/python3.12/site-packages/oslo_concurrency/processutils.py:468}}
Jun 30 11:16:16 devstack cinder-volume[93768]: DEBUG oslo_concurrency.processutils [None req-66eb9dc2-6830-4479-ba0a-3e4fcc349347 tempest-SnapshotsActionsTest-161975847 None] Running cmd (subprocess): sudo cinder-rootwrap /etc/cinder/rootwrap.conf rm -f /opt/stack/data/cinder/mnt/875c09e2ecbcf9b51b38cb2aad3fa128/volume-50189de2-c23b-452b-a4e2-54d9ef1e1640.3dc902c1-2dc5-4dca-873d-fb4eb7cf586f {{(pid=93768) execute /opt/stack/data/venv/lib/python3.12/site-packages/oslo_concurrency/processutils.py:440}}
Jun 30 11:16:16 devstack sudo[97599]: quobyte : PWD=/ ; USER=root ; COMMAND=/opt/stack/data/venv/bin/cinder-rootwrap /etc/cinder/rootwrap.conf rm -f /opt/stack/data/cinder/mnt/875c09e2ecbcf9b51b38cb2aad3fa128/volume-50189de2-c23b-452b-a4e2-54d9ef1e1640.3dc902c1-2dc5-4dca-873d-fb4eb7cf586f
Jun 30 11:16:16 devstack sudo[97599]: pam_unix(sudo:session): session opened for user root(uid=0) by (uid=1000)
Jun 30 11:16:16 devstack sudo[97599]: pam_unix(sudo:session): session closed for user root
Jun 30 11:16:16 devstack cinder-volume[93768]: DEBUG oslo_concurrency.processutils [None req-66eb9dc2-6830-4479-ba0a-3e4fcc349347 tempest-SnapshotsActionsTest-161975847 None] CMD "sudo cinder-rootwrap /etc/cinder/rootwrap.conf rm -f /opt/stack/data/cinder/mnt/875c09e2ecbcf9b51b38cb2aad3fa128/volume-50189de2-c23b-452b-a4e2-54d9ef1e1640.3dc902c1-2dc5-4dca-873d-fb4eb7cf586f" returned: 0 in 0.698s {{(pid=93768) execute /opt/stack/data/venv/lib/python3.12/site-packages/oslo_concurrency/processutils.py:468}}
Jun 30 11:16:16 devstack cinder-volume[93768]: DEBUG cinder.coordination [None req-66eb9dc2-6830-4479-ba0a-3e4fcc349347 tempest-SnapshotsActionsTest-161975847 None] Lock "cinder-quobyte-3dc902c1-2dc5-4dca-873d-fb4eb7cf586f" released by "_delete_snapshot" :: held 3.800s {{(pid=93768) __release /opt/stack/cinder/cinder/coordination.py:152}}
Jun 30 11:16:16 devstack cinder-volume[93768]: DEBUG cinder.coordination [None req-66eb9dc2-6830-4479-ba0a-3e4fcc349347 tempest-SnapshotsActionsTest-161975847 None] Lock "cinder-quobyte-50189de2-c23b-452b-a4e2-54d9ef1e1640" released by "delete_snapshot" :: held 3.856s {{(pid=93768) __release /opt/stack/cinder/cinder/coordination.py:152}}
Jun 30 11:16:16 devstack cinder-volume[93768]: DEBUG cinder.quota [None req-66eb9dc2-6830-4479-ba0a-3e4fcc349347 tempest-SnapshotsActionsTest-161975847 None] Created reservations ['172b3a68-3537-4259-9503-9d98d065bb97', '366f945d-e38c-45d6-9430-a3a21217ae92', '99e4388c-90cb-43ee-9f9d-f739ab7046be', '79bdd2fc-421b-4d71-bfdc-2806ec0c9013'] {{(pid=93768) reserve /opt/stack/cinder/cinder/quota.py:752}}
Jun 30 11:16:16 devstack cinder-volume[93768]: INFO cinder.volume.manager [None req-66eb9dc2-6830-4479-ba0a-3e4fcc349347 tempest-SnapshotsActionsTest-161975847 None] Delete snapshot completed successfully.
Jun 30 11:16:16 devstack cinder-volume[93768]: DEBUG cinder.coordination [None req-66eb9dc2-6830-4479-ba0a-3e4fcc349347 tempest-SnapshotsActionsTest-161975847 None] Lock "cinder-3dc902c1-2dc5-4dca-873d-fb4eb7cf586f-delete_snapshot" released by "delete_snapshot" :: held 4.031s {{(pid=93768) __release /opt/stack/cinder/cinder/coordination.py:152}}
Jun 30 11:16:17 devstack cinder-volume[93768]: DEBUG oslo_concurrency.lockutils [None req-bbd8d72f-068a-4c04-b93a-027f2b7d07d8 tempest-SnapshotsActionsTest-941329640 None] Acquiring lock "quobyte" by "cinder.volume.drivers.quobyte.QuobyteDriver.create_snapshot" {{(pid=93768) inner /opt/stack/data/venv/lib/python3.12/site-packages/oslo_concurrency/lockutils.py:511}}
Jun 30 11:16:17 devstack cinder-volume[93768]: DEBUG oslo_concurrency.lockutils [None req-bbd8d72f-068a-4c04-b93a-027f2b7d07d8 tempest-SnapshotsActionsTest-941329640 None] Lock "quobyte" acquired by "cinder.volume.drivers.quobyte.QuobyteDriver.create_snapshot" :: waited 0.001s {{(pid=93768) inner /opt/stack/data/venv/lib/python3.12/site-packages/oslo_concurrency/lockutils.py:524}}
Jun 30 11:16:17 devstack cinder-volume[93768]: DEBUG cinder.volume.drivers.remotefs [None req-bbd8d72f-068a-4c04-b93a-027f2b7d07d8 tempest-SnapshotsActionsTest-941329640 None] Creating offline snapshot 1dda5c0c-7379-44c1-b2ab-49fb018bb58e of volume 50189de2-c23b-452b-a4e2-54d9ef1e1640 {{(pid=93768) _create_snapshot /opt/stack/cinder/cinder/volume/drivers/remotefs.py:1816}}
Jun 30 11:16:17 devstack cinder-volume[93768]: DEBUG oslo.privsep.daemon [-] privsep: reply[06c7325b-7f07-4275-a110-eac5ba96994c]: (4, 'qcow2') {{(pid=94919) _call_back /opt/stack/data/venv/lib/python3.12/site-packages/oslo_privsep/daemon.py:580}}
Jun 30 11:16:17 devstack cinder-volume[93768]: DEBUG oslo_concurrency.processutils [None req-bbd8d72f-068a-4c04-b93a-027f2b7d07d8 tempest-SnapshotsActionsTest-941329640 None] Running cmd (subprocess): /opt/stack/data/venv/bin/python3.12 -m oslo_concurrency.prlimit --as=1073741824 --cpu=60 -- sudo cinder-rootwrap /etc/cinder/rootwrap.conf env LC_ALL=C qemu-img info -f qcow2 --output=json --force-share /opt/stack/data/cinder/mnt/875c09e2ecbcf9b51b38cb2aad3fa128/volume-50189de2-c23b-452b-a4e2-54d9ef1e1640.df38182d-4b37-4e77-8414-d89a4e3723e8 {{(pid=93768) execute /opt/stack/data/venv/lib/python3.12/site-packages/oslo_concurrency/processutils.py:440}}
Jun 30 11:16:18 devstack sudo[97603]: quobyte : PWD=/ ; USER=root ; COMMAND=/opt/stack/data/venv/bin/cinder-rootwrap /etc/cinder/rootwrap.conf env LC_ALL=C qemu-img info -f qcow2 --output=json --force-share /opt/stack/data/cinder/mnt/875c09e2ecbcf9b51b38cb2aad3fa128/volume-50189de2-c23b-452b-a4e2-54d9ef1e1640.df38182d-4b37-4e77-8414-d89a4e3723e8
Jun 30 11:16:18 devstack sudo[97603]: pam_unix(sudo:session): session opened for user root(uid=0) by (uid=1000)
Jun 30 11:16:18 devstack sudo[97603]: pam_unix(sudo:session): session closed for user root
Jun 30 11:16:18 devstack cinder-volume[93768]: DEBUG oslo_concurrency.processutils [None req-bbd8d72f-068a-4c04-b93a-027f2b7d07d8 tempest-SnapshotsActionsTest-941329640 None] CMD "/opt/stack/data/venv/bin/python3.12 -m oslo_concurrency.prlimit --as=1073741824 --cpu=60 -- sudo cinder-rootwrap /etc/cinder/rootwrap.conf env LC_ALL=C qemu-img info -f qcow2 --output=json --force-share /opt/stack/data/cinder/mnt/875c09e2ecbcf9b51b38cb2aad3fa128/volume-50189de2-c23b-452b-a4e2-54d9ef1e1640.df38182d-4b37-4e77-8414-d89a4e3723e8" returned: 0 in 1.034s {{(pid=93768) execute /opt/stack/data/venv/lib/python3.12/site-packages/oslo_concurrency/processutils.py:468}}
Jun 30 11:16:18 devstack cinder-volume[93768]: DEBUG cinder.volume.drivers.remotefs [None req-bbd8d72f-068a-4c04-b93a-027f2b7d07d8 tempest-SnapshotsActionsTest-941329640 None] Fetching qemu-img info with special backing_file_template: (/opt/stack/data/cinder/mnt/[0-9a-f]+/)?(volume-50189de2-c23b-452b-a4e2-54d9ef1e1640(.(tmp-snap-)?[0-9a-f-]+)?|volume_from_snapshot_cache/(tmp-snap-)?[0-9a-f-]+(.(child-|parent-)[0-9a-f-]+)?)$ {{(pid=93768) _qemu_img_info_base /opt/stack/cinder/cinder/volume/drivers/remotefs.py:896}}
Jun 30 11:16:18 devstack cinder-volume[93768]: DEBUG oslo_concurrency.processutils [None req-bbd8d72f-068a-4c04-b93a-027f2b7d07d8 tempest-SnapshotsActionsTest-941329640 None] Running cmd (subprocess): sudo cinder-rootwrap /etc/cinder/rootwrap.conf qemu-img create -f qcow2 -o backing_file=/opt/stack/data/cinder/mnt/875c09e2ecbcf9b51b38cb2aad3fa128/volume-50189de2-c23b-452b-a4e2-54d9ef1e1640.df38182d-4b37-4e77-8414-d89a4e3723e8,backing_fmt=qcow2 /opt/stack/data/cinder/mnt/875c09e2ecbcf9b51b38cb2aad3fa128/volume-50189de2-c23b-452b-a4e2-54d9ef1e1640.1dda5c0c-7379-44c1-b2ab-49fb018bb58e 1G {{(pid=93768) execute /opt/stack/data/venv/lib/python3.12/site-packages/oslo_concurrency/processutils.py:440}}
Jun 30 11:16:18 devstack sudo[97609]: quobyte : PWD=/ ; USER=root ; COMMAND=/opt/stack/data/venv/bin/cinder-rootwrap /etc/cinder/rootwrap.conf qemu-img create -f qcow2 -o backing_file=/opt/stack/data/cinder/mnt/875c09e2ecbcf9b51b38cb2aad3fa128/volume-50189de2-c23b-452b-a4e2-54d9ef1e1640.df38182d-4b37-4e77-8414-d89a4e3723e8,backing_fmt=qcow2 /opt/stack/data/cinder/mnt/875c09e2ecbcf9b51b38cb2aad3fa128/volume-50189de2-c23b-452b-a4e2-54d9ef1e1640.1dda5c0c-7379-44c1-b2ab-49fb018bb58e 1G
Jun 30 11:16:18 devstack sudo[97609]: pam_unix(sudo:session): session opened for user root(uid=0) by (uid=1000)
Jun 30 11:16:20 devstack sudo[97609]: pam_unix(sudo:session): session closed for user root
Jun 30 11:16:20 devstack cinder-volume[93768]: DEBUG oslo_concurrency.processutils [None req-bbd8d72f-068a-4c04-b93a-027f2b7d07d8 tempest-SnapshotsActionsTest-941329640 None] CMD "sudo cinder-rootwrap /etc/cinder/rootwrap.conf qemu-img create -f qcow2 -o backing_file=/opt/stack/data/cinder/mnt/875c09e2ecbcf9b51b38cb2aad3fa128/volume-50189de2-c23b-452b-a4e2-54d9ef1e1640.df38182d-4b37-4e77-8414-d89a4e3723e8,backing_fmt=qcow2 /opt/stack/data/cinder/mnt/875c09e2ecbcf9b51b38cb2aad3fa128/volume-50189de2-c23b-452b-a4e2-54d9ef1e1640.1dda5c0c-7379-44c1-b2ab-49fb018bb58e 1G" returned: 0 in 1.308s {{(pid=93768) execute /opt/stack/data/venv/lib/python3.12/site-packages/oslo_concurrency/processutils.py:468}}
Jun 30 11:16:20 devstack cinder-volume[93768]: DEBUG oslo_concurrency.processutils [None req-bbd8d72f-068a-4c04-b93a-027f2b7d07d8 tempest-SnapshotsActionsTest-941329640 None] Running cmd (subprocess): sudo cinder-rootwrap /etc/cinder/rootwrap.conf qemu-img rebase -u -b volume-50189de2-c23b-452b-a4e2-54d9ef1e1640.df38182d-4b37-4e77-8414-d89a4e3723e8 -F qcow2 /opt/stack/data/cinder/mnt/875c09e2ecbcf9b51b38cb2aad3fa128/volume-50189de2-c23b-452b-a4e2-54d9ef1e1640.1dda5c0c-7379-44c1-b2ab-49fb018bb58e {{(pid=93768) execute /opt/stack/data/venv/lib/python3.12/site-packages/oslo_concurrency/processutils.py:440}}
Jun 30 11:16:20 devstack sudo[97641]: quobyte : PWD=/ ; USER=root ; COMMAND=/opt/stack/data/venv/bin/cinder-rootwrap /etc/cinder/rootwrap.conf qemu-img rebase -u -b volume-50189de2-c23b-452b-a4e2-54d9ef1e1640.df38182d-4b37-4e77-8414-d89a4e3723e8 -F qcow2 /opt/stack/data/cinder/mnt/875c09e2ecbcf9b51b38cb2aad3fa128/volume-50189de2-c23b-452b-a4e2-54d9ef1e1640.1dda5c0c-7379-44c1-b2ab-49fb018bb58e
Jun 30 11:16:20 devstack sudo[97641]: pam_unix(sudo:session): session opened for user root(uid=0) by (uid=1000)
Jun 30 11:16:20 devstack cinder-volume[93768]: DEBUG cinder.coordination [None req-229dcdfa-407d-454e-992b-a63678d0b5a4 tempest-TaggedAttachmentsTest-638322851 None] Acquiring lock "cinder-07615bdf-7380-4131-ae2a-277bec667e08-delete_volume" by "delete_volume" {{(pid=93768) __acquire /opt/stack/cinder/cinder/coordination.py:138}}
Jun 30 11:16:20 devstack cinder-volume[93768]: DEBUG cinder.coordination [None req-229dcdfa-407d-454e-992b-a63678d0b5a4 tempest-TaggedAttachmentsTest-638322851 None] Lock "cinder-07615bdf-7380-4131-ae2a-277bec667e08-delete_volume" acquired by "delete_volume" :: waited 0.068s {{(pid=93768) __acquire /opt/stack/cinder/cinder/coordination.py:141}}
Jun 30 11:16:20 devstack cinder-volume[93768]: DEBUG cinder.coordination [None req-229dcdfa-407d-454e-992b-a63678d0b5a4 tempest-TaggedAttachmentsTest-638322851 None] Acquiring lock "cinder-quobyte-07615bdf-7380-4131-ae2a-277bec667e08" by "delete_volume" {{(pid=93768) __acquire /opt/stack/cinder/cinder/coordination.py:138}}
Jun 30 11:16:20 devstack cinder-volume[93768]: DEBUG cinder.coordination [None req-229dcdfa-407d-454e-992b-a63678d0b5a4 tempest-TaggedAttachmentsTest-638322851 None] Lock "cinder-quobyte-07615bdf-7380-4131-ae2a-277bec667e08" acquired by "delete_volume" :: waited 0.028s {{(pid=93768) __acquire /opt/stack/cinder/cinder/coordination.py:141}}
Jun 30 11:16:20 devstack cinder-volume[93768]: DEBUG oslo.privsep.daemon [-] privsep: reply[a32f8d57-fa36-4cce-9e5d-b4e289836ccc]: (4, 'qcow2') {{(pid=94919) _call_back /opt/stack/data/venv/lib/python3.12/site-packages/oslo_privsep/daemon.py:580}}
Jun 30 11:16:20 devstack cinder-volume[93768]: DEBUG oslo_concurrency.processutils [None req-229dcdfa-407d-454e-992b-a63678d0b5a4 tempest-TaggedAttachmentsTest-638322851 None] Running cmd (subprocess): /opt/stack/data/venv/bin/python3.12 -m oslo_concurrency.prlimit --as=1073741824 --cpu=60 -- sudo cinder-rootwrap /etc/cinder/rootwrap.conf env LC_ALL=C qemu-img info -f qcow2 --output=json --force-share /opt/stack/data/cinder/mnt/875c09e2ecbcf9b51b38cb2aad3fa128/volume-07615bdf-7380-4131-ae2a-277bec667e08 {{(pid=93768) execute /opt/stack/data/venv/lib/python3.12/site-packages/oslo_concurrency/processutils.py:440}}
Jun 30 11:16:20 devstack sudo[97663]: quobyte : PWD=/ ; USER=root ; COMMAND=/opt/stack/data/venv/bin/cinder-rootwrap /etc/cinder/rootwrap.conf env LC_ALL=C qemu-img info -f qcow2 --output=json --force-share /opt/stack/data/cinder/mnt/875c09e2ecbcf9b51b38cb2aad3fa128/volume-07615bdf-7380-4131-ae2a-277bec667e08
Jun 30 11:16:20 devstack sudo[97663]: pam_unix(sudo:session): session opened for user root(uid=0) by (uid=1000)
Jun 30 11:16:21 devstack sudo[97641]: pam_unix(sudo:session): session closed for user root
Jun 30 11:16:21 devstack cinder-volume[93768]: DEBUG oslo_concurrency.processutils [None req-bbd8d72f-068a-4c04-b93a-027f2b7d07d8 tempest-SnapshotsActionsTest-941329640 None] CMD "sudo cinder-rootwrap /etc/cinder/rootwrap.conf qemu-img rebase -u -b volume-50189de2-c23b-452b-a4e2-54d9ef1e1640.df38182d-4b37-4e77-8414-d89a4e3723e8 -F qcow2 /opt/stack/data/cinder/mnt/875c09e2ecbcf9b51b38cb2aad3fa128/volume-50189de2-c23b-452b-a4e2-54d9ef1e1640.1dda5c0c-7379-44c1-b2ab-49fb018bb58e" returned: 0 in 1.051s {{(pid=93768) execute /opt/stack/data/venv/lib/python3.12/site-packages/oslo_concurrency/processutils.py:468}}
Jun 30 11:16:21 devstack cinder-volume[93768]: WARNING cinder.volume.drivers.remotefs [None req-bbd8d72f-068a-4c04-b93a-027f2b7d07d8 tempest-SnapshotsActionsTest-941329640 None] /opt/stack/data/cinder/mnt/875c09e2ecbcf9b51b38cb2aad3fa128/volume-50189de2-c23b-452b-a4e2-54d9ef1e1640.1dda5c0c-7379-44c1-b2ab-49fb018bb58e is being set with open permissions: ugo+rw
Jun 30 11:16:21 devstack cinder-volume[93768]: DEBUG oslo_concurrency.processutils [None req-bbd8d72f-068a-4c04-b93a-027f2b7d07d8 tempest-SnapshotsActionsTest-941329640 None] Running cmd (subprocess): sudo cinder-rootwrap /etc/cinder/rootwrap.conf chmod ugo+rw /opt/stack/data/cinder/mnt/875c09e2ecbcf9b51b38cb2aad3fa128/volume-50189de2-c23b-452b-a4e2-54d9ef1e1640.1dda5c0c-7379-44c1-b2ab-49fb018bb58e {{(pid=93768) execute /opt/stack/data/venv/lib/python3.12/site-packages/oslo_concurrency/processutils.py:440}}
Jun 30 11:16:21 devstack sudo[97670]: quobyte : PWD=/ ; USER=root ; COMMAND=/opt/stack/data/venv/bin/cinder-rootwrap /etc/cinder/rootwrap.conf chmod ugo+rw /opt/stack/data/cinder/mnt/875c09e2ecbcf9b51b38cb2aad3fa128/volume-50189de2-c23b-452b-a4e2-54d9ef1e1640.1dda5c0c-7379-44c1-b2ab-49fb018bb58e
Jun 30 11:16:21 devstack sudo[97670]: pam_unix(sudo:session): session opened for user root(uid=0) by (uid=1000)
Jun 30 11:16:21 devstack sudo[97663]: pam_unix(sudo:session): session closed for user root
Jun 30 11:16:21 devstack cinder-volume[93768]: DEBUG oslo_concurrency.processutils [None req-229dcdfa-407d-454e-992b-a63678d0b5a4 tempest-TaggedAttachmentsTest-638322851 None] CMD "/opt/stack/data/venv/bin/python3.12 -m oslo_concurrency.prlimit --as=1073741824 --cpu=60 -- sudo cinder-rootwrap /etc/cinder/rootwrap.conf env LC_ALL=C qemu-img info -f qcow2 --output=json --force-share /opt/stack/data/cinder/mnt/875c09e2ecbcf9b51b38cb2aad3fa128/volume-07615bdf-7380-4131-ae2a-277bec667e08" returned: 0 in 0.983s {{(pid=93768) execute /opt/stack/data/venv/lib/python3.12/site-packages/oslo_concurrency/processutils.py:468}}
Jun 30 11:16:21 devstack cinder-volume[93768]: DEBUG oslo_concurrency.processutils [None req-229dcdfa-407d-454e-992b-a63678d0b5a4 tempest-TaggedAttachmentsTest-638322851 None] Running cmd (subprocess): sudo cinder-rootwrap /etc/cinder/rootwrap.conf rm -f /opt/stack/data/cinder/mnt/875c09e2ecbcf9b51b38cb2aad3fa128/volume-07615bdf-7380-4131-ae2a-277bec667e08 {{(pid=93768) execute /opt/stack/data/venv/lib/python3.12/site-packages/oslo_concurrency/processutils.py:440}}
Jun 30 11:16:21 devstack sudo[97675]: quobyte : PWD=/ ; USER=root ; COMMAND=/opt/stack/data/venv/bin/cinder-rootwrap /etc/cinder/rootwrap.conf rm -f /opt/stack/data/cinder/mnt/875c09e2ecbcf9b51b38cb2aad3fa128/volume-07615bdf-7380-4131-ae2a-277bec667e08
Jun 30 11:16:21 devstack sudo[97675]: pam_unix(sudo:session): session opened for user root(uid=0) by (uid=1000)
Jun 30 11:16:22 devstack sudo[97670]: pam_unix(sudo:session): session closed for user root
Jun 30 11:16:22 devstack cinder-volume[93768]: DEBUG oslo_concurrency.processutils [None req-bbd8d72f-068a-4c04-b93a-027f2b7d07d8 tempest-SnapshotsActionsTest-941329640 None] CMD "sudo cinder-rootwrap /etc/cinder/rootwrap.conf chmod ugo+rw /opt/stack/data/cinder/mnt/875c09e2ecbcf9b51b38cb2aad3fa128/volume-50189de2-c23b-452b-a4e2-54d9ef1e1640.1dda5c0c-7379-44c1-b2ab-49fb018bb58e" returned: 0 in 0.914s {{(pid=93768) execute /opt/stack/data/venv/lib/python3.12/site-packages/oslo_concurrency/processutils.py:468}}
Jun 30 11:16:22 devstack cinder-volume[93768]: DEBUG oslo_concurrency.lockutils [None req-bbd8d72f-068a-4c04-b93a-027f2b7d07d8 tempest-SnapshotsActionsTest-941329640 None] Lock "quobyte" "released" by "cinder.volume.drivers.quobyte.QuobyteDriver.create_snapshot" :: held 4.516s {{(pid=93768) inner /opt/stack/data/venv/lib/python3.12/site-packages/oslo_concurrency/lockutils.py:543}}
Jun 30 11:16:22 devstack cinder-volume[93768]: INFO cinder.volume.manager [None req-bbd8d72f-068a-4c04-b93a-027f2b7d07d8 tempest-SnapshotsActionsTest-941329640 None] Create snapshot completed successfully
Jun 30 11:16:22 devstack sudo[97675]: pam_unix(sudo:session): session closed for user root
Jun 30 11:16:22 devstack cinder-volume[93768]: DEBUG oslo_concurrency.processutils [None req-229dcdfa-407d-454e-992b-a63678d0b5a4 tempest-TaggedAttachmentsTest-638322851 None] CMD "sudo cinder-rootwrap /etc/cinder/rootwrap.conf rm -f /opt/stack/data/cinder/mnt/875c09e2ecbcf9b51b38cb2aad3fa128/volume-07615bdf-7380-4131-ae2a-277bec667e08" returned: 0 in 0.710s {{(pid=93768) execute /opt/stack/data/venv/lib/python3.12/site-packages/oslo_concurrency/processutils.py:468}}
Jun 30 11:16:22 devstack cinder-volume[93768]: DEBUG cinder.coordination [None req-229dcdfa-407d-454e-992b-a63678d0b5a4 tempest-TaggedAttachmentsTest-638322851 None] Lock "cinder-quobyte-07615bdf-7380-4131-ae2a-277bec667e08" released by "delete_volume" :: held 1.736s {{(pid=93768) __release /opt/stack/cinder/cinder/coordination.py:152}}
Jun 30 11:16:22 devstack cinder-volume[93768]: DEBUG cinder.quota [None req-229dcdfa-407d-454e-992b-a63678d0b5a4 tempest-TaggedAttachmentsTest-638322851 None] Created reservations ['c66bf82d-993d-47d4-8413-77581e186636', '757ac52d-befe-42ab-9b55-aa17490d2969', 'e957b19c-6e08-4c4c-893b-6211bc2b6a90', 'ece903b4-1f7a-4e3a-b66d-8821e74c9537'] {{(pid=93768) reserve /opt/stack/cinder/cinder/quota.py:752}}
Jun 30 11:16:22 devstack cinder-volume[93768]: DEBUG oslo_concurrency.lockutils [None req-229dcdfa-407d-454e-992b-a63678d0b5a4 tempest-TaggedAttachmentsTest-638322851 None] Acquiring lock "quobyte_ensure" by "cinder.volume.drivers.quobyte.QuobyteDriver._ensure_shares_mounted" {{(pid=93768) inner /opt/stack/data/venv/lib/python3.12/site-packages/oslo_concurrency/lockutils.py:511}}
Jun 30 11:16:22 devstack cinder-volume[93768]: DEBUG oslo_concurrency.lockutils [None req-229dcdfa-407d-454e-992b-a63678d0b5a4 tempest-TaggedAttachmentsTest-638322851 None] Lock "quobyte_ensure" acquired by "cinder.volume.drivers.quobyte.QuobyteDriver._ensure_shares_mounted" :: waited 0.001s {{(pid=93768) inner /opt/stack/data/venv/lib/python3.12/site-packages/oslo_concurrency/lockutils.py:524}}
Jun 30 11:16:22 devstack cinder-volume[93768]: DEBUG cinder.volume.drivers.quobyte [None req-229dcdfa-407d-454e-992b-a63678d0b5a4 tempest-TaggedAttachmentsTest-638322851 None] Quobyte Volume URL set to: {'osci02.corp.quobyte.com/cinder-vol-4549bedd-c12b-40e9-88be-149abbc28f28': None} {{(pid=93768) _load_shares_config /opt/stack/cinder/cinder/volume/drivers/quobyte.py:617}}
Jun 30 11:16:22 devstack cinder-volume[93768]: DEBUG cinder.volume.drivers.quobyte [None req-229dcdfa-407d-454e-992b-a63678d0b5a4 tempest-TaggedAttachmentsTest-638322851 None] Available shares ['osci02.corp.quobyte.com/cinder-vol-4549bedd-c12b-40e9-88be-149abbc28f28'] {{(pid=93768) _ensure_shares_mounted /opt/stack/cinder/cinder/volume/drivers/quobyte.py:647}}
Jun 30 11:16:22 devstack cinder-volume[93768]: DEBUG oslo_concurrency.lockutils [None req-229dcdfa-407d-454e-992b-a63678d0b5a4 tempest-TaggedAttachmentsTest-638322851 None] Lock "quobyte_ensure" "released" by "cinder.volume.drivers.quobyte.QuobyteDriver._ensure_shares_mounted" :: held 0.007s {{(pid=93768) inner /opt/stack/data/venv/lib/python3.12/site-packages/oslo_concurrency/lockutils.py:543}}
Jun 30 11:16:22 devstack cinder-volume[93768]: DEBUG oslo_concurrency.processutils [None req-229dcdfa-407d-454e-992b-a63678d0b5a4 tempest-TaggedAttachmentsTest-638322851 None] Running cmd (subprocess): sudo cinder-rootwrap /etc/cinder/rootwrap.conf df --portability --block-size 1 /opt/stack/data/cinder/mnt/875c09e2ecbcf9b51b38cb2aad3fa128 {{(pid=93768) execute /opt/stack/data/venv/lib/python3.12/site-packages/oslo_concurrency/processutils.py:440}}
Jun 30 11:16:22 devstack sudo[97681]: quobyte : PWD=/ ; USER=root ; COMMAND=/opt/stack/data/venv/bin/cinder-rootwrap /etc/cinder/rootwrap.conf df --portability --block-size 1 /opt/stack/data/cinder/mnt/875c09e2ecbcf9b51b38cb2aad3fa128
Jun 30 11:16:22 devstack sudo[97681]: pam_unix(sudo:session): session opened for user root(uid=0) by (uid=1000)
Jun 30 11:16:23 devstack cinder-volume[93768]: DEBUG cinder.coordination [None req-f1425f40-7b82-46e3-9f9d-2ef20d815deb tempest-SnapshotsActionsTest-161975847 None] Acquiring lock "cinder-1dda5c0c-7379-44c1-b2ab-49fb018bb58e-delete_snapshot" by "delete_snapshot" {{(pid=93768) __acquire /opt/stack/cinder/cinder/coordination.py:138}}
Jun 30 11:16:23 devstack cinder-volume[93768]: DEBUG cinder.coordination [None req-f1425f40-7b82-46e3-9f9d-2ef20d815deb tempest-SnapshotsActionsTest-161975847 None] Lock "cinder-1dda5c0c-7379-44c1-b2ab-49fb018bb58e-delete_snapshot" acquired by "delete_snapshot" :: waited 0.036s {{(pid=93768) __acquire /opt/stack/cinder/cinder/coordination.py:141}}
Jun 30 11:16:23 devstack cinder-volume[93768]: DEBUG cinder.coordination [None req-f1425f40-7b82-46e3-9f9d-2ef20d815deb tempest-SnapshotsActionsTest-161975847 None] Acquiring lock "cinder-quobyte-50189de2-c23b-452b-a4e2-54d9ef1e1640" by "delete_snapshot" {{(pid=93768) __acquire /opt/stack/cinder/cinder/coordination.py:138}}
Jun 30 11:16:23 devstack cinder-volume[93768]: DEBUG cinder.coordination [None req-f1425f40-7b82-46e3-9f9d-2ef20d815deb tempest-SnapshotsActionsTest-161975847 None] Lock "cinder-quobyte-50189de2-c23b-452b-a4e2-54d9ef1e1640" acquired by "delete_snapshot" :: waited 0.034s {{(pid=93768) __acquire /opt/stack/cinder/cinder/coordination.py:141}}
Jun 30 11:16:23 devstack cinder-volume[93768]: DEBUG cinder.coordination [None req-f1425f40-7b82-46e3-9f9d-2ef20d815deb tempest-SnapshotsActionsTest-161975847 None] Acquiring lock "cinder-quobyte-1dda5c0c-7379-44c1-b2ab-49fb018bb58e" by "_delete_snapshot" {{(pid=93768) __acquire /opt/stack/cinder/cinder/coordination.py:138}}
Jun 30 11:16:23 devstack cinder-volume[93768]: DEBUG cinder.coordination [None req-f1425f40-7b82-46e3-9f9d-2ef20d815deb tempest-SnapshotsActionsTest-161975847 None] Lock "cinder-quobyte-1dda5c0c-7379-44c1-b2ab-49fb018bb58e" acquired by "_delete_snapshot" :: waited 0.020s {{(pid=93768) __acquire /opt/stack/cinder/cinder/coordination.py:141}}
Jun 30 11:16:23 devstack cinder-volume[93768]: DEBUG cinder.volume.drivers.remotefs [None req-f1425f40-7b82-46e3-9f9d-2ef20d815deb tempest-SnapshotsActionsTest-161975847 None] Deleting offline snapshot 1dda5c0c-7379-44c1-b2ab-49fb018bb58e of volume 50189de2-c23b-452b-a4e2-54d9ef1e1640 {{(pid=93768) _delete_snapshot /opt/stack/cinder/cinder/volume/drivers/remotefs.py:1288}}
Jun 30 11:16:23 devstack cinder-volume[93768]: DEBUG cinder.volume.drivers.remotefs [None req-f1425f40-7b82-46e3-9f9d-2ef20d815deb tempest-SnapshotsActionsTest-161975847 None] snapshot_file for this snap is: volume-50189de2-c23b-452b-a4e2-54d9ef1e1640.1dda5c0c-7379-44c1-b2ab-49fb018bb58e {{(pid=93768) _delete_snapshot /opt/stack/cinder/cinder/volume/drivers/remotefs.py:1317}}
Jun 30 11:16:23 devstack cinder-volume[93768]: DEBUG oslo.privsep.daemon [-] privsep: reply[6dd2d76a-dbcb-46eb-8526-bd0dd22597bd]: (4, 'qcow2') {{(pid=94919) _call_back /opt/stack/data/venv/lib/python3.12/site-packages/oslo_privsep/daemon.py:580}}
Jun 30 11:16:23 devstack cinder-volume[93768]: DEBUG oslo_concurrency.processutils [None req-f1425f40-7b82-46e3-9f9d-2ef20d815deb tempest-SnapshotsActionsTest-161975847 None] Running cmd (subprocess): /opt/stack/data/venv/bin/python3.12 -m oslo_concurrency.prlimit --as=1073741824 --cpu=60 -- sudo cinder-rootwrap /etc/cinder/rootwrap.conf env LC_ALL=C qemu-img info -f qcow2 --output=json --force-share /opt/stack/data/cinder/mnt/875c09e2ecbcf9b51b38cb2aad3fa128/volume-50189de2-c23b-452b-a4e2-54d9ef1e1640.1dda5c0c-7379-44c1-b2ab-49fb018bb58e {{(pid=93768) execute /opt/stack/data/venv/lib/python3.12/site-packages/oslo_concurrency/processutils.py:440}}
Jun 30 11:16:23 devstack sudo[97685]: quobyte : PWD=/ ; USER=root ; COMMAND=/opt/stack/data/venv/bin/cinder-rootwrap /etc/cinder/rootwrap.conf env LC_ALL=C qemu-img info -f qcow2 --output=json --force-share /opt/stack/data/cinder/mnt/875c09e2ecbcf9b51b38cb2aad3fa128/volume-50189de2-c23b-452b-a4e2-54d9ef1e1640.1dda5c0c-7379-44c1-b2ab-49fb018bb58e
Jun 30 11:16:23 devstack sudo[97685]: pam_unix(sudo:session): session opened for user root(uid=0) by (uid=1000)
Jun 30 11:16:23 devstack sudo[97681]: pam_unix(sudo:session): session closed for user root
Jun 30 11:16:23 devstack cinder-volume[93768]: DEBUG oslo_concurrency.processutils [None req-229dcdfa-407d-454e-992b-a63678d0b5a4 tempest-TaggedAttachmentsTest-638322851 None] CMD "sudo cinder-rootwrap /etc/cinder/rootwrap.conf df --portability --block-size 1 /opt/stack/data/cinder/mnt/875c09e2ecbcf9b51b38cb2aad3fa128" returned: 0 in 1.044s {{(pid=93768) execute /opt/stack/data/venv/lib/python3.12/site-packages/oslo_concurrency/processutils.py:468}}
Jun 30 11:16:23 devstack cinder-volume[93768]: DEBUG cinder.manager [None req-229dcdfa-407d-454e-992b-a63678d0b5a4 tempest-TaggedAttachmentsTest-638322851 None] Notifying Schedulers of capabilities ... {{(pid=93768) _publish_service_capabilities /opt/stack/cinder/cinder/manager.py:219}}
Jun 30 11:16:23 devstack cinder-volume[93768]: INFO cinder.volume.manager [None req-229dcdfa-407d-454e-992b-a63678d0b5a4 tempest-TaggedAttachmentsTest-638322851 None] Deleted volume successfully.
Jun 30 11:16:23 devstack cinder-volume[93768]: DEBUG cinder.coordination [None req-229dcdfa-407d-454e-992b-a63678d0b5a4 tempest-TaggedAttachmentsTest-638322851 None] Lock "cinder-07615bdf-7380-4131-ae2a-277bec667e08-delete_volume" released by "delete_volume" :: held 3.106s {{(pid=93768) __release /opt/stack/cinder/cinder/coordination.py:152}}
Jun 30 11:16:24 devstack sudo[97685]: pam_unix(sudo:session): session closed for user root
Jun 30 11:16:24 devstack cinder-volume[93768]: DEBUG oslo_concurrency.processutils [None req-f1425f40-7b82-46e3-9f9d-2ef20d815deb tempest-SnapshotsActionsTest-161975847 None] CMD "/opt/stack/data/venv/bin/python3.12 -m oslo_concurrency.prlimit --as=1073741824 --cpu=60 -- sudo cinder-rootwrap /etc/cinder/rootwrap.conf env LC_ALL=C qemu-img info -f qcow2 --output=json --force-share /opt/stack/data/cinder/mnt/875c09e2ecbcf9b51b38cb2aad3fa128/volume-50189de2-c23b-452b-a4e2-54d9ef1e1640.1dda5c0c-7379-44c1-b2ab-49fb018bb58e" returned: 0 in 0.848s {{(pid=93768) execute /opt/stack/data/venv/lib/python3.12/site-packages/oslo_concurrency/processutils.py:468}}
Jun 30 11:16:24 devstack cinder-volume[93768]: DEBUG cinder.volume.drivers.remotefs [None req-f1425f40-7b82-46e3-9f9d-2ef20d815deb tempest-SnapshotsActionsTest-161975847 None] Fetching qemu-img info with special backing_file_template: (/opt/stack/data/cinder/mnt/[0-9a-f]+/)?(volume-50189de2-c23b-452b-a4e2-54d9ef1e1640(.(tmp-snap-)?[0-9a-f-]+)?|volume_from_snapshot_cache/(tmp-snap-)?[0-9a-f-]+(.(child-|parent-)[0-9a-f-]+)?)$ {{(pid=93768) _qemu_img_info_base /opt/stack/cinder/cinder/volume/drivers/remotefs.py:896}}
Jun 30 11:16:24 devstack cinder-volume[93768]: DEBUG oslo.privsep.daemon [-] privsep: reply[e0868dd0-d283-436d-b90b-5b7fe82f8792]: (4, 'qcow2') {{(pid=94919) _call_back /opt/stack/data/venv/lib/python3.12/site-packages/oslo_privsep/daemon.py:580}}
Jun 30 11:16:24 devstack cinder-volume[93768]: DEBUG oslo_concurrency.processutils [None req-f1425f40-7b82-46e3-9f9d-2ef20d815deb tempest-SnapshotsActionsTest-161975847 None] Running cmd (subprocess): /opt/stack/data/venv/bin/python3.12 -m oslo_concurrency.prlimit --as=1073741824 --cpu=60 -- sudo cinder-rootwrap /etc/cinder/rootwrap.conf env LC_ALL=C qemu-img info -f qcow2 --output=json --force-share /opt/stack/data/cinder/mnt/875c09e2ecbcf9b51b38cb2aad3fa128/volume-50189de2-c23b-452b-a4e2-54d9ef1e1640.df38182d-4b37-4e77-8414-d89a4e3723e8 {{(pid=93768) execute /opt/stack/data/venv/lib/python3.12/site-packages/oslo_concurrency/processutils.py:440}}
Jun 30 11:16:24 devstack sudo[97712]: quobyte : PWD=/ ; USER=root ; COMMAND=/opt/stack/data/venv/bin/cinder-rootwrap /etc/cinder/rootwrap.conf env LC_ALL=C qemu-img info -f qcow2 --output=json --force-share /opt/stack/data/cinder/mnt/875c09e2ecbcf9b51b38cb2aad3fa128/volume-50189de2-c23b-452b-a4e2-54d9ef1e1640.df38182d-4b37-4e77-8414-d89a4e3723e8
Jun 30 11:16:24 devstack sudo[97712]: pam_unix(sudo:session): session opened for user root(uid=0) by (uid=1000)
Jun 30 11:16:25 devstack sudo[97712]: pam_unix(sudo:session): session closed for user root
Jun 30 11:16:25 devstack cinder-volume[93768]: DEBUG oslo_concurrency.processutils [None req-f1425f40-7b82-46e3-9f9d-2ef20d815deb tempest-SnapshotsActionsTest-161975847 None] CMD "/opt/stack/data/venv/bin/python3.12 -m oslo_concurrency.prlimit --as=1073741824 --cpu=60 -- sudo cinder-rootwrap /etc/cinder/rootwrap.conf env LC_ALL=C qemu-img info -f qcow2 --output=json --force-share /opt/stack/data/cinder/mnt/875c09e2ecbcf9b51b38cb2aad3fa128/volume-50189de2-c23b-452b-a4e2-54d9ef1e1640.df38182d-4b37-4e77-8414-d89a4e3723e8" returned: 0 in 0.869s {{(pid=93768) execute /opt/stack/data/venv/lib/python3.12/site-packages/oslo_concurrency/processutils.py:468}}
Jun 30 11:16:25 devstack cinder-volume[93768]: DEBUG cinder.volume.drivers.remotefs [None req-f1425f40-7b82-46e3-9f9d-2ef20d815deb tempest-SnapshotsActionsTest-161975847 None] Fetching qemu-img info with special backing_file_template: (/opt/stack/data/cinder/mnt/[0-9a-f]+/)?(volume-50189de2-c23b-452b-a4e2-54d9ef1e1640(.(tmp-snap-)?[0-9a-f-]+)?|volume_from_snapshot_cache/(tmp-snap-)?[0-9a-f-]+(.(child-|parent-)[0-9a-f-]+)?)$ {{(pid=93768) _qemu_img_info_base /opt/stack/cinder/cinder/volume/drivers/remotefs.py:896}}
Jun 30 11:16:25 devstack cinder-volume[93768]: DEBUG oslo_concurrency.processutils [None req-f1425f40-7b82-46e3-9f9d-2ef20d815deb tempest-SnapshotsActionsTest-161975847 None] Running cmd (subprocess): sudo cinder-rootwrap /etc/cinder/rootwrap.conf qemu-img commit -d /opt/stack/data/cinder/mnt/875c09e2ecbcf9b51b38cb2aad3fa128/volume-50189de2-c23b-452b-a4e2-54d9ef1e1640.1dda5c0c-7379-44c1-b2ab-49fb018bb58e {{(pid=93768) execute /opt/stack/data/venv/lib/python3.12/site-packages/oslo_concurrency/processutils.py:440}}
Jun 30 11:16:25 devstack sudo[97718]: quobyte : PWD=/ ; USER=root ; COMMAND=/opt/stack/data/venv/bin/cinder-rootwrap /etc/cinder/rootwrap.conf qemu-img commit -d /opt/stack/data/cinder/mnt/875c09e2ecbcf9b51b38cb2aad3fa128/volume-50189de2-c23b-452b-a4e2-54d9ef1e1640.1dda5c0c-7379-44c1-b2ab-49fb018bb58e
Jun 30 11:16:25 devstack sudo[97718]: pam_unix(sudo:session): session opened for user root(uid=0) by (uid=1000)
Jun 30 11:16:25 devstack sudo[97718]: pam_unix(sudo:session): session closed for user root
Jun 30 11:16:25 devstack cinder-volume[93768]: DEBUG oslo_concurrency.processutils [None req-f1425f40-7b82-46e3-9f9d-2ef20d815deb tempest-SnapshotsActionsTest-161975847 None] CMD "sudo cinder-rootwrap /etc/cinder/rootwrap.conf qemu-img commit -d /opt/stack/data/cinder/mnt/875c09e2ecbcf9b51b38cb2aad3fa128/volume-50189de2-c23b-452b-a4e2-54d9ef1e1640.1dda5c0c-7379-44c1-b2ab-49fb018bb58e" returned: 0 in 0.828s {{(pid=93768) execute /opt/stack/data/venv/lib/python3.12/site-packages/oslo_concurrency/processutils.py:468}}
Jun 30 11:16:25 devstack cinder-volume[93768]: DEBUG oslo_concurrency.processutils [None req-f1425f40-7b82-46e3-9f9d-2ef20d815deb tempest-SnapshotsActionsTest-161975847 None] Running cmd (subprocess): sudo cinder-rootwrap /etc/cinder/rootwrap.conf rm -f /opt/stack/data/cinder/mnt/875c09e2ecbcf9b51b38cb2aad3fa128/volume-50189de2-c23b-452b-a4e2-54d9ef1e1640.1dda5c0c-7379-44c1-b2ab-49fb018bb58e {{(pid=93768) execute /opt/stack/data/venv/lib/python3.12/site-packages/oslo_concurrency/processutils.py:440}}
Jun 30 11:16:25 devstack sudo[97759]: quobyte : PWD=/ ; USER=root ; COMMAND=/opt/stack/data/venv/bin/cinder-rootwrap /etc/cinder/rootwrap.conf rm -f /opt/stack/data/cinder/mnt/875c09e2ecbcf9b51b38cb2aad3fa128/volume-50189de2-c23b-452b-a4e2-54d9ef1e1640.1dda5c0c-7379-44c1-b2ab-49fb018bb58e
Jun 30 11:16:25 devstack sudo[97759]: pam_unix(sudo:session): session opened for user root(uid=0) by (uid=1000)
Jun 30 11:16:26 devstack sudo[97759]: pam_unix(sudo:session): session closed for user root
Jun 30 11:16:26 devstack cinder-volume[93768]: DEBUG oslo_concurrency.processutils [None req-f1425f40-7b82-46e3-9f9d-2ef20d815deb tempest-SnapshotsActionsTest-161975847 None] CMD "sudo cinder-rootwrap /etc/cinder/rootwrap.conf rm -f /opt/stack/data/cinder/mnt/875c09e2ecbcf9b51b38cb2aad3fa128/volume-50189de2-c23b-452b-a4e2-54d9ef1e1640.1dda5c0c-7379-44c1-b2ab-49fb018bb58e" returned: 0 in 0.803s {{(pid=93768) execute /opt/stack/data/venv/lib/python3.12/site-packages/oslo_concurrency/processutils.py:468}}
Jun 30 11:16:26 devstack cinder-volume[93768]: DEBUG cinder.coordination [None req-f1425f40-7b82-46e3-9f9d-2ef20d815deb tempest-SnapshotsActionsTest-161975847 None] Lock "cinder-quobyte-1dda5c0c-7379-44c1-b2ab-49fb018bb58e" released by "_delete_snapshot" :: held 3.542s {{(pid=93768) __release /opt/stack/cinder/cinder/coordination.py:152}}
Jun 30 11:16:26 devstack cinder-volume[93768]: DEBUG cinder.coordination [None req-f1425f40-7b82-46e3-9f9d-2ef20d815deb tempest-SnapshotsActionsTest-161975847 None] Lock "cinder-quobyte-50189de2-c23b-452b-a4e2-54d9ef1e1640" released by "delete_snapshot" :: held 3.572s {{(pid=93768) __release /opt/stack/cinder/cinder/coordination.py:152}}
Jun 30 11:16:26 devstack cinder-volume[93768]: DEBUG cinder.quota [None req-f1425f40-7b82-46e3-9f9d-2ef20d815deb tempest-SnapshotsActionsTest-161975847 None] Created reservations ['0b4e16d7-7a72-46f0-a40b-07d9ceaa6b59', '164691ae-aad0-43f8-a757-d76d1f36b68a', 'f3fac731-9071-49e4-a81a-d7c7ca58d9eb', '8fa12032-cb2c-4a2a-a24c-52ce405b2738'] {{(pid=93768) reserve /opt/stack/cinder/cinder/quota.py:752}}
Jun 30 11:16:26 devstack cinder-volume[93768]: INFO cinder.volume.manager [None req-f1425f40-7b82-46e3-9f9d-2ef20d815deb tempest-SnapshotsActionsTest-161975847 None] Delete snapshot completed successfully.
Jun 30 11:16:26 devstack cinder-volume[93768]: DEBUG cinder.coordination [None req-f1425f40-7b82-46e3-9f9d-2ef20d815deb tempest-SnapshotsActionsTest-161975847 None] Lock "cinder-1dda5c0c-7379-44c1-b2ab-49fb018bb58e-delete_snapshot" released by "delete_snapshot" :: held 3.725s {{(pid=93768) __release /opt/stack/cinder/cinder/coordination.py:152}}
Jun 30 11:16:27 devstack cinder-volume[93768]: DEBUG cinder.coordination [None req-30818fa9-2ad4-4e4c-9741-d918e90d90a4 tempest-SnapshotsActionsTest-941329640 None] Acquiring lock "cinder-df38182d-4b37-4e77-8414-d89a4e3723e8-delete_snapshot" by "delete_snapshot" {{(pid=93768) __acquire /opt/stack/cinder/cinder/coordination.py:138}}
Jun 30 11:16:27 devstack cinder-volume[93768]: DEBUG cinder.coordination [None req-30818fa9-2ad4-4e4c-9741-d918e90d90a4 tempest-SnapshotsActionsTest-941329640 None] Lock "cinder-df38182d-4b37-4e77-8414-d89a4e3723e8-delete_snapshot" acquired by "delete_snapshot" :: waited 0.023s {{(pid=93768) __acquire /opt/stack/cinder/cinder/coordination.py:141}}
Jun 30 11:16:27 devstack cinder-volume[93768]: DEBUG cinder.coordination [None req-30818fa9-2ad4-4e4c-9741-d918e90d90a4 tempest-SnapshotsActionsTest-941329640 None] Acquiring lock "cinder-quobyte-50189de2-c23b-452b-a4e2-54d9ef1e1640" by "delete_snapshot" {{(pid=93768) __acquire /opt/stack/cinder/cinder/coordination.py:138}}
Jun 30 11:16:27 devstack cinder-volume[93768]: DEBUG cinder.coordination [None req-30818fa9-2ad4-4e4c-9741-d918e90d90a4 tempest-SnapshotsActionsTest-941329640 None] Lock "cinder-quobyte-50189de2-c23b-452b-a4e2-54d9ef1e1640" acquired by "delete_snapshot" :: waited 0.040s {{(pid=93768) __acquire /opt/stack/cinder/cinder/coordination.py:141}}
Jun 30 11:16:27 devstack cinder-volume[93768]: DEBUG cinder.coordination [None req-30818fa9-2ad4-4e4c-9741-d918e90d90a4 tempest-SnapshotsActionsTest-941329640 None] Acquiring lock "cinder-quobyte-df38182d-4b37-4e77-8414-d89a4e3723e8" by "_delete_snapshot" {{(pid=93768) __acquire /opt/stack/cinder/cinder/coordination.py:138}}
Jun 30 11:16:28 devstack cinder-volume[93768]: DEBUG cinder.coordination [None req-30818fa9-2ad4-4e4c-9741-d918e90d90a4 tempest-SnapshotsActionsTest-941329640 None] Lock "cinder-quobyte-df38182d-4b37-4e77-8414-d89a4e3723e8" acquired by "_delete_snapshot" :: waited 0.029s {{(pid=93768) __acquire /opt/stack/cinder/cinder/coordination.py:141}}
Jun 30 11:16:28 devstack cinder-volume[93768]: DEBUG cinder.volume.drivers.remotefs [None req-30818fa9-2ad4-4e4c-9741-d918e90d90a4 tempest-SnapshotsActionsTest-941329640 None] Deleting offline snapshot df38182d-4b37-4e77-8414-d89a4e3723e8 of volume 50189de2-c23b-452b-a4e2-54d9ef1e1640 {{(pid=93768) _delete_snapshot /opt/stack/cinder/cinder/volume/drivers/remotefs.py:1288}}
Jun 30 11:16:28 devstack cinder-volume[93768]: DEBUG cinder.volume.drivers.remotefs [None req-30818fa9-2ad4-4e4c-9741-d918e90d90a4 tempest-SnapshotsActionsTest-941329640 None] snapshot_file for this snap is: volume-50189de2-c23b-452b-a4e2-54d9ef1e1640.df38182d-4b37-4e77-8414-d89a4e3723e8 {{(pid=93768) _delete_snapshot /opt/stack/cinder/cinder/volume/drivers/remotefs.py:1317}}
Jun 30 11:16:28 devstack cinder-volume[93768]: DEBUG oslo.privsep.daemon [-] privsep: reply[7f37d6a2-1984-4317-a67f-e84498a3639a]: (4, 'qcow2') {{(pid=94919) _call_back /opt/stack/data/venv/lib/python3.12/site-packages/oslo_privsep/daemon.py:580}}
Jun 30 11:16:28 devstack cinder-volume[93768]: DEBUG oslo_concurrency.processutils [None req-30818fa9-2ad4-4e4c-9741-d918e90d90a4 tempest-SnapshotsActionsTest-941329640 None] Running cmd (subprocess): /opt/stack/data/venv/bin/python3.12 -m oslo_concurrency.prlimit --as=1073741824 --cpu=60 -- sudo cinder-rootwrap /etc/cinder/rootwrap.conf env LC_ALL=C qemu-img info -f qcow2 --output=json --force-share /opt/stack/data/cinder/mnt/875c09e2ecbcf9b51b38cb2aad3fa128/volume-50189de2-c23b-452b-a4e2-54d9ef1e1640.df38182d-4b37-4e77-8414-d89a4e3723e8 {{(pid=93768) execute /opt/stack/data/venv/lib/python3.12/site-packages/oslo_concurrency/processutils.py:440}}
Jun 30 11:16:28 devstack sudo[97854]: quobyte : PWD=/ ; USER=root ; COMMAND=/opt/stack/data/venv/bin/cinder-rootwrap /etc/cinder/rootwrap.conf env LC_ALL=C qemu-img info -f qcow2 --output=json --force-share /opt/stack/data/cinder/mnt/875c09e2ecbcf9b51b38cb2aad3fa128/volume-50189de2-c23b-452b-a4e2-54d9ef1e1640.df38182d-4b37-4e77-8414-d89a4e3723e8
Jun 30 11:16:28 devstack sudo[97854]: pam_unix(sudo:session): session opened for user root(uid=0) by (uid=1000)
Jun 30 11:16:28 devstack cinder-volume[93768]: DEBUG oslo_concurrency.processutils [None req-30818fa9-2ad4-4e4c-9741-d918e90d90a4 tempest-SnapshotsActionsTest-941329640 None] CMD "/opt/stack/data/venv/bin/python3.12 -m oslo_concurrency.prlimit --as=1073741824 --cpu=60 -- sudo cinder-rootwrap /etc/cinder/rootwrap.conf env LC_ALL=C qemu-img info -f qcow2 --output=json --force-share /opt/stack/data/cinder/mnt/875c09e2ecbcf9b51b38cb2aad3fa128/volume-50189de2-c23b-452b-a4e2-54d9ef1e1640.df38182d-4b37-4e77-8414-d89a4e3723e8" returned: 0 in 0.824s {{(pid=93768) execute /opt/stack/data/venv/lib/python3.12/site-packages/oslo_concurrency/processutils.py:468}}
Jun 30 11:16:28 devstack sudo[97854]: pam_unix(sudo:session): session closed for user root
Jun 30 11:16:28 devstack cinder-volume[93768]: DEBUG cinder.volume.drivers.remotefs [None req-30818fa9-2ad4-4e4c-9741-d918e90d90a4 tempest-SnapshotsActionsTest-941329640 None] Fetching qemu-img info with special backing_file_template: (/opt/stack/data/cinder/mnt/[0-9a-f]+/)?(volume-50189de2-c23b-452b-a4e2-54d9ef1e1640(.(tmp-snap-)?[0-9a-f-]+)?|volume_from_snapshot_cache/(tmp-snap-)?[0-9a-f-]+(.(child-|parent-)[0-9a-f-]+)?)$ {{(pid=93768) _qemu_img_info_base /opt/stack/cinder/cinder/volume/drivers/remotefs.py:896}}
Jun 30 11:16:28 devstack cinder-volume[93768]: DEBUG oslo.privsep.daemon [-] privsep: reply[bb74dc4e-5d68-4b67-85c7-80b2ae4355ff]: (4, 'qcow2') {{(pid=94919) _call_back /opt/stack/data/venv/lib/python3.12/site-packages/oslo_privsep/daemon.py:580}}
Jun 30 11:16:28 devstack cinder-volume[93768]: DEBUG oslo_concurrency.processutils [None req-30818fa9-2ad4-4e4c-9741-d918e90d90a4 tempest-SnapshotsActionsTest-941329640 None] Running cmd (subprocess): /opt/stack/data/venv/bin/python3.12 -m oslo_concurrency.prlimit --as=1073741824 --cpu=60 -- sudo cinder-rootwrap /etc/cinder/rootwrap.conf env LC_ALL=C qemu-img info -f qcow2 --output=json --force-share /opt/stack/data/cinder/mnt/875c09e2ecbcf9b51b38cb2aad3fa128/volume-50189de2-c23b-452b-a4e2-54d9ef1e1640 {{(pid=93768) execute /opt/stack/data/venv/lib/python3.12/site-packages/oslo_concurrency/processutils.py:440}}
Jun 30 11:16:29 devstack sudo[97862]: quobyte : PWD=/ ; USER=root ; COMMAND=/opt/stack/data/venv/bin/cinder-rootwrap /etc/cinder/rootwrap.conf env LC_ALL=C qemu-img info -f qcow2 --output=json --force-share /opt/stack/data/cinder/mnt/875c09e2ecbcf9b51b38cb2aad3fa128/volume-50189de2-c23b-452b-a4e2-54d9ef1e1640
Jun 30 11:16:29 devstack sudo[97862]: pam_unix(sudo:session): session opened for user root(uid=0) by (uid=1000)
Jun 30 11:16:29 devstack sudo[97862]: pam_unix(sudo:session): session closed for user root
Jun 30 11:16:29 devstack cinder-volume[93768]: DEBUG oslo_concurrency.processutils [None req-30818fa9-2ad4-4e4c-9741-d918e90d90a4 tempest-SnapshotsActionsTest-941329640 None] CMD "/opt/stack/data/venv/bin/python3.12 -m oslo_concurrency.prlimit --as=1073741824 --cpu=60 -- sudo cinder-rootwrap /etc/cinder/rootwrap.conf env LC_ALL=C qemu-img info -f qcow2 --output=json --force-share /opt/stack/data/cinder/mnt/875c09e2ecbcf9b51b38cb2aad3fa128/volume-50189de2-c23b-452b-a4e2-54d9ef1e1640" returned: 0 in 0.844s {{(pid=93768) execute /opt/stack/data/venv/lib/python3.12/site-packages/oslo_concurrency/processutils.py:468}}
Jun 30 11:16:29 devstack cinder-volume[93768]: DEBUG oslo_concurrency.processutils [None req-30818fa9-2ad4-4e4c-9741-d918e90d90a4 tempest-SnapshotsActionsTest-941329640 None] Running cmd (subprocess): sudo cinder-rootwrap /etc/cinder/rootwrap.conf qemu-img commit -d /opt/stack/data/cinder/mnt/875c09e2ecbcf9b51b38cb2aad3fa128/volume-50189de2-c23b-452b-a4e2-54d9ef1e1640.df38182d-4b37-4e77-8414-d89a4e3723e8 {{(pid=93768) execute /opt/stack/data/venv/lib/python3.12/site-packages/oslo_concurrency/processutils.py:440}}
Jun 30 11:16:29 devstack sudo[97876]: quobyte : PWD=/ ; USER=root ; COMMAND=/opt/stack/data/venv/bin/cinder-rootwrap /etc/cinder/rootwrap.conf qemu-img commit -d /opt/stack/data/cinder/mnt/875c09e2ecbcf9b51b38cb2aad3fa128/volume-50189de2-c23b-452b-a4e2-54d9ef1e1640.df38182d-4b37-4e77-8414-d89a4e3723e8
Jun 30 11:16:29 devstack sudo[97876]: pam_unix(sudo:session): session opened for user root(uid=0) by (uid=1000)
Jun 30 11:16:30 devstack sudo[97876]: pam_unix(sudo:session): session closed for user root
Jun 30 11:16:30 devstack cinder-volume[93768]: DEBUG oslo_concurrency.processutils [None req-30818fa9-2ad4-4e4c-9741-d918e90d90a4 tempest-SnapshotsActionsTest-941329640 None] CMD "sudo cinder-rootwrap /etc/cinder/rootwrap.conf qemu-img commit -d /opt/stack/data/cinder/mnt/875c09e2ecbcf9b51b38cb2aad3fa128/volume-50189de2-c23b-452b-a4e2-54d9ef1e1640.df38182d-4b37-4e77-8414-d89a4e3723e8" returned: 0 in 0.896s {{(pid=93768) execute /opt/stack/data/venv/lib/python3.12/site-packages/oslo_concurrency/processutils.py:468}}
Jun 30 11:16:30 devstack cinder-volume[93768]: DEBUG oslo_concurrency.processutils [None req-30818fa9-2ad4-4e4c-9741-d918e90d90a4 tempest-SnapshotsActionsTest-941329640 None] Running cmd (subprocess): sudo cinder-rootwrap /etc/cinder/rootwrap.conf rm -f /opt/stack/data/cinder/mnt/875c09e2ecbcf9b51b38cb2aad3fa128/volume-50189de2-c23b-452b-a4e2-54d9ef1e1640.df38182d-4b37-4e77-8414-d89a4e3723e8 {{(pid=93768) execute /opt/stack/data/venv/lib/python3.12/site-packages/oslo_concurrency/processutils.py:440}}
Jun 30 11:16:30 devstack sudo[97889]: quobyte : PWD=/ ; USER=root ; COMMAND=/opt/stack/data/venv/bin/cinder-rootwrap /etc/cinder/rootwrap.conf rm -f /opt/stack/data/cinder/mnt/875c09e2ecbcf9b51b38cb2aad3fa128/volume-50189de2-c23b-452b-a4e2-54d9ef1e1640.df38182d-4b37-4e77-8414-d89a4e3723e8
Jun 30 11:16:30 devstack sudo[97889]: pam_unix(sudo:session): session opened for user root(uid=0) by (uid=1000)
Jun 30 11:16:31 devstack sudo[97889]: pam_unix(sudo:session): session closed for user root
Jun 30 11:16:31 devstack cinder-volume[93768]: DEBUG oslo_concurrency.processutils [None req-30818fa9-2ad4-4e4c-9741-d918e90d90a4 tempest-SnapshotsActionsTest-941329640 None] CMD "sudo cinder-rootwrap /etc/cinder/rootwrap.conf rm -f /opt/stack/data/cinder/mnt/875c09e2ecbcf9b51b38cb2aad3fa128/volume-50189de2-c23b-452b-a4e2-54d9ef1e1640.df38182d-4b37-4e77-8414-d89a4e3723e8" returned: 0 in 1.005s {{(pid=93768) execute /opt/stack/data/venv/lib/python3.12/site-packages/oslo_concurrency/processutils.py:468}}
Jun 30 11:16:31 devstack cinder-volume[93768]: DEBUG dbcounter [-] [93768] Writing DB stats cinder:SELECT=54,cinder:INSERT=14,cinder:UPDATE=42,cinder:DELETE=3 {{(pid=93768) stat_writer /opt/stack/data/venv/lib/python3.12/site-packages/dbcounter.py:115}}
Jun 30 11:16:31 devstack cinder-volume[93768]: DEBUG dbcounter [-] [93768] Writing DB stats cinder:SELECT=57,cinder:UPDATE=53,cinder:INSERT=10,cinder:DELETE=6 {{(pid=93768) stat_writer /opt/stack/data/venv/lib/python3.12/site-packages/dbcounter.py:115}}
Jun 30 11:16:31 devstack cinder-volume[93768]: DEBUG cinder.coordination [None req-30818fa9-2ad4-4e4c-9741-d918e90d90a4 tempest-SnapshotsActionsTest-941329640 None] Lock "cinder-quobyte-df38182d-4b37-4e77-8414-d89a4e3723e8" released by "_delete_snapshot" :: held 3.733s {{(pid=93768) __release /opt/stack/cinder/cinder/coordination.py:152}}
Jun 30 11:16:31 devstack cinder-volume[93768]: DEBUG cinder.coordination [None req-30818fa9-2ad4-4e4c-9741-d918e90d90a4 tempest-SnapshotsActionsTest-941329640 None] Lock "cinder-quobyte-50189de2-c23b-452b-a4e2-54d9ef1e1640" released by "delete_snapshot" :: held 3.780s {{(pid=93768) __release /opt/stack/cinder/cinder/coordination.py:152}}
Jun 30 11:16:31 devstack cinder-volume[93768]: DEBUG cinder.quota [None req-30818fa9-2ad4-4e4c-9741-d918e90d90a4 tempest-SnapshotsActionsTest-941329640 None] Created reservations ['d7eaa0d0-e320-4883-8bf9-de992318322e', 'edf3f276-fb98-425b-8ed4-68062e08309e', '211c4daa-508c-490d-b2c3-8a99069769cc', 'f3df0967-5630-4473-a533-0ee9d2142839'] {{(pid=93768) reserve /opt/stack/cinder/cinder/quota.py:752}}
Jun 30 11:16:31 devstack cinder-volume[93768]: INFO cinder.volume.manager [None req-30818fa9-2ad4-4e4c-9741-d918e90d90a4 tempest-SnapshotsActionsTest-941329640 None] Delete snapshot completed successfully.
