Jun 30 11:17:52 devstack cinder-volume[93768]: DEBUG cinder.quota [None req-bdfd5e4d-f985-45c6-a9f6-2e45e966d798 tempest-VolumesMetadataTest-1975646630 None] Created reservations ['fc7877e2-3250-4899-9703-962956bcc30c', 'e65773ab-5c79-47d8-90e6-7ba07c155d6c', '0c59fec3-b568-4539-a0c7-f966784f8bab', '7e587527-e59c-448b-a9f2-6157e1d70414'] {{(pid=93768) reserve /opt/stack/cinder/cinder/quota.py:752}}
Jun 30 11:17:52 devstack cinder-volume[93768]: DEBUG oslo_concurrency.lockutils [None req-bdfd5e4d-f985-45c6-a9f6-2e45e966d798 tempest-VolumesMetadataTest-1975646630 None] Acquiring lock "quobyte_ensure" by "cinder.volume.drivers.quobyte.QuobyteDriver._ensure_shares_mounted" {{(pid=93768) inner /opt/stack/data/venv/lib/python3.12/site-packages/oslo_concurrency/lockutils.py:511}}
Jun 30 11:17:52 devstack cinder-volume[93768]: DEBUG oslo_concurrency.lockutils [None req-bdfd5e4d-f985-45c6-a9f6-2e45e966d798 tempest-VolumesMetadataTest-1975646630 None] Lock "quobyte_ensure" acquired by "cinder.volume.drivers.quobyte.QuobyteDriver._ensure_shares_mounted" :: waited 0.001s {{(pid=93768) inner /opt/stack/data/venv/lib/python3.12/site-packages/oslo_concurrency/lockutils.py:524}}
Jun 30 11:17:52 devstack cinder-volume[93768]: DEBUG cinder.volume.drivers.quobyte [None req-bdfd5e4d-f985-45c6-a9f6-2e45e966d798 tempest-VolumesMetadataTest-1975646630 None] Quobyte Volume URL set to: {'osci02.corp.quobyte.com/cinder-vol-4549bedd-c12b-40e9-88be-149abbc28f28': None} {{(pid=93768) _load_shares_config /opt/stack/cinder/cinder/volume/drivers/quobyte.py:617}}
Jun 30 11:17:52 devstack cinder-volume[93768]: DEBUG cinder.volume.drivers.quobyte [None req-bdfd5e4d-f985-45c6-a9f6-2e45e966d798 tempest-VolumesMetadataTest-1975646630 None] Available shares ['osci02.corp.quobyte.com/cinder-vol-4549bedd-c12b-40e9-88be-149abbc28f28'] {{(pid=93768) _ensure_shares_mounted /opt/stack/cinder/cinder/volume/drivers/quobyte.py:647}}
Jun 30 11:17:52 devstack cinder-volume[93768]: DEBUG oslo_concurrency.lockutils [None req-bdfd5e4d-f985-45c6-a9f6-2e45e966d798 tempest-VolumesMetadataTest-1975646630 None] Lock "quobyte_ensure" "released" by "cinder.volume.drivers.quobyte.QuobyteDriver._ensure_shares_mounted" :: held 0.010s {{(pid=93768) inner /opt/stack/data/venv/lib/python3.12/site-packages/oslo_concurrency/lockutils.py:543}}
Jun 30 11:17:52 devstack cinder-volume[93768]: DEBUG oslo_concurrency.processutils [None req-bdfd5e4d-f985-45c6-a9f6-2e45e966d798 tempest-VolumesMetadataTest-1975646630 None] Running cmd (subprocess): sudo cinder-rootwrap /etc/cinder/rootwrap.conf df --portability --block-size 1 /opt/stack/data/cinder/mnt/875c09e2ecbcf9b51b38cb2aad3fa128 {{(pid=93768) execute /opt/stack/data/venv/lib/python3.12/site-packages/oslo_concurrency/processutils.py:440}}
Jun 30 11:17:52 devstack sudo[99139]: quobyte : PWD=/ ; USER=root ; COMMAND=/opt/stack/data/venv/bin/cinder-rootwrap /etc/cinder/rootwrap.conf df --portability --block-size 1 /opt/stack/data/cinder/mnt/875c09e2ecbcf9b51b38cb2aad3fa128
Jun 30 11:17:52 devstack sudo[99139]: pam_unix(sudo:session): session opened for user root(uid=0) by (uid=1000)
Jun 30 11:17:53 devstack cinder-volume[93768]: INFO cinder.volume.manager [None req-e19f85c6-036b-4ac2-bb97-a0a0bc153a53 tempest-GroupSnapshotsTest-1810682124 None] GroupSnapshot 356be94b-7e63-4a2b-8e2d-6e2c50e78578: creating.
Jun 30 11:17:53 devstack cinder-volume[93768]: DEBUG cinder.volume.manager [None req-e19f85c6-036b-4ac2-bb97-a0a0bc153a53 tempest-GroupSnapshotsTest-1810682124 None] Group snapshot 356be94b-7e63-4a2b-8e2d-6e2c50e78578: creating. {{(pid=93768) create_group_snapshot /opt/stack/cinder/cinder/volume/manager.py:4175}}
Jun 30 11:17:53 devstack cinder-volume[93768]: DEBUG oslo_concurrency.lockutils [None req-e19f85c6-036b-4ac2-bb97-a0a0bc153a53 tempest-GroupSnapshotsTest-1810682124 None] Acquiring lock "quobyte" by "cinder.volume.drivers.quobyte.QuobyteDriver.create_snapshot" {{(pid=93768) inner /opt/stack/data/venv/lib/python3.12/site-packages/oslo_concurrency/lockutils.py:511}}
Jun 30 11:17:53 devstack cinder-volume[93768]: DEBUG oslo_concurrency.lockutils [None req-e19f85c6-036b-4ac2-bb97-a0a0bc153a53 tempest-GroupSnapshotsTest-1810682124 None] Lock "quobyte" acquired by "cinder.volume.drivers.quobyte.QuobyteDriver.create_snapshot" :: waited 0.001s {{(pid=93768) inner /opt/stack/data/venv/lib/python3.12/site-packages/oslo_concurrency/lockutils.py:524}}
Jun 30 11:17:53 devstack cinder-volume[93768]: DEBUG cinder.volume.drivers.remotefs [None req-e19f85c6-036b-4ac2-bb97-a0a0bc153a53 tempest-GroupSnapshotsTest-1810682124 None] Creating offline snapshot 27780535-3c64-44b6-884e-7fa6894edebf of volume 620dbab1-7b81-4849-9f0b-2c6dbfa1c775 {{(pid=93768) _create_snapshot /opt/stack/cinder/cinder/volume/drivers/remotefs.py:1816}}
Jun 30 11:17:53 devstack cinder-volume[93768]: DEBUG oslo.privsep.daemon [-] privsep: reply[b236860f-3472-4948-9349-e09996b89d28]: (4, 'qcow2') {{(pid=94919) _call_back /opt/stack/data/venv/lib/python3.12/site-packages/oslo_privsep/daemon.py:580}}
Jun 30 11:17:53 devstack cinder-volume[93768]: DEBUG oslo_concurrency.processutils [None req-e19f85c6-036b-4ac2-bb97-a0a0bc153a53 tempest-GroupSnapshotsTest-1810682124 None] Running cmd (subprocess): /opt/stack/data/venv/bin/python3.12 -m oslo_concurrency.prlimit --as=1073741824 --cpu=60 -- sudo cinder-rootwrap /etc/cinder/rootwrap.conf env LC_ALL=C qemu-img info -f qcow2 --output=json --force-share /opt/stack/data/cinder/mnt/875c09e2ecbcf9b51b38cb2aad3fa128/volume-620dbab1-7b81-4849-9f0b-2c6dbfa1c775 {{(pid=93768) execute /opt/stack/data/venv/lib/python3.12/site-packages/oslo_concurrency/processutils.py:440}}
Jun 30 11:17:53 devstack sudo[99139]: pam_unix(sudo:session): session closed for user root
Jun 30 11:17:53 devstack cinder-volume[93768]: DEBUG oslo_concurrency.processutils [None req-bdfd5e4d-f985-45c6-a9f6-2e45e966d798 tempest-VolumesMetadataTest-1975646630 None] CMD "sudo cinder-rootwrap /etc/cinder/rootwrap.conf df --portability --block-size 1 /opt/stack/data/cinder/mnt/875c09e2ecbcf9b51b38cb2aad3fa128" returned: 0 in 0.954s {{(pid=93768) execute /opt/stack/data/venv/lib/python3.12/site-packages/oslo_concurrency/processutils.py:468}}
Jun 30 11:17:53 devstack cinder-volume[93768]: DEBUG cinder.manager [None req-bdfd5e4d-f985-45c6-a9f6-2e45e966d798 tempest-VolumesMetadataTest-1975646630 None] Notifying Schedulers of capabilities ... {{(pid=93768) _publish_service_capabilities /opt/stack/cinder/cinder/manager.py:219}}
Jun 30 11:17:53 devstack cinder-volume[93768]: INFO cinder.volume.manager [None req-bdfd5e4d-f985-45c6-a9f6-2e45e966d798 tempest-VolumesMetadataTest-1975646630 None] Deleted volume successfully.
Jun 30 11:17:53 devstack cinder-volume[93768]: DEBUG cinder.coordination [None req-bdfd5e4d-f985-45c6-a9f6-2e45e966d798 tempest-VolumesMetadataTest-1975646630 None] Lock "cinder-b6a43ca0-4c78-43e2-a920-448b8ecd5a4d-delete_volume" released by "delete_volume" :: held 2.688s {{(pid=93768) __release /opt/stack/cinder/cinder/coordination.py:152}}
Jun 30 11:17:53 devstack sudo[99142]: quobyte : PWD=/ ; USER=root ; COMMAND=/opt/stack/data/venv/bin/cinder-rootwrap /etc/cinder/rootwrap.conf env LC_ALL=C qemu-img info -f qcow2 --output=json --force-share /opt/stack/data/cinder/mnt/875c09e2ecbcf9b51b38cb2aad3fa128/volume-620dbab1-7b81-4849-9f0b-2c6dbfa1c775
Jun 30 11:17:53 devstack sudo[99142]: pam_unix(sudo:session): session opened for user root(uid=0) by (uid=1000)
Jun 30 11:17:54 devstack sudo[99142]: pam_unix(sudo:session): session closed for user root
Jun 30 11:17:54 devstack cinder-volume[93768]: DEBUG oslo_concurrency.processutils [None req-e19f85c6-036b-4ac2-bb97-a0a0bc153a53 tempest-GroupSnapshotsTest-1810682124 None] CMD "/opt/stack/data/venv/bin/python3.12 -m oslo_concurrency.prlimit --as=1073741824 --cpu=60 -- sudo cinder-rootwrap /etc/cinder/rootwrap.conf env LC_ALL=C qemu-img info -f qcow2 --output=json --force-share /opt/stack/data/cinder/mnt/875c09e2ecbcf9b51b38cb2aad3fa128/volume-620dbab1-7b81-4849-9f0b-2c6dbfa1c775" returned: 0 in 1.166s {{(pid=93768) execute /opt/stack/data/venv/lib/python3.12/site-packages/oslo_concurrency/processutils.py:468}}
Jun 30 11:17:54 devstack cinder-volume[93768]: DEBUG oslo_concurrency.processutils [None req-e19f85c6-036b-4ac2-bb97-a0a0bc153a53 tempest-GroupSnapshotsTest-1810682124 None] Running cmd (subprocess): sudo cinder-rootwrap /etc/cinder/rootwrap.conf qemu-img create -f qcow2 -o backing_file=/opt/stack/data/cinder/mnt/875c09e2ecbcf9b51b38cb2aad3fa128/volume-620dbab1-7b81-4849-9f0b-2c6dbfa1c775,backing_fmt=qcow2 /opt/stack/data/cinder/mnt/875c09e2ecbcf9b51b38cb2aad3fa128/volume-620dbab1-7b81-4849-9f0b-2c6dbfa1c775.27780535-3c64-44b6-884e-7fa6894edebf 1G {{(pid=93768) execute /opt/stack/data/venv/lib/python3.12/site-packages/oslo_concurrency/processutils.py:440}}
Jun 30 11:17:54 devstack sudo[99160]: quobyte : PWD=/ ; USER=root ; COMMAND=/opt/stack/data/venv/bin/cinder-rootwrap /etc/cinder/rootwrap.conf qemu-img create -f qcow2 -o backing_file=/opt/stack/data/cinder/mnt/875c09e2ecbcf9b51b38cb2aad3fa128/volume-620dbab1-7b81-4849-9f0b-2c6dbfa1c775,backing_fmt=qcow2 /opt/stack/data/cinder/mnt/875c09e2ecbcf9b51b38cb2aad3fa128/volume-620dbab1-7b81-4849-9f0b-2c6dbfa1c775.27780535-3c64-44b6-884e-7fa6894edebf 1G
Jun 30 11:17:54 devstack sudo[99160]: pam_unix(sudo:session): session opened for user root(uid=0) by (uid=1000)
Jun 30 11:17:55 devstack sudo[99160]: pam_unix(sudo:session): session closed for user root
Jun 30 11:17:55 devstack cinder-volume[93768]: DEBUG oslo_concurrency.processutils [None req-e19f85c6-036b-4ac2-bb97-a0a0bc153a53 tempest-GroupSnapshotsTest-1810682124 None] CMD "sudo cinder-rootwrap /etc/cinder/rootwrap.conf qemu-img create -f qcow2 -o backing_file=/opt/stack/data/cinder/mnt/875c09e2ecbcf9b51b38cb2aad3fa128/volume-620dbab1-7b81-4849-9f0b-2c6dbfa1c775,backing_fmt=qcow2 /opt/stack/data/cinder/mnt/875c09e2ecbcf9b51b38cb2aad3fa128/volume-620dbab1-7b81-4849-9f0b-2c6dbfa1c775.27780535-3c64-44b6-884e-7fa6894edebf 1G" returned: 0 in 0.987s {{(pid=93768) execute /opt/stack/data/venv/lib/python3.12/site-packages/oslo_concurrency/processutils.py:468}}
Jun 30 11:17:55 devstack cinder-volume[93768]: DEBUG oslo_concurrency.processutils [None req-e19f85c6-036b-4ac2-bb97-a0a0bc153a53 tempest-GroupSnapshotsTest-1810682124 None] Running cmd (subprocess): sudo cinder-rootwrap /etc/cinder/rootwrap.conf qemu-img rebase -u -b volume-620dbab1-7b81-4849-9f0b-2c6dbfa1c775 -F qcow2 /opt/stack/data/cinder/mnt/875c09e2ecbcf9b51b38cb2aad3fa128/volume-620dbab1-7b81-4849-9f0b-2c6dbfa1c775.27780535-3c64-44b6-884e-7fa6894edebf {{(pid=93768) execute /opt/stack/data/venv/lib/python3.12/site-packages/oslo_concurrency/processutils.py:440}}
Jun 30 11:17:55 devstack sudo[99173]: quobyte : PWD=/ ; USER=root ; COMMAND=/opt/stack/data/venv/bin/cinder-rootwrap /etc/cinder/rootwrap.conf qemu-img rebase -u -b volume-620dbab1-7b81-4849-9f0b-2c6dbfa1c775 -F qcow2 /opt/stack/data/cinder/mnt/875c09e2ecbcf9b51b38cb2aad3fa128/volume-620dbab1-7b81-4849-9f0b-2c6dbfa1c775.27780535-3c64-44b6-884e-7fa6894edebf
Jun 30 11:17:55 devstack sudo[99173]: pam_unix(sudo:session): session opened for user root(uid=0) by (uid=1000)
Jun 30 11:17:56 devstack sudo[99173]: pam_unix(sudo:session): session closed for user root
Jun 30 11:17:56 devstack cinder-volume[93768]: DEBUG oslo_concurrency.processutils [None req-e19f85c6-036b-4ac2-bb97-a0a0bc153a53 tempest-GroupSnapshotsTest-1810682124 None] CMD "sudo cinder-rootwrap /etc/cinder/rootwrap.conf qemu-img rebase -u -b volume-620dbab1-7b81-4849-9f0b-2c6dbfa1c775 -F qcow2 /opt/stack/data/cinder/mnt/875c09e2ecbcf9b51b38cb2aad3fa128/volume-620dbab1-7b81-4849-9f0b-2c6dbfa1c775.27780535-3c64-44b6-884e-7fa6894edebf" returned: 0 in 0.709s {{(pid=93768) execute /opt/stack/data/venv/lib/python3.12/site-packages/oslo_concurrency/processutils.py:468}}
Jun 30 11:17:56 devstack cinder-volume[93768]: WARNING cinder.volume.drivers.remotefs [None req-e19f85c6-036b-4ac2-bb97-a0a0bc153a53 tempest-GroupSnapshotsTest-1810682124 None] /opt/stack/data/cinder/mnt/875c09e2ecbcf9b51b38cb2aad3fa128/volume-620dbab1-7b81-4849-9f0b-2c6dbfa1c775.27780535-3c64-44b6-884e-7fa6894edebf is being set with open permissions: ugo+rw: NotImplementedError
Jun 30 11:17:56 devstack cinder-volume[93768]: DEBUG oslo_concurrency.processutils [None req-e19f85c6-036b-4ac2-bb97-a0a0bc153a53 tempest-GroupSnapshotsTest-1810682124 None] Running cmd (subprocess): sudo cinder-rootwrap /etc/cinder/rootwrap.conf chmod ugo+rw /opt/stack/data/cinder/mnt/875c09e2ecbcf9b51b38cb2aad3fa128/volume-620dbab1-7b81-4849-9f0b-2c6dbfa1c775.27780535-3c64-44b6-884e-7fa6894edebf {{(pid=93768) execute /opt/stack/data/venv/lib/python3.12/site-packages/oslo_concurrency/processutils.py:440}}
Jun 30 11:17:56 devstack sudo[99178]: quobyte : PWD=/ ; USER=root ; COMMAND=/opt/stack/data/venv/bin/cinder-rootwrap /etc/cinder/rootwrap.conf chmod ugo+rw /opt/stack/data/cinder/mnt/875c09e2ecbcf9b51b38cb2aad3fa128/volume-620dbab1-7b81-4849-9f0b-2c6dbfa1c775.27780535-3c64-44b6-884e-7fa6894edebf
Jun 30 11:17:56 devstack sudo[99178]: pam_unix(sudo:session): session opened for user root(uid=0) by (uid=1000)
Jun 30 11:17:57 devstack sudo[99178]: pam_unix(sudo:session): session closed for user root
Jun 30 11:17:57 devstack cinder-volume[93768]: DEBUG oslo_concurrency.processutils [None req-e19f85c6-036b-4ac2-bb97-a0a0bc153a53 tempest-GroupSnapshotsTest-1810682124 None] CMD "sudo cinder-rootwrap /etc/cinder/rootwrap.conf chmod ugo+rw /opt/stack/data/cinder/mnt/875c09e2ecbcf9b51b38cb2aad3fa128/volume-620dbab1-7b81-4849-9f0b-2c6dbfa1c775.27780535-3c64-44b6-884e-7fa6894edebf" returned: 0 in 0.675s {{(pid=93768) execute /opt/stack/data/venv/lib/python3.12/site-packages/oslo_concurrency/processutils.py:468}}
Jun 30 11:17:57 devstack cinder-volume[93768]: DEBUG oslo_concurrency.processutils [None req-e19f85c6-036b-4ac2-bb97-a0a0bc153a53 tempest-GroupSnapshotsTest-1810682124 None] Running cmd (subprocess): sudo cinder-rootwrap /etc/cinder/rootwrap.conf truncate -s0 /opt/stack/data/cinder/mnt/875c09e2ecbcf9b51b38cb2aad3fa128/volume-620dbab1-7b81-4849-9f0b-2c6dbfa1c775.info {{(pid=93768) execute /opt/stack/data/venv/lib/python3.12/site-packages/oslo_concurrency/processutils.py:440}}
Jun 30 11:17:57 devstack sudo[99181]: quobyte : PWD=/ ; USER=root ; COMMAND=/opt/stack/data/venv/bin/cinder-rootwrap /etc/cinder/rootwrap.conf truncate -s0 /opt/stack/data/cinder/mnt/875c09e2ecbcf9b51b38cb2aad3fa128/volume-620dbab1-7b81-4849-9f0b-2c6dbfa1c775.info
Jun 30 11:17:57 devstack sudo[99181]: pam_unix(sudo:session): session opened for user root(uid=0) by (uid=1000)
Jun 30 11:17:57 devstack sudo[99181]: pam_unix(sudo:session): session closed for user root
Jun 30 11:17:57 devstack cinder-volume[93768]: DEBUG oslo_concurrency.processutils [None req-e19f85c6-036b-4ac2-bb97-a0a0bc153a53 tempest-GroupSnapshotsTest-1810682124 None] CMD "sudo cinder-rootwrap /etc/cinder/rootwrap.conf truncate -s0 /opt/stack/data/cinder/mnt/875c09e2ecbcf9b51b38cb2aad3fa128/volume-620dbab1-7b81-4849-9f0b-2c6dbfa1c775.info" returned: 0 in 0.695s {{(pid=93768) execute /opt/stack/data/venv/lib/python3.12/site-packages/oslo_concurrency/processutils.py:468}}
Jun 30 11:17:57 devstack cinder-volume[93768]: WARNING cinder.volume.drivers.remotefs [None req-e19f85c6-036b-4ac2-bb97-a0a0bc153a53 tempest-GroupSnapshotsTest-1810682124 None] /opt/stack/data/cinder/mnt/875c09e2ecbcf9b51b38cb2aad3fa128/volume-620dbab1-7b81-4849-9f0b-2c6dbfa1c775.info is being set with open permissions: ugo+rw: NotImplementedError
Jun 30 11:17:57 devstack cinder-volume[93768]: DEBUG oslo_concurrency.processutils [None req-e19f85c6-036b-4ac2-bb97-a0a0bc153a53 tempest-GroupSnapshotsTest-1810682124 None] Running cmd (subprocess): sudo cinder-rootwrap /etc/cinder/rootwrap.conf chmod ugo+rw /opt/stack/data/cinder/mnt/875c09e2ecbcf9b51b38cb2aad3fa128/volume-620dbab1-7b81-4849-9f0b-2c6dbfa1c775.info {{(pid=93768) execute /opt/stack/data/venv/lib/python3.12/site-packages/oslo_concurrency/processutils.py:440}}
Jun 30 11:17:57 devstack sudo[99184]: quobyte : PWD=/ ; USER=root ; COMMAND=/opt/stack/data/venv/bin/cinder-rootwrap /etc/cinder/rootwrap.conf chmod ugo+rw /opt/stack/data/cinder/mnt/875c09e2ecbcf9b51b38cb2aad3fa128/volume-620dbab1-7b81-4849-9f0b-2c6dbfa1c775.info
Jun 30 11:17:57 devstack sudo[99184]: pam_unix(sudo:session): session opened for user root(uid=0) by (uid=1000)
Jun 30 11:17:58 devstack sudo[99184]: pam_unix(sudo:session): session closed for user root
Jun 30 11:17:58 devstack cinder-volume[93768]: DEBUG oslo_concurrency.processutils [None req-e19f85c6-036b-4ac2-bb97-a0a0bc153a53 tempest-GroupSnapshotsTest-1810682124 None] CMD "sudo cinder-rootwrap /etc/cinder/rootwrap.conf chmod ugo+rw /opt/stack/data/cinder/mnt/875c09e2ecbcf9b51b38cb2aad3fa128/volume-620dbab1-7b81-4849-9f0b-2c6dbfa1c775.info" returned: 0 in 0.687s {{(pid=93768) execute /opt/stack/data/venv/lib/python3.12/site-packages/oslo_concurrency/processutils.py:468}}
Jun 30 11:17:58 devstack cinder-volume[93768]: DEBUG oslo_concurrency.lockutils [None req-e19f85c6-036b-4ac2-bb97-a0a0bc153a53 tempest-GroupSnapshotsTest-1810682124 None] Lock "quobyte" "released" by "cinder.volume.drivers.quobyte.QuobyteDriver.create_snapshot" :: held 5.046s {{(pid=93768) inner /opt/stack/data/venv/lib/python3.12/site-packages/oslo_concurrency/lockutils.py:543}}
Jun 30 11:17:58 devstack cinder-volume[93768]: DEBUG oslo_concurrency.lockutils [None req-e19f85c6-036b-4ac2-bb97-a0a0bc153a53 tempest-GroupSnapshotsTest-1810682124 None] Acquiring lock "quobyte" by "cinder.volume.drivers.quobyte.QuobyteDriver.create_snapshot" {{(pid=93768) inner /opt/stack/data/venv/lib/python3.12/site-packages/oslo_concurrency/lockutils.py:511}}
Jun 30 11:17:58 devstack cinder-volume[93768]: DEBUG oslo_concurrency.lockutils [None req-e19f85c6-036b-4ac2-bb97-a0a0bc153a53 tempest-GroupSnapshotsTest-1810682124 None] Lock "quobyte" acquired by "cinder.volume.drivers.quobyte.QuobyteDriver.create_snapshot" :: waited 0.000s {{(pid=93768) inner /opt/stack/data/venv/lib/python3.12/site-packages/oslo_concurrency/lockutils.py:524}}
Jun 30 11:17:58 devstack cinder-volume[93768]: DEBUG cinder.volume.drivers.remotefs [None req-e19f85c6-036b-4ac2-bb97-a0a0bc153a53 tempest-GroupSnapshotsTest-1810682124 None] Creating offline snapshot c807fa19-320d-4f8d-b8e4-f17abf356619 of volume 3de693f8-6ad3-4f95-9481-74be36983978 {{(pid=93768) _create_snapshot /opt/stack/cinder/cinder/volume/drivers/remotefs.py:1816}}
Jun 30 11:17:58 devstack cinder-volume[93768]: DEBUG oslo.privsep.daemon [-] privsep: reply[9fa63e95-502e-44a9-b184-68b454b71cb3]: (4, 'qcow2') {{(pid=94919) _call_back /opt/stack/data/venv/lib/python3.12/site-packages/oslo_privsep/daemon.py:580}}
Jun 30 11:17:58 devstack cinder-volume[93768]: DEBUG oslo_concurrency.processutils [None req-e19f85c6-036b-4ac2-bb97-a0a0bc153a53 tempest-GroupSnapshotsTest-1810682124 None] Running cmd (subprocess): /opt/stack/data/venv/bin/python3.12 -m oslo_concurrency.prlimit --as=1073741824 --cpu=60 -- sudo cinder-rootwrap /etc/cinder/rootwrap.conf env LC_ALL=C qemu-img info -f qcow2 --output=json --force-share /opt/stack/data/cinder/mnt/875c09e2ecbcf9b51b38cb2aad3fa128/volume-3de693f8-6ad3-4f95-9481-74be36983978 {{(pid=93768) execute /opt/stack/data/venv/lib/python3.12/site-packages/oslo_concurrency/processutils.py:440}}
Jun 30 11:17:58 devstack cinder-volume[93768]: DEBUG cinder.volume.flows.manager.create_volume [None req-54c37d1a-17a8-4a10-8b6c-91fff7b4eefa tempest-VolumesTransfersV355Test-581951543 None] Volume reschedule parameters: True retry: {'num_attempts': 1, 'backends': ['devstack@QuobyteHD#QuobyteHD'], 'hosts': ['devstack@QuobyteHD#QuobyteHD']} {{(pid=93768) get_flow /opt/stack/cinder/cinder/volume/flows/manager/create_volume.py:1397}}
Jun 30 11:17:58 devstack cinder-volume[93768]: DEBUG cinder.volume.manager [None req-54c37d1a-17a8-4a10-8b6c-91fff7b4eefa tempest-VolumesTransfersV355Test-581951543 None] Flow 'volume_create_manager' (4f36f610-e792-41b6-977e-4de238b7acc5) transitioned into state 'RUNNING' from state 'PENDING' {{(pid=93768) _flow_receiver /opt/stack/data/venv/lib/python3.12/site-packages/taskflow/listeners/logging.py:160}}
Jun 30 11:17:58 devstack cinder-volume[93768]: DEBUG cinder.volume.manager [None req-54c37d1a-17a8-4a10-8b6c-91fff7b4eefa tempest-VolumesTransfersV355Test-581951543 None] Task 'cinder.volume.flows.manager.create_volume.ExtractVolumeRefTask;volume:create' (52d0baae-e998-4387-afd8-8500de791929) transitioned into state 'RUNNING' from state 'PENDING' {{(pid=93768) _task_receiver /opt/stack/data/venv/lib/python3.12/site-packages/taskflow/listeners/logging.py:242}}
Jun 30 11:17:58 devstack cinder-volume[93768]: DEBUG cinder.volume.manager [None req-54c37d1a-17a8-4a10-8b6c-91fff7b4eefa tempest-VolumesTransfersV355Test-581951543 None] Task 'cinder.volume.flows.manager.create_volume.ExtractVolumeRefTask;volume:create' (52d0baae-e998-4387-afd8-8500de791929) transitioned into state 'SUCCESS' from state 'RUNNING' with result 'Volume(_name_id=None,admin_metadata=,attach_status='detached',availability_zone='nova',bootable=False,cluster=,cluster_name=None,consistencygroup=,consistencygroup_id=None,created_at=2026-06-30T09:17:58Z,deleted=False,deleted_at=None,display_description=None,display_name='tempest-VolumesTransfersV355Test-Volume-290413968',ec2_id=None,encryption_key_id=None,glance_metadata=,group=,group_id=None,host='devstack@QuobyteHD#QuobyteHD',id=3aae3ac2-e456-4950-8de6-62b0a480440e,launched_at=None,metadata={},migration_status=None,multiattach=False,previous_status=None,project_id='d65b46a760ac4fc98a4e31de1fc3e604',provider_auth=None,provider_geometry=None,provider_id=None,provider_location=None,replication_driver_data=None,replication_extended_status=None,replication_status=None,scheduled_at=2026-06-30T09:17:59Z,service_uuid=None,shared_targets=True,size=1,snapshot_id=None,snapshots=,source_volid=None,status='creating',terminated_at=None,updated_at=2026-06-30T09:17:59Z,use_quota=True,user_id='b3c8bafa8c264a0b957439c717cc7c88',volume_attachment=VolumeAttachmentList,volume_type=VolumeType(917ba79a-bd94-453e-82a0-efc78b2499c6),volume_type_id=917ba79a-bd94-453e-82a0-efc78b2499c6)' {{(pid=93768) _task_receiver /opt/stack/data/venv/lib/python3.12/site-packages/taskflow/listeners/logging.py:218}}
Jun 30 11:17:58 devstack cinder-volume[93768]: DEBUG cinder.volume.manager [None req-54c37d1a-17a8-4a10-8b6c-91fff7b4eefa tempest-VolumesTransfersV355Test-581951543 None] Task 'cinder.volume.flows.manager.create_volume.OnFailureRescheduleTask;volume:create' (42ba08a6-3214-487b-bceb-5d99999fcbfc) transitioned into state 'RUNNING' from state 'PENDING' {{(pid=93768) _task_receiver /opt/stack/data/venv/lib/python3.12/site-packages/taskflow/listeners/logging.py:242}}
Jun 30 11:17:58 devstack cinder-volume[93768]: DEBUG cinder.volume.manager [None req-54c37d1a-17a8-4a10-8b6c-91fff7b4eefa tempest-VolumesTransfersV355Test-581951543 None] Task 'cinder.volume.flows.manager.create_volume.OnFailureRescheduleTask;volume:create' (42ba08a6-3214-487b-bceb-5d99999fcbfc) transitioned into state 'SUCCESS' from state 'RUNNING' with result 'None' {{(pid=93768) _task_receiver /opt/stack/data/venv/lib/python3.12/site-packages/taskflow/listeners/logging.py:218}}
Jun 30 11:17:58 devstack cinder-volume[93768]: DEBUG cinder.volume.manager [None req-54c37d1a-17a8-4a10-8b6c-91fff7b4eefa tempest-VolumesTransfersV355Test-581951543 None] Task 'cinder.volume.flows.manager.create_volume.ExtractVolumeSpecTask;volume:create' (02aaeba3-b7f3-4f00-8304-7565b0618867) transitioned into state 'RUNNING' from state 'PENDING' {{(pid=93768) _task_receiver /opt/stack/data/venv/lib/python3.12/site-packages/taskflow/listeners/logging.py:242}}
Jun 30 11:17:58 devstack cinder-volume[93768]: DEBUG cinder.volume.manager [None req-54c37d1a-17a8-4a10-8b6c-91fff7b4eefa tempest-VolumesTransfersV355Test-581951543 None] Task 'cinder.volume.flows.manager.create_volume.ExtractVolumeSpecTask;volume:create' (02aaeba3-b7f3-4f00-8304-7565b0618867) transitioned into state 'SUCCESS' from state 'RUNNING' with result '{'status': 'creating', 'type': 'raw', 'volume_id': '3aae3ac2-e456-4950-8de6-62b0a480440e', 'volume_name': 'volume-3aae3ac2-e456-4950-8de6-62b0a480440e', 'volume_size': 1}' {{(pid=93768) _task_receiver /opt/stack/data/venv/lib/python3.12/site-packages/taskflow/listeners/logging.py:218}}
Jun 30 11:17:58 devstack cinder-volume[93768]: DEBUG cinder.volume.manager [None req-54c37d1a-17a8-4a10-8b6c-91fff7b4eefa tempest-VolumesTransfersV355Test-581951543 None] Task 'cinder.volume.flows.manager.create_volume.NotifyVolumeActionTask;volume:create, create.start' (590f4061-dc20-4bdb-897d-495725604c24) transitioned into state 'RUNNING' from state 'PENDING' {{(pid=93768) _task_receiver /opt/stack/data/venv/lib/python3.12/site-packages/taskflow/listeners/logging.py:242}}
Jun 30 11:17:58 devstack sudo[99191]: quobyte : PWD=/ ; USER=root ; COMMAND=/opt/stack/data/venv/bin/cinder-rootwrap /etc/cinder/rootwrap.conf env LC_ALL=C qemu-img info -f qcow2 --output=json --force-share /opt/stack/data/cinder/mnt/875c09e2ecbcf9b51b38cb2aad3fa128/volume-3de693f8-6ad3-4f95-9481-74be36983978
Jun 30 11:17:58 devstack sudo[99191]: pam_unix(sudo:session): session opened for user root(uid=0) by (uid=1000)
Jun 30 11:17:58 devstack cinder-volume[93768]: DEBUG cinder.volume.manager [None req-54c37d1a-17a8-4a10-8b6c-91fff7b4eefa tempest-VolumesTransfersV355Test-581951543 None] Task 'cinder.volume.flows.manager.create_volume.NotifyVolumeActionTask;volume:create, create.start' (590f4061-dc20-4bdb-897d-495725604c24) transitioned into state 'SUCCESS' from state 'RUNNING' with result 'None' {{(pid=93768) _task_receiver /opt/stack/data/venv/lib/python3.12/site-packages/taskflow/listeners/logging.py:218}}
Jun 30 11:17:58 devstack cinder-volume[93768]: DEBUG cinder.volume.manager [None req-54c37d1a-17a8-4a10-8b6c-91fff7b4eefa tempest-VolumesTransfersV355Test-581951543 None] Task 'cinder.volume.flows.manager.create_volume.CreateVolumeFromSpecTask;volume:create' (d23a0f02-d7a7-4be6-a70b-501832878744) transitioned into state 'RUNNING' from state 'PENDING' {{(pid=93768) _task_receiver /opt/stack/data/venv/lib/python3.12/site-packages/taskflow/listeners/logging.py:242}}
Jun 30 11:17:58 devstack cinder-volume[93768]: INFO cinder.volume.flows.manager.create_volume [None req-54c37d1a-17a8-4a10-8b6c-91fff7b4eefa tempest-VolumesTransfersV355Test-581951543 None] Volume 3aae3ac2-e456-4950-8de6-62b0a480440e: being created as raw with specification: {'status': 'creating', 'volume_name': 'volume-3aae3ac2-e456-4950-8de6-62b0a480440e', 'volume_size': 1}
Jun 30 11:17:58 devstack cinder-volume[93768]: DEBUG oslo_concurrency.lockutils [None req-54c37d1a-17a8-4a10-8b6c-91fff7b4eefa tempest-VolumesTransfersV355Test-581951543 None] Acquiring lock "quobyte" by "cinder.volume.drivers.quobyte.QuobyteDriver.create_volume" {{(pid=93768) inner /opt/stack/data/venv/lib/python3.12/site-packages/oslo_concurrency/lockutils.py:511}}
Jun 30 11:17:59 devstack sudo[99191]: pam_unix(sudo:session): session closed for user root
Jun 30 11:17:59 devstack cinder-volume[93768]: DEBUG oslo_concurrency.processutils [None req-e19f85c6-036b-4ac2-bb97-a0a0bc153a53 tempest-GroupSnapshotsTest-1810682124 None] CMD "/opt/stack/data/venv/bin/python3.12 -m oslo_concurrency.prlimit --as=1073741824 --cpu=60 -- sudo cinder-rootwrap /etc/cinder/rootwrap.conf env LC_ALL=C qemu-img info -f qcow2 --output=json --force-share /opt/stack/data/cinder/mnt/875c09e2ecbcf9b51b38cb2aad3fa128/volume-3de693f8-6ad3-4f95-9481-74be36983978" returned: 0 in 0.777s {{(pid=93768) execute /opt/stack/data/venv/lib/python3.12/site-packages/oslo_concurrency/processutils.py:468}}
Jun 30 11:17:59 devstack cinder-volume[93768]: DEBUG oslo_concurrency.processutils [None req-e19f85c6-036b-4ac2-bb97-a0a0bc153a53 tempest-GroupSnapshotsTest-1810682124 None] Running cmd (subprocess): sudo cinder-rootwrap /etc/cinder/rootwrap.conf qemu-img create -f qcow2 -o backing_file=/opt/stack/data/cinder/mnt/875c09e2ecbcf9b51b38cb2aad3fa128/volume-3de693f8-6ad3-4f95-9481-74be36983978,backing_fmt=qcow2 /opt/stack/data/cinder/mnt/875c09e2ecbcf9b51b38cb2aad3fa128/volume-3de693f8-6ad3-4f95-9481-74be36983978.c807fa19-320d-4f8d-b8e4-f17abf356619 1G {{(pid=93768) execute /opt/stack/data/venv/lib/python3.12/site-packages/oslo_concurrency/processutils.py:440}}
Jun 30 11:17:59 devstack sudo[99196]: quobyte : PWD=/ ; USER=root ; COMMAND=/opt/stack/data/venv/bin/cinder-rootwrap /etc/cinder/rootwrap.conf qemu-img create -f qcow2 -o backing_file=/opt/stack/data/cinder/mnt/875c09e2ecbcf9b51b38cb2aad3fa128/volume-3de693f8-6ad3-4f95-9481-74be36983978,backing_fmt=qcow2 /opt/stack/data/cinder/mnt/875c09e2ecbcf9b51b38cb2aad3fa128/volume-3de693f8-6ad3-4f95-9481-74be36983978.c807fa19-320d-4f8d-b8e4-f17abf356619 1G
Jun 30 11:17:59 devstack sudo[99196]: pam_unix(sudo:session): session opened for user root(uid=0) by (uid=1000)
Jun 30 11:18:00 devstack sudo[99196]: pam_unix(sudo:session): session closed for user root
Jun 30 11:18:00 devstack cinder-volume[93768]: DEBUG oslo_concurrency.processutils [None req-e19f85c6-036b-4ac2-bb97-a0a0bc153a53 tempest-GroupSnapshotsTest-1810682124 None] CMD "sudo cinder-rootwrap /etc/cinder/rootwrap.conf qemu-img create -f qcow2 -o backing_file=/opt/stack/data/cinder/mnt/875c09e2ecbcf9b51b38cb2aad3fa128/volume-3de693f8-6ad3-4f95-9481-74be36983978,backing_fmt=qcow2 /opt/stack/data/cinder/mnt/875c09e2ecbcf9b51b38cb2aad3fa128/volume-3de693f8-6ad3-4f95-9481-74be36983978.c807fa19-320d-4f8d-b8e4-f17abf356619 1G" returned: 0 in 0.788s {{(pid=93768) execute /opt/stack/data/venv/lib/python3.12/site-packages/oslo_concurrency/processutils.py:468}}
Jun 30 11:18:00 devstack cinder-volume[93768]: DEBUG oslo_concurrency.processutils [None req-e19f85c6-036b-4ac2-bb97-a0a0bc153a53 tempest-GroupSnapshotsTest-1810682124 None] Running cmd (subprocess): sudo cinder-rootwrap /etc/cinder/rootwrap.conf qemu-img rebase -u -b volume-3de693f8-6ad3-4f95-9481-74be36983978 -F qcow2 /opt/stack/data/cinder/mnt/875c09e2ecbcf9b51b38cb2aad3fa128/volume-3de693f8-6ad3-4f95-9481-74be36983978.c807fa19-320d-4f8d-b8e4-f17abf356619 {{(pid=93768) execute /opt/stack/data/venv/lib/python3.12/site-packages/oslo_concurrency/processutils.py:440}}
Jun 30 11:18:00 devstack sudo[99215]: quobyte : PWD=/ ; USER=root ; COMMAND=/opt/stack/data/venv/bin/cinder-rootwrap /etc/cinder/rootwrap.conf qemu-img rebase -u -b volume-3de693f8-6ad3-4f95-9481-74be36983978 -F qcow2 /opt/stack/data/cinder/mnt/875c09e2ecbcf9b51b38cb2aad3fa128/volume-3de693f8-6ad3-4f95-9481-74be36983978.c807fa19-320d-4f8d-b8e4-f17abf356619
Jun 30 11:18:00 devstack sudo[99215]: pam_unix(sudo:session): session opened for user root(uid=0) by (uid=1000)
Jun 30 11:18:01 devstack sudo[99215]: pam_unix(sudo:session): session closed for user root
Jun 30 11:18:01 devstack cinder-volume[93768]: DEBUG oslo_concurrency.processutils [None req-e19f85c6-036b-4ac2-bb97-a0a0bc153a53 tempest-GroupSnapshotsTest-1810682124 None] CMD "sudo cinder-rootwrap /etc/cinder/rootwrap.conf qemu-img rebase -u -b volume-3de693f8-6ad3-4f95-9481-74be36983978 -F qcow2 /opt/stack/data/cinder/mnt/875c09e2ecbcf9b51b38cb2aad3fa128/volume-3de693f8-6ad3-4f95-9481-74be36983978.c807fa19-320d-4f8d-b8e4-f17abf356619" returned: 0 in 1.109s {{(pid=93768) execute /opt/stack/data/venv/lib/python3.12/site-packages/oslo_concurrency/processutils.py:468}}
Jun 30 11:18:01 devstack cinder-volume[93768]: WARNING cinder.volume.drivers.remotefs [None req-e19f85c6-036b-4ac2-bb97-a0a0bc153a53 tempest-GroupSnapshotsTest-1810682124 None] /opt/stack/data/cinder/mnt/875c09e2ecbcf9b51b38cb2aad3fa128/volume-3de693f8-6ad3-4f95-9481-74be36983978.c807fa19-320d-4f8d-b8e4-f17abf356619 is being set with open permissions: ugo+rw: NotImplementedError
Jun 30 11:18:01 devstack cinder-volume[93768]: DEBUG oslo_concurrency.processutils [None req-e19f85c6-036b-4ac2-bb97-a0a0bc153a53 tempest-GroupSnapshotsTest-1810682124 None] Running cmd (subprocess): sudo cinder-rootwrap /etc/cinder/rootwrap.conf chmod ugo+rw /opt/stack/data/cinder/mnt/875c09e2ecbcf9b51b38cb2aad3fa128/volume-3de693f8-6ad3-4f95-9481-74be36983978.c807fa19-320d-4f8d-b8e4-f17abf356619 {{(pid=93768) execute /opt/stack/data/venv/lib/python3.12/site-packages/oslo_concurrency/processutils.py:440}}
Jun 30 11:18:01 devstack sudo[99283]: quobyte : PWD=/ ; USER=root ; COMMAND=/opt/stack/data/venv/bin/cinder-rootwrap /etc/cinder/rootwrap.conf chmod ugo+rw /opt/stack/data/cinder/mnt/875c09e2ecbcf9b51b38cb2aad3fa128/volume-3de693f8-6ad3-4f95-9481-74be36983978.c807fa19-320d-4f8d-b8e4-f17abf356619
Jun 30 11:18:01 devstack sudo[99283]: pam_unix(sudo:session): session opened for user root(uid=0) by (uid=1000)
Jun 30 11:18:02 devstack sudo[99283]: pam_unix(sudo:session): session closed for user root
Jun 30 11:18:02 devstack cinder-volume[93768]: DEBUG oslo_concurrency.processutils [None req-e19f85c6-036b-4ac2-bb97-a0a0bc153a53 tempest-GroupSnapshotsTest-1810682124 None] CMD "sudo cinder-rootwrap /etc/cinder/rootwrap.conf chmod ugo+rw /opt/stack/data/cinder/mnt/875c09e2ecbcf9b51b38cb2aad3fa128/volume-3de693f8-6ad3-4f95-9481-74be36983978.c807fa19-320d-4f8d-b8e4-f17abf356619" returned: 0 in 0.789s {{(pid=93768) execute /opt/stack/data/venv/lib/python3.12/site-packages/oslo_concurrency/processutils.py:468}}
Jun 30 11:18:02 devstack cinder-volume[93768]: DEBUG oslo_concurrency.processutils [None req-e19f85c6-036b-4ac2-bb97-a0a0bc153a53 tempest-GroupSnapshotsTest-1810682124 None] Running cmd (subprocess): sudo cinder-rootwrap /etc/cinder/rootwrap.conf truncate -s0 /opt/stack/data/cinder/mnt/875c09e2ecbcf9b51b38cb2aad3fa128/volume-3de693f8-6ad3-4f95-9481-74be36983978.info {{(pid=93768) execute /opt/stack/data/venv/lib/python3.12/site-packages/oslo_concurrency/processutils.py:440}}
Jun 30 11:18:02 devstack sudo[99292]: quobyte : PWD=/ ; USER=root ; COMMAND=/opt/stack/data/venv/bin/cinder-rootwrap /etc/cinder/rootwrap.conf truncate -s0 /opt/stack/data/cinder/mnt/875c09e2ecbcf9b51b38cb2aad3fa128/volume-3de693f8-6ad3-4f95-9481-74be36983978.info
Jun 30 11:18:02 devstack sudo[99292]: pam_unix(sudo:session): session opened for user root(uid=0) by (uid=1000)
Jun 30 11:18:02 devstack sudo[99292]: pam_unix(sudo:session): session closed for user root
Jun 30 11:18:02 devstack cinder-volume[93768]: DEBUG oslo_concurrency.processutils [None req-e19f85c6-036b-4ac2-bb97-a0a0bc153a53 tempest-GroupSnapshotsTest-1810682124 None] CMD "sudo cinder-rootwrap /etc/cinder/rootwrap.conf truncate -s0 /opt/stack/data/cinder/mnt/875c09e2ecbcf9b51b38cb2aad3fa128/volume-3de693f8-6ad3-4f95-9481-74be36983978.info" returned: 0 in 0.742s {{(pid=93768) execute /opt/stack/data/venv/lib/python3.12/site-packages/oslo_concurrency/processutils.py:468}}
Jun 30 11:18:02 devstack cinder-volume[93768]: WARNING cinder.volume.drivers.remotefs [None req-e19f85c6-036b-4ac2-bb97-a0a0bc153a53 tempest-GroupSnapshotsTest-1810682124 None] /opt/stack/data/cinder/mnt/875c09e2ecbcf9b51b38cb2aad3fa128/volume-3de693f8-6ad3-4f95-9481-74be36983978.info is being set with open permissions: ugo+rw: NotImplementedError
Jun 30 11:18:02 devstack cinder-volume[93768]: DEBUG oslo_concurrency.processutils [None req-e19f85c6-036b-4ac2-bb97-a0a0bc153a53 tempest-GroupSnapshotsTest-1810682124 None] Running cmd (subprocess): sudo cinder-rootwrap /etc/cinder/rootwrap.conf chmod ugo+rw /opt/stack/data/cinder/mnt/875c09e2ecbcf9b51b38cb2aad3fa128/volume-3de693f8-6ad3-4f95-9481-74be36983978.info {{(pid=93768) execute /opt/stack/data/venv/lib/python3.12/site-packages/oslo_concurrency/processutils.py:440}}
Jun 30 11:18:02 devstack sudo[99296]: quobyte : PWD=/ ; USER=root ; COMMAND=/opt/stack/data/venv/bin/cinder-rootwrap /etc/cinder/rootwrap.conf chmod ugo+rw /opt/stack/data/cinder/mnt/875c09e2ecbcf9b51b38cb2aad3fa128/volume-3de693f8-6ad3-4f95-9481-74be36983978.info
Jun 30 11:18:02 devstack sudo[99296]: pam_unix(sudo:session): session opened for user root(uid=0) by (uid=1000)
Jun 30 11:18:03 devstack sudo[99296]: pam_unix(sudo:session): session closed for user root
Jun 30 11:18:03 devstack cinder-volume[93768]: DEBUG oslo_concurrency.processutils [None req-e19f85c6-036b-4ac2-bb97-a0a0bc153a53 tempest-GroupSnapshotsTest-1810682124 None] CMD "sudo cinder-rootwrap /etc/cinder/rootwrap.conf chmod ugo+rw /opt/stack/data/cinder/mnt/875c09e2ecbcf9b51b38cb2aad3fa128/volume-3de693f8-6ad3-4f95-9481-74be36983978.info" returned: 0 in 0.745s {{(pid=93768) execute /opt/stack/data/venv/lib/python3.12/site-packages/oslo_concurrency/processutils.py:468}}
Jun 30 11:18:03 devstack cinder-volume[93768]: DEBUG oslo_concurrency.lockutils [None req-e19f85c6-036b-4ac2-bb97-a0a0bc153a53 tempest-GroupSnapshotsTest-1810682124 None] Lock "quobyte" "released" by "cinder.volume.drivers.quobyte.QuobyteDriver.create_snapshot" :: held 5.056s {{(pid=93768) inner /opt/stack/data/venv/lib/python3.12/site-packages/oslo_concurrency/lockutils.py:543}}
Jun 30 11:18:03 devstack cinder-volume[93768]: DEBUG oslo_concurrency.lockutils [None req-54c37d1a-17a8-4a10-8b6c-91fff7b4eefa tempest-VolumesTransfersV355Test-581951543 None] Lock "quobyte" acquired by "cinder.volume.drivers.quobyte.QuobyteDriver.create_volume" :: waited 4.908s {{(pid=93768) inner /opt/stack/data/venv/lib/python3.12/site-packages/oslo_concurrency/lockutils.py:524}}
Jun 30 11:18:03 devstack cinder-volume[93768]: DEBUG cinder.volume.drivers.quobyte [None req-54c37d1a-17a8-4a10-8b6c-91fff7b4eefa tempest-VolumesTransfersV355Test-581951543 None] ==> create_volume: call "{'self': , 'volume': Volume(_name_id=None,admin_metadata=,attach_status='detached',availability_zone='nova',bootable=False,cluster=,cluster_name=None,consistencygroup=,consistencygroup_id=None,created_at=2026-06-30T09:17:58Z,deleted=False,deleted_at=None,display_description=None,display_name='tempest-VolumesTransfersV355Test-Volume-290413968',ec2_id=None,encryption_key_id=None,glance_metadata=,group=,group_id=None,host='devstack@QuobyteHD#QuobyteHD',id=3aae3ac2-e456-4950-8de6-62b0a480440e,launched_at=None,metadata={},migration_status=None,multiattach=False,previous_status=None,project_id='d65b46a760ac4fc98a4e31de1fc3e604',provider_auth=None,provider_geometry=None,provider_id=None,provider_location=None,replication_driver_data=None,replication_extended_status=None,replication_status=None,scheduled_at=2026-06-30T09:17:59Z,service_uuid=None,shared_targets=True,size=1,snapshot_id=None,snapshots=,source_volid=None,status='creating',terminated_at=None,updated_at=2026-06-30T09:17:59Z,use_quota=True,user_id='b3c8bafa8c264a0b957439c717cc7c88',volume_attachment=VolumeAttachmentList,volume_type=VolumeType(917ba79a-bd94-453e-82a0-efc78b2499c6),volume_type_id=917ba79a-bd94-453e-82a0-efc78b2499c6)}" {{(pid=93768) trace_logging_wrapper /opt/stack/cinder/cinder/volume/volume_utils.py:1497}}
Jun 30 11:18:03 devstack cinder-volume[93768]: DEBUG cinder.volume.drivers.remotefs [None req-54c37d1a-17a8-4a10-8b6c-91fff7b4eefa tempest-VolumesTransfersV355Test-581951543 None] Creating volume 3aae3ac2-e456-4950-8de6-62b0a480440e {{(pid=93768) create_volume /opt/stack/cinder/cinder/volume/drivers/remotefs.py:292}}
Jun 30 11:18:03 devstack cinder-volume[93768]: DEBUG oslo_concurrency.lockutils [None req-54c37d1a-17a8-4a10-8b6c-91fff7b4eefa tempest-VolumesTransfersV355Test-581951543 None] Acquiring lock "quobyte_ensure" by "cinder.volume.drivers.quobyte.QuobyteDriver._ensure_shares_mounted" {{(pid=93768) inner /opt/stack/data/venv/lib/python3.12/site-packages/oslo_concurrency/lockutils.py:511}}
Jun 30 11:18:03 devstack cinder-volume[93768]: DEBUG oslo_concurrency.lockutils [None req-54c37d1a-17a8-4a10-8b6c-91fff7b4eefa tempest-VolumesTransfersV355Test-581951543 None] Lock "quobyte_ensure" acquired by "cinder.volume.drivers.quobyte.QuobyteDriver._ensure_shares_mounted" :: waited 0.003s {{(pid=93768) inner /opt/stack/data/venv/lib/python3.12/site-packages/oslo_concurrency/lockutils.py:524}}
Jun 30 11:18:03 devstack cinder-volume[93768]: DEBUG cinder.volume.drivers.quobyte [None req-54c37d1a-17a8-4a10-8b6c-91fff7b4eefa tempest-VolumesTransfersV355Test-581951543 None] Quobyte Volume URL set to: {'osci02.corp.quobyte.com/cinder-vol-4549bedd-c12b-40e9-88be-149abbc28f28': None} {{(pid=93768) _load_shares_config /opt/stack/cinder/cinder/volume/drivers/quobyte.py:617}}
Jun 30 11:18:03 devstack cinder-volume[93768]: DEBUG cinder.volume.drivers.quobyte [None req-54c37d1a-17a8-4a10-8b6c-91fff7b4eefa tempest-VolumesTransfersV355Test-581951543 None] Available shares ['osci02.corp.quobyte.com/cinder-vol-4549bedd-c12b-40e9-88be-149abbc28f28'] {{(pid=93768) _ensure_shares_mounted /opt/stack/cinder/cinder/volume/drivers/quobyte.py:647}}
Jun 30 11:18:03 devstack cinder-volume[93768]: DEBUG oslo_concurrency.lockutils [None req-54c37d1a-17a8-4a10-8b6c-91fff7b4eefa tempest-VolumesTransfersV355Test-581951543 None] Lock "quobyte_ensure" "released" by "cinder.volume.drivers.quobyte.QuobyteDriver._ensure_shares_mounted" :: held 0.010s {{(pid=93768) inner /opt/stack/data/venv/lib/python3.12/site-packages/oslo_concurrency/lockutils.py:543}}
Jun 30 11:18:03 devstack cinder-volume[93768]: DEBUG cinder.volume.drivers.quobyte [None req-54c37d1a-17a8-4a10-8b6c-91fff7b4eefa tempest-VolumesTransfersV355Test-581951543 None] Selected osci02.corp.quobyte.com/cinder-vol-4549bedd-c12b-40e9-88be-149abbc28f28 as target Quobyte volume. {{(pid=93768) _find_share /opt/stack/cinder/cinder/volume/drivers/quobyte.py:668}}
Jun 30 11:18:03 devstack cinder-volume[93768]: INFO cinder.volume.drivers.remotefs [None req-54c37d1a-17a8-4a10-8b6c-91fff7b4eefa tempest-VolumesTransfersV355Test-581951543 None] casted to osci02.corp.quobyte.com/cinder-vol-4549bedd-c12b-40e9-88be-149abbc28f28
Jun 30 11:18:03 devstack cinder-volume[93768]: DEBUG oslo_concurrency.processutils [None req-54c37d1a-17a8-4a10-8b6c-91fff7b4eefa tempest-VolumesTransfersV355Test-581951543 None] Running cmd (subprocess): sudo cinder-rootwrap /etc/cinder/rootwrap.conf qemu-img create -f qcow2 -o preallocation=metadata /opt/stack/data/cinder/mnt/875c09e2ecbcf9b51b38cb2aad3fa128/volume-3aae3ac2-e456-4950-8de6-62b0a480440e 1073741824 {{(pid=93768) execute /opt/stack/data/venv/lib/python3.12/site-packages/oslo_concurrency/processutils.py:440}}
Jun 30 11:18:03 devstack sudo[99300]: quobyte : PWD=/ ; USER=root ; COMMAND=/opt/stack/data/venv/bin/cinder-rootwrap /etc/cinder/rootwrap.conf qemu-img create -f qcow2 -o preallocation=metadata /opt/stack/data/cinder/mnt/875c09e2ecbcf9b51b38cb2aad3fa128/volume-3aae3ac2-e456-4950-8de6-62b0a480440e 1073741824
Jun 30 11:18:03 devstack sudo[99300]: pam_unix(sudo:session): session opened for user root(uid=0) by (uid=1000)
Jun 30 11:18:03 devstack cinder-volume[93768]: INFO cinder.volume.manager [None req-e19f85c6-036b-4ac2-bb97-a0a0bc153a53 tempest-GroupSnapshotsTest-1810682124 None] group_snapshot 356be94b-7e63-4a2b-8e2d-6e2c50e78578: created successfully
Jun 30 11:18:04 devstack cinder-volume[93768]: INFO cinder.volume.manager [None req-2d8fca87-7867-4028-8038-89e8ef09dcc1 tempest-GroupSnapshotsTest-1810682124 None] group_snapshot 356be94b-7e63-4a2b-8e2d-6e2c50e78578: deleting
Jun 30 11:18:04 devstack cinder-volume[93768]: DEBUG cinder.volume.manager [None req-2d8fca87-7867-4028-8038-89e8ef09dcc1 tempest-GroupSnapshotsTest-1810682124 None] group_snapshot 356be94b-7e63-4a2b-8e2d-6e2c50e78578: deleting {{(pid=93768) delete_group_snapshot /opt/stack/cinder/cinder/volume/manager.py:4350}}
Jun 30 11:18:04 devstack cinder-volume[93768]: DEBUG cinder.coordination [None req-2d8fca87-7867-4028-8038-89e8ef09dcc1 tempest-GroupSnapshotsTest-1810682124 None] Acquiring lock "cinder-quobyte-620dbab1-7b81-4849-9f0b-2c6dbfa1c775" by "delete_snapshot" {{(pid=93768) __acquire /opt/stack/cinder/cinder/coordination.py:138}}
Jun 30 11:18:04 devstack cinder-volume[93768]: DEBUG cinder.coordination [None req-2d8fca87-7867-4028-8038-89e8ef09dcc1 tempest-GroupSnapshotsTest-1810682124 None] Lock "cinder-quobyte-620dbab1-7b81-4849-9f0b-2c6dbfa1c775" acquired by "delete_snapshot" :: waited 0.029s {{(pid=93768) __acquire /opt/stack/cinder/cinder/coordination.py:141}}
Jun 30 11:18:04 devstack cinder-volume[93768]: DEBUG cinder.coordination [None req-2d8fca87-7867-4028-8038-89e8ef09dcc1 tempest-GroupSnapshotsTest-1810682124 None] Acquiring lock "cinder-quobyte-27780535-3c64-44b6-884e-7fa6894edebf" by "_delete_snapshot" {{(pid=93768) __acquire /opt/stack/cinder/cinder/coordination.py:138}}
Jun 30 11:18:04 devstack cinder-volume[93768]: DEBUG cinder.coordination [None req-2d8fca87-7867-4028-8038-89e8ef09dcc1 tempest-GroupSnapshotsTest-1810682124 None] Lock "cinder-quobyte-27780535-3c64-44b6-884e-7fa6894edebf" acquired by "_delete_snapshot" :: waited 0.026s {{(pid=93768) __acquire /opt/stack/cinder/cinder/coordination.py:141}}
Jun 30 11:18:04 devstack cinder-volume[93768]: DEBUG cinder.volume.drivers.remotefs [None req-2d8fca87-7867-4028-8038-89e8ef09dcc1 tempest-GroupSnapshotsTest-1810682124 None] Deleting offline snapshot 27780535-3c64-44b6-884e-7fa6894edebf of volume 620dbab1-7b81-4849-9f0b-2c6dbfa1c775 {{(pid=93768) _delete_snapshot /opt/stack/cinder/cinder/volume/drivers/remotefs.py:1288}}
Jun 30 11:18:04 devstack cinder-volume[93768]: DEBUG cinder.volume.drivers.remotefs [None req-2d8fca87-7867-4028-8038-89e8ef09dcc1 tempest-GroupSnapshotsTest-1810682124 None] snapshot_file for this snap is: volume-620dbab1-7b81-4849-9f0b-2c6dbfa1c775.27780535-3c64-44b6-884e-7fa6894edebf {{(pid=93768) _delete_snapshot /opt/stack/cinder/cinder/volume/drivers/remotefs.py:1317}}
Jun 30 11:18:04 devstack cinder-volume[93768]: DEBUG oslo.privsep.daemon [-] privsep: reply[f7db56c7-e62b-4813-9a6d-0f49f786a7ba]: (4, 'qcow2') {{(pid=94919) _call_back /opt/stack/data/venv/lib/python3.12/site-packages/oslo_privsep/daemon.py:580}}
Jun 30 11:18:04 devstack cinder-volume[93768]: DEBUG oslo_concurrency.processutils [None req-2d8fca87-7867-4028-8038-89e8ef09dcc1 tempest-GroupSnapshotsTest-1810682124 None] Running cmd (subprocess): /opt/stack/data/venv/bin/python3.12 -m oslo_concurrency.prlimit --as=1073741824 --cpu=60 -- sudo cinder-rootwrap /etc/cinder/rootwrap.conf env LC_ALL=C qemu-img info -f qcow2 --output=json --force-share /opt/stack/data/cinder/mnt/875c09e2ecbcf9b51b38cb2aad3fa128/volume-620dbab1-7b81-4849-9f0b-2c6dbfa1c775.27780535-3c64-44b6-884e-7fa6894edebf {{(pid=93768) execute /opt/stack/data/venv/lib/python3.12/site-packages/oslo_concurrency/processutils.py:440}}
Jun 30 11:18:04 devstack sudo[99307]: quobyte : PWD=/ ; USER=root ; COMMAND=/opt/stack/data/venv/bin/cinder-rootwrap /etc/cinder/rootwrap.conf env LC_ALL=C qemu-img info -f qcow2 --output=json --force-share /opt/stack/data/cinder/mnt/875c09e2ecbcf9b51b38cb2aad3fa128/volume-620dbab1-7b81-4849-9f0b-2c6dbfa1c775.27780535-3c64-44b6-884e-7fa6894edebf
Jun 30 11:18:04 devstack sudo[99307]: pam_unix(sudo:session): session opened for user root(uid=0) by (uid=1000)
Jun 30 11:18:05 devstack sudo[99300]: pam_unix(sudo:session): session closed for user root
Jun 30 11:18:05 devstack cinder-volume[93768]: DEBUG oslo_concurrency.processutils [None req-54c37d1a-17a8-4a10-8b6c-91fff7b4eefa tempest-VolumesTransfersV355Test-581951543 None] CMD "sudo cinder-rootwrap /etc/cinder/rootwrap.conf qemu-img create -f qcow2 -o preallocation=metadata /opt/stack/data/cinder/mnt/875c09e2ecbcf9b51b38cb2aad3fa128/volume-3aae3ac2-e456-4950-8de6-62b0a480440e 1073741824" returned: 0 in 1.390s {{(pid=93768) execute /opt/stack/data/venv/lib/python3.12/site-packages/oslo_concurrency/processutils.py:468}}
Jun 30 11:18:05 devstack cinder-volume[93768]: DEBUG oslo_concurrency.processutils [None req-54c37d1a-17a8-4a10-8b6c-91fff7b4eefa tempest-VolumesTransfersV355Test-581951543 None] Running cmd (subprocess): sudo cinder-rootwrap /etc/cinder/rootwrap.conf chmod ugo+rw /opt/stack/data/cinder/mnt/875c09e2ecbcf9b51b38cb2aad3fa128/volume-3aae3ac2-e456-4950-8de6-62b0a480440e {{(pid=93768) execute /opt/stack/data/venv/lib/python3.12/site-packages/oslo_concurrency/processutils.py:440}}
Jun 30 11:18:05 devstack sudo[99311]: quobyte : PWD=/ ; USER=root ; COMMAND=/opt/stack/data/venv/bin/cinder-rootwrap /etc/cinder/rootwrap.conf chmod ugo+rw /opt/stack/data/cinder/mnt/875c09e2ecbcf9b51b38cb2aad3fa128/volume-3aae3ac2-e456-4950-8de6-62b0a480440e
Jun 30 11:18:05 devstack sudo[99311]: pam_unix(sudo:session): session opened for user root(uid=0) by (uid=1000)
Jun 30 11:18:05 devstack sudo[99307]: pam_unix(sudo:session): session closed for user root
Jun 30 11:18:05 devstack cinder-volume[93768]: DEBUG oslo_concurrency.processutils [None req-2d8fca87-7867-4028-8038-89e8ef09dcc1 tempest-GroupSnapshotsTest-1810682124 None] CMD "/opt/stack/data/venv/bin/python3.12 -m oslo_concurrency.prlimit --as=1073741824 --cpu=60 -- sudo cinder-rootwrap /etc/cinder/rootwrap.conf env LC_ALL=C qemu-img info -f qcow2 --output=json --force-share /opt/stack/data/cinder/mnt/875c09e2ecbcf9b51b38cb2aad3fa128/volume-620dbab1-7b81-4849-9f0b-2c6dbfa1c775.27780535-3c64-44b6-884e-7fa6894edebf" returned: 0 in 1.129s {{(pid=93768) execute /opt/stack/data/venv/lib/python3.12/site-packages/oslo_concurrency/processutils.py:468}}
Jun 30 11:18:05 devstack cinder-volume[93768]: DEBUG cinder.volume.drivers.remotefs [None req-2d8fca87-7867-4028-8038-89e8ef09dcc1 tempest-GroupSnapshotsTest-1810682124 None] Fetching qemu-img info with special backing_file_template: (/opt/stack/data/cinder/mnt/[0-9a-f]+/)?(volume-620dbab1-7b81-4849-9f0b-2c6dbfa1c775(.(tmp-snap-)?[0-9a-f-]+)?|volume_from_snapshot_cache/(tmp-snap-)?[0-9a-f-]+(.(child-|parent-)[0-9a-f-]+)?)$ {{(pid=93768) _qemu_img_info_base /opt/stack/cinder/cinder/volume/drivers/remotefs.py:896}}
Jun 30 11:18:05 devstack cinder-volume[93768]: DEBUG oslo.privsep.daemon [-] privsep: reply[9e82d1f4-765d-4d3a-9537-9c6f7071e90a]: (4, 'qcow2') {{(pid=94919) _call_back /opt/stack/data/venv/lib/python3.12/site-packages/oslo_privsep/daemon.py:580}}
