Jun 30 11:18:47 devstack cinder-volume[93768]: DEBUG cinder.volume.manager [None req-09f75d2e-4197-4d76-80c2-f0d5b31ac932 tempest-VolumesCloneTest-1927141003 None] Flow 'volume_create_manager' (fc5d46af-07af-440b-aa57-9238086465cc) transitioned into state 'RUNNING' from state 'PENDING' {{(pid=93768) _flow_receiver /opt/stack/data/venv/lib/python3.12/site-packages/taskflow/listeners/logging.py:160}}
Jun 30 11:18:47 devstack cinder-volume[93768]: DEBUG cinder.volume.manager [None req-09f75d2e-4197-4d76-80c2-f0d5b31ac932 tempest-VolumesCloneTest-1927141003 None] Task 'cinder.volume.flows.manager.create_volume.ExtractVolumeRefTask;volume:create' (49914b8d-7742-4073-865d-a9ee186da0bb) transitioned into state 'RUNNING' from state 'PENDING' {{(pid=93768) _task_receiver /opt/stack/data/venv/lib/python3.12/site-packages/taskflow/listeners/logging.py:242}}
Jun 30 11:18:47 devstack cinder-volume[93768]: DEBUG cinder.volume.manager [None req-09f75d2e-4197-4d76-80c2-f0d5b31ac932 tempest-VolumesCloneTest-1927141003 None] Task 'cinder.volume.flows.manager.create_volume.ExtractVolumeRefTask;volume:create' (49914b8d-7742-4073-865d-a9ee186da0bb) transitioned into state 'SUCCESS' from state 'RUNNING' with result 'Volume(_name_id=None,admin_metadata=,attach_status='detached',availability_zone='nova',bootable=False,cluster=,cluster_name=None,consistencygroup=,consistencygroup_id=None,created_at=2026-06-30T09:18:47Z,deleted=False,deleted_at=None,display_description=None,display_name='tempest-VolumesCloneTest-Volume-1862574075',ec2_id=None,encryption_key_id=None,glance_metadata=,group=,group_id=None,host='devstack@QuobyteHD#QuobyteHD',id=0d678fe1-8455-401b-9f03-2a986827c529,launched_at=None,metadata={},migration_status=None,multiattach=False,previous_status=None,project_id='edd6cc01613444f987b3540dfecfa3b7',provider_auth=None,provider_geometry=None,provider_id=None,provider_location=None,replication_driver_data=None,replication_extended_status=None,replication_status=None,scheduled_at=2026-06-30T09:18:48Z,service_uuid=None,shared_targets=True,size=2,snapshot_id=None,snapshots=,source_volid=2351d2a7-c363-4fa4-8f26-b6cc6b3a9cbe,status='creating',terminated_at=None,updated_at=2026-06-30T09:18:48Z,use_quota=True,user_id='4d0691f87d6b4113b451e61df76742d4',volume_attachment=VolumeAttachmentList,volume_type=VolumeType(917ba79a-bd94-453e-82a0-efc78b2499c6),volume_type_id=917ba79a-bd94-453e-82a0-efc78b2499c6)' {{(pid=93768) _task_receiver /opt/stack/data/venv/lib/python3.12/site-packages/taskflow/listeners/logging.py:218}}
Jun 30 11:18:47 devstack cinder-volume[93768]: DEBUG cinder.volume.manager [None req-09f75d2e-4197-4d76-80c2-f0d5b31ac932 tempest-VolumesCloneTest-1927141003 None] Task 'cinder.volume.flows.manager.create_volume.OnFailureRescheduleTask;volume:create' (5500f697-3ac1-4df5-8fc1-656673e49e27) transitioned into state 'RUNNING' from state 'PENDING' {{(pid=93768) _task_receiver /opt/stack/data/venv/lib/python3.12/site-packages/taskflow/listeners/logging.py:242}}
Jun 30 11:18:47 devstack cinder-volume[93768]: DEBUG cinder.volume.manager [None req-09f75d2e-4197-4d76-80c2-f0d5b31ac932 tempest-VolumesCloneTest-1927141003 None] Task 'cinder.volume.flows.manager.create_volume.OnFailureRescheduleTask;volume:create' (5500f697-3ac1-4df5-8fc1-656673e49e27) transitioned into state 'SUCCESS' from state 'RUNNING' with result 'None' {{(pid=93768) _task_receiver /opt/stack/data/venv/lib/python3.12/site-packages/taskflow/listeners/logging.py:218}}
Jun 30 11:18:47 devstack cinder-volume[93768]: DEBUG cinder.volume.manager [None req-09f75d2e-4197-4d76-80c2-f0d5b31ac932 tempest-VolumesCloneTest-1927141003 None] Task 'cinder.volume.flows.manager.create_volume.ExtractVolumeSpecTask;volume:create' (e1bdd05d-e819-4871-ac40-ec006b8e8387) transitioned into state 'RUNNING' from state 'PENDING' {{(pid=93768) _task_receiver /opt/stack/data/venv/lib/python3.12/site-packages/taskflow/listeners/logging.py:242}}
Jun 30 11:18:47 devstack cinder-volume[93768]: DEBUG cinder.volume.manager [None req-09f75d2e-4197-4d76-80c2-f0d5b31ac932 tempest-VolumesCloneTest-1927141003 None] Task 'cinder.volume.flows.manager.create_volume.ExtractVolumeSpecTask;volume:create' (e1bdd05d-e819-4871-ac40-ec006b8e8387) transitioned into state 'SUCCESS' from state 'RUNNING' with result '{'status': 'creating', 'type': 'source_vol', 'volume_id': '0d678fe1-8455-401b-9f03-2a986827c529', 'volume_name': 'volume-0d678fe1-8455-401b-9f03-2a986827c529', 'volume_size': 2, 'source_volid': '2351d2a7-c363-4fa4-8f26-b6cc6b3a9cbe', 'source_volstatus': 'available'}' {{(pid=93768) _task_receiver /opt/stack/data/venv/lib/python3.12/site-packages/taskflow/listeners/logging.py:218}}
Jun 30 11:18:47 devstack cinder-volume[93768]: DEBUG cinder.volume.manager [None req-09f75d2e-4197-4d76-80c2-f0d5b31ac932 tempest-VolumesCloneTest-1927141003 None] Task 'cinder.volume.flows.manager.create_volume.NotifyVolumeActionTask;volume:create, create.start' (8e7ca2ec-2865-44ba-b559-fe5992250f20) transitioned into state 'RUNNING' from state 'PENDING' {{(pid=93768) _task_receiver /opt/stack/data/venv/lib/python3.12/site-packages/taskflow/listeners/logging.py:242}}
Jun 30 11:18:47 devstack cinder-volume[93768]: DEBUG cinder.volume.manager [None req-09f75d2e-4197-4d76-80c2-f0d5b31ac932 tempest-VolumesCloneTest-1927141003 None] Task 'cinder.volume.flows.manager.create_volume.NotifyVolumeActionTask;volume:create, create.start' (8e7ca2ec-2865-44ba-b559-fe5992250f20) transitioned into state 'SUCCESS' from state 'RUNNING' with result 'None' {{(pid=93768) _task_receiver /opt/stack/data/venv/lib/python3.12/site-packages/taskflow/listeners/logging.py:218}}
Jun 30 11:18:47 devstack cinder-volume[93768]: DEBUG cinder.volume.manager [None req-09f75d2e-4197-4d76-80c2-f0d5b31ac932 tempest-VolumesCloneTest-1927141003 None] Task 'cinder.volume.flows.manager.create_volume.CreateVolumeFromSpecTask;volume:create' (90d1e316-60ff-4995-88d7-93e8c7f27bfb) transitioned into state 'RUNNING' from state 'PENDING' {{(pid=93768) _task_receiver /opt/stack/data/venv/lib/python3.12/site-packages/taskflow/listeners/logging.py:242}}
Jun 30 11:18:47 devstack cinder-volume[93768]: INFO cinder.volume.flows.manager.create_volume [None req-09f75d2e-4197-4d76-80c2-f0d5b31ac932 tempest-VolumesCloneTest-1927141003 None] Volume 0d678fe1-8455-401b-9f03-2a986827c529: being created as source_vol with specification: {'status': 'creating', 'volume_name': 'volume-0d678fe1-8455-401b-9f03-2a986827c529', 'volume_size': 2, 'source_volid': '2351d2a7-c363-4fa4-8f26-b6cc6b3a9cbe', 'source_volstatus': 'available'}
Jun 30 11:18:47 devstack cinder-volume[93768]: DEBUG oslo_concurrency.lockutils [None req-09f75d2e-4197-4d76-80c2-f0d5b31ac932 tempest-VolumesCloneTest-1927141003 None] Acquiring lock "quobyte" by "cinder.volume.drivers.quobyte.QuobyteDriver.create_cloned_volume" {{(pid=93768) inner /opt/stack/data/venv/lib/python3.12/site-packages/oslo_concurrency/lockutils.py:511}}
Jun 30 11:18:47 devstack cinder-volume[93768]: DEBUG oslo_concurrency.lockutils [None req-09f75d2e-4197-4d76-80c2-f0d5b31ac932 tempest-VolumesCloneTest-1927141003 None] Lock "quobyte" acquired by "cinder.volume.drivers.quobyte.QuobyteDriver.create_cloned_volume" :: waited 0.001s {{(pid=93768) inner /opt/stack/data/venv/lib/python3.12/site-packages/oslo_concurrency/lockutils.py:524}}
Jun 30 11:18:47 devstack cinder-volume[93768]: INFO cinder.volume.drivers.remotefs [None req-09f75d2e-4197-4d76-80c2-f0d5b31ac932 tempest-VolumesCloneTest-1927141003 None] Cloning volume 2351d2a7-c363-4fa4-8f26-b6cc6b3a9cbe to volume 0d678fe1-8455-401b-9f03-2a986827c529
Jun 30 11:18:47 devstack cinder-volume[93768]: DEBUG cinder.volume.drivers.remotefs [None req-09f75d2e-4197-4d76-80c2-f0d5b31ac932 tempest-VolumesCloneTest-1927141003 None] Creating offline snapshot f74d2154-ae8e-4c85-8260-4ef7e59944ce of volume 2351d2a7-c363-4fa4-8f26-b6cc6b3a9cbe {{(pid=93768) _create_snapshot /opt/stack/cinder/cinder/volume/drivers/remotefs.py:1816}}
Jun 30 11:18:47 devstack cinder-volume[93768]: DEBUG cinder.quota [None req-b7787cc9-590c-4c9c-b404-1ba21e0fc77c tempest-GroupsV320Test-314088220 None] Created reservations ['035431b0-f763-4a99-89d5-b4d8e1f9a7d9'] {{(pid=93768) reserve /opt/stack/cinder/cinder/quota.py:752}}
Jun 30 11:18:47 devstack cinder-volume[93768]: DEBUG oslo.privsep.daemon [-] privsep: reply[35cb8933-7e7d-4da0-bed3-8c26afa4eb7e]: (4, 'qcow2') {{(pid=94919) _call_back /opt/stack/data/venv/lib/python3.12/site-packages/oslo_privsep/daemon.py:580}}
Jun 30 11:18:47 devstack cinder-volume[93768]: DEBUG oslo_concurrency.processutils [None req-09f75d2e-4197-4d76-80c2-f0d5b31ac932 tempest-VolumesCloneTest-1927141003 None] Running cmd (subprocess): /opt/stack/data/venv/bin/python3.12 -m oslo_concurrency.prlimit --as=1073741824 --cpu=60 -- sudo cinder-rootwrap /etc/cinder/rootwrap.conf env LC_ALL=C qemu-img info -f qcow2 --output=json --force-share /opt/stack/data/cinder/mnt/875c09e2ecbcf9b51b38cb2aad3fa128/volume-2351d2a7-c363-4fa4-8f26-b6cc6b3a9cbe {{(pid=93768) execute /opt/stack/data/venv/lib/python3.12/site-packages/oslo_concurrency/processutils.py:440}}
Jun 30 11:18:47 devstack cinder-volume[93768]: DEBUG oslo_concurrency.lockutils [None req-b7787cc9-590c-4c9c-b404-1ba21e0fc77c tempest-GroupsV320Test-314088220 None] Acquiring lock "quobyte_ensure" by "cinder.volume.drivers.quobyte.QuobyteDriver._ensure_shares_mounted" {{(pid=93768) inner /opt/stack/data/venv/lib/python3.12/site-packages/oslo_concurrency/lockutils.py:511}}
Jun 30 11:18:47 devstack cinder-volume[93768]: DEBUG oslo_concurrency.lockutils [None req-b7787cc9-590c-4c9c-b404-1ba21e0fc77c tempest-GroupsV320Test-314088220 None] Lock "quobyte_ensure" acquired by "cinder.volume.drivers.quobyte.QuobyteDriver._ensure_shares_mounted" :: waited 0.001s {{(pid=93768) inner /opt/stack/data/venv/lib/python3.12/site-packages/oslo_concurrency/lockutils.py:524}}
Jun 30 11:18:47 devstack cinder-volume[93768]: DEBUG cinder.volume.drivers.quobyte [None req-b7787cc9-590c-4c9c-b404-1ba21e0fc77c tempest-GroupsV320Test-314088220 None] Quobyte Volume URL set to: {'osci02.corp.quobyte.com/cinder-vol-4549bedd-c12b-40e9-88be-149abbc28f28': None} {{(pid=93768) _load_shares_config /opt/stack/cinder/cinder/volume/drivers/quobyte.py:617}}
Jun 30 11:18:47 devstack cinder-volume[93768]: DEBUG cinder.volume.drivers.quobyte [None req-b7787cc9-590c-4c9c-b404-1ba21e0fc77c tempest-GroupsV320Test-314088220 None] Available shares ['osci02.corp.quobyte.com/cinder-vol-4549bedd-c12b-40e9-88be-149abbc28f28'] {{(pid=93768) _ensure_shares_mounted /opt/stack/cinder/cinder/volume/drivers/quobyte.py:647}}
Jun 30 11:18:47 devstack cinder-volume[93768]: DEBUG oslo_concurrency.lockutils [None req-b7787cc9-590c-4c9c-b404-1ba21e0fc77c tempest-GroupsV320Test-314088220 None] Lock "quobyte_ensure" "released" by "cinder.volume.drivers.quobyte.QuobyteDriver._ensure_shares_mounted" :: held 0.006s {{(pid=93768) inner /opt/stack/data/venv/lib/python3.12/site-packages/oslo_concurrency/lockutils.py:543}}
Jun 30 11:18:47 devstack cinder-volume[93768]: DEBUG oslo_concurrency.processutils [None req-b7787cc9-590c-4c9c-b404-1ba21e0fc77c tempest-GroupsV320Test-314088220 None] Running cmd (subprocess): sudo cinder-rootwrap /etc/cinder/rootwrap.conf df --portability --block-size 1 /opt/stack/data/cinder/mnt/875c09e2ecbcf9b51b38cb2aad3fa128 {{(pid=93768) execute /opt/stack/data/venv/lib/python3.12/site-packages/oslo_concurrency/processutils.py:440}}
Jun 30 11:18:48 devstack sudo[100038]: quobyte : PWD=/ ; USER=root ; COMMAND=/opt/stack/data/venv/bin/cinder-rootwrap /etc/cinder/rootwrap.conf df --portability --block-size 1 /opt/stack/data/cinder/mnt/875c09e2ecbcf9b51b38cb2aad3fa128
Jun 30 11:18:48 devstack sudo[100038]: pam_unix(sudo:session): session opened for user root(uid=0) by (uid=1000)
Jun 30 11:18:48 devstack sudo[100037]: quobyte : PWD=/ ; USER=root ; COMMAND=/opt/stack/data/venv/bin/cinder-rootwrap /etc/cinder/rootwrap.conf env LC_ALL=C qemu-img info -f qcow2 --output=json --force-share /opt/stack/data/cinder/mnt/875c09e2ecbcf9b51b38cb2aad3fa128/volume-2351d2a7-c363-4fa4-8f26-b6cc6b3a9cbe
Jun 30 11:18:48 devstack sudo[100037]: pam_unix(sudo:session): session opened for user root(uid=0) by (uid=1000)
Jun 30 11:18:48 devstack sudo[100038]: pam_unix(sudo:session): session closed for user root
Jun 30 11:18:48 devstack cinder-volume[93768]: DEBUG oslo_concurrency.processutils [None req-b7787cc9-590c-4c9c-b404-1ba21e0fc77c tempest-GroupsV320Test-314088220 None] CMD "sudo cinder-rootwrap /etc/cinder/rootwrap.conf df --portability --block-size 1 /opt/stack/data/cinder/mnt/875c09e2ecbcf9b51b38cb2aad3fa128" returned: 0 in 0.639s {{(pid=93768) execute /opt/stack/data/venv/lib/python3.12/site-packages/oslo_concurrency/processutils.py:468}}
Jun 30 11:18:48 devstack cinder-volume[93768]: DEBUG cinder.manager [None req-b7787cc9-590c-4c9c-b404-1ba21e0fc77c tempest-GroupsV320Test-314088220 None] Notifying Schedulers of capabilities ... {{(pid=93768) _publish_service_capabilities /opt/stack/cinder/cinder/manager.py:219}}
Jun 30 11:18:48 devstack cinder-volume[93768]: INFO cinder.volume.manager [None req-b7787cc9-590c-4c9c-b404-1ba21e0fc77c tempest-GroupsV320Test-314088220 None] Delete group completed successfully.
Jun 30 11:18:48 devstack sudo[100037]: pam_unix(sudo:session): session closed for user root
Jun 30 11:18:48 devstack cinder-volume[93768]: DEBUG oslo_concurrency.processutils [None req-09f75d2e-4197-4d76-80c2-f0d5b31ac932 tempest-VolumesCloneTest-1927141003 None] CMD "/opt/stack/data/venv/bin/python3.12 -m oslo_concurrency.prlimit --as=1073741824 --cpu=60 -- sudo cinder-rootwrap /etc/cinder/rootwrap.conf env LC_ALL=C qemu-img info -f qcow2 --output=json --force-share /opt/stack/data/cinder/mnt/875c09e2ecbcf9b51b38cb2aad3fa128/volume-2351d2a7-c363-4fa4-8f26-b6cc6b3a9cbe" returned: 0 in 0.766s {{(pid=93768) execute /opt/stack/data/venv/lib/python3.12/site-packages/oslo_concurrency/processutils.py:468}}
Jun 30 11:18:48 devstack cinder-volume[93768]: DEBUG oslo_concurrency.processutils [None req-09f75d2e-4197-4d76-80c2-f0d5b31ac932 tempest-VolumesCloneTest-1927141003 None] Running cmd (subprocess): sudo cinder-rootwrap /etc/cinder/rootwrap.conf qemu-img create -f qcow2 -o backing_file=/opt/stack/data/cinder/mnt/875c09e2ecbcf9b51b38cb2aad3fa128/volume-2351d2a7-c363-4fa4-8f26-b6cc6b3a9cbe,backing_fmt=qcow2 /opt/stack/data/cinder/mnt/875c09e2ecbcf9b51b38cb2aad3fa128/volume-2351d2a7-c363-4fa4-8f26-b6cc6b3a9cbe.f74d2154-ae8e-4c85-8260-4ef7e59944ce 1G {{(pid=93768) execute /opt/stack/data/venv/lib/python3.12/site-packages/oslo_concurrency/processutils.py:440}}
Jun 30 11:18:48 devstack sudo[100045]: quobyte : PWD=/ ; USER=root ; COMMAND=/opt/stack/data/venv/bin/cinder-rootwrap /etc/cinder/rootwrap.conf qemu-img create -f qcow2 -o backing_file=/opt/stack/data/cinder/mnt/875c09e2ecbcf9b51b38cb2aad3fa128/volume-2351d2a7-c363-4fa4-8f26-b6cc6b3a9cbe,backing_fmt=qcow2 /opt/stack/data/cinder/mnt/875c09e2ecbcf9b51b38cb2aad3fa128/volume-2351d2a7-c363-4fa4-8f26-b6cc6b3a9cbe.f74d2154-ae8e-4c85-8260-4ef7e59944ce 1G
Jun 30 11:18:48 devstack sudo[100045]: pam_unix(sudo:session): session opened for user root(uid=0) by (uid=1000)
Jun 30 11:18:49 devstack sudo[100045]: pam_unix(sudo:session): session closed for user root
Jun 30 11:18:49 devstack cinder-volume[93768]: DEBUG oslo_concurrency.processutils [None req-09f75d2e-4197-4d76-80c2-f0d5b31ac932 tempest-VolumesCloneTest-1927141003 None] CMD "sudo cinder-rootwrap /etc/cinder/rootwrap.conf qemu-img create -f qcow2 -o backing_file=/opt/stack/data/cinder/mnt/875c09e2ecbcf9b51b38cb2aad3fa128/volume-2351d2a7-c363-4fa4-8f26-b6cc6b3a9cbe,backing_fmt=qcow2 /opt/stack/data/cinder/mnt/875c09e2ecbcf9b51b38cb2aad3fa128/volume-2351d2a7-c363-4fa4-8f26-b6cc6b3a9cbe.f74d2154-ae8e-4c85-8260-4ef7e59944ce 1G" returned: 0 in 0.866s {{(pid=93768) execute /opt/stack/data/venv/lib/python3.12/site-packages/oslo_concurrency/processutils.py:468}}
Jun 30 11:18:49 devstack cinder-volume[93768]: DEBUG oslo_concurrency.processutils [None req-09f75d2e-4197-4d76-80c2-f0d5b31ac932 tempest-VolumesCloneTest-1927141003 None] Running cmd (subprocess): sudo cinder-rootwrap /etc/cinder/rootwrap.conf qemu-img rebase -u -b volume-2351d2a7-c363-4fa4-8f26-b6cc6b3a9cbe -F qcow2 /opt/stack/data/cinder/mnt/875c09e2ecbcf9b51b38cb2aad3fa128/volume-2351d2a7-c363-4fa4-8f26-b6cc6b3a9cbe.f74d2154-ae8e-4c85-8260-4ef7e59944ce {{(pid=93768) execute /opt/stack/data/venv/lib/python3.12/site-packages/oslo_concurrency/processutils.py:440}}
Jun 30 11:18:49 devstack sudo[100055]: quobyte : PWD=/ ; USER=root ; COMMAND=/opt/stack/data/venv/bin/cinder-rootwrap /etc/cinder/rootwrap.conf qemu-img rebase -u -b volume-2351d2a7-c363-4fa4-8f26-b6cc6b3a9cbe -F qcow2 /opt/stack/data/cinder/mnt/875c09e2ecbcf9b51b38cb2aad3fa128/volume-2351d2a7-c363-4fa4-8f26-b6cc6b3a9cbe.f74d2154-ae8e-4c85-8260-4ef7e59944ce
Jun 30 11:18:49 devstack sudo[100055]: pam_unix(sudo:session): session opened for user root(uid=0) by (uid=1000)
Jun 30 11:18:49 devstack cinder-volume[93768]: DEBUG oslo_service.periodic_task [None req-23dbf635-3567-49d5-8ad6-2e1eb195930f None None] Running periodic task VolumeManager.publish_service_capabilities {{(pid=93768) run_periodic_tasks /opt/stack/data/venv/lib/python3.12/site-packages/oslo_service/periodic_task.py:225}}
Jun 30 11:18:49 devstack cinder-volume[93768]: DEBUG oslo_concurrency.lockutils [None req-23dbf635-3567-49d5-8ad6-2e1eb195930f None None] Acquiring lock "quobyte_ensure" by "cinder.volume.drivers.quobyte.QuobyteDriver._ensure_shares_mounted" {{(pid=93768) inner /opt/stack/data/venv/lib/python3.12/site-packages/oslo_concurrency/lockutils.py:511}}
Jun 30 11:18:49 devstack cinder-volume[93768]: DEBUG oslo_concurrency.lockutils [None req-23dbf635-3567-49d5-8ad6-2e1eb195930f None None] Lock "quobyte_ensure" acquired by "cinder.volume.drivers.quobyte.QuobyteDriver._ensure_shares_mounted" :: waited 0.000s {{(pid=93768) inner /opt/stack/data/venv/lib/python3.12/site-packages/oslo_concurrency/lockutils.py:524}}
Jun 30 11:18:49 devstack cinder-volume[93768]: DEBUG cinder.volume.drivers.quobyte [None req-23dbf635-3567-49d5-8ad6-2e1eb195930f None None] Quobyte Volume URL set to: {'osci02.corp.quobyte.com/cinder-vol-4549bedd-c12b-40e9-88be-149abbc28f28': None} {{(pid=93768) _load_shares_config /opt/stack/cinder/cinder/volume/drivers/quobyte.py:617}}
Jun 30 11:18:49 devstack cinder-volume[93768]: DEBUG cinder.volume.drivers.quobyte [None req-23dbf635-3567-49d5-8ad6-2e1eb195930f None None] Available shares ['osci02.corp.quobyte.com/cinder-vol-4549bedd-c12b-40e9-88be-149abbc28f28'] {{(pid=93768) _ensure_shares_mounted /opt/stack/cinder/cinder/volume/drivers/quobyte.py:647}}
Jun 30 11:18:49 devstack cinder-volume[93768]: DEBUG oslo_concurrency.lockutils [None req-23dbf635-3567-49d5-8ad6-2e1eb195930f None None] Lock "quobyte_ensure" "released" by "cinder.volume.drivers.quobyte.QuobyteDriver._ensure_shares_mounted" :: held 0.007s {{(pid=93768) inner /opt/stack/data/venv/lib/python3.12/site-packages/oslo_concurrency/lockutils.py:543}}
Jun 30 11:18:49 devstack cinder-volume[93768]: DEBUG oslo_concurrency.processutils [None req-23dbf635-3567-49d5-8ad6-2e1eb195930f None None] Running cmd (subprocess): sudo cinder-rootwrap /etc/cinder/rootwrap.conf df --portability --block-size 1 /opt/stack/data/cinder/mnt/875c09e2ecbcf9b51b38cb2aad3fa128 {{(pid=93768) execute /opt/stack/data/venv/lib/python3.12/site-packages/oslo_concurrency/processutils.py:440}}
Jun 30 11:18:49 devstack sudo[100057]: quobyte : PWD=/ ; USER=root ; COMMAND=/opt/stack/data/venv/bin/cinder-rootwrap /etc/cinder/rootwrap.conf df --portability --block-size 1 /opt/stack/data/cinder/mnt/875c09e2ecbcf9b51b38cb2aad3fa128
Jun 30 11:18:49 devstack sudo[100057]: pam_unix(sudo:session): session opened for user root(uid=0) by (uid=1000)
Jun 30 11:18:50 devstack sudo[100055]: pam_unix(sudo:session): session closed for user root
Jun 30 11:18:50 devstack cinder-volume[93768]: DEBUG oslo_concurrency.processutils [None req-09f75d2e-4197-4d76-80c2-f0d5b31ac932 tempest-VolumesCloneTest-1927141003 None] CMD "sudo cinder-rootwrap /etc/cinder/rootwrap.conf qemu-img rebase -u -b volume-2351d2a7-c363-4fa4-8f26-b6cc6b3a9cbe -F qcow2 /opt/stack/data/cinder/mnt/875c09e2ecbcf9b51b38cb2aad3fa128/volume-2351d2a7-c363-4fa4-8f26-b6cc6b3a9cbe.f74d2154-ae8e-4c85-8260-4ef7e59944ce" returned: 0 in 0.768s {{(pid=93768) execute /opt/stack/data/venv/lib/python3.12/site-packages/oslo_concurrency/processutils.py:468}}
Jun 30 11:18:50 devstack cinder-volume[93768]: WARNING cinder.volume.drivers.remotefs [None req-09f75d2e-4197-4d76-80c2-f0d5b31ac932 tempest-VolumesCloneTest-1927141003 None] /opt/stack/data/cinder/mnt/875c09e2ecbcf9b51b38cb2aad3fa128/volume-2351d2a7-c363-4fa4-8f26-b6cc6b3a9cbe.f74d2154-ae8e-4c85-8260-4ef7e59944ce is being set with open permissions: ugo+rw
Jun 30 11:18:50 devstack cinder-volume[93768]: DEBUG oslo_concurrency.processutils [None req-09f75d2e-4197-4d76-80c2-f0d5b31ac932 tempest-VolumesCloneTest-1927141003 None] Running cmd (subprocess): sudo cinder-rootwrap /etc/cinder/rootwrap.conf chmod ugo+rw /opt/stack/data/cinder/mnt/875c09e2ecbcf9b51b38cb2aad3fa128/volume-2351d2a7-c363-4fa4-8f26-b6cc6b3a9cbe.f74d2154-ae8e-4c85-8260-4ef7e59944ce {{(pid=93768) execute /opt/stack/data/venv/lib/python3.12/site-packages/oslo_concurrency/processutils.py:440}}
Jun 30 11:18:50 devstack sudo[100062]: quobyte : PWD=/ ; USER=root ; COMMAND=/opt/stack/data/venv/bin/cinder-rootwrap /etc/cinder/rootwrap.conf chmod ugo+rw /opt/stack/data/cinder/mnt/875c09e2ecbcf9b51b38cb2aad3fa128/volume-2351d2a7-c363-4fa4-8f26-b6cc6b3a9cbe.f74d2154-ae8e-4c85-8260-4ef7e59944ce
Jun 30 11:18:50 devstack sudo[100062]: pam_unix(sudo:session): session opened for user root(uid=0) by (uid=1000)
Jun 30 11:18:50 devstack sudo[100057]: pam_unix(sudo:session): session closed for user root
Jun 30 11:18:50 devstack cinder-volume[93768]: DEBUG oslo_concurrency.processutils [None req-23dbf635-3567-49d5-8ad6-2e1eb195930f None None] CMD "sudo cinder-rootwrap /etc/cinder/rootwrap.conf df --portability --block-size 1 /opt/stack/data/cinder/mnt/875c09e2ecbcf9b51b38cb2aad3fa128" returned: 0 in 0.780s {{(pid=93768) execute /opt/stack/data/venv/lib/python3.12/site-packages/oslo_concurrency/processutils.py:468}}
Jun 30 11:18:50 devstack cinder-volume[93768]: DEBUG cinder.manager [None req-23dbf635-3567-49d5-8ad6-2e1eb195930f None None] Notifying Schedulers of capabilities ... {{(pid=93768) _publish_service_capabilities /opt/stack/cinder/cinder/manager.py:219}}
Jun 30 11:18:50 devstack cinder-volume[93768]: DEBUG oslo_service.periodic_task [None req-23dbf635-3567-49d5-8ad6-2e1eb195930f None None] Running periodic task VolumeManager._thread_info {{(pid=93768) run_periodic_tasks /opt/stack/data/venv/lib/python3.12/site-packages/oslo_service/periodic_task.py:225}}
Jun 30 11:18:50 devstack cinder-volume[93768]: DEBUG cinder.volume.manager [None req-23dbf635-3567-49d5-8ad6-2e1eb195930f None None] thread count: 8 {{(pid=93768) _thread_info /opt/stack/cinder/cinder/volume/manager.py:5472}}
Jun 30 11:18:50 devstack cinder-volume[93768]: DEBUG cinder.volume.manager [None req-23dbf635-3567-49d5-8ad6-2e1eb195930f None None] thread info: [<_MainThread(MainThread, started 130797836730496)>, , , , , , , ] {{(pid=93768) _thread_info /opt/stack/cinder/cinder/volume/manager.py:5473}}
Jun 30 11:18:51 devstack sudo[100062]: pam_unix(sudo:session): session closed for user root
Jun 30 11:18:51 devstack cinder-volume[93768]: DEBUG oslo_concurrency.processutils [None req-09f75d2e-4197-4d76-80c2-f0d5b31ac932 tempest-VolumesCloneTest-1927141003 None] CMD "sudo cinder-rootwrap /etc/cinder/rootwrap.conf chmod ugo+rw /opt/stack/data/cinder/mnt/875c09e2ecbcf9b51b38cb2aad3fa128/volume-2351d2a7-c363-4fa4-8f26-b6cc6b3a9cbe.f74d2154-ae8e-4c85-8260-4ef7e59944ce" returned: 0 in 0.692s {{(pid=93768) execute /opt/stack/data/venv/lib/python3.12/site-packages/oslo_concurrency/processutils.py:468}}
Jun 30 11:18:51 devstack cinder-volume[93768]: DEBUG oslo_concurrency.processutils [None req-09f75d2e-4197-4d76-80c2-f0d5b31ac932 tempest-VolumesCloneTest-1927141003 None] Running cmd (subprocess): sudo cinder-rootwrap /etc/cinder/rootwrap.conf truncate -s0 /opt/stack/data/cinder/mnt/875c09e2ecbcf9b51b38cb2aad3fa128/volume-2351d2a7-c363-4fa4-8f26-b6cc6b3a9cbe.info {{(pid=93768) execute /opt/stack/data/venv/lib/python3.12/site-packages/oslo_concurrency/processutils.py:440}}
Jun 30 11:18:51 devstack sudo[100066]: quobyte : PWD=/ ; USER=root ; COMMAND=/opt/stack/data/venv/bin/cinder-rootwrap /etc/cinder/rootwrap.conf truncate -s0 /opt/stack/data/cinder/mnt/875c09e2ecbcf9b51b38cb2aad3fa128/volume-2351d2a7-c363-4fa4-8f26-b6cc6b3a9cbe.info
Jun 30 11:18:51 devstack sudo[100066]: pam_unix(sudo:session): session opened for user root(uid=0) by (uid=1000)
Jun 30 11:18:51 devstack sudo[100066]: pam_unix(sudo:session): session closed for user root
Jun 30 11:18:51 devstack cinder-volume[93768]: DEBUG oslo_concurrency.processutils [None req-09f75d2e-4197-4d76-80c2-f0d5b31ac932 tempest-VolumesCloneTest-1927141003 None] CMD "sudo cinder-rootwrap /etc/cinder/rootwrap.conf truncate -s0 /opt/stack/data/cinder/mnt/875c09e2ecbcf9b51b38cb2aad3fa128/volume-2351d2a7-c363-4fa4-8f26-b6cc6b3a9cbe.info" returned: 0 in 0.776s {{(pid=93768) execute /opt/stack/data/venv/lib/python3.12/site-packages/oslo_concurrency/processutils.py:468}}
Jun 30 11:18:51 devstack cinder-volume[93768]: WARNING cinder.volume.drivers.remotefs [None req-09f75d2e-4197-4d76-80c2-f0d5b31ac932 tempest-VolumesCloneTest-1927141003 None] /opt/stack/data/cinder/mnt/875c09e2ecbcf9b51b38cb2aad3fa128/volume-2351d2a7-c363-4fa4-8f26-b6cc6b3a9cbe.info is being set with open permissions: ugo+rw
Jun 30 11:18:51 devstack cinder-volume[93768]: DEBUG oslo_concurrency.processutils [None req-09f75d2e-4197-4d76-80c2-f0d5b31ac932 tempest-VolumesCloneTest-1927141003 None] Running cmd (subprocess): sudo cinder-rootwrap /etc/cinder/rootwrap.conf chmod ugo+rw /opt/stack/data/cinder/mnt/875c09e2ecbcf9b51b38cb2aad3fa128/volume-2351d2a7-c363-4fa4-8f26-b6cc6b3a9cbe.info {{(pid=93768) execute /opt/stack/data/venv/lib/python3.12/site-packages/oslo_concurrency/processutils.py:440}}
Jun 30 11:18:51 devstack sudo[100069]: quobyte : PWD=/ ; USER=root ; COMMAND=/opt/stack/data/venv/bin/cinder-rootwrap /etc/cinder/rootwrap.conf chmod ugo+rw /opt/stack/data/cinder/mnt/875c09e2ecbcf9b51b38cb2aad3fa128/volume-2351d2a7-c363-4fa4-8f26-b6cc6b3a9cbe.info
Jun 30 11:18:51 devstack sudo[100069]: pam_unix(sudo:session): session opened for user root(uid=0) by (uid=1000)
Jun 30 11:18:52 devstack sudo[100069]: pam_unix(sudo:session): session closed for user root
Jun 30 11:18:52 devstack cinder-volume[93768]: DEBUG oslo_concurrency.processutils [None req-09f75d2e-4197-4d76-80c2-f0d5b31ac932 tempest-VolumesCloneTest-1927141003 None] CMD "sudo cinder-rootwrap /etc/cinder/rootwrap.conf chmod ugo+rw /opt/stack/data/cinder/mnt/875c09e2ecbcf9b51b38cb2aad3fa128/volume-2351d2a7-c363-4fa4-8f26-b6cc6b3a9cbe.info" returned: 0 in 0.707s {{(pid=93768) execute /opt/stack/data/venv/lib/python3.12/site-packages/oslo_concurrency/processutils.py:468}}
Jun 30 11:18:52 devstack cinder-volume[93768]: DEBUG cinder.coordination [None req-09f75d2e-4197-4d76-80c2-f0d5b31ac932 tempest-VolumesCloneTest-1927141003 None] Acquiring lock "cinder-quobyte-0d678fe1-8455-401b-9f03-2a986827c529" by "_copy_volume_from_snapshot" {{(pid=93768) __acquire /opt/stack/cinder/cinder/coordination.py:138}}
Jun 30 11:18:52 devstack cinder-volume[93768]: DEBUG cinder.coordination [None req-09f75d2e-4197-4d76-80c2-f0d5b31ac932 tempest-VolumesCloneTest-1927141003 None] Lock "cinder-quobyte-0d678fe1-8455-401b-9f03-2a986827c529" acquired by "_copy_volume_from_snapshot" :: waited 0.021s {{(pid=93768) __acquire /opt/stack/cinder/cinder/coordination.py:141}}
Jun 30 11:18:52 devstack cinder-volume[93768]: DEBUG cinder.volume.drivers.quobyte [None req-09f75d2e-4197-4d76-80c2-f0d5b31ac932 tempest-VolumesCloneTest-1927141003 None] snapshot: f74d2154-ae8e-4c85-8260-4ef7e59944ce, volume: 0d678fe1-8455-401b-9f03-2a986827c529, {{(pid=93768) _copy_volume_from_snapshot /opt/stack/cinder/cinder/volume/drivers/quobyte.py:401}}
Jun 30 11:18:52 devstack cinder-volume[93768]: DEBUG oslo_concurrency.lockutils [None req-09f75d2e-4197-4d76-80c2-f0d5b31ac932 tempest-VolumesCloneTest-1927141003 None] Acquiring lock "quobyte_ensure" by "cinder.volume.drivers.quobyte.QuobyteDriver._ensure_shares_mounted" {{(pid=93768) inner /opt/stack/data/venv/lib/python3.12/site-packages/oslo_concurrency/lockutils.py:511}}
Jun 30 11:18:52 devstack cinder-volume[93768]: DEBUG oslo_concurrency.lockutils [None req-09f75d2e-4197-4d76-80c2-f0d5b31ac932 tempest-VolumesCloneTest-1927141003 None] Lock "quobyte_ensure" acquired by "cinder.volume.drivers.quobyte.QuobyteDriver._ensure_shares_mounted" :: waited 0.001s {{(pid=93768) inner /opt/stack/data/venv/lib/python3.12/site-packages/oslo_concurrency/lockutils.py:524}}
Jun 30 11:18:52 devstack cinder-volume[93768]: DEBUG cinder.volume.drivers.quobyte [None req-09f75d2e-4197-4d76-80c2-f0d5b31ac932 tempest-VolumesCloneTest-1927141003 None] Quobyte Volume URL set to: {'osci02.corp.quobyte.com/cinder-vol-4549bedd-c12b-40e9-88be-149abbc28f28': None} {{(pid=93768) _load_shares_config /opt/stack/cinder/cinder/volume/drivers/quobyte.py:617}}
Jun 30 11:18:52 devstack cinder-volume[93768]: DEBUG cinder.volume.drivers.quobyte [None req-09f75d2e-4197-4d76-80c2-f0d5b31ac932 tempest-VolumesCloneTest-1927141003 None] Available shares ['osci02.corp.quobyte.com/cinder-vol-4549bedd-c12b-40e9-88be-149abbc28f28'] {{(pid=93768) _ensure_shares_mounted /opt/stack/cinder/cinder/volume/drivers/quobyte.py:647}}
Jun 30 11:18:52 devstack cinder-volume[93768]: DEBUG oslo_concurrency.lockutils [None req-09f75d2e-4197-4d76-80c2-f0d5b31ac932 tempest-VolumesCloneTest-1927141003 None] Lock "quobyte_ensure" "released" by "cinder.volume.drivers.quobyte.QuobyteDriver._ensure_shares_mounted" :: held 0.006s {{(pid=93768) inner /opt/stack/data/venv/lib/python3.12/site-packages/oslo_concurrency/lockutils.py:543}}
Jun 30 11:18:52 devstack cinder-volume[93768]: DEBUG oslo.privsep.daemon [-] privsep: reply[79cbe63e-01fd-4dcb-b414-1de17e5b9d40]: (4, 'qcow2') {{(pid=94919) _call_back /opt/stack/data/venv/lib/python3.12/site-packages/oslo_privsep/daemon.py:580}}
Jun 30 11:18:52 devstack cinder-volume[93768]: DEBUG oslo_concurrency.processutils [None req-09f75d2e-4197-4d76-80c2-f0d5b31ac932 tempest-VolumesCloneTest-1927141003 None] Running cmd (subprocess): /opt/stack/data/venv/bin/python3.12 -m oslo_concurrency.prlimit --as=1073741824 --cpu=60 -- sudo cinder-rootwrap /etc/cinder/rootwrap.conf env LC_ALL=C qemu-img info -f qcow2 --output=json --force-share /opt/stack/data/cinder/mnt/875c09e2ecbcf9b51b38cb2aad3fa128/volume-2351d2a7-c363-4fa4-8f26-b6cc6b3a9cbe.f74d2154-ae8e-4c85-8260-4ef7e59944ce {{(pid=93768) execute /opt/stack/data/venv/lib/python3.12/site-packages/oslo_concurrency/processutils.py:440}}
Jun 30 11:18:52 devstack sudo[100076]: quobyte : PWD=/ ; USER=root ; COMMAND=/opt/stack/data/venv/bin/cinder-rootwrap /etc/cinder/rootwrap.conf env LC_ALL=C qemu-img info -f qcow2 --output=json --force-share /opt/stack/data/cinder/mnt/875c09e2ecbcf9b51b38cb2aad3fa128/volume-2351d2a7-c363-4fa4-8f26-b6cc6b3a9cbe.f74d2154-ae8e-4c85-8260-4ef7e59944ce
Jun 30 11:18:52 devstack sudo[100076]: pam_unix(sudo:session): session opened for user root(uid=0) by (uid=1000)
Jun 30 11:18:53 devstack sudo[100076]: pam_unix(sudo:session): session closed for user root
Jun 30 11:18:53 devstack cinder-volume[93768]: DEBUG oslo_concurrency.processutils [None req-09f75d2e-4197-4d76-80c2-f0d5b31ac932 tempest-VolumesCloneTest-1927141003 None] CMD "/opt/stack/data/venv/bin/python3.12 -m oslo_concurrency.prlimit --as=1073741824 --cpu=60 -- sudo cinder-rootwrap /etc/cinder/rootwrap.conf env LC_ALL=C qemu-img info -f qcow2 --output=json --force-share /opt/stack/data/cinder/mnt/875c09e2ecbcf9b51b38cb2aad3fa128/volume-2351d2a7-c363-4fa4-8f26-b6cc6b3a9cbe.f74d2154-ae8e-4c85-8260-4ef7e59944ce" returned: 0 in 0.812s {{(pid=93768) execute /opt/stack/data/venv/lib/python3.12/site-packages/oslo_concurrency/processutils.py:468}}
Jun 30 11:18:53 devstack cinder-volume[93768]: DEBUG cinder.volume.drivers.remotefs [None req-09f75d2e-4197-4d76-80c2-f0d5b31ac932 tempest-VolumesCloneTest-1927141003 None] Fetching qemu-img info with special backing_file_template: (/opt/stack/data/cinder/mnt/[0-9a-f]+/)?(volume-2351d2a7-c363-4fa4-8f26-b6cc6b3a9cbe(.(tmp-snap-)?[0-9a-f-]+)?|volume_from_snapshot_cache/(tmp-snap-)?[0-9a-f-]+(.(child-|parent-)[0-9a-f-]+)?)$ {{(pid=93768) _qemu_img_info_base /opt/stack/cinder/cinder/volume/drivers/remotefs.py:896}}
Jun 30 11:18:53 devstack cinder-volume[93768]: DEBUG cinder.volume.drivers.quobyte [None req-09f75d2e-4197-4d76-80c2-f0d5b31ac932 tempest-VolumesCloneTest-1927141003 None] will copy from snapshot at /opt/stack/data/cinder/mnt/875c09e2ecbcf9b51b38cb2aad3fa128/volume-2351d2a7-c363-4fa4-8f26-b6cc6b3a9cbe {{(pid=93768) _copy_volume_from_snapshot /opt/stack/cinder/cinder/volume/drivers/quobyte.py:420}}
Jun 30 11:18:53 devstack cinder-volume[93768]: DEBUG cinder.volume.drivers.quobyte [None req-09f75d2e-4197-4d76-80c2-f0d5b31ac932 tempest-VolumesCloneTest-1927141003 None] Creating direct copy from snapshot {{(pid=93768) _copy_volume_from_snapshot /opt/stack/cinder/cinder/volume/drivers/quobyte.py:428}}
Jun 30 11:18:53 devstack cinder-volume[93768]: DEBUG oslo.privsep.daemon [-] privsep: reply[f4b763e0-92bf-47ae-987a-2c89ff7a4819]: (4, 'qcow2') {{(pid=94919) _call_back /opt/stack/data/venv/lib/python3.12/site-packages/oslo_privsep/daemon.py:580}}
Jun 30 11:18:53 devstack cinder-volume[93768]: DEBUG oslo_concurrency.processutils [None req-09f75d2e-4197-4d76-80c2-f0d5b31ac932 tempest-VolumesCloneTest-1927141003 None] Running cmd (subprocess): /opt/stack/data/venv/bin/python3.12 -m oslo_concurrency.prlimit --as=1073741824 --cpu=60 -- sudo cinder-rootwrap /etc/cinder/rootwrap.conf env LC_ALL=C qemu-img info -f qcow2 --output=json /opt/stack/data/cinder/mnt/875c09e2ecbcf9b51b38cb2aad3fa128/volume-2351d2a7-c363-4fa4-8f26-b6cc6b3a9cbe {{(pid=93768) execute /opt/stack/data/venv/lib/python3.12/site-packages/oslo_concurrency/processutils.py:440}}
Jun 30 11:18:53 devstack sudo[100083]: quobyte : PWD=/ ; USER=root ; COMMAND=/opt/stack/data/venv/bin/cinder-rootwrap /etc/cinder/rootwrap.conf env LC_ALL=C qemu-img info -f qcow2 --output=json /opt/stack/data/cinder/mnt/875c09e2ecbcf9b51b38cb2aad3fa128/volume-2351d2a7-c363-4fa4-8f26-b6cc6b3a9cbe
Jun 30 11:18:53 devstack sudo[100083]: pam_unix(sudo:session): session opened for user root(uid=0) by (uid=1000)
Jun 30 11:18:54 devstack sudo[100083]: pam_unix(sudo:session): session closed for user root
Jun 30 11:18:54 devstack cinder-volume[93768]: DEBUG oslo_concurrency.processutils [None req-09f75d2e-4197-4d76-80c2-f0d5b31ac932 tempest-VolumesCloneTest-1927141003 None] CMD "/opt/stack/data/venv/bin/python3.12 -m oslo_concurrency.prlimit --as=1073741824 --cpu=60 -- sudo cinder-rootwrap /etc/cinder/rootwrap.conf env LC_ALL=C qemu-img info -f qcow2 --output=json /opt/stack/data/cinder/mnt/875c09e2ecbcf9b51b38cb2aad3fa128/volume-2351d2a7-c363-4fa4-8f26-b6cc6b3a9cbe" returned: 0 in 0.876s {{(pid=93768) execute /opt/stack/data/venv/lib/python3.12/site-packages/oslo_concurrency/processutils.py:468}}
Jun 30 11:18:54 devstack cinder-volume[93768]: DEBUG cinder.utils [None req-09f75d2e-4197-4d76-80c2-f0d5b31ac932 tempest-VolumesCloneTest-1927141003 None] Path /opt/stack/data/cinder/mnt/875c09e2ecbcf9b51b38cb2aad3fa128/volume-0d678fe1-8455-401b-9f03-2a986827c529 not found in is_blk_device check {{(pid=93768) is_blk_device /opt/stack/cinder/cinder/utils.py:615}}
Jun 30 11:18:54 devstack cinder-volume[93768]: DEBUG oslo_concurrency.processutils [None req-09f75d2e-4197-4d76-80c2-f0d5b31ac932 tempest-VolumesCloneTest-1927141003 None] Running cmd (subprocess): sudo cinder-rootwrap /etc/cinder/rootwrap.conf qemu-img convert -O qcow2 /opt/stack/data/cinder/mnt/875c09e2ecbcf9b51b38cb2aad3fa128/volume-2351d2a7-c363-4fa4-8f26-b6cc6b3a9cbe /opt/stack/data/cinder/mnt/875c09e2ecbcf9b51b38cb2aad3fa128/volume-0d678fe1-8455-401b-9f03-2a986827c529 {{(pid=93768) execute /opt/stack/data/venv/lib/python3.12/site-packages/oslo_concurrency/processutils.py:440}}
Jun 30 11:18:54 devstack sudo[100092]: quobyte : PWD=/ ; USER=root ; COMMAND=/opt/stack/data/venv/bin/cinder-rootwrap /etc/cinder/rootwrap.conf qemu-img convert -O qcow2 /opt/stack/data/cinder/mnt/875c09e2ecbcf9b51b38cb2aad3fa128/volume-2351d2a7-c363-4fa4-8f26-b6cc6b3a9cbe /opt/stack/data/cinder/mnt/875c09e2ecbcf9b51b38cb2aad3fa128/volume-0d678fe1-8455-401b-9f03-2a986827c529
Jun 30 11:18:54 devstack sudo[100092]: pam_unix(sudo:session): session opened for user root(uid=0) by (uid=1000)
Jun 30 11:18:54 devstack cinder-volume[93768]: INFO cinder.volume.manager [req-6428730d-247d-499b-8026-319d22970b3a req-975be7e9-b024-4dcd-ac48-06661d4d94a1 tempest-AttachVolumeTestJSON-2034526072 None] Terminate volume connection completed successfully.
Jun 30 11:18:54 devstack cinder-volume[93768]: DEBUG cinder.volume.manager [req-6428730d-247d-499b-8026-319d22970b3a req-975be7e9-b024-4dcd-ac48-06661d4d94a1 tempest-AttachVolumeTestJSON-2034526072 None] Deleting attachment 69f217d8-69b4-4ca1-b91c-91e269b8362f. {{(pid=93768) attachment_delete /opt/stack/cinder/cinder/volume/manager.py:5055}}
Jun 30 11:18:58 devstack cinder-volume[93768]: INFO cinder.volume.manager [req-2b77dd2a-e1f0-4f88-9e87-9f8bc30e7b4c req-ebcd17bb-f04b-40ce-98ac-fc1b60191934 tempest-AttachVolumeTestJSON-2034526072 None] Terminate volume connection completed successfully.
Jun 30 11:18:58 devstack cinder-volume[93768]: DEBUG cinder.volume.manager [req-2b77dd2a-e1f0-4f88-9e87-9f8bc30e7b4c req-ebcd17bb-f04b-40ce-98ac-fc1b60191934 tempest-AttachVolumeTestJSON-2034526072 None] Deleting attachment 09077e70-d7a6-4afa-ab27-54efdc6d2b12. {{(pid=93768) attachment_delete /opt/stack/cinder/cinder/volume/manager.py:5055}}
Jun 30 11:19:00 devstack sudo[100092]: pam_unix(sudo:session): session closed for user root
Jun 30 11:19:00 devstack cinder-volume[93768]: DEBUG oslo_concurrency.processutils [None req-09f75d2e-4197-4d76-80c2-f0d5b31ac932 tempest-VolumesCloneTest-1927141003 None] CMD "sudo cinder-rootwrap /etc/cinder/rootwrap.conf qemu-img convert -O qcow2 /opt/stack/data/cinder/mnt/875c09e2ecbcf9b51b38cb2aad3fa128/volume-2351d2a7-c363-4fa4-8f26-b6cc6b3a9cbe /opt/stack/data/cinder/mnt/875c09e2ecbcf9b51b38cb2aad3fa128/volume-0d678fe1-8455-401b-9f03-2a986827c529" returned: 0 in 6.032s {{(pid=93768) execute /opt/stack/data/venv/lib/python3.12/site-packages/oslo_concurrency/processutils.py:468}}
Jun 30 11:19:00 devstack cinder-volume[93768]: DEBUG oslo.privsep.daemon [-] privsep: reply[dad29a48-1455-491a-90a6-aaf024a8b448]: (4, 'qcow2') {{(pid=94919) _call_back /opt/stack/data/venv/lib/python3.12/site-packages/oslo_privsep/daemon.py:580}}
Jun 30 11:19:00 devstack cinder-volume[93768]: DEBUG oslo_concurrency.processutils [None req-09f75d2e-4197-4d76-80c2-f0d5b31ac932 tempest-VolumesCloneTest-1927141003 None] Running cmd (subprocess): /opt/stack/data/venv/bin/python3.12 -m oslo_concurrency.prlimit --as=1073741824 --cpu=60 -- sudo cinder-rootwrap /etc/cinder/rootwrap.conf env LC_ALL=C qemu-img info -f qcow2 --output=json /opt/stack/data/cinder/mnt/875c09e2ecbcf9b51b38cb2aad3fa128/volume-2351d2a7-c363-4fa4-8f26-b6cc6b3a9cbe {{(pid=93768) execute /opt/stack/data/venv/lib/python3.12/site-packages/oslo_concurrency/processutils.py:440}}
Jun 30 11:19:00 devstack sudo[100139]: quobyte : PWD=/ ; USER=root ; COMMAND=/opt/stack/data/venv/bin/cinder-rootwrap /etc/cinder/rootwrap.conf env LC_ALL=C qemu-img info -f qcow2 --output=json /opt/stack/data/cinder/mnt/875c09e2ecbcf9b51b38cb2aad3fa128/volume-2351d2a7-c363-4fa4-8f26-b6cc6b3a9cbe
Jun 30 11:19:00 devstack sudo[100139]: pam_unix(sudo:session): session opened for user root(uid=0) by (uid=1000)
Jun 30 11:19:01 devstack sudo[100139]: pam_unix(sudo:session): session closed for user root
Jun 30 11:19:01 devstack cinder-volume[93768]: DEBUG oslo_concurrency.processutils [None req-09f75d2e-4197-4d76-80c2-f0d5b31ac932 tempest-VolumesCloneTest-1927141003 None] CMD "/opt/stack/data/venv/bin/python3.12 -m oslo_concurrency.prlimit --as=1073741824 --cpu=60 -- sudo cinder-rootwrap /etc/cinder/rootwrap.conf env LC_ALL=C qemu-img info -f qcow2 --output=json /opt/stack/data/cinder/mnt/875c09e2ecbcf9b51b38cb2aad3fa128/volume-2351d2a7-c363-4fa4-8f26-b6cc6b3a9cbe" returned: 0 in 0.941s {{(pid=93768) execute /opt/stack/data/venv/lib/python3.12/site-packages/oslo_concurrency/processutils.py:468}}
Jun 30 11:19:01 devstack cinder-volume[93768]: DEBUG cinder.image.image_utils [None req-09f75d2e-4197-4d76-80c2-f0d5b31ac932 tempest-VolumesCloneTest-1927141003 None] Image conversion details: src /opt/stack/data/cinder/mnt/875c09e2ecbcf9b51b38cb2aad3fa128/volume-2351d2a7-c363-4fa4-8f26-b6cc6b3a9cbe, size 1024.00 MB, duration 6.03 sec, destination /opt/stack/data/cinder/mnt/875c09e2ecbcf9b51b38cb2aad3fa128/volume-0d678fe1-8455-401b-9f03-2a986827c529 {{(pid=93768) _convert_image /opt/stack/cinder/cinder/image/image_utils.py:536}}
Jun 30 11:19:01 devstack cinder-volume[93768]: INFO cinder.image.image_utils [None req-09f75d2e-4197-4d76-80c2-f0d5b31ac932 tempest-VolumesCloneTest-1927141003 None] Converted 1024.00 MB image at 169.73 MB/s
Jun 30 11:19:01 devstack cinder-volume[93768]: WARNING cinder.volume.drivers.remotefs [None req-09f75d2e-4197-4d76-80c2-f0d5b31ac932 tempest-VolumesCloneTest-1927141003 None] /opt/stack/data/cinder/mnt/875c09e2ecbcf9b51b38cb2aad3fa128/volume-0d678fe1-8455-401b-9f03-2a986827c529 is being set with open permissions: ugo+rw
Jun 30 11:19:01 devstack cinder-volume[93768]: DEBUG oslo_concurrency.processutils [None req-09f75d2e-4197-4d76-80c2-f0d5b31ac932 tempest-VolumesCloneTest-1927141003 None] Running cmd (subprocess): sudo cinder-rootwrap /etc/cinder/rootwrap.conf chmod ugo+rw /opt/stack/data/cinder/mnt/875c09e2ecbcf9b51b38cb2aad3fa128/volume-0d678fe1-8455-401b-9f03-2a986827c529 {{(pid=93768) execute /opt/stack/data/venv/lib/python3.12/site-packages/oslo_concurrency/processutils.py:440}}
Jun 30 11:19:01 devstack sudo[100145]: quobyte : PWD=/ ; USER=root ; COMMAND=/opt/stack/data/venv/bin/cinder-rootwrap /etc/cinder/rootwrap.conf chmod ugo+rw /opt/stack/data/cinder/mnt/875c09e2ecbcf9b51b38cb2aad3fa128/volume-0d678fe1-8455-401b-9f03-2a986827c529
Jun 30 11:19:01 devstack sudo[100145]: pam_unix(sudo:session): session opened for user root(uid=0) by (uid=1000)
Jun 30 11:19:02 devstack sudo[100145]: pam_unix(sudo:session): session closed for user root
Jun 30 11:19:02 devstack cinder-volume[93768]: DEBUG oslo_concurrency.processutils [None req-09f75d2e-4197-4d76-80c2-f0d5b31ac932 tempest-VolumesCloneTest-1927141003 None] CMD "sudo cinder-rootwrap /etc/cinder/rootwrap.conf chmod ugo+rw /opt/stack/data/cinder/mnt/875c09e2ecbcf9b51b38cb2aad3fa128/volume-0d678fe1-8455-401b-9f03-2a986827c529" returned: 0 in 0.854s {{(pid=93768) execute /opt/stack/data/venv/lib/python3.12/site-packages/oslo_concurrency/processutils.py:468}}
Jun 30 11:19:02 devstack cinder-volume[93768]: DEBUG cinder.coordination [None req-09f75d2e-4197-4d76-80c2-f0d5b31ac932 tempest-VolumesCloneTest-1927141003 None] Lock "cinder-quobyte-0d678fe1-8455-401b-9f03-2a986827c529" released by "_copy_volume_from_snapshot" :: held 9.624s {{(pid=93768) __release /opt/stack/cinder/cinder/coordination.py:152}}
Jun 30 11:19:02 devstack cinder-volume[93768]: DEBUG cinder.coordination [None req-09f75d2e-4197-4d76-80c2-f0d5b31ac932 tempest-VolumesCloneTest-1927141003 None] Acquiring lock "cinder-quobyte-f74d2154-ae8e-4c85-8260-4ef7e59944ce" by "_delete_snapshot" {{(pid=93768) __acquire /opt/stack/cinder/cinder/coordination.py:138}}
Jun 30 11:19:02 devstack cinder-volume[93768]: DEBUG cinder.coordination [None req-09f75d2e-4197-4d76-80c2-f0d5b31ac932 tempest-VolumesCloneTest-1927141003 None] Lock "cinder-quobyte-f74d2154-ae8e-4c85-8260-4ef7e59944ce" acquired by "_delete_snapshot" :: waited 0.029s {{(pid=93768) __acquire /opt/stack/cinder/cinder/coordination.py:141}}
Jun 30 11:19:02 devstack cinder-volume[93768]: DEBUG cinder.volume.drivers.remotefs [None req-09f75d2e-4197-4d76-80c2-f0d5b31ac932 tempest-VolumesCloneTest-1927141003 None] Deleting offline snapshot f74d2154-ae8e-4c85-8260-4ef7e59944ce of volume 2351d2a7-c363-4fa4-8f26-b6cc6b3a9cbe {{(pid=93768) _delete_snapshot /opt/stack/cinder/cinder/volume/drivers/remotefs.py:1288}}
Jun 30 11:19:02 devstack cinder-volume[93768]: DEBUG cinder.volume.drivers.remotefs [None req-09f75d2e-4197-4d76-80c2-f0d5b31ac932 tempest-VolumesCloneTest-1927141003 None] snapshot_file for this snap is: volume-2351d2a7-c363-4fa4-8f26-b6cc6b3a9cbe.f74d2154-ae8e-4c85-8260-4ef7e59944ce {{(pid=93768) _delete_snapshot /opt/stack/cinder/cinder/volume/drivers/remotefs.py:1317}}
Jun 30 11:19:02 devstack cinder-volume[93768]: DEBUG oslo.privsep.daemon [-] privsep: reply[8237206d-f003-4f63-920c-aeb2b0227f92]: (4, 'qcow2') {{(pid=94919) _call_back /opt/stack/data/venv/lib/python3.12/site-packages/oslo_privsep/daemon.py:580}}
Jun 30 11:19:02 devstack cinder-volume[93768]: DEBUG oslo_concurrency.processutils [None req-09f75d2e-4197-4d76-80c2-f0d5b31ac932 tempest-VolumesCloneTest-1927141003 None] Running cmd (subprocess): /opt/stack/data/venv/bin/python3.12 -m oslo_concurrency.prlimit --as=1073741824 --cpu=60 -- sudo cinder-rootwrap /etc/cinder/rootwrap.conf env LC_ALL=C qemu-img info -f qcow2 --output=json --force-share /opt/stack/data/cinder/mnt/875c09e2ecbcf9b51b38cb2aad3fa128/volume-2351d2a7-c363-4fa4-8f26-b6cc6b3a9cbe.f74d2154-ae8e-4c85-8260-4ef7e59944ce {{(pid=93768) execute /opt/stack/data/venv/lib/python3.12/site-packages/oslo_concurrency/processutils.py:440}}
Jun 30 11:19:02 devstack sudo[100190]: quobyte : PWD=/ ; USER=root ; COMMAND=/opt/stack/data/venv/bin/cinder-rootwrap /etc/cinder/rootwrap.conf env LC_ALL=C qemu-img info -f qcow2 --output=json --force-share /opt/stack/data/cinder/mnt/875c09e2ecbcf9b51b38cb2aad3fa128/volume-2351d2a7-c363-4fa4-8f26-b6cc6b3a9cbe.f74d2154-ae8e-4c85-8260-4ef7e59944ce
Jun 30 11:19:02 devstack sudo[100190]: pam_unix(sudo:session): session opened for user root(uid=0) by (uid=1000)
Jun 30 11:19:03 devstack sudo[100190]: pam_unix(sudo:session): session closed for user root
Jun 30 11:19:03 devstack cinder-volume[93768]: DEBUG oslo_concurrency.processutils [None req-09f75d2e-4197-4d76-80c2-f0d5b31ac932 tempest-VolumesCloneTest-1927141003 None] CMD "/opt/stack/data/venv/bin/python3.12 -m oslo_concurrency.prlimit --as=1073741824 --cpu=60 -- sudo cinder-rootwrap /etc/cinder/rootwrap.conf env LC_ALL=C qemu-img info -f qcow2 --output=json --force-share /opt/stack/data/cinder/mnt/875c09e2ecbcf9b51b38cb2aad3fa128/volume-2351d2a7-c363-4fa4-8f26-b6cc6b3a9cbe.f74d2154-ae8e-4c85-8260-4ef7e59944ce" returned: 0 in 0.991s {{(pid=93768) execute /opt/stack/data/venv/lib/python3.12/site-packages/oslo_concurrency/processutils.py:468}}
Jun 30 11:19:03 devstack cinder-volume[93768]: DEBUG cinder.volume.drivers.remotefs [None req-09f75d2e-4197-4d76-80c2-f0d5b31ac932 tempest-VolumesCloneTest-1927141003 None] Fetching qemu-img info with special backing_file_template: (/opt/stack/data/cinder/mnt/[0-9a-f]+/)?(volume-2351d2a7-c363-4fa4-8f26-b6cc6b3a9cbe(.(tmp-snap-)?[0-9a-f-]+)?|volume_from_snapshot_cache/(tmp-snap-)?[0-9a-f-]+(.(child-|parent-)[0-9a-f-]+)?)$ {{(pid=93768) _qemu_img_info_base /opt/stack/cinder/cinder/volume/drivers/remotefs.py:896}}
Jun 30 11:19:03 devstack cinder-volume[93768]: DEBUG oslo.privsep.daemon [-] privsep: reply[1178863c-9f4d-433d-ba13-588a2f6abd0f]: (4, 'qcow2') {{(pid=94919) _call_back /opt/stack/data/venv/lib/python3.12/site-packages/oslo_privsep/daemon.py:580}}
Jun 30 11:19:03 devstack cinder-volume[93768]: DEBUG oslo_concurrency.processutils [None req-09f75d2e-4197-4d76-80c2-f0d5b31ac932 tempest-VolumesCloneTest-1927141003 None] Running cmd (subprocess): /opt/stack/data/venv/bin/python3.12 -m oslo_concurrency.prlimit --as=1073741824 --cpu=60 -- sudo cinder-rootwrap /etc/cinder/rootwrap.conf env LC_ALL=C qemu-img info -f qcow2 --output=json --force-share /opt/stack/data/cinder/mnt/875c09e2ecbcf9b51b38cb2aad3fa128/volume-2351d2a7-c363-4fa4-8f26-b6cc6b3a9cbe {{(pid=93768) execute /opt/stack/data/venv/lib/python3.12/site-packages/oslo_concurrency/processutils.py:440}}
Jun 30 11:19:03 devstack sudo[100197]: quobyte : PWD=/ ; USER=root ; COMMAND=/opt/stack/data/venv/bin/cinder-rootwrap /etc/cinder/rootwrap.conf env LC_ALL=C qemu-img info -f qcow2 --output=json --force-share /opt/stack/data/cinder/mnt/875c09e2ecbcf9b51b38cb2aad3fa128/volume-2351d2a7-c363-4fa4-8f26-b6cc6b3a9cbe
Jun 30 11:19:03 devstack sudo[100197]: pam_unix(sudo:session): session opened for user root(uid=0) by (uid=1000)
Jun 30 11:19:04 devstack sudo[100197]: pam_unix(sudo:session): session closed for user root
Jun 30 11:19:04 devstack cinder-volume[93768]: DEBUG oslo_concurrency.processutils [None req-09f75d2e-4197-4d76-80c2-f0d5b31ac932 tempest-VolumesCloneTest-1927141003 None] CMD "/opt/stack/data/venv/bin/python3.12 -m oslo_concurrency.prlimit --as=1073741824 --cpu=60 -- sudo cinder-rootwrap /etc/cinder/rootwrap.conf env LC_ALL=C qemu-img info -f qcow2 --output=json --force-share /opt/stack/data/cinder/mnt/875c09e2ecbcf9b51b38cb2aad3fa128/volume-2351d2a7-c363-4fa4-8f26-b6cc6b3a9cbe" returned: 0 in 1.041s {{(pid=93768) execute /opt/stack/data/venv/lib/python3.12/site-packages/oslo_concurrency/processutils.py:468}}
