Feb 20 15:23:08 devstack cinder-volume[82224]: DEBUG oslo_concurrency.lockutils [None req-9fb0e2c6-7faa-40a2-af67-452372aa85dc tempest-GroupsTest-1793003813 None] Lock "quobyte" "released" by "cinder.volume.drivers.quobyte.QuobyteDriver.create_volume" :: held 1.035s {{(pid=82224) inner /opt/stack/data/venv/lib/python3.10/site-packages/oslo_concurrency/lockutils.py:538}}
Feb 20 15:23:08 devstack cinder-volume[82224]: DEBUG oslo_concurrency.lockutils [None req-ed3114e0-b0f0-4435-9a37-dea3fb833dcf tempest-GroupSnapshotsTest-1615084962 None] Lock "quobyte" acquired by "cinder.volume.drivers.quobyte.QuobyteDriver.create_snapshot" :: waited 1.475s {{(pid=82224) inner /opt/stack/data/venv/lib/python3.10/site-packages/oslo_concurrency/lockutils.py:519}}
Feb 20 15:23:08 devstack cinder-volume[82224]: DEBUG cinder.volume.manager [None req-9fb0e2c6-7faa-40a2-af67-452372aa85dc tempest-GroupsTest-1793003813 None] Task 'cinder.volume.flows.manager.create_volume.CreateVolumeFromSpecTask;volume:create' (8fdf39fc-8113-4096-86a2-ed3d1a46ea20) transitioned into state 'SUCCESS' from state 'RUNNING' with result '{'status': 'creating', 'volume_name': 'volume-65c3e440-6099-43b7-bfe2-c17c659bbb69', 'volume_size': 1}' {{(pid=82224) _task_receiver /opt/stack/data/venv/lib/python3.10/site-packages/taskflow/listeners/logging.py:182}}
Feb 20 15:23:08 devstack cinder-volume[82224]: DEBUG cinder.volume.manager [None req-9fb0e2c6-7faa-40a2-af67-452372aa85dc tempest-GroupsTest-1793003813 None] Task 'cinder.volume.flows.manager.create_volume.CreateVolumeOnFinishTask;volume:create, create.end' (407b59d1-9e36-420a-8bb0-b77581602972) transitioned into state 'RUNNING' from state 'PENDING' {{(pid=82224) _task_receiver /opt/stack/data/venv/lib/python3.10/site-packages/taskflow/listeners/logging.py:194}}
Feb 20 15:23:08 devstack cinder-volume[82224]: DEBUG cinder.volume.drivers.remotefs [None req-ed3114e0-b0f0-4435-9a37-dea3fb833dcf tempest-GroupSnapshotsTest-1615084962 None] Creating offline snapshot 8bc94d18-90ea-4068-9f03-0ebf3792be88 of volume 0cef0585-0990-4e6a-8033-614537b179a2 {{(pid=82224) _create_snapshot /opt/stack/cinder/cinder/volume/drivers/remotefs.py:1815}}
Feb 20 15:23:08 devstack cinder-volume[82224]: DEBUG oslo.privsep.daemon [-] privsep: reply[3112397d-ca0a-4c5a-877f-e16897bc3e8d]: (4, 'qcow2') {{(pid=82978) _call_back /opt/stack/data/venv/lib/python3.10/site-packages/oslo_privsep/daemon.py:573}}
Feb 20 15:23:08 devstack cinder-volume[82224]: DEBUG oslo_concurrency.processutils [None req-ed3114e0-b0f0-4435-9a37-dea3fb833dcf tempest-GroupSnapshotsTest-1615084962 None] Running cmd (subprocess): /opt/stack/data/venv/bin/python3.10 -m oslo_concurrency.prlimit --as=1073741824 --cpu=60 -- sudo cinder-rootwrap /etc/cinder/rootwrap.conf env LC_ALL=C qemu-img info -f qcow2 --output=json --force-share /opt/stack/data/cinder/mnt/9bf2df5d13c0e9b388e5ab5295989558/volume-0cef0585-0990-4e6a-8033-614537b179a2 {{(pid=82224) execute /opt/stack/data/venv/lib/python3.10/site-packages/oslo_concurrency/processutils.py:368}}
Feb 20 15:23:08 devstack cinder-volume[82224]: INFO cinder.volume.flows.manager.create_volume [None req-9fb0e2c6-7faa-40a2-af67-452372aa85dc tempest-GroupsTest-1793003813 None] Volume volume-65c3e440-6099-43b7-bfe2-c17c659bbb69 (65c3e440-6099-43b7-bfe2-c17c659bbb69): created successfully
Feb 20 15:23:08 devstack cinder-volume[82224]: DEBUG cinder.volume.manager [None req-9fb0e2c6-7faa-40a2-af67-452372aa85dc tempest-GroupsTest-1793003813 None] Task 'cinder.volume.flows.manager.create_volume.CreateVolumeOnFinishTask;volume:create, create.end' (407b59d1-9e36-420a-8bb0-b77581602972) transitioned into state 'SUCCESS' from state 'RUNNING' with result 'None' {{(pid=82224) _task_receiver /opt/stack/data/venv/lib/python3.10/site-packages/taskflow/listeners/logging.py:182}}
Feb 20 15:23:08 devstack cinder-volume[82224]: DEBUG cinder.volume.manager [None req-9fb0e2c6-7faa-40a2-af67-452372aa85dc tempest-GroupsTest-1793003813 None] Flow 'volume_create_manager' (c24b637e-b033-476c-9d87-97427e9652c9) transitioned into state 'SUCCESS' from state 'RUNNING' {{(pid=82224) _flow_receiver /opt/stack/data/venv/lib/python3.10/site-packages/taskflow/listeners/logging.py:145}}
Feb 20 15:23:08 devstack cinder-volume[82224]: INFO cinder.volume.manager [None req-9fb0e2c6-7faa-40a2-af67-452372aa85dc tempest-GroupsTest-1793003813 None] Created volume successfully.
Feb 20 15:23:08 devstack sudo[84912]: quobyte : PWD=/ ; USER=root ; COMMAND=/opt/stack/data/venv/bin/cinder-rootwrap /etc/cinder/rootwrap.conf env LC_ALL=C qemu-img info -f qcow2 --output=json --force-share /opt/stack/data/cinder/mnt/9bf2df5d13c0e9b388e5ab5295989558/volume-0cef0585-0990-4e6a-8033-614537b179a2
Feb 20 15:23:08 devstack sudo[84912]: pam_unix(sudo:session): session opened for user root(uid=0) by (uid=1000)
Feb 20 15:23:08 devstack cinder-volume[82224]: DEBUG cinder.volume.flows.manager.create_volume [None req-dad27643-5af2-4fa9-bea4-6f2ddd50cf4c tempest-GroupsTest-1793003813 None] Volume reschedule parameters: True retry: {'num_attempts': 1, 'backends': ['devstack@QuobyteHD#QuobyteHD'], 'hosts': ['devstack@QuobyteHD#QuobyteHD']} {{(pid=82224) get_flow /opt/stack/cinder/cinder/volume/flows/manager/create_volume.py:1388}}
Feb 20 15:23:08 devstack cinder-volume[82224]: DEBUG cinder.volume.manager [None req-dad27643-5af2-4fa9-bea4-6f2ddd50cf4c tempest-GroupsTest-1793003813 None] Flow 'volume_create_manager' (4d8dca41-d084-4382-a159-14eaf24ab54a) transitioned into state 'RUNNING' from state 'PENDING' {{(pid=82224) _flow_receiver /opt/stack/data/venv/lib/python3.10/site-packages/taskflow/listeners/logging.py:145}}
Feb 20 15:23:08 devstack cinder-volume[82224]: DEBUG cinder.volume.manager [None req-dad27643-5af2-4fa9-bea4-6f2ddd50cf4c tempest-GroupsTest-1793003813 None] Task 'cinder.volume.flows.manager.create_volume.ExtractVolumeRefTask;volume:create' (ef9ab5b5-7a7e-482c-a48b-3a9f504fdf04) transitioned into state 'RUNNING' from state 'PENDING' {{(pid=82224) _task_receiver /opt/stack/data/venv/lib/python3.10/site-packages/taskflow/listeners/logging.py:194}}
Feb 20 15:23:08 devstack cinder-volume[82224]: DEBUG cinder.volume.manager [None req-dad27643-5af2-4fa9-bea4-6f2ddd50cf4c tempest-GroupsTest-1793003813 None] Task 'cinder.volume.flows.manager.create_volume.ExtractVolumeRefTask;volume:create' (ef9ab5b5-7a7e-482c-a48b-3a9f504fdf04) transitioned into state 'SUCCESS' from state 'RUNNING' with result 'Volume(_name_id=None,admin_metadata=,attach_status='detached',availability_zone='nova',bootable=False,cluster=,cluster_name=None,consistencygroup=,consistencygroup_id=None,created_at=2026-02-20T14:23:09Z,deleted=False,deleted_at=None,display_description=None,display_name='tempest-volume-1706841036',ec2_id=None,encryption_key_id=None,glance_metadata=,group=,group_id=b90c3119-cdc3-47fd-a750-6c0a7117eaf8,host='devstack@QuobyteHD#QuobyteHD',id=00753020-78ae-49f2-b4f9-0c3e6f4d87a1,launched_at=None,metadata={},migration_status=None,multiattach=False,previous_status=None,project_id='41fb7635b82f4762a30252c3b41ac64e',provider_auth=None,provider_geometry=None,provider_id=None,provider_location=None,replication_driver_data=None,replication_extended_status=None,replication_status=None,scheduled_at=2026-02-20T14:23:09Z,service_uuid=None,shared_targets=True,size=1,snapshot_id=None,snapshots=,source_volid=None,status='creating',terminated_at=None,updated_at=2026-02-20T14:23:09Z,use_quota=True,user_id='8c3500adb76b411ca032e7ef1bcd78c5',volume_attachment=VolumeAttachmentList,volume_type=VolumeType(be94b62b-4874-49ea-825b-988f48e591f0),volume_type_id=be94b62b-4874-49ea-825b-988f48e591f0)' {{(pid=82224) _task_receiver /opt/stack/data/venv/lib/python3.10/site-packages/taskflow/listeners/logging.py:182}}
Feb 20 15:23:08 devstack cinder-volume[82224]: DEBUG cinder.volume.manager [None req-dad27643-5af2-4fa9-bea4-6f2ddd50cf4c tempest-GroupsTest-1793003813 None] Task 'cinder.volume.flows.manager.create_volume.OnFailureRescheduleTask;volume:create' (887f2109-defc-430e-9747-b08118d1f336) transitioned into state 'RUNNING' from state 'PENDING' {{(pid=82224) _task_receiver /opt/stack/data/venv/lib/python3.10/site-packages/taskflow/listeners/logging.py:194}}
Feb 20 15:23:08 devstack cinder-volume[82224]: DEBUG cinder.volume.manager [None req-dad27643-5af2-4fa9-bea4-6f2ddd50cf4c tempest-GroupsTest-1793003813 None] Task 'cinder.volume.flows.manager.create_volume.OnFailureRescheduleTask;volume:create' (887f2109-defc-430e-9747-b08118d1f336) transitioned into state 'SUCCESS' from state 'RUNNING' with result 'None' {{(pid=82224) _task_receiver /opt/stack/data/venv/lib/python3.10/site-packages/taskflow/listeners/logging.py:182}}
Feb 20 15:23:08 devstack cinder-volume[82224]: DEBUG cinder.volume.manager [None req-dad27643-5af2-4fa9-bea4-6f2ddd50cf4c tempest-GroupsTest-1793003813 None] Task 'cinder.volume.flows.manager.create_volume.ExtractVolumeSpecTask;volume:create' (b4166ead-fc43-4bd2-88c7-d5efacf30532) transitioned into state 'RUNNING' from state 'PENDING' {{(pid=82224) _task_receiver /opt/stack/data/venv/lib/python3.10/site-packages/taskflow/listeners/logging.py:194}}
Feb 20 15:23:08 devstack cinder-volume[82224]: DEBUG cinder.volume.manager [None req-dad27643-5af2-4fa9-bea4-6f2ddd50cf4c tempest-GroupsTest-1793003813 None] Task 'cinder.volume.flows.manager.create_volume.ExtractVolumeSpecTask;volume:create' (b4166ead-fc43-4bd2-88c7-d5efacf30532) transitioned into state 'SUCCESS' from state 'RUNNING' with result '{'status': 'creating', 'type': 'raw', 'volume_id': '00753020-78ae-49f2-b4f9-0c3e6f4d87a1', 'volume_name': 'volume-00753020-78ae-49f2-b4f9-0c3e6f4d87a1', 'volume_size': 1}' {{(pid=82224) _task_receiver /opt/stack/data/venv/lib/python3.10/site-packages/taskflow/listeners/logging.py:182}}
Feb 20 15:23:08 devstack cinder-volume[82224]: DEBUG cinder.volume.manager [None req-dad27643-5af2-4fa9-bea4-6f2ddd50cf4c tempest-GroupsTest-1793003813 None] Task 'cinder.volume.flows.manager.create_volume.NotifyVolumeActionTask;volume:create, create.start' (82bce8fe-895a-4fcd-90ca-bdd8064dd1e6) transitioned into state 'RUNNING' from state 'PENDING' {{(pid=82224) _task_receiver /opt/stack/data/venv/lib/python3.10/site-packages/taskflow/listeners/logging.py:194}}
Feb 20 15:23:08 devstack cinder-volume[82224]: DEBUG cinder.volume.manager [None req-dad27643-5af2-4fa9-bea4-6f2ddd50cf4c tempest-GroupsTest-1793003813 None] Task 'cinder.volume.flows.manager.create_volume.NotifyVolumeActionTask;volume:create, create.start' (82bce8fe-895a-4fcd-90ca-bdd8064dd1e6) transitioned into state 'SUCCESS' from state 'RUNNING' with result 'None' {{(pid=82224) _task_receiver /opt/stack/data/venv/lib/python3.10/site-packages/taskflow/listeners/logging.py:182}}
Feb 20 15:23:08 devstack cinder-volume[82224]: DEBUG cinder.volume.manager [None req-dad27643-5af2-4fa9-bea4-6f2ddd50cf4c tempest-GroupsTest-1793003813 None] Task 'cinder.volume.flows.manager.create_volume.CreateVolumeFromSpecTask;volume:create' (a2c60c67-5b9e-428e-8a7c-e24c338a9986) transitioned into state 'RUNNING' from state 'PENDING' {{(pid=82224) _task_receiver /opt/stack/data/venv/lib/python3.10/site-packages/taskflow/listeners/logging.py:194}}
Feb 20 15:23:08 devstack cinder-volume[82224]: INFO cinder.volume.flows.manager.create_volume [None req-dad27643-5af2-4fa9-bea4-6f2ddd50cf4c tempest-GroupsTest-1793003813 None] Volume 00753020-78ae-49f2-b4f9-0c3e6f4d87a1: being created as raw with specification: {'status': 'creating', 'volume_name': 'volume-00753020-78ae-49f2-b4f9-0c3e6f4d87a1', 'volume_size': 1}
Feb 20 15:23:08 devstack cinder-volume[82224]: DEBUG oslo_concurrency.lockutils [None req-dad27643-5af2-4fa9-bea4-6f2ddd50cf4c tempest-GroupsTest-1793003813 None] Acquiring lock "quobyte" by "cinder.volume.drivers.quobyte.QuobyteDriver.create_volume" {{(pid=82224) inner /opt/stack/data/venv/lib/python3.10/site-packages/oslo_concurrency/lockutils.py:506}}
Feb 20 15:23:08 devstack sudo[84912]: pam_unix(sudo:session): session closed for user root
Feb 20 15:23:08 devstack cinder-volume[82224]: DEBUG oslo_concurrency.processutils [None req-ed3114e0-b0f0-4435-9a37-dea3fb833dcf tempest-GroupSnapshotsTest-1615084962 None] CMD "/opt/stack/data/venv/bin/python3.10 -m oslo_concurrency.prlimit --as=1073741824 --cpu=60 -- sudo cinder-rootwrap /etc/cinder/rootwrap.conf env LC_ALL=C qemu-img info -f qcow2 --output=json --force-share /opt/stack/data/cinder/mnt/9bf2df5d13c0e9b388e5ab5295989558/volume-0cef0585-0990-4e6a-8033-614537b179a2" returned: 0 in 0.634s {{(pid=82224) execute /opt/stack/data/venv/lib/python3.10/site-packages/oslo_concurrency/processutils.py:396}}
Feb 20 15:23:08 devstack cinder-volume[82224]: DEBUG oslo_concurrency.processutils [None req-ed3114e0-b0f0-4435-9a37-dea3fb833dcf tempest-GroupSnapshotsTest-1615084962 None] Running cmd (subprocess): sudo cinder-rootwrap /etc/cinder/rootwrap.conf qemu-img create -f qcow2 -o backing_file=/opt/stack/data/cinder/mnt/9bf2df5d13c0e9b388e5ab5295989558/volume-0cef0585-0990-4e6a-8033-614537b179a2,backing_fmt=qcow2 /opt/stack/data/cinder/mnt/9bf2df5d13c0e9b388e5ab5295989558/volume-0cef0585-0990-4e6a-8033-614537b179a2.8bc94d18-90ea-4068-9f03-0ebf3792be88 1G {{(pid=82224) execute /opt/stack/data/venv/lib/python3.10/site-packages/oslo_concurrency/processutils.py:368}}
Feb 20 15:23:08 devstack sudo[84917]: quobyte : PWD=/ ; USER=root ; COMMAND=/opt/stack/data/venv/bin/cinder-rootwrap /etc/cinder/rootwrap.conf qemu-img create -f qcow2 -o backing_file=/opt/stack/data/cinder/mnt/9bf2df5d13c0e9b388e5ab5295989558/volume-0cef0585-0990-4e6a-8033-614537b179a2,backing_fmt=qcow2 /opt/stack/data/cinder/mnt/9bf2df5d13c0e9b388e5ab5295989558/volume-0cef0585-0990-4e6a-8033-614537b179a2.8bc94d18-90ea-4068-9f03-0ebf3792be88 1G
Feb 20 15:23:08 devstack sudo[84917]: pam_unix(sudo:session): session opened for user root(uid=0) by (uid=1000)
Feb 20 15:23:09 devstack sudo[84917]: pam_unix(sudo:session): session closed for user root
Feb 20 15:23:09 devstack cinder-volume[82224]: DEBUG oslo_concurrency.processutils [None req-ed3114e0-b0f0-4435-9a37-dea3fb833dcf tempest-GroupSnapshotsTest-1615084962 None] CMD "sudo cinder-rootwrap /etc/cinder/rootwrap.conf qemu-img create -f qcow2 -o backing_file=/opt/stack/data/cinder/mnt/9bf2df5d13c0e9b388e5ab5295989558/volume-0cef0585-0990-4e6a-8033-614537b179a2,backing_fmt=qcow2 /opt/stack/data/cinder/mnt/9bf2df5d13c0e9b388e5ab5295989558/volume-0cef0585-0990-4e6a-8033-614537b179a2.8bc94d18-90ea-4068-9f03-0ebf3792be88 1G" returned: 0 in 0.553s {{(pid=82224) execute /opt/stack/data/venv/lib/python3.10/site-packages/oslo_concurrency/processutils.py:396}}
Feb 20 15:23:09 devstack cinder-volume[82224]: DEBUG oslo_concurrency.processutils [None req-ed3114e0-b0f0-4435-9a37-dea3fb833dcf tempest-GroupSnapshotsTest-1615084962 None] Running cmd (subprocess): sudo cinder-rootwrap /etc/cinder/rootwrap.conf qemu-img rebase -u -b volume-0cef0585-0990-4e6a-8033-614537b179a2 -F qcow2 /opt/stack/data/cinder/mnt/9bf2df5d13c0e9b388e5ab5295989558/volume-0cef0585-0990-4e6a-8033-614537b179a2.8bc94d18-90ea-4068-9f03-0ebf3792be88 {{(pid=82224) execute /opt/stack/data/venv/lib/python3.10/site-packages/oslo_concurrency/processutils.py:368}}
Feb 20 15:23:09 devstack sudo[84922]: quobyte : PWD=/ ; USER=root ; COMMAND=/opt/stack/data/venv/bin/cinder-rootwrap /etc/cinder/rootwrap.conf qemu-img rebase -u -b volume-0cef0585-0990-4e6a-8033-614537b179a2 -F qcow2 /opt/stack/data/cinder/mnt/9bf2df5d13c0e9b388e5ab5295989558/volume-0cef0585-0990-4e6a-8033-614537b179a2.8bc94d18-90ea-4068-9f03-0ebf3792be88
Feb 20 15:23:09 devstack sudo[84922]: pam_unix(sudo:session): session opened for user root(uid=0) by (uid=1000)
Feb 20 15:23:09 devstack sudo[84922]: pam_unix(sudo:session): session closed for user root
Feb 20 15:23:09 devstack cinder-volume[82224]: DEBUG oslo_concurrency.processutils [None req-ed3114e0-b0f0-4435-9a37-dea3fb833dcf tempest-GroupSnapshotsTest-1615084962 None] CMD "sudo cinder-rootwrap /etc/cinder/rootwrap.conf qemu-img rebase -u -b volume-0cef0585-0990-4e6a-8033-614537b179a2 -F qcow2 /opt/stack/data/cinder/mnt/9bf2df5d13c0e9b388e5ab5295989558/volume-0cef0585-0990-4e6a-8033-614537b179a2.8bc94d18-90ea-4068-9f03-0ebf3792be88" returned: 0 in 0.595s {{(pid=82224) execute /opt/stack/data/venv/lib/python3.10/site-packages/oslo_concurrency/processutils.py:396}}
Feb 20 15:23:09 devstack cinder-volume[82224]: WARNING cinder.volume.drivers.remotefs [None req-ed3114e0-b0f0-4435-9a37-dea3fb833dcf tempest-GroupSnapshotsTest-1615084962 None] /opt/stack/data/cinder/mnt/9bf2df5d13c0e9b388e5ab5295989558/volume-0cef0585-0990-4e6a-8033-614537b179a2.8bc94d18-90ea-4068-9f03-0ebf3792be88 is being set with open permissions: ugo+rw: NotImplementedError
Feb 20 15:23:09 devstack cinder-volume[82224]: DEBUG oslo_concurrency.processutils [None req-ed3114e0-b0f0-4435-9a37-dea3fb833dcf tempest-GroupSnapshotsTest-1615084962 None] Running cmd (subprocess): sudo cinder-rootwrap /etc/cinder/rootwrap.conf chmod ugo+rw /opt/stack/data/cinder/mnt/9bf2df5d13c0e9b388e5ab5295989558/volume-0cef0585-0990-4e6a-8033-614537b179a2.8bc94d18-90ea-4068-9f03-0ebf3792be88 {{(pid=82224) execute /opt/stack/data/venv/lib/python3.10/site-packages/oslo_concurrency/processutils.py:368}}
Feb 20 15:23:10 devstack sudo[84929]: quobyte : PWD=/ ; USER=root ; COMMAND=/opt/stack/data/venv/bin/cinder-rootwrap /etc/cinder/rootwrap.conf chmod ugo+rw /opt/stack/data/cinder/mnt/9bf2df5d13c0e9b388e5ab5295989558/volume-0cef0585-0990-4e6a-8033-614537b179a2.8bc94d18-90ea-4068-9f03-0ebf3792be88
Feb 20 15:23:10 devstack sudo[84929]: pam_unix(sudo:session): session opened for user root(uid=0) by (uid=1000)
Feb 20 15:23:10 devstack sudo[84929]: pam_unix(sudo:session): session closed for user root
Feb 20 15:23:10 devstack cinder-volume[82224]: DEBUG oslo_concurrency.processutils [None req-ed3114e0-b0f0-4435-9a37-dea3fb833dcf tempest-GroupSnapshotsTest-1615084962 None] CMD "sudo cinder-rootwrap /etc/cinder/rootwrap.conf chmod ugo+rw /opt/stack/data/cinder/mnt/9bf2df5d13c0e9b388e5ab5295989558/volume-0cef0585-0990-4e6a-8033-614537b179a2.8bc94d18-90ea-4068-9f03-0ebf3792be88" returned: 0 in 0.456s {{(pid=82224) execute /opt/stack/data/venv/lib/python3.10/site-packages/oslo_concurrency/processutils.py:396}}
Feb 20 15:23:10 devstack cinder-volume[82224]: DEBUG oslo_concurrency.processutils [None req-ed3114e0-b0f0-4435-9a37-dea3fb833dcf tempest-GroupSnapshotsTest-1615084962 None] Running cmd (subprocess): sudo cinder-rootwrap /etc/cinder/rootwrap.conf truncate -s0 /opt/stack/data/cinder/mnt/9bf2df5d13c0e9b388e5ab5295989558/volume-0cef0585-0990-4e6a-8033-614537b179a2.info {{(pid=82224) execute /opt/stack/data/venv/lib/python3.10/site-packages/oslo_concurrency/processutils.py:368}}
Feb 20 15:23:10 devstack sudo[84932]: quobyte : PWD=/ ; USER=root ; COMMAND=/opt/stack/data/venv/bin/cinder-rootwrap /etc/cinder/rootwrap.conf truncate -s0 /opt/stack/data/cinder/mnt/9bf2df5d13c0e9b388e5ab5295989558/volume-0cef0585-0990-4e6a-8033-614537b179a2.info
Feb 20 15:23:10 devstack sudo[84932]: pam_unix(sudo:session): session opened for user root(uid=0) by (uid=1000)
Feb 20 15:23:10 devstack sudo[84932]: pam_unix(sudo:session): session closed for user root
Feb 20 15:23:10 devstack cinder-volume[82224]: DEBUG oslo_concurrency.processutils [None req-ed3114e0-b0f0-4435-9a37-dea3fb833dcf tempest-GroupSnapshotsTest-1615084962 None] CMD "sudo cinder-rootwrap /etc/cinder/rootwrap.conf truncate -s0 /opt/stack/data/cinder/mnt/9bf2df5d13c0e9b388e5ab5295989558/volume-0cef0585-0990-4e6a-8033-614537b179a2.info" returned: 0 in 0.464s {{(pid=82224) execute /opt/stack/data/venv/lib/python3.10/site-packages/oslo_concurrency/processutils.py:396}}
Feb 20 15:23:10 devstack cinder-volume[82224]: WARNING cinder.volume.drivers.remotefs [None req-ed3114e0-b0f0-4435-9a37-dea3fb833dcf tempest-GroupSnapshotsTest-1615084962 None] /opt/stack/data/cinder/mnt/9bf2df5d13c0e9b388e5ab5295989558/volume-0cef0585-0990-4e6a-8033-614537b179a2.info is being set with open permissions: ugo+rw: NotImplementedError
Feb 20 15:23:10 devstack cinder-volume[82224]: DEBUG oslo_concurrency.processutils [None req-ed3114e0-b0f0-4435-9a37-dea3fb833dcf tempest-GroupSnapshotsTest-1615084962 None] Running cmd (subprocess): sudo cinder-rootwrap /etc/cinder/rootwrap.conf chmod ugo+rw /opt/stack/data/cinder/mnt/9bf2df5d13c0e9b388e5ab5295989558/volume-0cef0585-0990-4e6a-8033-614537b179a2.info {{(pid=82224) execute /opt/stack/data/venv/lib/python3.10/site-packages/oslo_concurrency/processutils.py:368}}
Feb 20 15:23:10 devstack sudo[84935]: quobyte : PWD=/ ; USER=root ; COMMAND=/opt/stack/data/venv/bin/cinder-rootwrap /etc/cinder/rootwrap.conf chmod ugo+rw /opt/stack/data/cinder/mnt/9bf2df5d13c0e9b388e5ab5295989558/volume-0cef0585-0990-4e6a-8033-614537b179a2.info
Feb 20 15:23:10 devstack sudo[84935]: pam_unix(sudo:session): session opened for user root(uid=0) by (uid=1000)
Feb 20 15:23:11 devstack sudo[84935]: pam_unix(sudo:session): session closed for user root
Feb 20 15:23:11 devstack cinder-volume[82224]: DEBUG oslo_concurrency.processutils [None req-ed3114e0-b0f0-4435-9a37-dea3fb833dcf tempest-GroupSnapshotsTest-1615084962 None] CMD "sudo cinder-rootwrap /etc/cinder/rootwrap.conf chmod ugo+rw /opt/stack/data/cinder/mnt/9bf2df5d13c0e9b388e5ab5295989558/volume-0cef0585-0990-4e6a-8033-614537b179a2.info" returned: 0 in 0.480s {{(pid=82224) execute /opt/stack/data/venv/lib/python3.10/site-packages/oslo_concurrency/processutils.py:396}}
Feb 20 15:23:11 devstack cinder-volume[82224]: DEBUG oslo_concurrency.lockutils [None req-ed3114e0-b0f0-4435-9a37-dea3fb833dcf tempest-GroupSnapshotsTest-1615084962 None] Lock "quobyte" "released" by "cinder.volume.drivers.quobyte.QuobyteDriver.create_snapshot" :: held 3.283s {{(pid=82224) inner /opt/stack/data/venv/lib/python3.10/site-packages/oslo_concurrency/lockutils.py:538}}
Feb 20 15:23:11 devstack cinder-volume[82224]: DEBUG oslo_concurrency.lockutils [None req-ed3114e0-b0f0-4435-9a37-dea3fb833dcf tempest-GroupSnapshotsTest-1615084962 None] Acquiring lock "quobyte" by "cinder.volume.drivers.quobyte.QuobyteDriver.create_snapshot" {{(pid=82224) inner /opt/stack/data/venv/lib/python3.10/site-packages/oslo_concurrency/lockutils.py:506}}
Feb 20 15:23:11 devstack cinder-volume[82224]: DEBUG oslo_concurrency.lockutils [None req-ed3114e0-b0f0-4435-9a37-dea3fb833dcf tempest-GroupSnapshotsTest-1615084962 None] Lock "quobyte" acquired by "cinder.volume.drivers.quobyte.QuobyteDriver.create_snapshot" :: waited 0.000s {{(pid=82224) inner /opt/stack/data/venv/lib/python3.10/site-packages/oslo_concurrency/lockutils.py:519}}
Feb 20 15:23:11 devstack cinder-volume[82224]: DEBUG cinder.volume.drivers.remotefs [None req-ed3114e0-b0f0-4435-9a37-dea3fb833dcf tempest-GroupSnapshotsTest-1615084962 None] Creating offline snapshot c902d2a2-2e08-4019-a919-7945ef63296c of volume 9db45ba2-11df-4ad9-af92-3f158387ed39 {{(pid=82224) _create_snapshot /opt/stack/cinder/cinder/volume/drivers/remotefs.py:1815}}
Feb 20 15:23:11 devstack cinder-volume[82224]: DEBUG oslo.privsep.daemon [-] privsep: reply[8f8753a8-39af-4e41-bb8d-61d55b7876be]: (4, 'qcow2') {{(pid=82978) _call_back /opt/stack/data/venv/lib/python3.10/site-packages/oslo_privsep/daemon.py:573}}
Feb 20 15:23:11 devstack cinder-volume[82224]: DEBUG oslo_concurrency.processutils [None req-ed3114e0-b0f0-4435-9a37-dea3fb833dcf tempest-GroupSnapshotsTest-1615084962 None] Running cmd (subprocess): /opt/stack/data/venv/bin/python3.10 -m oslo_concurrency.prlimit --as=1073741824 --cpu=60 -- sudo cinder-rootwrap /etc/cinder/rootwrap.conf env LC_ALL=C qemu-img info -f qcow2 --output=json --force-share /opt/stack/data/cinder/mnt/9bf2df5d13c0e9b388e5ab5295989558/volume-9db45ba2-11df-4ad9-af92-3f158387ed39 {{(pid=82224) execute /opt/stack/data/venv/lib/python3.10/site-packages/oslo_concurrency/processutils.py:368}}
Feb 20 15:23:11 devstack sudo[84939]: quobyte : PWD=/ ; USER=root ; COMMAND=/opt/stack/data/venv/bin/cinder-rootwrap /etc/cinder/rootwrap.conf env LC_ALL=C qemu-img info -f qcow2 --output=json --force-share /opt/stack/data/cinder/mnt/9bf2df5d13c0e9b388e5ab5295989558/volume-9db45ba2-11df-4ad9-af92-3f158387ed39
Feb 20 15:23:11 devstack sudo[84939]: pam_unix(sudo:session): session opened for user root(uid=0) by (uid=1000)
Feb 20 15:23:12 devstack sudo[84939]: pam_unix(sudo:session): session closed for user root
Feb 20 15:23:12 devstack cinder-volume[82224]: DEBUG oslo_concurrency.processutils [None req-ed3114e0-b0f0-4435-9a37-dea3fb833dcf tempest-GroupSnapshotsTest-1615084962 None] CMD "/opt/stack/data/venv/bin/python3.10 -m oslo_concurrency.prlimit --as=1073741824 --cpu=60 -- sudo cinder-rootwrap /etc/cinder/rootwrap.conf env LC_ALL=C qemu-img info -f qcow2 --output=json --force-share /opt/stack/data/cinder/mnt/9bf2df5d13c0e9b388e5ab5295989558/volume-9db45ba2-11df-4ad9-af92-3f158387ed39" returned: 0 in 0.575s {{(pid=82224) execute /opt/stack/data/venv/lib/python3.10/site-packages/oslo_concurrency/processutils.py:396}}
Feb 20 15:23:12 devstack cinder-volume[82224]: DEBUG oslo_concurrency.processutils [None req-ed3114e0-b0f0-4435-9a37-dea3fb833dcf tempest-GroupSnapshotsTest-1615084962 None] Running cmd (subprocess): sudo cinder-rootwrap /etc/cinder/rootwrap.conf qemu-img create -f qcow2 -o backing_file=/opt/stack/data/cinder/mnt/9bf2df5d13c0e9b388e5ab5295989558/volume-9db45ba2-11df-4ad9-af92-3f158387ed39,backing_fmt=qcow2 /opt/stack/data/cinder/mnt/9bf2df5d13c0e9b388e5ab5295989558/volume-9db45ba2-11df-4ad9-af92-3f158387ed39.c902d2a2-2e08-4019-a919-7945ef63296c 1G {{(pid=82224) execute /opt/stack/data/venv/lib/python3.10/site-packages/oslo_concurrency/processutils.py:368}}
Feb 20 15:23:12 devstack sudo[84944]: quobyte : PWD=/ ; USER=root ; COMMAND=/opt/stack/data/venv/bin/cinder-rootwrap /etc/cinder/rootwrap.conf qemu-img create -f qcow2 -o backing_file=/opt/stack/data/cinder/mnt/9bf2df5d13c0e9b388e5ab5295989558/volume-9db45ba2-11df-4ad9-af92-3f158387ed39,backing_fmt=qcow2 /opt/stack/data/cinder/mnt/9bf2df5d13c0e9b388e5ab5295989558/volume-9db45ba2-11df-4ad9-af92-3f158387ed39.c902d2a2-2e08-4019-a919-7945ef63296c 1G
Feb 20 15:23:12 devstack sudo[84944]: pam_unix(sudo:session): session opened for user root(uid=0) by (uid=1000)
Feb 20 15:23:12 devstack sudo[84944]: pam_unix(sudo:session): session closed for user root
Feb 20 15:23:12 devstack cinder-volume[82224]: DEBUG oslo_concurrency.processutils [None req-ed3114e0-b0f0-4435-9a37-dea3fb833dcf tempest-GroupSnapshotsTest-1615084962 None] CMD "sudo cinder-rootwrap /etc/cinder/rootwrap.conf qemu-img create -f qcow2 -o backing_file=/opt/stack/data/cinder/mnt/9bf2df5d13c0e9b388e5ab5295989558/volume-9db45ba2-11df-4ad9-af92-3f158387ed39,backing_fmt=qcow2 /opt/stack/data/cinder/mnt/9bf2df5d13c0e9b388e5ab5295989558/volume-9db45ba2-11df-4ad9-af92-3f158387ed39.c902d2a2-2e08-4019-a919-7945ef63296c 1G" returned: 0 in 0.542s {{(pid=82224) execute /opt/stack/data/venv/lib/python3.10/site-packages/oslo_concurrency/processutils.py:396}}
Feb 20 15:23:12 devstack cinder-volume[82224]: DEBUG oslo_concurrency.processutils [None req-ed3114e0-b0f0-4435-9a37-dea3fb833dcf tempest-GroupSnapshotsTest-1615084962 None] Running cmd (subprocess): sudo cinder-rootwrap /etc/cinder/rootwrap.conf qemu-img rebase -u -b volume-9db45ba2-11df-4ad9-af92-3f158387ed39 -F qcow2 /opt/stack/data/cinder/mnt/9bf2df5d13c0e9b388e5ab5295989558/volume-9db45ba2-11df-4ad9-af92-3f158387ed39.c902d2a2-2e08-4019-a919-7945ef63296c {{(pid=82224) execute /opt/stack/data/venv/lib/python3.10/site-packages/oslo_concurrency/processutils.py:368}}
Feb 20 15:23:12 devstack sudo[84949]: quobyte : PWD=/ ; USER=root ; COMMAND=/opt/stack/data/venv/bin/cinder-rootwrap /etc/cinder/rootwrap.conf qemu-img rebase -u -b volume-9db45ba2-11df-4ad9-af92-3f158387ed39 -F qcow2 /opt/stack/data/cinder/mnt/9bf2df5d13c0e9b388e5ab5295989558/volume-9db45ba2-11df-4ad9-af92-3f158387ed39.c902d2a2-2e08-4019-a919-7945ef63296c
Feb 20 15:23:12 devstack sudo[84949]: pam_unix(sudo:session): session opened for user root(uid=0) by (uid=1000)
Feb 20 15:23:13 devstack sudo[84949]: pam_unix(sudo:session): session closed for user root
Feb 20 15:23:13 devstack cinder-volume[82224]: DEBUG oslo_concurrency.processutils [None req-ed3114e0-b0f0-4435-9a37-dea3fb833dcf tempest-GroupSnapshotsTest-1615084962 None] CMD "sudo cinder-rootwrap /etc/cinder/rootwrap.conf qemu-img rebase -u -b volume-9db45ba2-11df-4ad9-af92-3f158387ed39 -F qcow2 /opt/stack/data/cinder/mnt/9bf2df5d13c0e9b388e5ab5295989558/volume-9db45ba2-11df-4ad9-af92-3f158387ed39.c902d2a2-2e08-4019-a919-7945ef63296c" returned: 0 in 0.532s {{(pid=82224) execute /opt/stack/data/venv/lib/python3.10/site-packages/oslo_concurrency/processutils.py:396}}
Feb 20 15:23:13 devstack cinder-volume[82224]: WARNING cinder.volume.drivers.remotefs [None req-ed3114e0-b0f0-4435-9a37-dea3fb833dcf tempest-GroupSnapshotsTest-1615084962 None] /opt/stack/data/cinder/mnt/9bf2df5d13c0e9b388e5ab5295989558/volume-9db45ba2-11df-4ad9-af92-3f158387ed39.c902d2a2-2e08-4019-a919-7945ef63296c is being set with open permissions: ugo+rw: NotImplementedError
Feb 20 15:23:13 devstack cinder-volume[82224]: DEBUG oslo_concurrency.processutils [None req-ed3114e0-b0f0-4435-9a37-dea3fb833dcf tempest-GroupSnapshotsTest-1615084962 None] Running cmd (subprocess): sudo cinder-rootwrap /etc/cinder/rootwrap.conf chmod ugo+rw /opt/stack/data/cinder/mnt/9bf2df5d13c0e9b388e5ab5295989558/volume-9db45ba2-11df-4ad9-af92-3f158387ed39.c902d2a2-2e08-4019-a919-7945ef63296c {{(pid=82224) execute /opt/stack/data/venv/lib/python3.10/site-packages/oslo_concurrency/processutils.py:368}}
Feb 20 15:23:13 devstack sudo[84954]: quobyte : PWD=/ ; USER=root ; COMMAND=/opt/stack/data/venv/bin/cinder-rootwrap /etc/cinder/rootwrap.conf chmod ugo+rw /opt/stack/data/cinder/mnt/9bf2df5d13c0e9b388e5ab5295989558/volume-9db45ba2-11df-4ad9-af92-3f158387ed39.c902d2a2-2e08-4019-a919-7945ef63296c
Feb 20 15:23:13 devstack sudo[84954]: pam_unix(sudo:session): session opened for user root(uid=0) by (uid=1000)
Feb 20 15:23:13 devstack sudo[84954]: pam_unix(sudo:session): session closed for user root
Feb 20 15:23:13 devstack cinder-volume[82224]: DEBUG oslo_concurrency.processutils [None req-ed3114e0-b0f0-4435-9a37-dea3fb833dcf tempest-GroupSnapshotsTest-1615084962 None] CMD "sudo cinder-rootwrap /etc/cinder/rootwrap.conf chmod ugo+rw /opt/stack/data/cinder/mnt/9bf2df5d13c0e9b388e5ab5295989558/volume-9db45ba2-11df-4ad9-af92-3f158387ed39.c902d2a2-2e08-4019-a919-7945ef63296c" returned: 0 in 0.479s {{(pid=82224) execute /opt/stack/data/venv/lib/python3.10/site-packages/oslo_concurrency/processutils.py:396}}
Feb 20 15:23:13 devstack cinder-volume[82224]: DEBUG oslo_concurrency.processutils [None req-ed3114e0-b0f0-4435-9a37-dea3fb833dcf tempest-GroupSnapshotsTest-1615084962 None] Running cmd (subprocess): sudo cinder-rootwrap /etc/cinder/rootwrap.conf truncate -s0 /opt/stack/data/cinder/mnt/9bf2df5d13c0e9b388e5ab5295989558/volume-9db45ba2-11df-4ad9-af92-3f158387ed39.info {{(pid=82224) execute /opt/stack/data/venv/lib/python3.10/site-packages/oslo_concurrency/processutils.py:368}}
Feb 20 15:23:13 devstack sudo[84957]: quobyte : PWD=/ ; USER=root ; COMMAND=/opt/stack/data/venv/bin/cinder-rootwrap /etc/cinder/rootwrap.conf truncate -s0 /opt/stack/data/cinder/mnt/9bf2df5d13c0e9b388e5ab5295989558/volume-9db45ba2-11df-4ad9-af92-3f158387ed39.info
Feb 20 15:23:13 devstack sudo[84957]: pam_unix(sudo:session): session opened for user root(uid=0) by (uid=1000)
Feb 20 15:23:14 devstack sudo[84957]: pam_unix(sudo:session): session closed for user root
Feb 20 15:23:14 devstack cinder-volume[82224]: DEBUG oslo_concurrency.processutils [None req-ed3114e0-b0f0-4435-9a37-dea3fb833dcf tempest-GroupSnapshotsTest-1615084962 None] CMD "sudo cinder-rootwrap /etc/cinder/rootwrap.conf truncate -s0 /opt/stack/data/cinder/mnt/9bf2df5d13c0e9b388e5ab5295989558/volume-9db45ba2-11df-4ad9-af92-3f158387ed39.info" returned: 0 in 0.620s {{(pid=82224) execute /opt/stack/data/venv/lib/python3.10/site-packages/oslo_concurrency/processutils.py:396}}
Feb 20 15:23:14 devstack cinder-volume[82224]: WARNING cinder.volume.drivers.remotefs [None req-ed3114e0-b0f0-4435-9a37-dea3fb833dcf tempest-GroupSnapshotsTest-1615084962 None] /opt/stack/data/cinder/mnt/9bf2df5d13c0e9b388e5ab5295989558/volume-9db45ba2-11df-4ad9-af92-3f158387ed39.info is being set with open permissions: ugo+rw: NotImplementedError
Feb 20 15:23:14 devstack cinder-volume[82224]: DEBUG oslo_concurrency.processutils [None req-ed3114e0-b0f0-4435-9a37-dea3fb833dcf tempest-GroupSnapshotsTest-1615084962 None] Running cmd (subprocess): sudo cinder-rootwrap /etc/cinder/rootwrap.conf chmod ugo+rw /opt/stack/data/cinder/mnt/9bf2df5d13c0e9b388e5ab5295989558/volume-9db45ba2-11df-4ad9-af92-3f158387ed39.info {{(pid=82224) execute /opt/stack/data/venv/lib/python3.10/site-packages/oslo_concurrency/processutils.py:368}}
Feb 20 15:23:14 devstack sudo[84963]: quobyte : PWD=/ ; USER=root ; COMMAND=/opt/stack/data/venv/bin/cinder-rootwrap /etc/cinder/rootwrap.conf chmod ugo+rw /opt/stack/data/cinder/mnt/9bf2df5d13c0e9b388e5ab5295989558/volume-9db45ba2-11df-4ad9-af92-3f158387ed39.info
Feb 20 15:23:14 devstack sudo[84963]: pam_unix(sudo:session): session opened for user root(uid=0) by (uid=1000)
Feb 20 15:23:14 devstack sudo[84963]: pam_unix(sudo:session): session closed for user root
Feb 20 15:23:14 devstack cinder-volume[82224]: DEBUG oslo_concurrency.processutils [None req-ed3114e0-b0f0-4435-9a37-dea3fb833dcf tempest-GroupSnapshotsTest-1615084962 None] CMD "sudo cinder-rootwrap /etc/cinder/rootwrap.conf chmod ugo+rw /opt/stack/data/cinder/mnt/9bf2df5d13c0e9b388e5ab5295989558/volume-9db45ba2-11df-4ad9-af92-3f158387ed39.info" returned: 0 in 0.471s {{(pid=82224) execute /opt/stack/data/venv/lib/python3.10/site-packages/oslo_concurrency/processutils.py:396}}
Feb 20 15:23:14 devstack cinder-volume[82224]: DEBUG oslo_concurrency.lockutils [None req-ed3114e0-b0f0-4435-9a37-dea3fb833dcf tempest-GroupSnapshotsTest-1615084962 None] Lock "quobyte" "released" by "cinder.volume.drivers.quobyte.QuobyteDriver.create_snapshot" :: held 3.280s {{(pid=82224) inner /opt/stack/data/venv/lib/python3.10/site-packages/oslo_concurrency/lockutils.py:538}}
Feb 20 15:23:14 devstack cinder-volume[82224]: DEBUG oslo_concurrency.lockutils [None req-dad27643-5af2-4fa9-bea4-6f2ddd50cf4c tempest-GroupsTest-1793003813 None] Lock "quobyte" acquired by "cinder.volume.drivers.quobyte.QuobyteDriver.create_volume" :: waited 5.910s {{(pid=82224) inner /opt/stack/data/venv/lib/python3.10/site-packages/oslo_concurrency/lockutils.py:519}}
Feb 20 15:23:14 devstack cinder-volume[82224]: DEBUG cinder.volume.drivers.quobyte [None req-dad27643-5af2-4fa9-bea4-6f2ddd50cf4c tempest-GroupsTest-1793003813 None] ==> create_volume: call "{'self': , 'volume': Volume(_name_id=None,admin_metadata=,attach_status='detached',availability_zone='nova',bootable=False,cluster=,cluster_name=None,consistencygroup=,consistencygroup_id=b90c3119-cdc3-47fd-a750-6c0a7117eaf8,created_at=2026-02-20T14:23:09Z,deleted=False,deleted_at=None,display_description=None,display_name='tempest-volume-1706841036',ec2_id=None,encryption_key_id=None,glance_metadata=,group=,group_id=b90c3119-cdc3-47fd-a750-6c0a7117eaf8,host='devstack@QuobyteHD#QuobyteHD',id=00753020-78ae-49f2-b4f9-0c3e6f4d87a1,launched_at=None,metadata={},migration_status=None,multiattach=False,previous_status=None,project_id='41fb7635b82f4762a30252c3b41ac64e',provider_auth=None,provider_geometry=None,provider_id=None,provider_location=None,replication_driver_data=None,replication_extended_status=None,replication_status=None,scheduled_at=2026-02-20T14:23:09Z,service_uuid=None,shared_targets=True,size=1,snapshot_id=None,snapshots=,source_volid=None,status='creating',terminated_at=None,updated_at=2026-02-20T14:23:09Z,use_quota=True,user_id='8c3500adb76b411ca032e7ef1bcd78c5',volume_attachment=VolumeAttachmentList,volume_type=VolumeType(be94b62b-4874-49ea-825b-988f48e591f0),volume_type_id=be94b62b-4874-49ea-825b-988f48e591f0)}" {{(pid=82224) trace_logging_wrapper /opt/stack/cinder/cinder/volume/volume_utils.py:1498}}
Feb 20 15:23:14 devstack cinder-volume[82224]: DEBUG cinder.volume.drivers.remotefs [None req-dad27643-5af2-4fa9-bea4-6f2ddd50cf4c tempest-GroupsTest-1793003813 None] Creating volume 00753020-78ae-49f2-b4f9-0c3e6f4d87a1 {{(pid=82224) create_volume /opt/stack/cinder/cinder/volume/drivers/remotefs.py:292}}
Feb 20 15:23:14 devstack cinder-volume[82224]: DEBUG oslo_concurrency.lockutils [None req-dad27643-5af2-4fa9-bea4-6f2ddd50cf4c tempest-GroupsTest-1793003813 None] Acquiring lock "quobyte_ensure" by "cinder.volume.drivers.quobyte.QuobyteDriver._ensure_shares_mounted" {{(pid=82224) inner /opt/stack/data/venv/lib/python3.10/site-packages/oslo_concurrency/lockutils.py:506}}
Feb 20 15:23:14 devstack cinder-volume[82224]: DEBUG oslo_concurrency.lockutils [None req-dad27643-5af2-4fa9-bea4-6f2ddd50cf4c tempest-GroupsTest-1793003813 None] Lock "quobyte_ensure" acquired by "cinder.volume.drivers.quobyte.QuobyteDriver._ensure_shares_mounted" :: waited 0.001s {{(pid=82224) inner /opt/stack/data/venv/lib/python3.10/site-packages/oslo_concurrency/lockutils.py:519}}
Feb 20 15:23:14 devstack cinder-volume[82224]: DEBUG cinder.volume.drivers.quobyte [None req-dad27643-5af2-4fa9-bea4-6f2ddd50cf4c tempest-GroupsTest-1793003813 None] Quobyte Volume URL set to: {'osci02.corp.quobyte.com/cinder-vol-05bc35cd-7e7c-4bac-8d9c-feffc3fcc44c': None} {{(pid=82224) _load_shares_config /opt/stack/cinder/cinder/volume/drivers/quobyte.py:617}}
Feb 20 15:23:14 devstack cinder-volume[82224]: DEBUG cinder.volume.drivers.quobyte [None req-dad27643-5af2-4fa9-bea4-6f2ddd50cf4c tempest-GroupsTest-1793003813 None] Available shares ['osci02.corp.quobyte.com/cinder-vol-05bc35cd-7e7c-4bac-8d9c-feffc3fcc44c'] {{(pid=82224) _ensure_shares_mounted /opt/stack/cinder/cinder/volume/drivers/quobyte.py:647}}
Feb 20 15:23:14 devstack cinder-volume[82224]: DEBUG oslo_concurrency.lockutils [None req-dad27643-5af2-4fa9-bea4-6f2ddd50cf4c tempest-GroupsTest-1793003813 None] Lock "quobyte_ensure" "released" by "cinder.volume.drivers.quobyte.QuobyteDriver._ensure_shares_mounted" :: held 0.004s {{(pid=82224) inner /opt/stack/data/venv/lib/python3.10/site-packages/oslo_concurrency/lockutils.py:538}}
Feb 20 15:23:14 devstack cinder-volume[82224]: DEBUG cinder.volume.drivers.quobyte [None req-dad27643-5af2-4fa9-bea4-6f2ddd50cf4c tempest-GroupsTest-1793003813 None] Selected osci02.corp.quobyte.com/cinder-vol-05bc35cd-7e7c-4bac-8d9c-feffc3fcc44c as target Quobyte volume. {{(pid=82224) _find_share /opt/stack/cinder/cinder/volume/drivers/quobyte.py:668}}
Feb 20 15:23:14 devstack cinder-volume[82224]: INFO cinder.volume.drivers.remotefs [None req-dad27643-5af2-4fa9-bea4-6f2ddd50cf4c tempest-GroupsTest-1793003813 None] casted to osci02.corp.quobyte.com/cinder-vol-05bc35cd-7e7c-4bac-8d9c-feffc3fcc44c
Feb 20 15:23:14 devstack cinder-volume[82224]: DEBUG oslo_concurrency.processutils [None req-dad27643-5af2-4fa9-bea4-6f2ddd50cf4c tempest-GroupsTest-1793003813 None] Running cmd (subprocess): sudo cinder-rootwrap /etc/cinder/rootwrap.conf qemu-img create -f qcow2 -o preallocation=metadata /opt/stack/data/cinder/mnt/9bf2df5d13c0e9b388e5ab5295989558/volume-00753020-78ae-49f2-b4f9-0c3e6f4d87a1 1073741824 {{(pid=82224) execute /opt/stack/data/venv/lib/python3.10/site-packages/oslo_concurrency/processutils.py:368}}
Feb 20 15:23:14 devstack sudo[84966]: quobyte : PWD=/ ; USER=root ; COMMAND=/opt/stack/data/venv/bin/cinder-rootwrap /etc/cinder/rootwrap.conf qemu-img create -f qcow2 -o preallocation=metadata /opt/stack/data/cinder/mnt/9bf2df5d13c0e9b388e5ab5295989558/volume-00753020-78ae-49f2-b4f9-0c3e6f4d87a1 1073741824
Feb 20 15:23:14 devstack sudo[84966]: pam_unix(sudo:session): session opened for user root(uid=0) by (uid=1000)
Feb 20 15:23:14 devstack cinder-volume[82224]: INFO cinder.volume.manager [None req-ed3114e0-b0f0-4435-9a37-dea3fb833dcf tempest-GroupSnapshotsTest-1615084962 None] group_snapshot 840c5ee1-90b9-427f-93a6-36854e3f4314: created successfully
Feb 20 15:23:15 devstack cinder-volume[82224]: INFO cinder.volume.manager [None req-48c90f22-d39b-4881-9489-7322ac91a93d tempest-GroupSnapshotsTest-1615084962 None] group_snapshot 840c5ee1-90b9-427f-93a6-36854e3f4314: deleting
Feb 20 15:23:15 devstack cinder-volume[82224]: DEBUG cinder.volume.manager [None req-48c90f22-d39b-4881-9489-7322ac91a93d tempest-GroupSnapshotsTest-1615084962 None] group_snapshot 840c5ee1-90b9-427f-93a6-36854e3f4314: deleting {{(pid=82224) delete_group_snapshot /opt/stack/cinder/cinder/volume/manager.py:4350}}
Feb 20 15:23:15 devstack cinder-volume[82224]: DEBUG cinder.coordination [None req-48c90f22-d39b-4881-9489-7322ac91a93d tempest-GroupSnapshotsTest-1615084962 None] Acquiring lock "cinder-quobyte-0cef0585-0990-4e6a-8033-614537b179a2" by "delete_snapshot" {{(pid=82224) __acquire /opt/stack/cinder/cinder/coordination.py:138}}
Feb 20 15:23:15 devstack cinder-volume[82224]: DEBUG cinder.coordination [None req-48c90f22-d39b-4881-9489-7322ac91a93d tempest-GroupSnapshotsTest-1615084962 None] Lock "cinder-quobyte-0cef0585-0990-4e6a-8033-614537b179a2" acquired by "delete_snapshot" :: waited 0.024s {{(pid=82224) __acquire /opt/stack/cinder/cinder/coordination.py:141}}
Feb 20 15:23:15 devstack cinder-volume[82224]: DEBUG cinder.coordination [None req-48c90f22-d39b-4881-9489-7322ac91a93d tempest-GroupSnapshotsTest-1615084962 None] Acquiring lock "cinder-quobyte-8bc94d18-90ea-4068-9f03-0ebf3792be88" by "_delete_snapshot" {{(pid=82224) __acquire /opt/stack/cinder/cinder/coordination.py:138}}
Feb 20 15:23:15 devstack cinder-volume[82224]: DEBUG cinder.coordination [None req-48c90f22-d39b-4881-9489-7322ac91a93d tempest-GroupSnapshotsTest-1615084962 None] Lock "cinder-quobyte-8bc94d18-90ea-4068-9f03-0ebf3792be88" acquired by "_delete_snapshot" :: waited 0.009s {{(pid=82224) __acquire /opt/stack/cinder/cinder/coordination.py:141}}
Feb 20 15:23:15 devstack cinder-volume[82224]: DEBUG cinder.volume.drivers.remotefs [None req-48c90f22-d39b-4881-9489-7322ac91a93d tempest-GroupSnapshotsTest-1615084962 None] Deleting offline snapshot 8bc94d18-90ea-4068-9f03-0ebf3792be88 of volume 0cef0585-0990-4e6a-8033-614537b179a2 {{(pid=82224) _delete_snapshot /opt/stack/cinder/cinder/volume/drivers/remotefs.py:1288}}
Feb 20 15:23:15 devstack cinder-volume[82224]: DEBUG cinder.volume.drivers.remotefs [None req-48c90f22-d39b-4881-9489-7322ac91a93d tempest-GroupSnapshotsTest-1615084962 None] snapshot_file for this snap is: volume-0cef0585-0990-4e6a-8033-614537b179a2.8bc94d18-90ea-4068-9f03-0ebf3792be88 {{(pid=82224) _delete_snapshot /opt/stack/cinder/cinder/volume/drivers/remotefs.py:1317}}
Feb 20 15:23:15 devstack cinder-volume[82224]: DEBUG oslo.privsep.daemon [-] privsep: reply[a74b0e27-3885-48e7-a8db-23bd73595a3f]: (4, 'qcow2') {{(pid=82978) _call_back /opt/stack/data/venv/lib/python3.10/site-packages/oslo_privsep/daemon.py:573}}
Feb 20 15:23:15 devstack cinder-volume[82224]: DEBUG oslo_concurrency.processutils [None req-48c90f22-d39b-4881-9489-7322ac91a93d tempest-GroupSnapshotsTest-1615084962 None] Running cmd (subprocess): /opt/stack/data/venv/bin/python3.10 -m oslo_concurrency.prlimit --as=1073741824 --cpu=60 -- sudo cinder-rootwrap /etc/cinder/rootwrap.conf env LC_ALL=C qemu-img info -f qcow2 --output=json --force-share /opt/stack/data/cinder/mnt/9bf2df5d13c0e9b388e5ab5295989558/volume-0cef0585-0990-4e6a-8033-614537b179a2.8bc94d18-90ea-4068-9f03-0ebf3792be88 {{(pid=82224) execute /opt/stack/data/venv/lib/python3.10/site-packages/oslo_concurrency/processutils.py:368}}
Feb 20 15:23:15 devstack sudo[85003]: quobyte : PWD=/ ; USER=root ; COMMAND=/opt/stack/data/venv/bin/cinder-rootwrap /etc/cinder/rootwrap.conf env LC_ALL=C qemu-img info -f qcow2 --output=json --force-share /opt/stack/data/cinder/mnt/9bf2df5d13c0e9b388e5ab5295989558/volume-0cef0585-0990-4e6a-8033-614537b179a2.8bc94d18-90ea-4068-9f03-0ebf3792be88
Feb 20 15:23:15 devstack sudo[85003]: pam_unix(sudo:session): session opened for user root(uid=0) by (uid=1000)
Feb 20 15:23:15 devstack sudo[84966]: pam_unix(sudo:session): session closed for user root
Feb 20 15:23:15 devstack cinder-volume[82224]: DEBUG oslo_concurrency.processutils [None req-dad27643-5af2-4fa9-bea4-6f2ddd50cf4c tempest-GroupsTest-1793003813 None] CMD "sudo cinder-rootwrap /etc/cinder/rootwrap.conf qemu-img create -f qcow2 -o preallocation=metadata /opt/stack/data/cinder/mnt/9bf2df5d13c0e9b388e5ab5295989558/volume-00753020-78ae-49f2-b4f9-0c3e6f4d87a1 1073741824" returned: 0 in 0.736s {{(pid=82224) execute /opt/stack/data/venv/lib/python3.10/site-packages/oslo_concurrency/processutils.py:396}}
Feb 20 15:23:15 devstack cinder-volume[82224]: DEBUG oslo_concurrency.processutils [None req-dad27643-5af2-4fa9-bea4-6f2ddd50cf4c tempest-GroupsTest-1793003813 None] Running cmd (subprocess): sudo cinder-rootwrap /etc/cinder/rootwrap.conf chmod ugo+rw /opt/stack/data/cinder/mnt/9bf2df5d13c0e9b388e5ab5295989558/volume-00753020-78ae-49f2-b4f9-0c3e6f4d87a1 {{(pid=82224) execute /opt/stack/data/venv/lib/python3.10/site-packages/oslo_concurrency/processutils.py:368}}
Feb 20 15:23:15 devstack sudo[85007]: quobyte : PWD=/ ; USER=root ; COMMAND=/opt/stack/data/venv/bin/cinder-rootwrap /etc/cinder/rootwrap.conf chmod ugo+rw /opt/stack/data/cinder/mnt/9bf2df5d13c0e9b388e5ab5295989558/volume-00753020-78ae-49f2-b4f9-0c3e6f4d87a1
Feb 20 15:23:15 devstack sudo[85007]: pam_unix(sudo:session): session opened for user root(uid=0) by (uid=1000)
Feb 20 15:23:15 devstack sudo[85003]: pam_unix(sudo:session): session closed for user root
Feb 20 15:23:15 devstack cinder-volume[82224]: DEBUG oslo_concurrency.processutils [None req-48c90f22-d39b-4881-9489-7322ac91a93d tempest-GroupSnapshotsTest-1615084962 None] CMD "/opt/stack/data/venv/bin/python3.10 -m oslo_concurrency.prlimit --as=1073741824 --cpu=60 -- sudo cinder-rootwrap /etc/cinder/rootwrap.conf env LC_ALL=C qemu-img info -f qcow2 --output=json --force-share /opt/stack/data/cinder/mnt/9bf2df5d13c0e9b388e5ab5295989558/volume-0cef0585-0990-4e6a-8033-614537b179a2.8bc94d18-90ea-4068-9f03-0ebf3792be88" returned: 0 in 0.602s {{(pid=82224) execute /opt/stack/data/venv/lib/python3.10/site-packages/oslo_concurrency/processutils.py:396}}
Feb 20 15:23:15 devstack cinder-volume[82224]: DEBUG cinder.volume.drivers.remotefs [None req-48c90f22-d39b-4881-9489-7322ac91a93d tempest-GroupSnapshotsTest-1615084962 None] Fetching qemu-img info with special backing_file_template: (/opt/stack/data/cinder/mnt/[0-9a-f]+/)?(volume-0cef0585-0990-4e6a-8033-614537b179a2(.(tmp-snap-)?[0-9a-f-]+)?|volume_from_snapshot_cache/(tmp-snap-)?[0-9a-f-]+(.(child-|parent-)[0-9a-f-]+)?)$ {{(pid=82224) _qemu_img_info_base /opt/stack/cinder/cinder/volume/drivers/remotefs.py:896}}
Feb 20 15:23:15 devstack cinder-volume[82224]: DEBUG oslo.privsep.daemon [-] privsep: reply[4b747d53-026e-4f12-8350-70ae2c9b5fc8]: (4, 'qcow2') {{(pid=82978) _call_back /opt/stack/data/venv/lib/python3.10/site-packages/oslo_privsep/daemon.py:573}}
Feb 20 15:23:15 devstack cinder-volume[82224]: DEBUG oslo_concurrency.processutils [None req-48c90f22-d39b-4881-9489-7322ac91a93d tempest-GroupSnapshotsTest-1615084962 None] Running cmd (subprocess): /opt/stack/data/venv/bin/python3.10 -m oslo_concurrency.prlimit --as=1073741824 --cpu=60 -- sudo cinder-rootwrap /etc/cinder/rootwrap.conf env LC_ALL=C qemu-img info -f qcow2 --output=json --force-share /opt/stack/data/cinder/mnt/9bf2df5d13c0e9b388e5ab5295989558/volume-0cef0585-0990-4e6a-8033-614537b179a2 {{(pid=82224) execute /opt/stack/data/venv/lib/python3.10/site-packages/oslo_concurrency/processutils.py:368}}
Feb 20 15:23:15 devstack sudo[85012]: quobyte : PWD=/ ; USER=root ; COMMAND=/opt/stack/data/venv/bin/cinder-rootwrap /etc/cinder/rootwrap.conf env LC_ALL=C qemu-img info -f qcow2 --output=json --force-share /opt/stack/data/cinder/mnt/9bf2df5d13c0e9b388e5ab5295989558/volume-0cef0585-0990-4e6a-8033-614537b179a2
Feb 20 15:23:15 devstack sudo[85012]: pam_unix(sudo:session): session opened for user root(uid=0) by (uid=1000)
Feb 20 15:23:15 devstack sudo[85007]: pam_unix(sudo:session): session closed for user root
Feb 20 15:23:15 devstack cinder-volume[82224]: DEBUG oslo_concurrency.processutils [None req-dad27643-5af2-4fa9-bea4-6f2ddd50cf4c tempest-GroupsTest-1793003813 None] CMD "sudo cinder-rootwrap /etc/cinder/rootwrap.conf chmod ugo+rw /opt/stack/data/cinder/mnt/9bf2df5d13c0e9b388e5ab5295989558/volume-00753020-78ae-49f2-b4f9-0c3e6f4d87a1" returned: 0 in 0.441s {{(pid=82224) execute /opt/stack/data/venv/lib/python3.10/site-packages/oslo_concurrency/processutils.py:396}}
Feb 20 15:23:15 devstack cinder-volume[82224]: DEBUG cinder.volume.drivers.quobyte [None req-dad27643-5af2-4fa9-bea4-6f2ddd50cf4c tempest-GroupsTest-1793003813 None] <== create_volume: return (1212ms) {'provider_location': 'osci02.corp.quobyte.com/cinder-vol-05bc35cd-7e7c-4bac-8d9c-feffc3fcc44c'} {{(pid=82224) trace_logging_wrapper /opt/stack/cinder/cinder/volume/volume_utils.py:1523}}
Feb 20 15:23:15 devstack cinder-volume[82224]: DEBUG oslo_concurrency.lockutils [None req-dad27643-5af2-4fa9-bea4-6f2ddd50cf4c tempest-GroupsTest-1793003813 None] Lock "quobyte" "released" by "cinder.volume.drivers.quobyte.QuobyteDriver.create_volume" :: held 1.215s {{(pid=82224) inner /opt/stack/data/venv/lib/python3.10/site-packages/oslo_concurrency/lockutils.py:538}}
Feb 20 15:23:15 devstack cinder-volume[82224]: DEBUG oslo_concurrency.lockutils [None req-e68e0d2d-da8f-4256-982e-3907ed93d512 tempest-VolumesDeleteCascade-2143371123 None] Lock "quobyte" acquired by "cinder.volume.drivers.quobyte.QuobyteDriver.create_snapshot" :: waited 8.003s {{(pid=82224) inner /opt/stack/data/venv/lib/python3.10/site-packages/oslo_concurrency/lockutils.py:519}}
