Feb 04 13:07:38 devstack cinder-volume[83409]: DEBUG oslo_concurrency.processutils [None req-7e96ff7c-afa0-4451-87a9-9561d77ba1ca tempest-GroupSnapshotsTest-2102804566 None] Running cmd (subprocess): sudo cinder-rootwrap /etc/cinder/rootwrap.conf qemu-img rebase -u -b volume-b7729d46-8b2c-4abc-b58e-1dd83517e6cd -F qcow2 /opt/stack/data/cinder/mnt/95cbd1432b78982d1fc4cfda4130ae4e/volume-b7729d46-8b2c-4abc-b58e-1dd83517e6cd.22c5a318-d3e9-460b-b7cc-8f6ef8cbe42d {{(pid=83409) execute /opt/stack/data/venv/lib/python3.10/site-packages/oslo_concurrency/processutils.py:368}}
Feb 04 13:07:38 devstack sudo[93437]: quobyte : PWD=/ ; USER=root ; COMMAND=/opt/stack/data/venv/bin/cinder-rootwrap /etc/cinder/rootwrap.conf qemu-img rebase -u -b volume-b7729d46-8b2c-4abc-b58e-1dd83517e6cd -F qcow2 /opt/stack/data/cinder/mnt/95cbd1432b78982d1fc4cfda4130ae4e/volume-b7729d46-8b2c-4abc-b58e-1dd83517e6cd.22c5a318-d3e9-460b-b7cc-8f6ef8cbe42d
Feb 04 13:07:38 devstack sudo[93437]: pam_unix(sudo:session): session opened for user root(uid=0) by (uid=1000)
Feb 04 13:07:39 devstack sudo[93437]: pam_unix(sudo:session): session closed for user root
Feb 04 13:07:39 devstack cinder-volume[83409]: DEBUG oslo_concurrency.processutils [None req-7e96ff7c-afa0-4451-87a9-9561d77ba1ca tempest-GroupSnapshotsTest-2102804566 None] CMD "sudo cinder-rootwrap /etc/cinder/rootwrap.conf qemu-img rebase -u -b volume-b7729d46-8b2c-4abc-b58e-1dd83517e6cd -F qcow2 /opt/stack/data/cinder/mnt/95cbd1432b78982d1fc4cfda4130ae4e/volume-b7729d46-8b2c-4abc-b58e-1dd83517e6cd.22c5a318-d3e9-460b-b7cc-8f6ef8cbe42d" returned: 0 in 0.687s {{(pid=83409) execute /opt/stack/data/venv/lib/python3.10/site-packages/oslo_concurrency/processutils.py:396}}
Feb 04 13:07:39 devstack cinder-volume[83409]: WARNING cinder.volume.drivers.remotefs [None req-7e96ff7c-afa0-4451-87a9-9561d77ba1ca tempest-GroupSnapshotsTest-2102804566 None] /opt/stack/data/cinder/mnt/95cbd1432b78982d1fc4cfda4130ae4e/volume-b7729d46-8b2c-4abc-b58e-1dd83517e6cd.22c5a318-d3e9-460b-b7cc-8f6ef8cbe42d is being set with open permissions: ugo+rw: NotImplementedError
Feb 04 13:07:39 devstack cinder-volume[83409]: DEBUG oslo_concurrency.processutils [None req-7e96ff7c-afa0-4451-87a9-9561d77ba1ca tempest-GroupSnapshotsTest-2102804566 None] Running cmd (subprocess): sudo cinder-rootwrap /etc/cinder/rootwrap.conf chmod ugo+rw /opt/stack/data/cinder/mnt/95cbd1432b78982d1fc4cfda4130ae4e/volume-b7729d46-8b2c-4abc-b58e-1dd83517e6cd.22c5a318-d3e9-460b-b7cc-8f6ef8cbe42d {{(pid=83409) execute /opt/stack/data/venv/lib/python3.10/site-packages/oslo_concurrency/processutils.py:368}}
Feb 04 13:07:39 devstack sudo[93442]: quobyte : PWD=/ ; USER=root ; COMMAND=/opt/stack/data/venv/bin/cinder-rootwrap /etc/cinder/rootwrap.conf chmod ugo+rw /opt/stack/data/cinder/mnt/95cbd1432b78982d1fc4cfda4130ae4e/volume-b7729d46-8b2c-4abc-b58e-1dd83517e6cd.22c5a318-d3e9-460b-b7cc-8f6ef8cbe42d
Feb 04 13:07:39 devstack sudo[93442]: pam_unix(sudo:session): session opened for user root(uid=0) by (uid=1000)
Feb 04 13:07:40 devstack sudo[93442]: pam_unix(sudo:session): session closed for user root
Feb 04 13:07:40 devstack cinder-volume[83409]: DEBUG oslo_concurrency.processutils [None req-7e96ff7c-afa0-4451-87a9-9561d77ba1ca tempest-GroupSnapshotsTest-2102804566 None] CMD "sudo cinder-rootwrap /etc/cinder/rootwrap.conf chmod ugo+rw /opt/stack/data/cinder/mnt/95cbd1432b78982d1fc4cfda4130ae4e/volume-b7729d46-8b2c-4abc-b58e-1dd83517e6cd.22c5a318-d3e9-460b-b7cc-8f6ef8cbe42d" returned: 0 in 1.306s {{(pid=83409) execute /opt/stack/data/venv/lib/python3.10/site-packages/oslo_concurrency/processutils.py:396}}
Feb 04 13:07:40 devstack cinder-volume[83409]: DEBUG oslo_concurrency.processutils [None req-7e96ff7c-afa0-4451-87a9-9561d77ba1ca tempest-GroupSnapshotsTest-2102804566 None] Running cmd (subprocess): sudo cinder-rootwrap /etc/cinder/rootwrap.conf truncate -s0 /opt/stack/data/cinder/mnt/95cbd1432b78982d1fc4cfda4130ae4e/volume-b7729d46-8b2c-4abc-b58e-1dd83517e6cd.info {{(pid=83409) execute /opt/stack/data/venv/lib/python3.10/site-packages/oslo_concurrency/processutils.py:368}}
Feb 04 13:07:40 devstack sudo[93445]: quobyte : PWD=/ ; USER=root ; COMMAND=/opt/stack/data/venv/bin/cinder-rootwrap /etc/cinder/rootwrap.conf truncate -s0 /opt/stack/data/cinder/mnt/95cbd1432b78982d1fc4cfda4130ae4e/volume-b7729d46-8b2c-4abc-b58e-1dd83517e6cd.info
Feb 04 13:07:40 devstack sudo[93445]: pam_unix(sudo:session): session opened for user root(uid=0) by (uid=1000)
Feb 04 13:07:41 devstack sudo[93445]: pam_unix(sudo:session): session closed for user root
Feb 04 13:07:41 devstack cinder-volume[83409]: DEBUG oslo_concurrency.processutils [None req-7e96ff7c-afa0-4451-87a9-9561d77ba1ca tempest-GroupSnapshotsTest-2102804566 None] CMD "sudo cinder-rootwrap /etc/cinder/rootwrap.conf truncate -s0 /opt/stack/data/cinder/mnt/95cbd1432b78982d1fc4cfda4130ae4e/volume-b7729d46-8b2c-4abc-b58e-1dd83517e6cd.info" returned: 0 in 0.567s {{(pid=83409) execute /opt/stack/data/venv/lib/python3.10/site-packages/oslo_concurrency/processutils.py:396}}
Feb 04 13:07:41 devstack cinder-volume[83409]: WARNING cinder.volume.drivers.remotefs [None req-7e96ff7c-afa0-4451-87a9-9561d77ba1ca tempest-GroupSnapshotsTest-2102804566 None] /opt/stack/data/cinder/mnt/95cbd1432b78982d1fc4cfda4130ae4e/volume-b7729d46-8b2c-4abc-b58e-1dd83517e6cd.info is being set with open permissions: ugo+rw: NotImplementedError
Feb 04 13:07:41 devstack cinder-volume[83409]: DEBUG oslo_concurrency.processutils [None req-7e96ff7c-afa0-4451-87a9-9561d77ba1ca tempest-GroupSnapshotsTest-2102804566 None] Running cmd (subprocess): sudo cinder-rootwrap /etc/cinder/rootwrap.conf chmod ugo+rw /opt/stack/data/cinder/mnt/95cbd1432b78982d1fc4cfda4130ae4e/volume-b7729d46-8b2c-4abc-b58e-1dd83517e6cd.info {{(pid=83409) execute /opt/stack/data/venv/lib/python3.10/site-packages/oslo_concurrency/processutils.py:368}}
Feb 04 13:07:41 devstack sudo[93448]: quobyte : PWD=/ ; USER=root ; COMMAND=/opt/stack/data/venv/bin/cinder-rootwrap /etc/cinder/rootwrap.conf chmod ugo+rw /opt/stack/data/cinder/mnt/95cbd1432b78982d1fc4cfda4130ae4e/volume-b7729d46-8b2c-4abc-b58e-1dd83517e6cd.info
Feb 04 13:07:41 devstack sudo[93448]: pam_unix(sudo:session): session opened for user root(uid=0) by (uid=1000)
Feb 04 13:07:41 devstack sudo[93448]: pam_unix(sudo:session): session closed for user root
Feb 04 13:07:41 devstack cinder-volume[83409]: DEBUG oslo_concurrency.processutils [None req-7e96ff7c-afa0-4451-87a9-9561d77ba1ca tempest-GroupSnapshotsTest-2102804566 None] CMD "sudo cinder-rootwrap /etc/cinder/rootwrap.conf chmod ugo+rw /opt/stack/data/cinder/mnt/95cbd1432b78982d1fc4cfda4130ae4e/volume-b7729d46-8b2c-4abc-b58e-1dd83517e6cd.info" returned: 0 in 0.584s {{(pid=83409) execute /opt/stack/data/venv/lib/python3.10/site-packages/oslo_concurrency/processutils.py:396}}
Feb 04 13:07:41 devstack cinder-volume[83409]: DEBUG oslo_concurrency.lockutils [None req-7e96ff7c-afa0-4451-87a9-9561d77ba1ca tempest-GroupSnapshotsTest-2102804566 None] Lock "quobyte" "released" by "cinder.volume.drivers.quobyte.QuobyteDriver.create_snapshot" :: held 5.439s {{(pid=83409) inner /opt/stack/data/venv/lib/python3.10/site-packages/oslo_concurrency/lockutils.py:538}}
Feb 04 13:07:41 devstack cinder-volume[83409]: DEBUG oslo_concurrency.lockutils [None req-7e96ff7c-afa0-4451-87a9-9561d77ba1ca tempest-GroupSnapshotsTest-2102804566 None] Acquiring lock "quobyte" by "cinder.volume.drivers.quobyte.QuobyteDriver.create_snapshot" {{(pid=83409) inner /opt/stack/data/venv/lib/python3.10/site-packages/oslo_concurrency/lockutils.py:506}}
Feb 04 13:07:41 devstack cinder-volume[83409]: DEBUG oslo_concurrency.lockutils [None req-7e96ff7c-afa0-4451-87a9-9561d77ba1ca tempest-GroupSnapshotsTest-2102804566 None] Lock "quobyte" acquired by "cinder.volume.drivers.quobyte.QuobyteDriver.create_snapshot" :: waited 0.000s {{(pid=83409) inner /opt/stack/data/venv/lib/python3.10/site-packages/oslo_concurrency/lockutils.py:519}}
Feb 04 13:07:41 devstack cinder-volume[83409]: DEBUG cinder.volume.drivers.remotefs [None req-7e96ff7c-afa0-4451-87a9-9561d77ba1ca tempest-GroupSnapshotsTest-2102804566 None] Creating offline snapshot 2d0b4517-b5ac-4bb9-8e1b-d289ffda7efd of volume 4b13d00e-a957-4b32-8a70-c5bc68b2fd49 {{(pid=83409) _create_snapshot /opt/stack/cinder/cinder/volume/drivers/remotefs.py:1817}}
Feb 04 13:07:41 devstack cinder-volume[83409]: DEBUG oslo.privsep.daemon [-] privsep: reply[e19718c2-fbce-4c01-b48f-2f734733bceb]: (4, 'qcow2') {{(pid=84166) _call_back /opt/stack/data/venv/lib/python3.10/site-packages/oslo_privsep/daemon.py:515}}
Feb 04 13:07:41 devstack cinder-volume[83409]: DEBUG oslo_concurrency.processutils [None req-7e96ff7c-afa0-4451-87a9-9561d77ba1ca tempest-GroupSnapshotsTest-2102804566 None] Running cmd (subprocess): /opt/stack/data/venv/bin/python3.10 -m oslo_concurrency.prlimit --as=1073741824 --cpu=60 -- sudo cinder-rootwrap /etc/cinder/rootwrap.conf env LC_ALL=C qemu-img info -f qcow2 --output=json --force-share /opt/stack/data/cinder/mnt/95cbd1432b78982d1fc4cfda4130ae4e/volume-4b13d00e-a957-4b32-8a70-c5bc68b2fd49 {{(pid=83409) execute /opt/stack/data/venv/lib/python3.10/site-packages/oslo_concurrency/processutils.py:368}}
Feb 04 13:07:42 devstack sudo[93454]: quobyte : PWD=/ ; USER=root ; COMMAND=/opt/stack/data/venv/bin/cinder-rootwrap /etc/cinder/rootwrap.conf env LC_ALL=C qemu-img info -f qcow2 --output=json --force-share /opt/stack/data/cinder/mnt/95cbd1432b78982d1fc4cfda4130ae4e/volume-4b13d00e-a957-4b32-8a70-c5bc68b2fd49
Feb 04 13:07:42 devstack sudo[93454]: pam_unix(sudo:session): session opened for user root(uid=0) by (uid=1000)
Feb 04 13:07:42 devstack sudo[93454]: pam_unix(sudo:session): session closed for user root
Feb 04 13:07:42 devstack cinder-volume[83409]: DEBUG oslo_concurrency.processutils [None req-7e96ff7c-afa0-4451-87a9-9561d77ba1ca tempest-GroupSnapshotsTest-2102804566 None] CMD "/opt/stack/data/venv/bin/python3.10 -m oslo_concurrency.prlimit --as=1073741824 --cpu=60 -- sudo cinder-rootwrap /etc/cinder/rootwrap.conf env LC_ALL=C qemu-img info -f qcow2 --output=json --force-share /opt/stack/data/cinder/mnt/95cbd1432b78982d1fc4cfda4130ae4e/volume-4b13d00e-a957-4b32-8a70-c5bc68b2fd49" returned: 0 in 1.178s {{(pid=83409) execute /opt/stack/data/venv/lib/python3.10/site-packages/oslo_concurrency/processutils.py:396}}
Feb 04 13:07:42 devstack cinder-volume[83409]: DEBUG oslo_concurrency.processutils [None req-7e96ff7c-afa0-4451-87a9-9561d77ba1ca tempest-GroupSnapshotsTest-2102804566 None] Running cmd (subprocess): sudo cinder-rootwrap /etc/cinder/rootwrap.conf qemu-img create -f qcow2 -o backing_file=/opt/stack/data/cinder/mnt/95cbd1432b78982d1fc4cfda4130ae4e/volume-4b13d00e-a957-4b32-8a70-c5bc68b2fd49,backing_fmt=qcow2 /opt/stack/data/cinder/mnt/95cbd1432b78982d1fc4cfda4130ae4e/volume-4b13d00e-a957-4b32-8a70-c5bc68b2fd49.2d0b4517-b5ac-4bb9-8e1b-d289ffda7efd 1G {{(pid=83409) execute /opt/stack/data/venv/lib/python3.10/site-packages/oslo_concurrency/processutils.py:368}}
Feb 04 13:07:42 devstack sudo[93459]: quobyte : PWD=/ ; USER=root ; COMMAND=/opt/stack/data/venv/bin/cinder-rootwrap /etc/cinder/rootwrap.conf qemu-img create -f qcow2 -o backing_file=/opt/stack/data/cinder/mnt/95cbd1432b78982d1fc4cfda4130ae4e/volume-4b13d00e-a957-4b32-8a70-c5bc68b2fd49,backing_fmt=qcow2 /opt/stack/data/cinder/mnt/95cbd1432b78982d1fc4cfda4130ae4e/volume-4b13d00e-a957-4b32-8a70-c5bc68b2fd49.2d0b4517-b5ac-4bb9-8e1b-d289ffda7efd 1G
Feb 04 13:07:42 devstack sudo[93459]: pam_unix(sudo:session): session opened for user root(uid=0) by (uid=1000)
Feb 04 13:07:43 devstack sudo[93459]: pam_unix(sudo:session): session closed for user root
Feb 04 13:07:43 devstack cinder-volume[83409]: DEBUG oslo_concurrency.processutils [None req-7e96ff7c-afa0-4451-87a9-9561d77ba1ca tempest-GroupSnapshotsTest-2102804566 None] CMD "sudo cinder-rootwrap /etc/cinder/rootwrap.conf qemu-img create -f qcow2 -o backing_file=/opt/stack/data/cinder/mnt/95cbd1432b78982d1fc4cfda4130ae4e/volume-4b13d00e-a957-4b32-8a70-c5bc68b2fd49,backing_fmt=qcow2 /opt/stack/data/cinder/mnt/95cbd1432b78982d1fc4cfda4130ae4e/volume-4b13d00e-a957-4b32-8a70-c5bc68b2fd49.2d0b4517-b5ac-4bb9-8e1b-d289ffda7efd 1G" returned: 0 in 0.739s {{(pid=83409) execute /opt/stack/data/venv/lib/python3.10/site-packages/oslo_concurrency/processutils.py:396}}
Feb 04 13:07:43 devstack cinder-volume[83409]: DEBUG oslo_concurrency.processutils [None req-7e96ff7c-afa0-4451-87a9-9561d77ba1ca tempest-GroupSnapshotsTest-2102804566 None] Running cmd (subprocess): sudo cinder-rootwrap /etc/cinder/rootwrap.conf qemu-img rebase -u -b volume-4b13d00e-a957-4b32-8a70-c5bc68b2fd49 -F qcow2 /opt/stack/data/cinder/mnt/95cbd1432b78982d1fc4cfda4130ae4e/volume-4b13d00e-a957-4b32-8a70-c5bc68b2fd49.2d0b4517-b5ac-4bb9-8e1b-d289ffda7efd {{(pid=83409) execute /opt/stack/data/venv/lib/python3.10/site-packages/oslo_concurrency/processutils.py:368}}
Feb 04 13:07:43 devstack sudo[93464]: quobyte : PWD=/ ; USER=root ; COMMAND=/opt/stack/data/venv/bin/cinder-rootwrap /etc/cinder/rootwrap.conf qemu-img rebase -u -b volume-4b13d00e-a957-4b32-8a70-c5bc68b2fd49 -F qcow2 /opt/stack/data/cinder/mnt/95cbd1432b78982d1fc4cfda4130ae4e/volume-4b13d00e-a957-4b32-8a70-c5bc68b2fd49.2d0b4517-b5ac-4bb9-8e1b-d289ffda7efd
Feb 04 13:07:43 devstack sudo[93464]: pam_unix(sudo:session): session opened for user root(uid=0) by (uid=1000)
Feb 04 13:07:44 devstack sudo[93464]: pam_unix(sudo:session): session closed for user root
Feb 04 13:07:44 devstack cinder-volume[83409]: DEBUG oslo_concurrency.processutils [None req-7e96ff7c-afa0-4451-87a9-9561d77ba1ca tempest-GroupSnapshotsTest-2102804566 None] CMD "sudo cinder-rootwrap /etc/cinder/rootwrap.conf qemu-img rebase -u -b volume-4b13d00e-a957-4b32-8a70-c5bc68b2fd49 -F qcow2 /opt/stack/data/cinder/mnt/95cbd1432b78982d1fc4cfda4130ae4e/volume-4b13d00e-a957-4b32-8a70-c5bc68b2fd49.2d0b4517-b5ac-4bb9-8e1b-d289ffda7efd" returned: 0 in 0.587s {{(pid=83409) execute /opt/stack/data/venv/lib/python3.10/site-packages/oslo_concurrency/processutils.py:396}}
Feb 04 13:07:44 devstack cinder-volume[83409]: WARNING cinder.volume.drivers.remotefs [None req-7e96ff7c-afa0-4451-87a9-9561d77ba1ca tempest-GroupSnapshotsTest-2102804566 None] /opt/stack/data/cinder/mnt/95cbd1432b78982d1fc4cfda4130ae4e/volume-4b13d00e-a957-4b32-8a70-c5bc68b2fd49.2d0b4517-b5ac-4bb9-8e1b-d289ffda7efd is being set with open permissions: ugo+rw: NotImplementedError
Feb 04 13:07:44 devstack cinder-volume[83409]: DEBUG oslo_concurrency.processutils [None req-7e96ff7c-afa0-4451-87a9-9561d77ba1ca tempest-GroupSnapshotsTest-2102804566 None] Running cmd (subprocess): sudo cinder-rootwrap /etc/cinder/rootwrap.conf chmod ugo+rw /opt/stack/data/cinder/mnt/95cbd1432b78982d1fc4cfda4130ae4e/volume-4b13d00e-a957-4b32-8a70-c5bc68b2fd49.2d0b4517-b5ac-4bb9-8e1b-d289ffda7efd {{(pid=83409) execute /opt/stack/data/venv/lib/python3.10/site-packages/oslo_concurrency/processutils.py:368}}
Feb 04 13:07:44 devstack sudo[93469]: quobyte : PWD=/ ; USER=root ; COMMAND=/opt/stack/data/venv/bin/cinder-rootwrap /etc/cinder/rootwrap.conf chmod ugo+rw /opt/stack/data/cinder/mnt/95cbd1432b78982d1fc4cfda4130ae4e/volume-4b13d00e-a957-4b32-8a70-c5bc68b2fd49.2d0b4517-b5ac-4bb9-8e1b-d289ffda7efd
Feb 04 13:07:44 devstack sudo[93469]: pam_unix(sudo:session): session opened for user root(uid=0) by (uid=1000)
Feb 04 13:07:45 devstack sudo[93469]: pam_unix(sudo:session): session closed for user root
Feb 04 13:07:45 devstack cinder-volume[83409]: DEBUG oslo_concurrency.processutils [None req-7e96ff7c-afa0-4451-87a9-9561d77ba1ca tempest-GroupSnapshotsTest-2102804566 None] CMD "sudo cinder-rootwrap /etc/cinder/rootwrap.conf chmod ugo+rw /opt/stack/data/cinder/mnt/95cbd1432b78982d1fc4cfda4130ae4e/volume-4b13d00e-a957-4b32-8a70-c5bc68b2fd49.2d0b4517-b5ac-4bb9-8e1b-d289ffda7efd" returned: 0 in 0.907s {{(pid=83409) execute /opt/stack/data/venv/lib/python3.10/site-packages/oslo_concurrency/processutils.py:396}}
Feb 04 13:07:45 devstack cinder-volume[83409]: DEBUG oslo_concurrency.processutils [None req-7e96ff7c-afa0-4451-87a9-9561d77ba1ca tempest-GroupSnapshotsTest-2102804566 None] Running cmd (subprocess): sudo cinder-rootwrap /etc/cinder/rootwrap.conf truncate -s0 /opt/stack/data/cinder/mnt/95cbd1432b78982d1fc4cfda4130ae4e/volume-4b13d00e-a957-4b32-8a70-c5bc68b2fd49.info {{(pid=83409) execute /opt/stack/data/venv/lib/python3.10/site-packages/oslo_concurrency/processutils.py:368}}
Feb 04 13:07:45 devstack sudo[93513]: quobyte : PWD=/ ; USER=root ; COMMAND=/opt/stack/data/venv/bin/cinder-rootwrap /etc/cinder/rootwrap.conf truncate -s0 /opt/stack/data/cinder/mnt/95cbd1432b78982d1fc4cfda4130ae4e/volume-4b13d00e-a957-4b32-8a70-c5bc68b2fd49.info
Feb 04 13:07:45 devstack sudo[93513]: pam_unix(sudo:session): session opened for user root(uid=0) by (uid=1000)
Feb 04 13:07:45 devstack sudo[93513]: pam_unix(sudo:session): session closed for user root
Feb 04 13:07:45 devstack cinder-volume[83409]: DEBUG oslo_concurrency.processutils [None req-7e96ff7c-afa0-4451-87a9-9561d77ba1ca tempest-GroupSnapshotsTest-2102804566 None] CMD "sudo cinder-rootwrap /etc/cinder/rootwrap.conf truncate -s0 /opt/stack/data/cinder/mnt/95cbd1432b78982d1fc4cfda4130ae4e/volume-4b13d00e-a957-4b32-8a70-c5bc68b2fd49.info" returned: 0 in 0.493s {{(pid=83409) execute /opt/stack/data/venv/lib/python3.10/site-packages/oslo_concurrency/processutils.py:396}}
Feb 04 13:07:45 devstack cinder-volume[83409]: WARNING cinder.volume.drivers.remotefs [None req-7e96ff7c-afa0-4451-87a9-9561d77ba1ca tempest-GroupSnapshotsTest-2102804566 None] /opt/stack/data/cinder/mnt/95cbd1432b78982d1fc4cfda4130ae4e/volume-4b13d00e-a957-4b32-8a70-c5bc68b2fd49.info is being set with open permissions: ugo+rw: NotImplementedError
Feb 04 13:07:45 devstack cinder-volume[83409]: DEBUG oslo_concurrency.processutils [None req-7e96ff7c-afa0-4451-87a9-9561d77ba1ca tempest-GroupSnapshotsTest-2102804566 None] Running cmd (subprocess): sudo cinder-rootwrap /etc/cinder/rootwrap.conf chmod ugo+rw /opt/stack/data/cinder/mnt/95cbd1432b78982d1fc4cfda4130ae4e/volume-4b13d00e-a957-4b32-8a70-c5bc68b2fd49.info {{(pid=83409) execute /opt/stack/data/venv/lib/python3.10/site-packages/oslo_concurrency/processutils.py:368}}
Feb 04 13:07:45 devstack sudo[93517]: quobyte : PWD=/ ; USER=root ; COMMAND=/opt/stack/data/venv/bin/cinder-rootwrap /etc/cinder/rootwrap.conf chmod ugo+rw /opt/stack/data/cinder/mnt/95cbd1432b78982d1fc4cfda4130ae4e/volume-4b13d00e-a957-4b32-8a70-c5bc68b2fd49.info
Feb 04 13:07:45 devstack sudo[93517]: pam_unix(sudo:session): session opened for user root(uid=0) by (uid=1000)
Feb 04 13:07:46 devstack sudo[93517]: pam_unix(sudo:session): session closed for user root
Feb 04 13:07:46 devstack cinder-volume[83409]: DEBUG oslo_concurrency.processutils [None req-7e96ff7c-afa0-4451-87a9-9561d77ba1ca tempest-GroupSnapshotsTest-2102804566 None] CMD "sudo cinder-rootwrap /etc/cinder/rootwrap.conf chmod ugo+rw /opt/stack/data/cinder/mnt/95cbd1432b78982d1fc4cfda4130ae4e/volume-4b13d00e-a957-4b32-8a70-c5bc68b2fd49.info" returned: 0 in 0.489s {{(pid=83409) execute /opt/stack/data/venv/lib/python3.10/site-packages/oslo_concurrency/processutils.py:396}}
Feb 04 13:07:46 devstack cinder-volume[83409]: DEBUG oslo_concurrency.lockutils [None req-7e96ff7c-afa0-4451-87a9-9561d77ba1ca tempest-GroupSnapshotsTest-2102804566 None] Lock "quobyte" "released" by "cinder.volume.drivers.quobyte.QuobyteDriver.create_snapshot" :: held 4.509s {{(pid=83409) inner /opt/stack/data/venv/lib/python3.10/site-packages/oslo_concurrency/lockutils.py:538}}
Feb 04 13:07:46 devstack cinder-volume[83409]: DEBUG oslo_concurrency.lockutils [req-7a1f141a-cc9d-434f-b2e1-18ca2e2bf9af req-2d7cab37-a0f8-447d-b409-00f19a04ac1c tempest-AttachVolumeTestJSON-233240525 None] Lock "quobyte" acquired by "cinder.volume.drivers.quobyte.QuobyteDriver.initialize_connection" :: waited 8.877s {{(pid=83409) inner /opt/stack/data/venv/lib/python3.10/site-packages/oslo_concurrency/lockutils.py:519}}
Feb 04 13:07:46 devstack cinder-volume[83409]: DEBUG oslo.privsep.daemon [-] privsep: reply[a35b75d4-fa70-4ae8-9a2c-23f7b52cb723]: (4, 'qcow2') {{(pid=84166) _call_back /opt/stack/data/venv/lib/python3.10/site-packages/oslo_privsep/daemon.py:515}}
Feb 04 13:07:46 devstack cinder-volume[83409]: DEBUG oslo_concurrency.processutils [req-7a1f141a-cc9d-434f-b2e1-18ca2e2bf9af req-2d7cab37-a0f8-447d-b409-00f19a04ac1c tempest-AttachVolumeTestJSON-233240525 None] Running cmd (subprocess): /opt/stack/data/venv/bin/python3.10 -m oslo_concurrency.prlimit --as=1073741824 --cpu=60 -- sudo cinder-rootwrap /etc/cinder/rootwrap.conf env LC_ALL=C qemu-img info -f qcow2 --output=json --force-share /opt/stack/data/cinder/mnt/95cbd1432b78982d1fc4cfda4130ae4e/volume-28038bb3-adf2-497b-aa04-bdbe6e79a391 {{(pid=83409) execute /opt/stack/data/venv/lib/python3.10/site-packages/oslo_concurrency/processutils.py:368}}
Feb 04 13:07:46 devstack cinder-volume[83409]: INFO cinder.volume.manager [None req-7e96ff7c-afa0-4451-87a9-9561d77ba1ca tempest-GroupSnapshotsTest-2102804566 None] group_snapshot 40d1dd6b-fbe3-4b92-9bfc-6687bd28e9a4: created successfully
Feb 04 13:07:46 devstack sudo[93523]: quobyte : PWD=/ ; USER=root ; COMMAND=/opt/stack/data/venv/bin/cinder-rootwrap /etc/cinder/rootwrap.conf env LC_ALL=C qemu-img info -f qcow2 --output=json --force-share /opt/stack/data/cinder/mnt/95cbd1432b78982d1fc4cfda4130ae4e/volume-28038bb3-adf2-497b-aa04-bdbe6e79a391
Feb 04 13:07:46 devstack sudo[93523]: pam_unix(sudo:session): session opened for user root(uid=0) by (uid=1000)
Feb 04 13:07:46 devstack cinder-volume[83409]: INFO cinder.volume.manager [None req-fcd1abf5-171d-4dc0-a548-82d7f863322e tempest-GroupSnapshotsTest-2102804566 None] group_snapshot 40d1dd6b-fbe3-4b92-9bfc-6687bd28e9a4: deleting
Feb 04 13:07:46 devstack cinder-volume[83409]: WARNING cinder.volume.volume_utils [None req-fcd1abf5-171d-4dc0-a548-82d7f863322e tempest-GroupSnapshotsTest-2102804566 None] Volume driver (QuobyteDriver 1.1.14) is currently unsupported and may be removed in the next release of OpenStack. Use at your own risk.
Feb 04 13:07:46 devstack cinder-volume[83409]: DEBUG cinder.volume.manager [None req-fcd1abf5-171d-4dc0-a548-82d7f863322e tempest-GroupSnapshotsTest-2102804566 None] group_snapshot 40d1dd6b-fbe3-4b92-9bfc-6687bd28e9a4: deleting {{(pid=83409) delete_group_snapshot /opt/stack/cinder/cinder/volume/manager.py:4348}}
Feb 04 13:07:46 devstack cinder-volume[83409]: DEBUG cinder.coordination [None req-fcd1abf5-171d-4dc0-a548-82d7f863322e tempest-GroupSnapshotsTest-2102804566 None] Acquiring lock "cinder-quobyte-b7729d46-8b2c-4abc-b58e-1dd83517e6cd" by "delete_snapshot" {{(pid=83409) __acquire /opt/stack/cinder/cinder/coordination.py:143}}
Feb 04 13:07:46 devstack cinder-volume[83409]: DEBUG cinder.coordination [None req-fcd1abf5-171d-4dc0-a548-82d7f863322e tempest-GroupSnapshotsTest-2102804566 None] Lock "cinder-quobyte-b7729d46-8b2c-4abc-b58e-1dd83517e6cd" acquired by "delete_snapshot" :: waited 0.028s {{(pid=83409) __acquire /opt/stack/cinder/cinder/coordination.py:146}}
Feb 04 13:07:46 devstack cinder-volume[83409]: DEBUG cinder.coordination [None req-fcd1abf5-171d-4dc0-a548-82d7f863322e tempest-GroupSnapshotsTest-2102804566 None] Acquiring lock "cinder-quobyte-22c5a318-d3e9-460b-b7cc-8f6ef8cbe42d" by "_delete_snapshot" {{(pid=83409) __acquire /opt/stack/cinder/cinder/coordination.py:143}}
Feb 04 13:07:46 devstack cinder-volume[83409]: DEBUG cinder.coordination [None req-fcd1abf5-171d-4dc0-a548-82d7f863322e tempest-GroupSnapshotsTest-2102804566 None] Lock "cinder-quobyte-22c5a318-d3e9-460b-b7cc-8f6ef8cbe42d" acquired by "_delete_snapshot" :: waited 0.014s {{(pid=83409) __acquire /opt/stack/cinder/cinder/coordination.py:146}}
Feb 04 13:07:47 devstack cinder-volume[83409]: DEBUG cinder.volume.drivers.remotefs [None req-fcd1abf5-171d-4dc0-a548-82d7f863322e tempest-GroupSnapshotsTest-2102804566 None] Deleting offline snapshot 22c5a318-d3e9-460b-b7cc-8f6ef8cbe42d of volume b7729d46-8b2c-4abc-b58e-1dd83517e6cd {{(pid=83409) _delete_snapshot /opt/stack/cinder/cinder/volume/drivers/remotefs.py:1290}}
Feb 04 13:07:47 devstack cinder-volume[83409]: DEBUG cinder.volume.drivers.remotefs [None req-fcd1abf5-171d-4dc0-a548-82d7f863322e tempest-GroupSnapshotsTest-2102804566 None] snapshot_file for this snap is: volume-b7729d46-8b2c-4abc-b58e-1dd83517e6cd.22c5a318-d3e9-460b-b7cc-8f6ef8cbe42d {{(pid=83409) _delete_snapshot /opt/stack/cinder/cinder/volume/drivers/remotefs.py:1319}}
Feb 04 13:07:47 devstack cinder-volume[83409]: DEBUG oslo.privsep.daemon [-] privsep: reply[1a962760-2387-429a-96eb-557a3f4e42af]: (4, 'qcow2') {{(pid=84166) _call_back /opt/stack/data/venv/lib/python3.10/site-packages/oslo_privsep/daemon.py:515}}
Feb 04 13:07:47 devstack cinder-volume[83409]: DEBUG oslo_concurrency.processutils [None req-fcd1abf5-171d-4dc0-a548-82d7f863322e tempest-GroupSnapshotsTest-2102804566 None] Running cmd (subprocess): /opt/stack/data/venv/bin/python3.10 -m oslo_concurrency.prlimit --as=1073741824 --cpu=60 -- sudo cinder-rootwrap /etc/cinder/rootwrap.conf env LC_ALL=C qemu-img info -f qcow2 --output=json --force-share /opt/stack/data/cinder/mnt/95cbd1432b78982d1fc4cfda4130ae4e/volume-b7729d46-8b2c-4abc-b58e-1dd83517e6cd.22c5a318-d3e9-460b-b7cc-8f6ef8cbe42d {{(pid=83409) execute /opt/stack/data/venv/lib/python3.10/site-packages/oslo_concurrency/processutils.py:368}}
Feb 04 13:07:47 devstack sudo[93523]: pam_unix(sudo:session): session closed for user root
Feb 04 13:07:47 devstack cinder-volume[83409]: DEBUG oslo_concurrency.processutils [req-7a1f141a-cc9d-434f-b2e1-18ca2e2bf9af req-2d7cab37-a0f8-447d-b409-00f19a04ac1c tempest-AttachVolumeTestJSON-233240525 None] CMD "/opt/stack/data/venv/bin/python3.10 -m oslo_concurrency.prlimit --as=1073741824 --cpu=60 -- sudo cinder-rootwrap /etc/cinder/rootwrap.conf env LC_ALL=C qemu-img info -f qcow2 --output=json --force-share /opt/stack/data/cinder/mnt/95cbd1432b78982d1fc4cfda4130ae4e/volume-28038bb3-adf2-497b-aa04-bdbe6e79a391" returned: 0 in 0.857s {{(pid=83409) execute /opt/stack/data/venv/lib/python3.10/site-packages/oslo_concurrency/processutils.py:396}}
Feb 04 13:07:47 devstack cinder-volume[83409]: DEBUG oslo_concurrency.lockutils [req-7a1f141a-cc9d-434f-b2e1-18ca2e2bf9af req-2d7cab37-a0f8-447d-b409-00f19a04ac1c tempest-AttachVolumeTestJSON-233240525 None] Lock "quobyte" "released" by "cinder.volume.drivers.quobyte.QuobyteDriver.initialize_connection" :: held 0.877s {{(pid=83409) inner /opt/stack/data/venv/lib/python3.10/site-packages/oslo_concurrency/lockutils.py:538}}
Feb 04 13:07:47 devstack cinder-volume[83409]: DEBUG cinder.volume.manager [req-7a1f141a-cc9d-434f-b2e1-18ca2e2bf9af req-2d7cab37-a0f8-447d-b409-00f19a04ac1c tempest-AttachVolumeTestJSON-233240525 None] Connection info returned from driver {'export': 'osci02.corp.quobyte.com/cinder-vol-03862f1e-052c-434d-80dd-d54d95eb00f0', 'name': 'volume-28038bb3-adf2-497b-aa04-bdbe6e79a391', 'options': None, 'format': 'qcow2', 'qos_specs': None, 'access_mode': 'rw', 'encrypted': False, 'cacheable': False, 'physical_block_size': '512', 'logical_block_size': '512', 'driver_volume_type': 'quobyte', 'mount_point_base': '/opt/stack/data/cinder/mnt', 'attachment_id': '4969829c-3396-4166-b1f7-ba532c98a1c2', 'enforce_multipath': True} {{(pid=83409) _connection_create /opt/stack/cinder/cinder/volume/manager.py:4922}}
Feb 04 13:07:47 devstack cinder-volume[83409]: WARNING cinder.volume.volume_utils [req-7a1f141a-cc9d-434f-b2e1-18ca2e2bf9af req-2d7cab37-a0f8-447d-b409-00f19a04ac1c tempest-AttachVolumeTestJSON-233240525 None] Volume driver (QuobyteDriver 1.1.14) is currently unsupported and may be removed in the next release of OpenStack. Use at your own risk.
Feb 04 13:07:47 devstack sudo[93555]: quobyte : PWD=/ ; USER=root ; COMMAND=/opt/stack/data/venv/bin/cinder-rootwrap /etc/cinder/rootwrap.conf env LC_ALL=C qemu-img info -f qcow2 --output=json --force-share /opt/stack/data/cinder/mnt/95cbd1432b78982d1fc4cfda4130ae4e/volume-b7729d46-8b2c-4abc-b58e-1dd83517e6cd.22c5a318-d3e9-460b-b7cc-8f6ef8cbe42d
Feb 04 13:07:47 devstack sudo[93555]: pam_unix(sudo:session): session opened for user root(uid=0) by (uid=1000)
Feb 04 13:07:47 devstack cinder-volume[83409]: INFO cinder.volume.manager [req-7a1f141a-cc9d-434f-b2e1-18ca2e2bf9af req-2d7cab37-a0f8-447d-b409-00f19a04ac1c tempest-AttachVolumeTestJSON-233240525 None] attachment_update completed successfully.
Feb 04 13:07:47 devstack sudo[93555]: pam_unix(sudo:session): session closed for user root
Feb 04 13:07:47 devstack cinder-volume[83409]: DEBUG oslo_concurrency.processutils [None req-fcd1abf5-171d-4dc0-a548-82d7f863322e tempest-GroupSnapshotsTest-2102804566 None] CMD "/opt/stack/data/venv/bin/python3.10 -m oslo_concurrency.prlimit --as=1073741824 --cpu=60 -- sudo cinder-rootwrap /etc/cinder/rootwrap.conf env LC_ALL=C qemu-img info -f qcow2 --output=json --force-share /opt/stack/data/cinder/mnt/95cbd1432b78982d1fc4cfda4130ae4e/volume-b7729d46-8b2c-4abc-b58e-1dd83517e6cd.22c5a318-d3e9-460b-b7cc-8f6ef8cbe42d" returned: 0 in 0.908s {{(pid=83409) execute /opt/stack/data/venv/lib/python3.10/site-packages/oslo_concurrency/processutils.py:396}}
Feb 04 13:07:47 devstack cinder-volume[83409]: DEBUG cinder.volume.drivers.remotefs [None req-fcd1abf5-171d-4dc0-a548-82d7f863322e tempest-GroupSnapshotsTest-2102804566 None] Fetching qemu-img info with special backing_file_template: (/opt/stack/data/cinder/mnt/[0-9a-f]+/)?(volume-b7729d46-8b2c-4abc-b58e-1dd83517e6cd(.(tmp-snap-)?[0-9a-f-]+)?|volume_from_snapshot_cache/(tmp-snap-)?[0-9a-f-]+(.(child-|parent-)[0-9a-f-]+)?)$ {{(pid=83409) _qemu_img_info_base /opt/stack/cinder/cinder/volume/drivers/remotefs.py:898}}
Feb 04 13:07:48 devstack cinder-volume[83409]: DEBUG oslo.privsep.daemon [-] privsep: reply[5444c7b1-ffa6-4c1b-b4c1-98dc8b32a49b]: (4, 'qcow2') {{(pid=84166) _call_back /opt/stack/data/venv/lib/python3.10/site-packages/oslo_privsep/daemon.py:515}}
Feb 04 13:07:48 devstack cinder-volume[83409]: DEBUG oslo_concurrency.processutils [None req-fcd1abf5-171d-4dc0-a548-82d7f863322e tempest-GroupSnapshotsTest-2102804566 None] Running cmd (subprocess): /opt/stack/data/venv/bin/python3.10 -m oslo_concurrency.prlimit --as=1073741824 --cpu=60 -- sudo cinder-rootwrap /etc/cinder/rootwrap.conf env LC_ALL=C qemu-img info -f qcow2 --output=json --force-share /opt/stack/data/cinder/mnt/95cbd1432b78982d1fc4cfda4130ae4e/volume-b7729d46-8b2c-4abc-b58e-1dd83517e6cd {{(pid=83409) execute /opt/stack/data/venv/lib/python3.10/site-packages/oslo_concurrency/processutils.py:368}}
Feb 04 13:07:48 devstack sudo[93563]: quobyte : PWD=/ ; USER=root ; COMMAND=/opt/stack/data/venv/bin/cinder-rootwrap /etc/cinder/rootwrap.conf env LC_ALL=C qemu-img info -f qcow2 --output=json --force-share /opt/stack/data/cinder/mnt/95cbd1432b78982d1fc4cfda4130ae4e/volume-b7729d46-8b2c-4abc-b58e-1dd83517e6cd
Feb 04 13:07:48 devstack sudo[93563]: pam_unix(sudo:session): session opened for user root(uid=0) by (uid=1000)
Feb 04 13:07:49 devstack sudo[93563]: pam_unix(sudo:session): session closed for user root
Feb 04 13:07:49 devstack cinder-volume[83409]: DEBUG oslo_concurrency.processutils [None req-fcd1abf5-171d-4dc0-a548-82d7f863322e tempest-GroupSnapshotsTest-2102804566 None] CMD "/opt/stack/data/venv/bin/python3.10 -m oslo_concurrency.prlimit --as=1073741824 --cpu=60 -- sudo cinder-rootwrap /etc/cinder/rootwrap.conf env LC_ALL=C qemu-img info -f qcow2 --output=json --force-share /opt/stack/data/cinder/mnt/95cbd1432b78982d1fc4cfda4130ae4e/volume-b7729d46-8b2c-4abc-b58e-1dd83517e6cd" returned: 0 in 1.212s {{(pid=83409) execute /opt/stack/data/venv/lib/python3.10/site-packages/oslo_concurrency/processutils.py:396}}
Feb 04 13:07:49 devstack cinder-volume[83409]: DEBUG oslo_concurrency.processutils [None req-fcd1abf5-171d-4dc0-a548-82d7f863322e tempest-GroupSnapshotsTest-2102804566 None] Running cmd (subprocess): sudo cinder-rootwrap /etc/cinder/rootwrap.conf qemu-img commit -d /opt/stack/data/cinder/mnt/95cbd1432b78982d1fc4cfda4130ae4e/volume-b7729d46-8b2c-4abc-b58e-1dd83517e6cd.22c5a318-d3e9-460b-b7cc-8f6ef8cbe42d {{(pid=83409) execute /opt/stack/data/venv/lib/python3.10/site-packages/oslo_concurrency/processutils.py:368}}
Feb 04 13:07:49 devstack sudo[93582]: quobyte : PWD=/ ; USER=root ; COMMAND=/opt/stack/data/venv/bin/cinder-rootwrap /etc/cinder/rootwrap.conf qemu-img commit -d /opt/stack/data/cinder/mnt/95cbd1432b78982d1fc4cfda4130ae4e/volume-b7729d46-8b2c-4abc-b58e-1dd83517e6cd.22c5a318-d3e9-460b-b7cc-8f6ef8cbe42d
Feb 04 13:07:49 devstack sudo[93582]: pam_unix(sudo:session): session opened for user root(uid=0) by (uid=1000)
Feb 04 13:07:49 devstack sudo[93582]: pam_unix(sudo:session): session closed for user root
Feb 04 13:07:49 devstack cinder-volume[83409]: DEBUG oslo_concurrency.processutils [None req-fcd1abf5-171d-4dc0-a548-82d7f863322e tempest-GroupSnapshotsTest-2102804566 None] CMD "sudo cinder-rootwrap /etc/cinder/rootwrap.conf qemu-img commit -d /opt/stack/data/cinder/mnt/95cbd1432b78982d1fc4cfda4130ae4e/volume-b7729d46-8b2c-4abc-b58e-1dd83517e6cd.22c5a318-d3e9-460b-b7cc-8f6ef8cbe42d" returned: 0 in 0.646s {{(pid=83409) execute /opt/stack/data/venv/lib/python3.10/site-packages/oslo_concurrency/processutils.py:396}}
Feb 04 13:07:49 devstack cinder-volume[83409]: DEBUG oslo_concurrency.processutils [None req-fcd1abf5-171d-4dc0-a548-82d7f863322e tempest-GroupSnapshotsTest-2102804566 None] Running cmd (subprocess): sudo cinder-rootwrap /etc/cinder/rootwrap.conf rm -f /opt/stack/data/cinder/mnt/95cbd1432b78982d1fc4cfda4130ae4e/volume-b7729d46-8b2c-4abc-b58e-1dd83517e6cd.22c5a318-d3e9-460b-b7cc-8f6ef8cbe42d {{(pid=83409) execute /opt/stack/data/venv/lib/python3.10/site-packages/oslo_concurrency/processutils.py:368}}
Feb 04 13:07:49 devstack sudo[93602]: quobyte : PWD=/ ; USER=root ; COMMAND=/opt/stack/data/venv/bin/cinder-rootwrap /etc/cinder/rootwrap.conf rm -f /opt/stack/data/cinder/mnt/95cbd1432b78982d1fc4cfda4130ae4e/volume-b7729d46-8b2c-4abc-b58e-1dd83517e6cd.22c5a318-d3e9-460b-b7cc-8f6ef8cbe42d
Feb 04 13:07:49 devstack sudo[93602]: pam_unix(sudo:session): session opened for user root(uid=0) by (uid=1000)
Feb 04 13:07:50 devstack sudo[93602]: pam_unix(sudo:session): session closed for user root
Feb 04 13:07:50 devstack cinder-volume[83409]: DEBUG oslo_concurrency.processutils [None req-fcd1abf5-171d-4dc0-a548-82d7f863322e tempest-GroupSnapshotsTest-2102804566 None] CMD "sudo cinder-rootwrap /etc/cinder/rootwrap.conf rm -f /opt/stack/data/cinder/mnt/95cbd1432b78982d1fc4cfda4130ae4e/volume-b7729d46-8b2c-4abc-b58e-1dd83517e6cd.22c5a318-d3e9-460b-b7cc-8f6ef8cbe42d" returned: 0 in 0.780s {{(pid=83409) execute /opt/stack/data/venv/lib/python3.10/site-packages/oslo_concurrency/processutils.py:396}}
Feb 04 13:07:50 devstack cinder-volume[83409]: DEBUG cinder.coordination [None req-fcd1abf5-171d-4dc0-a548-82d7f863322e tempest-GroupSnapshotsTest-2102804566 None] Lock "cinder-quobyte-22c5a318-d3e9-460b-b7cc-8f6ef8cbe42d" released by "_delete_snapshot" :: held 3.683s {{(pid=83409) __release /opt/stack/cinder/cinder/coordination.py:157}}
Feb 04 13:07:50 devstack cinder-volume[83409]: DEBUG cinder.coordination [None req-fcd1abf5-171d-4dc0-a548-82d7f863322e tempest-GroupSnapshotsTest-2102804566 None] Lock "cinder-quobyte-b7729d46-8b2c-4abc-b58e-1dd83517e6cd" released by "delete_snapshot" :: held 3.704s {{(pid=83409) __release /opt/stack/cinder/cinder/coordination.py:157}}
Feb 04 13:07:50 devstack cinder-volume[83409]: DEBUG cinder.coordination [None req-fcd1abf5-171d-4dc0-a548-82d7f863322e tempest-GroupSnapshotsTest-2102804566 None] Acquiring lock "cinder-quobyte-4b13d00e-a957-4b32-8a70-c5bc68b2fd49" by "delete_snapshot" {{(pid=83409) __acquire /opt/stack/cinder/cinder/coordination.py:143}}
Feb 04 13:07:50 devstack cinder-volume[83409]: DEBUG cinder.coordination [None req-fcd1abf5-171d-4dc0-a548-82d7f863322e tempest-GroupSnapshotsTest-2102804566 None] Lock "cinder-quobyte-4b13d00e-a957-4b32-8a70-c5bc68b2fd49" acquired by "delete_snapshot" :: waited 0.008s {{(pid=83409) __acquire /opt/stack/cinder/cinder/coordination.py:146}}
Feb 04 13:07:50 devstack cinder-volume[83409]: DEBUG cinder.coordination [None req-fcd1abf5-171d-4dc0-a548-82d7f863322e tempest-GroupSnapshotsTest-2102804566 None] Acquiring lock "cinder-quobyte-2d0b4517-b5ac-4bb9-8e1b-d289ffda7efd" by "_delete_snapshot" {{(pid=83409) __acquire /opt/stack/cinder/cinder/coordination.py:143}}
Feb 04 13:07:50 devstack cinder-volume[83409]: DEBUG cinder.coordination [None req-fcd1abf5-171d-4dc0-a548-82d7f863322e tempest-GroupSnapshotsTest-2102804566 None] Lock "cinder-quobyte-2d0b4517-b5ac-4bb9-8e1b-d289ffda7efd" acquired by "_delete_snapshot" :: waited 0.008s {{(pid=83409) __acquire /opt/stack/cinder/cinder/coordination.py:146}}
Feb 04 13:07:50 devstack cinder-volume[83409]: DEBUG cinder.volume.drivers.remotefs [None req-fcd1abf5-171d-4dc0-a548-82d7f863322e tempest-GroupSnapshotsTest-2102804566 None] Deleting offline snapshot 2d0b4517-b5ac-4bb9-8e1b-d289ffda7efd of volume 4b13d00e-a957-4b32-8a70-c5bc68b2fd49 {{(pid=83409) _delete_snapshot /opt/stack/cinder/cinder/volume/drivers/remotefs.py:1290}}
Feb 04 13:07:50 devstack cinder-volume[83409]: DEBUG cinder.volume.drivers.remotefs [None req-fcd1abf5-171d-4dc0-a548-82d7f863322e tempest-GroupSnapshotsTest-2102804566 None] snapshot_file for this snap is: volume-4b13d00e-a957-4b32-8a70-c5bc68b2fd49.2d0b4517-b5ac-4bb9-8e1b-d289ffda7efd {{(pid=83409) _delete_snapshot /opt/stack/cinder/cinder/volume/drivers/remotefs.py:1319}}
Feb 04 13:07:50 devstack cinder-volume[83409]: DEBUG oslo.privsep.daemon [-] privsep: reply[51c76c24-9e99-4ec9-9887-6497a534a2a9]: (4, 'qcow2') {{(pid=84166) _call_back /opt/stack/data/venv/lib/python3.10/site-packages/oslo_privsep/daemon.py:515}}
Feb 04 13:07:50 devstack cinder-volume[83409]: DEBUG oslo_concurrency.processutils [None req-fcd1abf5-171d-4dc0-a548-82d7f863322e tempest-GroupSnapshotsTest-2102804566 None] Running cmd (subprocess): /opt/stack/data/venv/bin/python3.10 -m oslo_concurrency.prlimit --as=1073741824 --cpu=60 -- sudo cinder-rootwrap /etc/cinder/rootwrap.conf env LC_ALL=C qemu-img info -f qcow2 --output=json --force-share /opt/stack/data/cinder/mnt/95cbd1432b78982d1fc4cfda4130ae4e/volume-4b13d00e-a957-4b32-8a70-c5bc68b2fd49.2d0b4517-b5ac-4bb9-8e1b-d289ffda7efd {{(pid=83409) execute /opt/stack/data/venv/lib/python3.10/site-packages/oslo_concurrency/processutils.py:368}}
Feb 04 13:07:50 devstack sudo[93615]: quobyte : PWD=/ ; USER=root ; COMMAND=/opt/stack/data/venv/bin/cinder-rootwrap /etc/cinder/rootwrap.conf env LC_ALL=C qemu-img info -f qcow2 --output=json --force-share /opt/stack/data/cinder/mnt/95cbd1432b78982d1fc4cfda4130ae4e/volume-4b13d00e-a957-4b32-8a70-c5bc68b2fd49.2d0b4517-b5ac-4bb9-8e1b-d289ffda7efd
Feb 04 13:07:50 devstack sudo[93615]: pam_unix(sudo:session): session opened for user root(uid=0) by (uid=1000)
Feb 04 13:07:51 devstack sudo[93615]: pam_unix(sudo:session): session closed for user root
Feb 04 13:07:51 devstack cinder-volume[83409]: DEBUG oslo_concurrency.processutils [None req-fcd1abf5-171d-4dc0-a548-82d7f863322e tempest-GroupSnapshotsTest-2102804566 None] CMD "/opt/stack/data/venv/bin/python3.10 -m oslo_concurrency.prlimit --as=1073741824 --cpu=60 -- sudo cinder-rootwrap /etc/cinder/rootwrap.conf env LC_ALL=C qemu-img info -f qcow2 --output=json --force-share /opt/stack/data/cinder/mnt/95cbd1432b78982d1fc4cfda4130ae4e/volume-4b13d00e-a957-4b32-8a70-c5bc68b2fd49.2d0b4517-b5ac-4bb9-8e1b-d289ffda7efd" returned: 0 in 1.139s {{(pid=83409) execute /opt/stack/data/venv/lib/python3.10/site-packages/oslo_concurrency/processutils.py:396}}
Feb 04 13:07:51 devstack cinder-volume[83409]: DEBUG cinder.volume.drivers.remotefs [None req-fcd1abf5-171d-4dc0-a548-82d7f863322e tempest-GroupSnapshotsTest-2102804566 None] Fetching qemu-img info with special backing_file_template: (/opt/stack/data/cinder/mnt/[0-9a-f]+/)?(volume-4b13d00e-a957-4b32-8a70-c5bc68b2fd49(.(tmp-snap-)?[0-9a-f-]+)?|volume_from_snapshot_cache/(tmp-snap-)?[0-9a-f-]+(.(child-|parent-)[0-9a-f-]+)?)$ {{(pid=83409) _qemu_img_info_base /opt/stack/cinder/cinder/volume/drivers/remotefs.py:898}}
Feb 04 13:07:51 devstack cinder-volume[83409]: DEBUG oslo.privsep.daemon [-] privsep: reply[cd759816-6837-4b9b-956d-d36eab1532e9]: (4, 'qcow2') {{(pid=84166) _call_back /opt/stack/data/venv/lib/python3.10/site-packages/oslo_privsep/daemon.py:515}}
Feb 04 13:07:51 devstack cinder-volume[83409]: DEBUG oslo_concurrency.processutils [None req-fcd1abf5-171d-4dc0-a548-82d7f863322e tempest-GroupSnapshotsTest-2102804566 None] Running cmd (subprocess): /opt/stack/data/venv/bin/python3.10 -m oslo_concurrency.prlimit --as=1073741824 --cpu=60 -- sudo cinder-rootwrap /etc/cinder/rootwrap.conf env LC_ALL=C qemu-img info -f qcow2 --output=json --force-share /opt/stack/data/cinder/mnt/95cbd1432b78982d1fc4cfda4130ae4e/volume-4b13d00e-a957-4b32-8a70-c5bc68b2fd49 {{(pid=83409) execute /opt/stack/data/venv/lib/python3.10/site-packages/oslo_concurrency/processutils.py:368}}
Feb 04 13:07:52 devstack sudo[93658]: quobyte : PWD=/ ; USER=root ; COMMAND=/opt/stack/data/venv/bin/cinder-rootwrap /etc/cinder/rootwrap.conf env LC_ALL=C qemu-img info -f qcow2 --output=json --force-share /opt/stack/data/cinder/mnt/95cbd1432b78982d1fc4cfda4130ae4e/volume-4b13d00e-a957-4b32-8a70-c5bc68b2fd49
Feb 04 13:07:52 devstack sudo[93658]: pam_unix(sudo:session): session opened for user root(uid=0) by (uid=1000)
Feb 04 13:07:52 devstack sudo[93658]: pam_unix(sudo:session): session closed for user root
Feb 04 13:07:52 devstack cinder-volume[83409]: DEBUG oslo_concurrency.processutils [None req-fcd1abf5-171d-4dc0-a548-82d7f863322e tempest-GroupSnapshotsTest-2102804566 None] CMD "/opt/stack/data/venv/bin/python3.10 -m oslo_concurrency.prlimit --as=1073741824 --cpu=60 -- sudo cinder-rootwrap /etc/cinder/rootwrap.conf env LC_ALL=C qemu-img info -f qcow2 --output=json --force-share /opt/stack/data/cinder/mnt/95cbd1432b78982d1fc4cfda4130ae4e/volume-4b13d00e-a957-4b32-8a70-c5bc68b2fd49" returned: 0 in 0.853s {{(pid=83409) execute /opt/stack/data/venv/lib/python3.10/site-packages/oslo_concurrency/processutils.py:396}}
Feb 04 13:07:52 devstack cinder-volume[83409]: DEBUG oslo_concurrency.processutils [None req-fcd1abf5-171d-4dc0-a548-82d7f863322e tempest-GroupSnapshotsTest-2102804566 None] Running cmd (subprocess): sudo cinder-rootwrap /etc/cinder/rootwrap.conf qemu-img commit -d /opt/stack/data/cinder/mnt/95cbd1432b78982d1fc4cfda4130ae4e/volume-4b13d00e-a957-4b32-8a70-c5bc68b2fd49.2d0b4517-b5ac-4bb9-8e1b-d289ffda7efd {{(pid=83409) execute /opt/stack/data/venv/lib/python3.10/site-packages/oslo_concurrency/processutils.py:368}}
Feb 04 13:07:52 devstack sudo[93666]: quobyte : PWD=/ ; USER=root ; COMMAND=/opt/stack/data/venv/bin/cinder-rootwrap /etc/cinder/rootwrap.conf qemu-img commit -d /opt/stack/data/cinder/mnt/95cbd1432b78982d1fc4cfda4130ae4e/volume-4b13d00e-a957-4b32-8a70-c5bc68b2fd49.2d0b4517-b5ac-4bb9-8e1b-d289ffda7efd
Feb 04 13:07:52 devstack sudo[93666]: pam_unix(sudo:session): session opened for user root(uid=0) by (uid=1000)
Feb 04 13:07:53 devstack sudo[93666]: pam_unix(sudo:session): session closed for user root
Feb 04 13:07:53 devstack cinder-volume[83409]: DEBUG oslo_concurrency.processutils [None req-fcd1abf5-171d-4dc0-a548-82d7f863322e tempest-GroupSnapshotsTest-2102804566 None] CMD "sudo cinder-rootwrap /etc/cinder/rootwrap.conf qemu-img commit -d /opt/stack/data/cinder/mnt/95cbd1432b78982d1fc4cfda4130ae4e/volume-4b13d00e-a957-4b32-8a70-c5bc68b2fd49.2d0b4517-b5ac-4bb9-8e1b-d289ffda7efd" returned: 0 in 1.012s {{(pid=83409) execute /opt/stack/data/venv/lib/python3.10/site-packages/oslo_concurrency/processutils.py:396}}
Feb 04 13:07:53 devstack cinder-volume[83409]: DEBUG oslo_concurrency.processutils [None req-fcd1abf5-171d-4dc0-a548-82d7f863322e tempest-GroupSnapshotsTest-2102804566 None] Running cmd (subprocess): sudo cinder-rootwrap /etc/cinder/rootwrap.conf rm -f /opt/stack/data/cinder/mnt/95cbd1432b78982d1fc4cfda4130ae4e/volume-4b13d00e-a957-4b32-8a70-c5bc68b2fd49.2d0b4517-b5ac-4bb9-8e1b-d289ffda7efd {{(pid=83409) execute /opt/stack/data/venv/lib/python3.10/site-packages/oslo_concurrency/processutils.py:368}}
Feb 04 13:07:53 devstack sudo[93674]: quobyte : PWD=/ ; USER=root ; COMMAND=/opt/stack/data/venv/bin/cinder-rootwrap /etc/cinder/rootwrap.conf rm -f /opt/stack/data/cinder/mnt/95cbd1432b78982d1fc4cfda4130ae4e/volume-4b13d00e-a957-4b32-8a70-c5bc68b2fd49.2d0b4517-b5ac-4bb9-8e1b-d289ffda7efd
Feb 04 13:07:53 devstack sudo[93674]: pam_unix(sudo:session): session opened for user root(uid=0) by (uid=1000)
Feb 04 13:07:54 devstack cinder-volume[83409]: WARNING cinder.volume.volume_utils [None req-6dc51f62-a979-46c0-9a25-fc1b787cd452 tempest-ServerRescueNegativeTestJSON-1075233744 None] Volume driver (QuobyteDriver 1.1.14) is currently unsupported and may be removed in the next release of OpenStack. Use at your own risk.
Feb 04 13:07:54 devstack cinder-volume[83409]: DEBUG cinder.volume.flows.manager.create_volume [None req-6dc51f62-a979-46c0-9a25-fc1b787cd452 tempest-ServerRescueNegativeTestJSON-1075233744 None] Volume reschedule parameters: True retry: {'num_attempts': 1, 'backends': ['devstack@QuobyteHD#QuobyteHD'], 'hosts': ['devstack@QuobyteHD#QuobyteHD']} {{(pid=83409) get_flow /opt/stack/cinder/cinder/volume/flows/manager/create_volume.py:1388}}
Feb 04 13:07:54 devstack cinder-volume[83409]: DEBUG cinder.volume.manager [None req-6dc51f62-a979-46c0-9a25-fc1b787cd452 tempest-ServerRescueNegativeTestJSON-1075233744 None] Flow 'volume_create_manager' (288067a8-6f96-4cab-8845-93d0313d721f) transitioned into state 'RUNNING' from state 'PENDING' {{(pid=83409) _flow_receiver /opt/stack/data/venv/lib/python3.10/site-packages/taskflow/listeners/logging.py:145}}
Feb 04 13:07:54 devstack cinder-volume[83409]: DEBUG cinder.volume.manager [None req-6dc51f62-a979-46c0-9a25-fc1b787cd452 tempest-ServerRescueNegativeTestJSON-1075233744 None] Task 'cinder.volume.flows.manager.create_volume.ExtractVolumeRefTask;volume:create' (3d40307e-55eb-4aad-aabb-ac53196f2ddd) transitioned into state 'RUNNING' from state 'PENDING' {{(pid=83409) _task_receiver /opt/stack/data/venv/lib/python3.10/site-packages/taskflow/listeners/logging.py:194}}
Feb 04 13:07:54 devstack cinder-volume[83409]: DEBUG cinder.volume.manager [None req-6dc51f62-a979-46c0-9a25-fc1b787cd452 tempest-ServerRescueNegativeTestJSON-1075233744 None] Task 'cinder.volume.flows.manager.create_volume.ExtractVolumeRefTask;volume:create' (3d40307e-55eb-4aad-aabb-ac53196f2ddd) transitioned into state 'SUCCESS' from state 'RUNNING' with result 'Volume(_name_id=None,admin_metadata=,attach_status='detached',availability_zone='nova',bootable=False,cluster=,cluster_name=None,consistencygroup=,consistencygroup_id=None,created_at=2026-02-04T12:07:54Z,deleted=False,deleted_at=None,display_description=None,display_name='tempest-ServerRescueNegativeTestJSON-volume-177793115',ec2_id=None,encryption_key_id=None,glance_metadata=,group=,group_id=None,host='devstack@QuobyteHD#QuobyteHD',id=23723033-8583-4ecb-b16e-59b16f2567d6,launched_at=None,metadata={},migration_status=None,multiattach=False,previous_status=None,project_id='968808970d9f4f84a5ba24266a058e7e',provider_auth=None,provider_geometry=None,provider_id=None,provider_location=None,replication_driver_data=None,replication_extended_status=None,replication_status=None,scheduled_at=2026-02-04T12:07:54Z,service_uuid=None,shared_targets=True,size=1,snapshot_id=None,snapshots=,source_volid=None,status='creating',terminated_at=None,updated_at=2026-02-04T12:07:54Z,use_quota=True,user_id='1c6e8640590d476e9634e8adb5f1b885',volume_attachment=VolumeAttachmentList,volume_type=VolumeType(60b13216-0dec-4b3f-80cb-6757d79bc3d3),volume_type_id=60b13216-0dec-4b3f-80cb-6757d79bc3d3)' {{(pid=83409) _task_receiver /opt/stack/data/venv/lib/python3.10/site-packages/taskflow/listeners/logging.py:182}}
Feb 04 13:07:54 devstack cinder-volume[83409]: DEBUG cinder.volume.manager [None req-6dc51f62-a979-46c0-9a25-fc1b787cd452 tempest-ServerRescueNegativeTestJSON-1075233744 None] Task 'cinder.volume.flows.manager.create_volume.OnFailureRescheduleTask;volume:create' (bbfbb85d-19dc-4ef7-aff4-e87657c5e5ad) transitioned into state 'RUNNING' from state 'PENDING' {{(pid=83409) _task_receiver /opt/stack/data/venv/lib/python3.10/site-packages/taskflow/listeners/logging.py:194}}
Feb 04 13:07:54 devstack cinder-volume[83409]: DEBUG cinder.volume.manager [None req-6dc51f62-a979-46c0-9a25-fc1b787cd452 tempest-ServerRescueNegativeTestJSON-1075233744 None] Task 'cinder.volume.flows.manager.create_volume.OnFailureRescheduleTask;volume:create' (bbfbb85d-19dc-4ef7-aff4-e87657c5e5ad) transitioned into state 'SUCCESS' from state 'RUNNING' with result 'None' {{(pid=83409) _task_receiver /opt/stack/data/venv/lib/python3.10/site-packages/taskflow/listeners/logging.py:182}}
Feb 04 13:07:54 devstack cinder-volume[83409]: DEBUG cinder.volume.manager [None req-6dc51f62-a979-46c0-9a25-fc1b787cd452 tempest-ServerRescueNegativeTestJSON-1075233744 None] Task 'cinder.volume.flows.manager.create_volume.ExtractVolumeSpecTask;volume:create' (3a072270-14f4-4b8a-a7ba-54af81611b7b) transitioned into state 'RUNNING' from state 'PENDING' {{(pid=83409) _task_receiver /opt/stack/data/venv/lib/python3.10/site-packages/taskflow/listeners/logging.py:194}}
Feb 04 13:07:54 devstack cinder-volume[83409]: DEBUG cinder.volume.manager [None req-6dc51f62-a979-46c0-9a25-fc1b787cd452 tempest-ServerRescueNegativeTestJSON-1075233744 None] Task 'cinder.volume.flows.manager.create_volume.ExtractVolumeSpecTask;volume:create' (3a072270-14f4-4b8a-a7ba-54af81611b7b) transitioned into state 'SUCCESS' from state 'RUNNING' with result '{'status': 'creating', 'type': 'raw', 'volume_id': '23723033-8583-4ecb-b16e-59b16f2567d6', 'volume_name': 'volume-23723033-8583-4ecb-b16e-59b16f2567d6', 'volume_size': 1}' {{(pid=83409) _task_receiver /opt/stack/data/venv/lib/python3.10/site-packages/taskflow/listeners/logging.py:182}}
